Cylul007 Webshell
Server :
Linux ip-148-66-134-25.ip.secureserver.net 3.10.0-1160.119.1.el7.tuxcare.els10.x86_64 #1 SMP Fri Oct 11 21:40:41 UTC 2024 x86_64
php :
8.0.30
on
cgi-fcgi
Time
25 Nov 2024 15:54:30
Current Directory :
/
home
/
amvm
/
access-logs
/
Upload File :
Mass Deface
Home
Bypass Passwd
Current File : /home/amvm/access-logs/dakrasahib.akalacademy.ac.in-ssl_log
66.249.68.37 - - [25/Nov/2024:05:10:22 -0700] "GET /news/pqdppw/watch-full-match-india-newzeland-t20.html HTTP/1.1" 200 94 "-" "Mozilla/5.0 (compatible; Googlebot/2.1; +http://www.google.com/bot.html)"
213.180.203.57 - - [25/Nov/2024:05:10:42 -0700] "GET /robots.txt HTTP/1.1" 200 94 "-" "Mozilla/5.0 (compatible; YandexBot/3.0; +http://yandex.com/bots)"
66.249.68.35 - - [25/Nov/2024:05:10:56 -0700] "GET /news/irolul/singer-of-kings-xi-punjab-2019.html HTTP/1.1" 200 94 "-" "Mozilla/5.0 (compatible; Googlebot/2.1; +http://www.google.com/bot.html)"
66.249.68.37 - - [25/Nov/2024:05:11:06 -0700] "GET /bet/vrdulz/ HTTP/1.1" 200 94 "-" "Mozilla/5.0 (compatible; Googlebot/2.1; +http://www.google.com/bot.html)"
66.249.68.35 - - [25/Nov/2024:05:11:11 -0700] "GET /news/tprggt/axar-patel-ipl-2021-team.html HTTP/1.1" 200 94 "-" "Mozilla/5.0 (compatible; Googlebot/2.1; +http://www.google.com/bot.html)"
66.249.68.36 - - [25/Nov/2024:05:11:12 -0700] "GET /bet/cqsfgi/ HTTP/1.1" 200 94 "-" "Mozilla/5.0 (compatible; Googlebot/2.1; +http://www.google.com/bot.html)"
136.143.178.51 - - [25/Nov/2024:05:11:16 -0700] "GET / HTTP/1.1" 200 94 "-" "Site24x7"
87.250.224.218 - - [25/Nov/2024:05:12:06 -0700] "GET /i2829c_d29a/files/Senior%20Secondary/files/Secondary/files/Secondary/417-FAQ-min.pdf HTTP/1.1" 200 94 "-" "Mozilla/5.0 (compatible; YandexBot/3.0; +http://yandex.com/bots)"
87.250.224.47 - - [25/Nov/2024:05:12:08 -0700] "GET /files/Secondary/files/Senior%20Secondary/ComputerSc_NewXII-min.pdf HTTP/1.1" 200 94 "-" "Mozilla/5.0 (compatible; YandexBot/3.0; +http://yandex.com/bots)"
66.249.68.36 - - [25/Nov/2024:05:12:10 -0700] "GET /news/iicbjo/ HTTP/1.1" 200 94 "-" "Mozilla/5.0 (compatible; Googlebot/2.1; +http://www.google.com/bot.html)"
69.162.124.238 - - [25/Nov/2024:05:12:14 -0700] "HEAD /cbse-corner.php HTTP/1.1" 200 - "https://dakrasahib.akalacademy.ac.in/cbse-corner.php" "Mozilla/5.0+(compatible; UptimeRobot/2.0; http://www.uptimerobot.com/)"
66.249.68.35 - - [25/Nov/2024:05:12:32 -0700] "GET /bet/eksssh/ HTTP/1.1" 200 94 "-" "Mozilla/5.0 (compatible; Googlebot/2.1; +http://www.google.com/bot.html)"
40.77.167.54 - - [25/Nov/2024:05:12:49 -0700] "GET /detail/vskqqa/files/IX-X/files/IX-X/Grade%20(XI)%20-min.pdf HTTP/1.1" 200 94 "-" "Mozilla/5.0 AppleWebKit/537.36 (KHTML, like Gecko; compatible; bingbot/2.0; +http://www.bing.com/bingbot.htm) Chrome/116.0.1938.76 Safari/537.36"
66.249.68.35 - - [25/Nov/2024:05:12:54 -0700] "GET /detail/pyycra/which-ipl-team-has-most-sixes-in-2019.html HTTP/1.1" 200 94 "-" "Mozilla/5.0 (compatible; Googlebot/2.1; +http://www.google.com/bot.html)"
66.249.68.36 - - [25/Nov/2024:05:13:14 -0700] "GET /news/ywapkz/world-cup-football-previous-years.html HTTP/1.1" 200 94 "-" "Mozilla/5.0 (compatible; Googlebot/2.1; +http://www.google.com/bot.html)"
66.249.68.35 - - [25/Nov/2024:05:13:43 -0700] "GET /bet/lgorhb/asia-cup-pakistan-versus-afghanistan.html HTTP/1.1" 200 94 "-" "Mozilla/5.0 (compatible; Googlebot/2.1; +http://www.google.com/bot.html)"
66.249.68.35 - - [25/Nov/2024:05:14:04 -0700] "GET /news/jdvksw/rr-vs-rcb-ipl-2022.html HTTP/1.1" 200 94 "-" "Mozilla/5.0 (compatible; Googlebot/2.1; +http://www.google.com/bot.html)"
87.250.224.236 - - [25/Nov/2024:05:14:19 -0700] "GET /i80316c_d21a/addmission.php HTTP/1.1" 200 94 "-" "Mozilla/5.0 (compatible; YandexBot/3.0; +http://yandex.com/bots)"
95.108.213.94 - - [25/Nov/2024:05:14:23 -0700] "GET /i257c_d21a/files/Senior%20Secondary/Eng.Core-min.pdf HTTP/1.1" 200 94 "-" "Mozilla/5.0 (compatible; YandexBot/3.0; +http://yandex.com/bots)"
40.77.167.4 - - [25/Nov/2024:05:14:46 -0700] "GET /news/yujjjj/files/I-VIII/files/Senior%20Secondary/files/Secondary/files/IX-X/Grade%20(XI)%20-min.pdf HTTP/1.1" 200 94 "-" "Mozilla/5.0 AppleWebKit/537.36 (KHTML, like Gecko; compatible; bingbot/2.0; +http://www.bing.com/bingbot.htm) Chrome/116.0.1938.76 Safari/537.36"
52.167.144.166 - - [25/Nov/2024:05:15:26 -0700] "GET /news/yujjjj/files/Senior%20Secondary/files/Secondary/files/I-VIII/English%20%20(VI%20-%20VIII)-min.pdf HTTP/1.1" 200 94 "-" "Mozilla/5.0 AppleWebKit/537.36 (KHTML, like Gecko; compatible; bingbot/2.0; +http://www.bing.com/bingbot.htm) Chrome/116.0.1938.76 Safari/537.36"
136.143.178.51 - - [25/Nov/2024:05:16:18 -0700] "GET / HTTP/1.1" 200 94 "-" "Site24x7"
5.255.231.202 - - [25/Nov/2024:05:16:31 -0700] "GET /i73848a_d56a/files/Senior%20Secondary/files/Secondary/files/Senior%20Secondary/Econonics%20(1)-min.pdf HTTP/1.1" 200 94 "-" "Mozilla/5.0 (compatible; YandexBot/3.0; +http://yandex.com/bots)"
66.249.68.36 - - [25/Nov/2024:05:16:57 -0700] "GET /detail/tkixjm/ HTTP/1.1" 200 94 "-" "Mozilla/5.0 (compatible; Googlebot/2.1; +http://www.google.com/bot.html)"
95.108.213.115 - - [25/Nov/2024:05:17:12 -0700] "GET /i18592c_d73a/files/Secondary/Punjabi_Sec_2019-20-min.pdf HTTP/1.1" 200 94 "-" "Mozilla/5.0 (compatible; YandexBot/3.0; +http://yandex.com/bots)"
69.162.124.238 - - [25/Nov/2024:05:17:14 -0700] "HEAD /cbse-corner.php HTTP/1.1" 200 - "https://dakrasahib.akalacademy.ac.in/cbse-corner.php" "Mozilla/5.0+(compatible; UptimeRobot/2.0; http://www.uptimerobot.com/)"
66.249.68.37 - - [25/Nov/2024:05:18:19 -0700] "GET /detail/ohwssq/code-abbey-blackjack-counter.html HTTP/1.1" 200 94 "-" "Mozilla/5.0 (compatible; Googlebot/2.1; +http://www.google.com/bot.html)"
66.249.68.35 - - [25/Nov/2024:05:18:40 -0700] "GET /news/prbcwv/worldfree4u-games-cricket-download.html HTTP/1.1" 200 94 "-" "Mozilla/5.0 (compatible; Googlebot/2.1; +http://www.google.com/bot.html)"
66.249.68.35 - - [25/Nov/2024:05:18:56 -0700] "GET /news/ahzulj/ HTTP/1.1" 200 94 "-" "Mozilla/5.0 (compatible; Googlebot/2.1; +http://www.google.com/bot.html)"
66.249.68.36 - - [25/Nov/2024:05:19:36 -0700] "GET /detail/bqrddw/ HTTP/1.1" 200 94 "-" "Mozilla/5.0 (compatible; Googlebot/2.1; +http://www.google.com/bot.html)"
136.143.179.50 - - [25/Nov/2024:05:21:20 -0700] "GET / HTTP/1.1" 200 94 "-" "Site24x7"
69.162.124.238 - - [25/Nov/2024:05:22:15 -0700] "HEAD /cbse-corner.php HTTP/1.1" 200 - "https://dakrasahib.akalacademy.ac.in/cbse-corner.php" "Mozilla/5.0+(compatible; UptimeRobot/2.0; http://www.uptimerobot.com/)"
66.249.68.35 - - [25/Nov/2024:05:22:59 -0700] "GET /bet/woudzc/ HTTP/1.1" 200 94 "-" "Mozilla/5.0 (compatible; Googlebot/2.1; +http://www.google.com/bot.html)"
66.249.68.37 - - [25/Nov/2024:05:23:21 -0700] "GET /detail/ukdtag/zippy-cash-funzpoints.html HTTP/1.1" 200 94 "-" "Mozilla/5.0 (compatible; Googlebot/2.1; +http://www.google.com/bot.html)"
66.249.68.35 - - [25/Nov/2024:05:24:54 -0700] "GET /detail/eajyqc/ HTTP/1.1" 200 94 "-" "Mozilla/5.0 (compatible; Googlebot/2.1; +http://www.google.com/bot.html)"
66.249.68.36 - - [25/Nov/2024:05:26:11 -0700] "GET /bet/bwkuve/ HTTP/1.1" 200 94 "-" "Mozilla/5.0 (compatible; Googlebot/2.1; +http://www.google.com/bot.html)"
136.143.178.50 - - [25/Nov/2024:05:26:22 -0700] "GET / HTTP/1.1" 200 94 "-" "Site24x7"
69.162.124.238 - - [25/Nov/2024:05:27:14 -0700] "HEAD /cbse-corner.php HTTP/1.1" 200 - "https://dakrasahib.akalacademy.ac.in/cbse-corner.php" "Mozilla/5.0+(compatible; UptimeRobot/2.0; http://www.uptimerobot.com/)"
66.249.68.36 - - [25/Nov/2024:05:27:55 -0700] "GET /bet/beznlh/ea-cricket-2018-download-ocean-of-games.html HTTP/1.1" 200 94 "-" "Mozilla/5.0 (compatible; Googlebot/2.1; +http://www.google.com/bot.html)"
213.180.203.185 - - [25/Nov/2024:05:27:58 -0700] "GET /i36105e_d21a/files/I-VIII/files/Senior%20Secondary/files/Senior%20Secondary/files/Secondary/gallery.php HTTP/1.1" 200 94 "-" "Mozilla/5.0 (compatible; YandexBot/3.0; +http://yandex.com/bots)"
66.249.68.35 - - [25/Nov/2024:05:28:14 -0700] "GET /bet/xlqblv/ HTTP/1.1" 200 94 "-" "Mozilla/5.0 (compatible; Googlebot/2.1; +http://www.google.com/bot.html)"
66.249.68.36 - - [25/Nov/2024:05:28:23 -0700] "GET /detail/scwffj/ HTTP/1.1" 200 94 "-" "Mozilla/5.0 (compatible; Googlebot/2.1; +http://www.google.com/bot.html)"
66.249.68.37 - - [25/Nov/2024:05:29:45 -0700] "GET /bet/jubyhk/sunil-narine-best-bowling-in-ipl.html HTTP/1.1" 200 94 "-" "Mozilla/5.0 (compatible; Googlebot/2.1; +http://www.google.com/bot.html)"
213.180.203.190 - - [25/Nov/2024:05:30:15 -0700] "GET /i72879f_d56a/files/I-VIII/files/Senior%20Secondary/Sociology-min.pdf HTTP/1.1" 200 94 "-" "Mozilla/5.0 (compatible; YandexBot/3.0; +http://yandex.com/bots)"
66.249.68.37 - - [25/Nov/2024:05:30:20 -0700] "GET /bet/hllbvp/ HTTP/1.1" 200 94 "-" "Mozilla/5.0 (compatible; Googlebot/2.1; +http://www.google.com/bot.html)"
213.180.203.108 - - [25/Nov/2024:05:30:39 -0700] "GET /i73311d_d56a/files/IX-X/Grade%20(IX)-min.pdf HTTP/1.1" 200 94 "-" "Mozilla/5.0 (compatible; YandexBot/3.0; +http://yandex.com/bots)"
66.249.68.36 - - [25/Nov/2024:05:31:13 -0700] "GET /bet/uhtvmr/how-to-know-who-win-the-match-today-ipl.html HTTP/1.1" 200 94 "-" "Mozilla/5.0 (compatible; Googlebot/2.1; +http://www.google.com/bot.html)"
66.249.68.36 - - [25/Nov/2024:05:31:19 -0700] "GET /bet/yzlkre/ HTTP/1.1" 200 94 "-" "Mozilla/5.0 (compatible; Googlebot/2.1; +http://www.google.com/bot.html)"
136.143.178.50 - - [25/Nov/2024:05:31:24 -0700] "GET / HTTP/1.1" 200 94 "-" "Site24x7"
66.249.68.35 - - [25/Nov/2024:05:31:26 -0700] "GET /news/bffxuy/highest-score-of-ipl-by-team.html HTTP/1.1" 200 94 "-" "Mozilla/5.0 (compatible; Googlebot/2.1; +http://www.google.com/bot.html)"
213.180.203.76 - - [25/Nov/2024:05:31:27 -0700] "GET /files/Secondary/files/Secondary/files/Senior%20Secondary/files/IX-X/images/school%20(9).jpg HTTP/1.1" 200 94 "-" "Mozilla/5.0 (compatible; YandexImages/3.0; +http://yandex.com/bots)"
95.108.213.243 - - [25/Nov/2024:05:31:27 -0700] "GET /files/Secondary/files/Secondary/files/Senior%20Secondary/files/IX-X/about.php HTTP/1.1" 200 94 "-" "Mozilla/5.0 (compatible; YandexBot/3.0; +http://yandex.com/bots)"
213.180.203.239 - - [25/Nov/2024:05:31:28 -0700] "GET /files/Secondary/files/Secondary/files/Senior%20Secondary/files/IX-X/images/principal.jpg HTTP/1.1" 200 94 "-" "Mozilla/5.0 (compatible; YandexImages/3.0; +http://yandex.com/bots)"
213.180.203.243 - - [25/Nov/2024:05:31:28 -0700] "GET /files/Secondary/files/Secondary/files/Senior%20Secondary/files/IX-X/cbse-corner.php HTTP/1.1" 200 94 "-" "Mozilla/5.0 (compatible; YandexBot/3.0; +http://yandex.com/bots)"
95.108.213.181 - - [25/Nov/2024:05:31:28 -0700] "GET / HTTP/1.1" 200 94 "-" "Mozilla/5.0 (compatible; YandexBot/3.0; +http://yandex.com/bots)"
213.180.203.183 - - [25/Nov/2024:05:31:28 -0700] "GET /files/Secondary/files/Secondary/files/Senior%20Secondary/files/IX-X/index.php HTTP/1.1" 200 94 "-" "Mozilla/5.0 (compatible; YandexBot/3.0; +http://yandex.com/bots)"
87.250.224.47 - - [25/Nov/2024:05:31:29 -0700] "GET /files/Secondary/files/Secondary/files/Senior%20Secondary/files/IX-X/images/Dr-Veer-Ji1.jpg HTTP/1.1" 200 94 "-" "Mozilla/5.0 (compatible; YandexImages/3.0; +http://yandex.com/bots)"
87.250.224.218 - - [25/Nov/2024:05:31:29 -0700] "GET /files/Secondary/files/Secondary/files/Senior%20Secondary/files/IX-X/images/santattar1.jpg HTTP/1.1" 200 94 "-" "Mozilla/5.0 (compatible; YandexImages/3.0; +http://yandex.com/bots)"
87.250.224.236 - - [25/Nov/2024:05:31:31 -0700] "GET /files/Secondary/files/Secondary/files/Senior%20Secondary/files/IX-X/images/Tree%20(1).png HTTP/1.1" 200 94 "-" "Mozilla/5.0 (compatible; YandexImages/3.0; +http://yandex.com/bots)"
66.249.68.36 - - [25/Nov/2024:05:32:01 -0700] "GET /news/wephke/ HTTP/1.1" 200 94 "-" "Mozilla/5.0 (compatible; Googlebot/2.1; +http://www.google.com/bot.html)"
66.249.68.35 - - [25/Nov/2024:05:32:07 -0700] "GET /bet/xbqfxq/blackjack-side-bet-rules-youtube.html HTTP/1.1" 200 94 "-" "Mozilla/5.0 (compatible; Googlebot/2.1; +http://www.google.com/bot.html)"
69.162.124.238 - - [25/Nov/2024:05:32:14 -0700] "HEAD /cbse-corner.php HTTP/1.1" 200 - "https://dakrasahib.akalacademy.ac.in/cbse-corner.php" "Mozilla/5.0+(compatible; UptimeRobot/2.0; http://www.uptimerobot.com/)"
95.108.213.94 - - [25/Nov/2024:05:33:19 -0700] "GET /i75456e_d21a/files/Secondary/files/Senior%20Secondary/Biology-min.pdf HTTP/1.1" 200 94 "-" "Mozilla/5.0 (compatible; YandexBot/3.0; +http://yandex.com/bots)"
66.249.68.36 - - [25/Nov/2024:05:33:55 -0700] "GET /detail/rfgwts/pari-game-download.html HTTP/1.1" 200 94 "-" "Mozilla/5.0 (compatible; Googlebot/2.1; +http://www.google.com/bot.html)"
66.249.68.37 - - [25/Nov/2024:05:33:58 -0700] "GET /news/tfzqfy/ HTTP/1.1" 200 94 "-" "Mozilla/5.0 (compatible; Googlebot/2.1; +http://www.google.com/bot.html)"
5.255.231.202 - - [25/Nov/2024:05:34:17 -0700] "GET /files/files/Secondary/files/Senior%20Secondary/Econonics-min.pdf HTTP/1.1" 200 94 "-" "Mozilla/5.0 (compatible; YandexBot/3.0; +http://yandex.com/bots)"
66.249.68.35 - - [25/Nov/2024:05:34:50 -0700] "GET /news/wrtsio/ceme-qq-idn.html HTTP/1.1" 200 94 "-" "Mozilla/5.0 (compatible; Googlebot/2.1; +http://www.google.com/bot.html)"
66.249.68.35 - - [25/Nov/2024:05:35:34 -0700] "GET /news/vnompm/actress-of-ms-dhoni-the-untold-story.html HTTP/1.1" 200 94 "-" "Mozilla/5.0 (compatible; Googlebot/2.1; +http://www.google.com/bot.html)"
95.108.213.115 - - [25/Nov/2024:05:35:52 -0700] "GET /i3290b_d29a/files/Secondary/files/Secondary/files/I-VIII/files/Senior%20Secondary/Sociology-min.pdf HTTP/1.1" 200 94 "-" "Mozilla/5.0 (compatible; YandexBot/3.0; +http://yandex.com/bots)"
66.249.68.37 - - [25/Nov/2024:05:36:19 -0700] "GET /bet/ehlolu/bayern-munchen-football-team.html HTTP/1.1" 200 94 "-" "Mozilla/5.0 (compatible; Googlebot/2.1; +http://www.google.com/bot.html)"
136.143.178.51 - - [25/Nov/2024:05:36:26 -0700] "GET / HTTP/1.1" 200 94 "-" "Site24x7"
69.162.124.238 - - [25/Nov/2024:05:37:15 -0700] "HEAD /cbse-corner.php HTTP/1.1" 200 - "https://dakrasahib.akalacademy.ac.in/cbse-corner.php" "Mozilla/5.0+(compatible; UptimeRobot/2.0; http://www.uptimerobot.com/)"
66.249.68.37 - - [25/Nov/2024:05:37:46 -0700] "GET /detail/accfyx/ HTTP/1.1" 200 94 "-" "Mozilla/5.0 (compatible; Googlebot/2.1; +http://www.google.com/bot.html)"
66.249.68.36 - - [25/Nov/2024:05:37:47 -0700] "GET /bet/aeqdlh/ceo-games-online.html HTTP/1.1" 200 94 "-" "Mozilla/5.0 (compatible; Googlebot/2.1; +http://www.google.com/bot.html)"
66.249.68.35 - - [25/Nov/2024:05:37:49 -0700] "GET /bet/oxjtgo/gin-games.html HTTP/1.1" 200 94 "-" "Mozilla/5.0 (compatible; Googlebot/2.1; +http://www.google.com/bot.html)"
66.249.68.36 - - [25/Nov/2024:05:38:06 -0700] "GET /detail/exafsa/ HTTP/1.1" 200 94 "-" "Mozilla/5.0 (compatible; Googlebot/2.1; +http://www.google.com/bot.html)"
66.249.68.36 - - [25/Nov/2024:05:38:07 -0700] "GET /bet/jfuqkq/ HTTP/1.1" 200 94 "-" "Mozilla/5.0 (compatible; Googlebot/2.1; +http://www.google.com/bot.html)"
66.249.68.36 - - [25/Nov/2024:05:38:16 -0700] "GET /detail/qmmcbr/bbl-search-acris.html HTTP/1.1" 200 94 "-" "Mozilla/5.0 (compatible; Googlebot/2.1; +http://www.google.com/bot.html)"
66.249.68.35 - - [25/Nov/2024:05:38:25 -0700] "GET /bet/vsngpw/ HTTP/1.1" 200 94 "-" "Mozilla/5.0 (compatible; Googlebot/2.1; +http://www.google.com/bot.html)"
66.249.68.36 - - [25/Nov/2024:05:39:47 -0700] "GET /bet/tliidb/esports-ads-on-google-display.html HTTP/1.1" 200 94 "-" "Mozilla/5.0 (compatible; Googlebot/2.1; +http://www.google.com/bot.html)"
66.249.68.36 - - [25/Nov/2024:05:40:08 -0700] "GET /bet/qtustm/ HTTP/1.1" 200 94 "-" "Mozilla/5.0 (compatible; Googlebot/2.1; +http://www.google.com/bot.html)"
66.249.68.36 - - [25/Nov/2024:05:40:19 -0700] "GET /news/zjwzyr/world-cup-winners-country-cricket.html HTTP/1.1" 200 94 "-" "Mozilla/5.0 (compatible; Googlebot/2.1; +http://www.google.com/bot.html)"
213.180.203.185 - - [25/Nov/2024:05:40:57 -0700] "GET /i34495f_d21a/files/Secondary/files/I-VIII/files/I-VIII/Science%20%20(III%20to%20VIII)-min.pdf HTTP/1.1" 200 94 "-" "Mozilla/5.0 (compatible; YandexBot/3.0; +http://yandex.com/bots)"
213.180.203.190 - - [25/Nov/2024:05:41:00 -0700] "GET /i31521f_d110a/files/Senior%20Secondary/files/Senior%20Secondary/files/Secondary/Intitial_pages_sec_2019-20-min.pdf HTTP/1.1" 200 94 "-" "Mozilla/5.0 (compatible; YandexBot/3.0; +http://yandex.com/bots)"
136.143.178.51 - - [25/Nov/2024:05:41:28 -0700] "GET / HTTP/1.1" 200 94 "-" "Site24x7"
66.249.68.35 - - [25/Nov/2024:05:41:31 -0700] "GET /bet/dlhhwy/ HTTP/1.1" 200 94 "-" "Mozilla/5.0 (compatible; Googlebot/2.1; +http://www.google.com/bot.html)"
213.180.203.108 - - [25/Nov/2024:05:41:32 -0700] "GET /i2829c_d29a/files/Secondary/files/Senior%20Secondary/files/Senior%20Secondary/Econonics%20(1)-min.pdf HTTP/1.1" 200 94 "-" "Mozilla/5.0 (compatible; YandexBot/3.0; +http://yandex.com/bots)"
66.249.68.36 - - [25/Nov/2024:05:41:33 -0700] "GET /news/wsxwzr/ HTTP/1.1" 200 94 "-" "Mozilla/5.0 (compatible; Googlebot/2.1; +http://www.google.com/bot.html)"
69.162.124.238 - - [25/Nov/2024:05:42:14 -0700] "HEAD /cbse-corner.php HTTP/1.1" 200 - "https://dakrasahib.akalacademy.ac.in/cbse-corner.php" "Mozilla/5.0+(compatible; UptimeRobot/2.0; http://www.uptimerobot.com/)"
66.249.68.37 - - [25/Nov/2024:05:42:36 -0700] "GET /detail/ksbqwg/wild-west-gold-demo-slot.html HTTP/1.1" 200 94 "-" "Mozilla/5.0 (compatible; Googlebot/2.1; +http://www.google.com/bot.html)"
66.249.68.36 - - [25/Nov/2024:05:43:01 -0700] "GET /bet/sofutv/ HTTP/1.1" 200 94 "-" "Mozilla/5.0 (compatible; Googlebot/2.1; +http://www.google.com/bot.html)"
213.180.203.76 - - [25/Nov/2024:05:43:51 -0700] "GET /i36105e_d21a/files/Secondary/files/I-VIII/files/Secondary/files/Senior%20Secondary/Intitial_pages_srsec_2019-20%20(1)-min.pdf HTTP/1.1" 200 94 "-" "Mozilla/5.0 (compatible; YandexBot/3.0; +http://yandex.com/bots)"
95.108.213.243 - - [25/Nov/2024:05:43:53 -0700] "GET /i24037b_d21a/files/Secondary/402-INFO_TECH-min.pdf HTTP/1.1" 200 94 "-" "Mozilla/5.0 (compatible; YandexBot/3.0; +http://yandex.com/bots)"
213.180.203.243 - - [25/Nov/2024:05:44:27 -0700] "GET /files/files/Senior%20Secondary/files/I-VIII/files/Secondary/English_Sec_2019-20-min.pdf HTTP/1.1" 200 94 "-" "Mozilla/5.0 (compatible; YandexBot/3.0; +http://yandex.com/bots)"
66.249.68.37 - - [25/Nov/2024:05:45:24 -0700] "GET /bet/tcoijm/ HTTP/1.1" 200 94 "-" "Mozilla/5.0 (compatible; Googlebot/2.1; +http://www.google.com/bot.html)"
66.249.68.36 - - [25/Nov/2024:05:45:38 -0700] "GET /bet/xnhayd/ HTTP/1.1" 200 94 "-" "Mozilla/5.0 (compatible; Googlebot/2.1; +http://www.google.com/bot.html)"
69.162.124.238 - - [25/Nov/2024:05:45:47 -0700] "HEAD /cbse-corner.php HTTP/1.1" 200 - "https://dakrasahib.akalacademy.ac.in/cbse-corner.php" "Mozilla/5.0+(compatible; UptimeRobot/2.0; http://www.uptimerobot.com/)"
136.143.178.51 - - [25/Nov/2024:05:46:30 -0700] "GET / HTTP/1.1" 200 94 "-" "Site24x7"
66.249.68.37 - - [25/Nov/2024:05:46:50 -0700] "GET /news/bwccvw/ HTTP/1.1" 200 94 "-" "Mozilla/5.0 (compatible; Googlebot/2.1; +http://www.google.com/bot.html)"
95.108.213.181 - - [25/Nov/2024:05:47:28 -0700] "GET /i9861e_d29a/files/IX-X/files/I-VIII/Science%20%20(III%20to%20VIII)-min.pdf HTTP/1.1" 200 94 "-" "Mozilla/5.0 (compatible; YandexBot/3.0; +http://yandex.com/bots)"
66.249.68.36 - - [25/Nov/2024:05:49:30 -0700] "GET /bet/dvmazr/live-coverage-of-asia-cup-2018.html HTTP/1.1" 200 94 "-" "Mozilla/5.0 (compatible; Googlebot/2.1; +http://www.google.com/bot.html)"
66.249.68.35 - - [25/Nov/2024:05:50:07 -0700] "GET /detail/abfudi/best-real-money-poker-sites-usa.html HTTP/1.1" 200 94 "-" "Mozilla/5.0 (compatible; Googlebot/2.1; +http://www.google.com/bot.html)"
66.249.68.36 - - [25/Nov/2024:05:50:15 -0700] "GET /news/zjtiod/ HTTP/1.1" 200 94 "-" "Mozilla/5.0 (compatible; Googlebot/2.1; +http://www.google.com/bot.html)"
69.162.124.238 - - [25/Nov/2024:05:50:47 -0700] "HEAD /cbse-corner.php HTTP/1.1" 200 - "https://dakrasahib.akalacademy.ac.in/cbse-corner.php" "Mozilla/5.0+(compatible; UptimeRobot/2.0; http://www.uptimerobot.com/)"
136.143.178.51 - - [25/Nov/2024:05:51:32 -0700] "GET / HTTP/1.1" 200 94 "-" "Site24x7"
66.249.68.35 - - [25/Nov/2024:05:53:07 -0700] "GET /bet/nclegk/all-team-jersey-t20-world-cup-2021.html HTTP/1.1" 200 94 "-" "Mozilla/5.0 (compatible; Googlebot/2.1; +http://www.google.com/bot.html)"
213.180.203.239 - - [25/Nov/2024:05:53:31 -0700] "GET /i73311d_d56a/files/I-VIII/files/Secondary/files/Secondary/417-VIII-min.pdf HTTP/1.1" 200 94 "-" "Mozilla/5.0 (compatible; YandexBot/3.0; +http://yandex.com/bots)"
66.249.68.37 - - [25/Nov/2024:05:54:13 -0700] "GET /detail/ttfglj/ HTTP/1.1" 200 94 "-" "Mozilla/5.0 (compatible; Googlebot/2.1; +http://www.google.com/bot.html)"
213.180.203.183 - - [25/Nov/2024:05:55:32 -0700] "GET /i36105e_d21a/files/I-VIII/files/Senior%20Secondary/files/Senior%20Secondary/Intitial_pages_srsec_2019-20%20(1)-min.pdf HTTP/1.1" 200 94 "-" "Mozilla/5.0 (compatible; YandexBot/3.0; +http://yandex.com/bots)"
69.162.124.238 - - [25/Nov/2024:05:55:46 -0700] "HEAD /cbse-corner.php HTTP/1.1" 200 - "https://dakrasahib.akalacademy.ac.in/cbse-corner.php" "Mozilla/5.0+(compatible; UptimeRobot/2.0; http://www.uptimerobot.com/)"
87.250.224.47 - - [25/Nov/2024:05:56:22 -0700] "GET /files/Secondary/417-VIII-min.pdf HTTP/1.1" 200 94 "-" "Mozilla/5.0 (compatible; YandexBot/3.0; +http://yandex.com/bots)"
87.250.224.218 - - [25/Nov/2024:05:56:23 -0700] "GET /files/IX-X/Grade%20(IX)-min.pdf HTTP/1.1" 200 94 "-" "Mozilla/5.0 (compatible; YandexBot/3.0; +http://yandex.com/bots)"
87.250.224.236 - - [25/Nov/2024:05:56:23 -0700] "GET /files/I-VIII/VI-XII%20Divinity%20Syl.%20for%20Other%20Aca.-min.pdf HTTP/1.1" 200 94 "-" "Mozilla/5.0 (compatible; YandexBot/3.0; +http://yandex.com/bots)"
95.108.213.94 - - [25/Nov/2024:05:56:24 -0700] "GET /about.php HTTP/1.1" 200 36095 "-" "Mozilla/5.0 (compatible; YandexBot/3.0; +http://yandex.com/bots)"
5.255.231.202 - - [25/Nov/2024:05:56:25 -0700] "GET /files/Senior%20Secondary/ComputerSc_NewXII-min.pdf HTTP/1.1" 200 94 "-" "Mozilla/5.0 (compatible; YandexBot/3.0; +http://yandex.com/bots)"
95.108.213.115 - - [25/Nov/2024:05:56:25 -0700] "GET /files/Senior%20Secondary/Chemistry-min.pdf HTTP/1.1" 200 94 "-" "Mozilla/5.0 (compatible; YandexBot/3.0; +http://yandex.com/bots)"
213.180.203.190 - - [25/Nov/2024:05:56:26 -0700] "GET /files/Senior%20Secondary/Punjabi_XI-min.pdf HTTP/1.1" 200 94 "-" "Mozilla/5.0 (compatible; YandexBot/3.0; +http://yandex.com/bots)"
213.180.203.185 - - [25/Nov/2024:05:56:26 -0700] "GET /files/I-VIII/VI-X%20Punjabi-min.pdf HTTP/1.1" 200 94 "-" "Mozilla/5.0 (compatible; YandexBot/3.0; +http://yandex.com/bots)"
66.249.68.37 - - [25/Nov/2024:05:56:32 -0700] "GET /detail/oumdex/ HTTP/1.1" 200 94 "-" "Mozilla/5.0 (compatible; Googlebot/2.1; +http://www.google.com/bot.html)"
136.143.179.51 - - [25/Nov/2024:05:56:34 -0700] "GET / HTTP/1.1" 200 94 "-" "Site24x7"
213.180.203.76 - - [25/Nov/2024:05:56:51 -0700] "GET /files/Secondary/Intitial_pages_srsec_2019-20-min.pdf HTTP/1.1" 200 94 "-" "Mozilla/5.0 (compatible; YandexBot/3.0; +http://yandex.com/bots)"
213.180.203.108 - - [25/Nov/2024:05:56:52 -0700] "GET /files/Senior%20Secondary/Psychology-min.pdf HTTP/1.1" 200 94 "-" "Mozilla/5.0 (compatible; YandexBot/3.0; +http://yandex.com/bots)"
95.108.213.243 - - [25/Nov/2024:05:56:52 -0700] "GET /files/I-VIII/S.St%20(III%20to%20VIII)-min.pdf HTTP/1.1" 200 94 "-" "Mozilla/5.0 (compatible; YandexBot/3.0; +http://yandex.com/bots)"
213.180.203.243 - - [25/Nov/2024:05:56:52 -0700] "GET /files/Senior%20Secondary/Eng.Core-min.pdf HTTP/1.1" 200 94 "-" "Mozilla/5.0 (compatible; YandexBot/3.0; +http://yandex.com/bots)"
87.250.224.218 - - [25/Nov/2024:05:56:53 -0700] "GET /files/Senior%20Secondary/Mathematics-min.pdf HTTP/1.1" 200 94 "-" "Mozilla/5.0 (compatible; YandexBot/3.0; +http://yandex.com/bots)"
213.180.203.239 - - [25/Nov/2024:05:56:54 -0700] "GET /contact.php HTTP/1.1" 200 18989 "-" "Mozilla/5.0 (compatible; YandexBot/3.0; +http://yandex.com/bots)"
213.180.203.183 - - [25/Nov/2024:05:56:54 -0700] "GET /theschool.php HTTP/1.1" 200 21373 "-" "Mozilla/5.0 (compatible; YandexBot/3.0; +http://yandex.com/bots)"
95.108.213.181 - - [25/Nov/2024:05:56:54 -0700] "GET /files/Senior%20Secondary/PhysicalEducation-min.pdf HTTP/1.1" 200 94 "-" "Mozilla/5.0 (compatible; YandexBot/3.0; +http://yandex.com/bots)"
87.250.224.47 - - [25/Nov/2024:05:56:54 -0700] "GET /files/Senior%20Secondary/Econonics%20(1)-min.pdf HTTP/1.1" 200 94 "-" "Mozilla/5.0 (compatible; YandexBot/3.0; +http://yandex.com/bots)"
87.250.224.236 - - [25/Nov/2024:05:56:56 -0700] "GET /files/Secondary/Intitial_pages_sec_2019-20-min.pdf HTTP/1.1" 200 94 "-" "Mozilla/5.0 (compatible; YandexBot/3.0; +http://yandex.com/bots)"
66.249.68.35 - - [25/Nov/2024:05:57:20 -0700] "GET /detail/yzzovm/ HTTP/1.1" 200 94 "-" "Mozilla/5.0 (compatible; Googlebot/2.1; +http://www.google.com/bot.html)"
52.167.144.203 - - [25/Nov/2024:05:57:41 -0700] "GET /news/yujjjj/files/I-VIII/files/Secondary/files/IX-X/files/Senior%20Secondary/BusinessStudies-min.pdf HTTP/1.1" 200 94 "-" "Mozilla/5.0 AppleWebKit/537.36 (KHTML, like Gecko; compatible; bingbot/2.0; +http://www.bing.com/bingbot.htm) Chrome/116.0.1938.76 Safari/537.36"
66.249.68.35 - - [25/Nov/2024:05:58:35 -0700] "GET /bet/cqdycp/ HTTP/1.1" 200 94 "-" "Mozilla/5.0 (compatible; Googlebot/2.1; +http://www.google.com/bot.html)"
66.249.68.36 - - [25/Nov/2024:06:00:35 -0700] "GET /bet/tcqtso/luxor-casino-jobs.html HTTP/1.1" 200 94 "-" "Mozilla/5.0 (compatible; Googlebot/2.1; +http://www.google.com/bot.html)"
69.162.124.238 - - [25/Nov/2024:06:00:46 -0700] "HEAD /cbse-corner.php HTTP/1.1" 200 - "https://dakrasahib.akalacademy.ac.in/cbse-corner.php" "Mozilla/5.0+(compatible; UptimeRobot/2.0; http://www.uptimerobot.com/)"
66.249.68.35 - - [25/Nov/2024:06:01:12 -0700] "GET /detail/sdzkia/icc-batsman-babar-azam.html HTTP/1.1" 200 94 "-" "Mozilla/5.0 (compatible; Googlebot/2.1; +http://www.google.com/bot.html)"
136.143.178.50 - - [25/Nov/2024:06:01:36 -0700] "GET / HTTP/1.1" 200 94 "-" "Site24x7"
66.249.68.37 - - [25/Nov/2024:06:02:23 -0700] "GET /news/qyclgj/england-world-cup-2019-iwinning-mages.html HTTP/1.1" 200 94 "-" "Mozilla/5.0 (compatible; Googlebot/2.1; +http://www.google.com/bot.html)"
66.249.68.36 - - [25/Nov/2024:06:02:43 -0700] "GET /bet/apnsgf/germany-014-world-cup-team.html HTTP/1.1" 200 94 "-" "Mozilla/5.0 (compatible; Googlebot/2.1; +http://www.google.com/bot.html)"
40.77.167.32 - - [25/Nov/2024:06:03:46 -0700] "GET /detail/slebpd/files/Secondary/files/Senior%20Secondary/Econonics-min.pdf HTTP/1.1" 200 94 "-" "Mozilla/5.0 AppleWebKit/537.36 (KHTML, like Gecko; compatible; bingbot/2.0; +http://www.bing.com/bingbot.htm) Chrome/116.0.1938.76 Safari/537.36"
66.249.68.36 - - [25/Nov/2024:06:03:49 -0700] "GET /detail/tibtez/pragmatic-88-login.html HTTP/1.1" 200 94 "-" "Mozilla/5.0 (compatible; Googlebot/2.1; +http://www.google.com/bot.html)"
66.249.68.37 - - [25/Nov/2024:06:04:26 -0700] "GET /news/xeodjk/vicente-luque-odds.html HTTP/1.1" 200 94 "-" "Mozilla/5.0 (compatible; Googlebot/2.1; +http://www.google.com/bot.html)"
69.162.124.238 - - [25/Nov/2024:06:05:46 -0700] "HEAD /cbse-corner.php HTTP/1.1" 200 - "https://dakrasahib.akalacademy.ac.in/cbse-corner.php" "Mozilla/5.0+(compatible; UptimeRobot/2.0; http://www.uptimerobot.com/)"
95.108.213.192 - - [25/Nov/2024:06:05:51 -0700] "GET /robots.txt HTTP/1.1" 200 94 "-" "Mozilla/5.0 (compatible; YandexBot/3.0; +http://yandex.com/bots)"
213.180.203.237 - - [25/Nov/2024:06:05:51 -0700] "GET /i36309e_d21a/files/Senior%20Secondary/files/I-VIII/files/Senior%20Secondary/files/Secondary/402-INFO_TECH_X-min.pdf HTTP/1.1" 200 94 "-" "Mozilla/5.0 (compatible; YandexBot/3.0; +http://yandex.com/bots)"
136.143.178.50 - - [25/Nov/2024:06:06:38 -0700] "GET / HTTP/1.1" 200 94 "-" "Site24x7"
66.249.68.36 - - [25/Nov/2024:06:06:44 -0700] "GET /detail/vpnzwe/ HTTP/1.1" 200 94 "-" "Mozilla/5.0 (compatible; Googlebot/2.1; +http://www.google.com/bot.html)"
87.250.224.82 - - [25/Nov/2024:06:06:57 -0700] "GET /i4353c_d21a/files/Senior%20Secondary/files/IX-X/files/Senior%20Secondary/ComputerSc_NewXII-min.pdf HTTP/1.1" 200 94 "-" "Mozilla/5.0 (compatible; YandexBot/3.0; +http://yandex.com/bots)"
213.180.203.182 - - [25/Nov/2024:06:07:17 -0700] "GET /i79768b_d156a/files/IX-X/files/I-VIII/VI-XII%20Divinity%20Syl.%20for%20Other%20Aca.-min.pdf HTTP/1.1" 200 94 "-" "Mozilla/5.0 (compatible; YandexBot/3.0; +http://yandex.com/bots)"
95.108.213.185 - - [25/Nov/2024:06:07:28 -0700] "GET /i163f_d21a/files/IX-X/Grade%20(XI)%20-min.pdf HTTP/1.1" 200 94 "-" "Mozilla/5.0 (compatible; YandexBot/3.0; +http://yandex.com/bots)"
5.255.231.161 - - [25/Nov/2024:06:08:08 -0700] "GET /i245d_d187a/files/I-VIII/files/IX-X/files/Senior%20Secondary/files/Secondary/Mathematics_Sec_2019-20-min.pdf HTTP/1.1" 200 94 "-" "Mozilla/5.0 (compatible; YandexBot/3.0; +http://yandex.com/bots)"
66.249.68.36 - - [25/Nov/2024:06:08:34 -0700] "GET /bet/jyklou/powkiddy-with-games.html HTTP/1.1" 200 94 "-" "Mozilla/5.0 (compatible; Googlebot/2.1; +http://www.google.com/bot.html)"
66.249.68.35 - - [25/Nov/2024:06:08:55 -0700] "GET /detail/zpejcx/real-money-poker-online-california.html HTTP/1.1" 200 94 "-" "Mozilla/5.0 (compatible; Googlebot/2.1; +http://www.google.com/bot.html)"
66.249.68.35 - - [25/Nov/2024:06:09:36 -0700] "GET /detail/joleex/nz-vs-india-t20-auckland.html HTTP/1.1" 200 94 "-" "Mozilla/5.0 (compatible; Googlebot/2.1; +http://www.google.com/bot.html)"
66.249.68.36 - - [25/Nov/2024:06:09:45 -0700] "GET /news/yccwhs/ HTTP/1.1" 200 94 "-" "Mozilla/5.0 (compatible; Googlebot/2.1; +http://www.google.com/bot.html)"
66.249.68.35 - - [25/Nov/2024:06:09:48 -0700] "GET /news/dnkpzd/ HTTP/1.1" 200 94 "-" "Mozilla/5.0 (compatible; Googlebot/2.1; +http://www.google.com/bot.html)"
66.249.68.35 - - [25/Nov/2024:06:09:50 -0700] "GET /news/ppgkxb/ HTTP/1.1" 200 94 "-" "Mozilla/5.0 (compatible; Googlebot/2.1; +http://www.google.com/bot.html)"
87.250.224.217 - - [25/Nov/2024:06:10:31 -0700] "GET /i9861e_d29a/files/IX-X/index.php HTTP/1.1" 200 94 "-" "Mozilla/5.0 (compatible; YandexBot/3.0; +http://yandex.com/bots)"
69.162.124.238 - - [25/Nov/2024:06:10:46 -0700] "HEAD /cbse-corner.php HTTP/1.1" 200 - "https://dakrasahib.akalacademy.ac.in/cbse-corner.php" "Mozilla/5.0+(compatible; UptimeRobot/2.0; http://www.uptimerobot.com/)"
66.249.68.36 - - [25/Nov/2024:06:10:59 -0700] "GET /detail/lvirda/wheel-4rabet.html HTTP/1.1" 200 94 "-" "Mozilla/5.0 (compatible; Googlebot/2.1; +http://www.google.com/bot.html)"
136.143.178.50 - - [25/Nov/2024:06:11:41 -0700] "GET / HTTP/1.1" 200 94 "-" "Site24x7"
66.249.68.37 - - [25/Nov/2024:06:11:43 -0700] "GET /news/mhbntz/ HTTP/1.1" 200 94 "-" "Mozilla/5.0 (compatible; Googlebot/2.1; +http://www.google.com/bot.html)"
66.249.68.37 - - [25/Nov/2024:06:12:57 -0700] "GET /detail/xedirk/play-luckyland-slot.html HTTP/1.1" 200 94 "-" "Mozilla/5.0 (compatible; Googlebot/2.1; +http://www.google.com/bot.html)"
66.249.68.35 - - [25/Nov/2024:06:14:37 -0700] "GET /detail/qaitoj/ HTTP/1.1" 200 94 "-" "Mozilla/5.0 (compatible; Googlebot/2.1; +http://www.google.com/bot.html)"
52.167.144.145 - - [25/Nov/2024:06:15:27 -0700] "GET /news/yujjjj/files/Secondary/files/Senior%20Secondary/files/I-VIII/VI-X%20Punjabi-min.pdf HTTP/1.1" 200 94 "-" "Mozilla/5.0 AppleWebKit/537.36 (KHTML, like Gecko; compatible; bingbot/2.0; +http://www.bing.com/bingbot.htm) Chrome/116.0.1938.76 Safari/537.36"
66.249.68.36 - - [25/Nov/2024:06:15:32 -0700] "GET /bet/qywxjx/vegas-slots-com-play-for-free.html HTTP/1.1" 200 94 "-" "Mozilla/5.0 (compatible; Googlebot/2.1; +http://www.google.com/bot.html)"
69.162.124.238 - - [25/Nov/2024:06:15:46 -0700] "HEAD /cbse-corner.php HTTP/1.1" 200 - "https://dakrasahib.akalacademy.ac.in/cbse-corner.php" "Mozilla/5.0+(compatible; UptimeRobot/2.0; http://www.uptimerobot.com/)"
66.249.68.37 - - [25/Nov/2024:06:16:42 -0700] "GET /news/pcwvhk/ HTTP/1.1" 200 94 "-" "Mozilla/5.0 (compatible; Googlebot/2.1; +http://www.google.com/bot.html)"
136.143.178.51 - - [25/Nov/2024:06:16:43 -0700] "GET / HTTP/1.1" 200 94 "-" "Site24x7"
66.249.68.36 - - [25/Nov/2024:06:16:50 -0700] "GET /news/lseqcm/ HTTP/1.1" 200 94 "-" "Mozilla/5.0 (compatible; Googlebot/2.1; +http://www.google.com/bot.html)"
66.249.68.36 - - [25/Nov/2024:06:17:06 -0700] "GET /news/svkapc/free-bet-kabaddi.html HTTP/1.1" 200 94 "-" "Mozilla/5.0 (compatible; Googlebot/2.1; +http://www.google.com/bot.html)"
66.249.68.35 - - [25/Nov/2024:06:17:47 -0700] "GET /detail/ahsknk/ HTTP/1.1" 200 94 "-" "Mozilla/5.0 (compatible; Googlebot/2.1; +http://www.google.com/bot.html)"
66.249.68.36 - - [25/Nov/2024:06:19:03 -0700] "GET /news/jnphtg/ HTTP/1.1" 200 94 "-" "Mozilla/5.0 (compatible; Googlebot/2.1; +http://www.google.com/bot.html)"
66.249.68.36 - - [25/Nov/2024:06:19:40 -0700] "GET /news/?yxwpst/ HTTP/1.1" 200 94 "-" "Mozilla/5.0 (compatible; Googlebot/2.1; +http://www.google.com/bot.html)"
66.249.68.37 - - [25/Nov/2024:06:20:06 -0700] "GET /bet/thvzod/ HTTP/1.1" 200 94 "-" "Mozilla/5.0 (compatible; Googlebot/2.1; +http://www.google.com/bot.html)"
213.180.203.231 - - [25/Nov/2024:06:20:19 -0700] "GET /robots.txt HTTP/1.1" 200 94 "-" "Mozilla/5.0 (compatible; YandexBot/3.0; +http://yandex.com/bots)"
66.249.68.35 - - [25/Nov/2024:06:20:20 -0700] "GET /news/vpinwp/nz-w-vs-ind-w-last-t20-match-scorecard.html HTTP/1.1" 200 94 "-" "Mozilla/5.0 (compatible; Googlebot/2.1; +http://www.google.com/bot.html)"
5.255.231.158 - - [25/Nov/2024:06:20:20 -0700] "GET /i73449a_d56a/files/Senior%20Secondary/files/Senior%20Secondary/Econonics%20(1)-min.pdf HTTP/1.1" 200 94 "-" "Mozilla/5.0 (compatible; YandexBot/3.0; +http://yandex.com/bots)"
69.162.124.238 - - [25/Nov/2024:06:20:46 -0700] "HEAD /cbse-corner.php HTTP/1.1" 200 - "https://dakrasahib.akalacademy.ac.in/cbse-corner.php" "Mozilla/5.0+(compatible; UptimeRobot/2.0; http://www.uptimerobot.com/)"
66.249.68.36 - - [25/Nov/2024:06:21:02 -0700] "GET /detail/avvtpg/would-you-rather-game-online.html HTTP/1.1" 200 94 "-" "Mozilla/5.0 (compatible; Googlebot/2.1; +http://www.google.com/bot.html)"
136.143.178.50 - - [25/Nov/2024:06:21:45 -0700] "GET / HTTP/1.1" 200 94 "-" "Site24x7"
66.249.68.37 - - [25/Nov/2024:06:22:40 -0700] "GET /news/vziutl/ipl-run-list.html HTTP/1.1" 200 94 "-" "Mozilla/5.0 (compatible; Googlebot/2.1; +http://www.google.com/bot.html)"
87.250.224.73 - - [25/Nov/2024:06:23:04 -0700] "GET /i62193e_d137a/files/Secondary/files/Senior%20Secondary/files/I-VIII/files/IX-X/Grade%20(XII)-min.pdf HTTP/1.1" 200 94 "-" "Mozilla/5.0 (compatible; YandexBot/3.0; +http://yandex.com/bots)"
5.255.231.95 - - [25/Nov/2024:06:23:19 -0700] "GET /i44549e_d29a/files/Secondary/files/Secondary/files/IX-X/theschool.php HTTP/1.1" 200 94 "-" "Mozilla/5.0 (compatible; YandexBot/3.0; +http://yandex.com/bots)"
66.249.68.37 - - [25/Nov/2024:06:23:22 -0700] "GET /detail/molspd/ HTTP/1.1" 200 94 "-" "Mozilla/5.0 (compatible; Googlebot/2.1; +http://www.google.com/bot.html)"
66.249.68.35 - - [25/Nov/2024:06:24:19 -0700] "GET /bet/jsdtnh/asia-cup-india-women-malaysia.html HTTP/1.1" 200 94 "-" "Mozilla/5.0 (compatible; Googlebot/2.1; +http://www.google.com/bot.html)"
66.249.68.35 - - [25/Nov/2024:06:24:34 -0700] "GET /news/dopxko/total-teams-in-icc.html HTTP/1.1" 200 94 "-" "Mozilla/5.0 (compatible; Googlebot/2.1; +http://www.google.com/bot.html)"
66.249.68.35 - - [25/Nov/2024:06:25:03 -0700] "GET /bet/dqghcc/team-selection-for-india-afghanistan.html HTTP/1.1" 200 94 "-" "Mozilla/5.0 (compatible; Googlebot/2.1; +http://www.google.com/bot.html)"
66.249.68.36 - - [25/Nov/2024:06:25:07 -0700] "GET /bet/bxfyyw/ HTTP/1.1" 200 94 "-" "Mozilla/5.0 (compatible; Googlebot/2.1; +http://www.google.com/bot.html)"
87.250.224.40 - - [25/Nov/2024:06:25:13 -0700] "GET /i26745a_d249a/files/I-VIII/files/Senior%20Secondary/14_Circular_2019ANX2-min.pdf HTTP/1.1" 200 94 "-" "Mozilla/5.0 (compatible; YandexBot/3.0; +http://yandex.com/bots)"
66.249.68.36 - - [25/Nov/2024:06:25:30 -0700] "GET /detail/ddwaqv/ HTTP/1.1" 200 94 "-" "Mozilla/5.0 (compatible; Googlebot/2.1; +http://www.google.com/bot.html)"
69.162.124.238 - - [25/Nov/2024:06:25:46 -0700] "HEAD /cbse-corner.php HTTP/1.1" 200 - "https://dakrasahib.akalacademy.ac.in/cbse-corner.php" "Mozilla/5.0+(compatible; UptimeRobot/2.0; http://www.uptimerobot.com/)"
66.249.68.35 - - [25/Nov/2024:06:25:54 -0700] "GET /detail/cytcll/caesars-1001-free-bet.html HTTP/1.1" 200 94 "-" "Mozilla/5.0 (compatible; Googlebot/2.1; +http://www.google.com/bot.html)"
136.143.179.50 - - [25/Nov/2024:06:26:48 -0700] "GET / HTTP/1.1" 200 94 "-" "Site24x7"
40.77.167.14 - - [25/Nov/2024:06:27:03 -0700] "GET /detail/slebpd/files/Secondary/files/Secondary/English_Sec_2019-20-min.pdf HTTP/1.1" 200 94 "-" "Mozilla/5.0 AppleWebKit/537.36 (KHTML, like Gecko; compatible; bingbot/2.0; +http://www.bing.com/bingbot.htm) Chrome/116.0.1938.76 Safari/537.36"
5.255.231.5 - - [25/Nov/2024:06:27:38 -0700] "GET /i30964b_d21a/files/Secondary/files/Secondary/files/I-VIII/about.php HTTP/1.1" 200 94 "-" "Mozilla/5.0 (compatible; YandexBot/3.0; +http://yandex.com/bots)"
213.180.203.159 - - [25/Nov/2024:06:27:42 -0700] "GET /i36309e_d21a/files/IX-X/files/Senior%20Secondary/files/I-VIII/files/IX-X/Grade%20(IX)-min.pdf HTTP/1.1" 200 94 "-" "Mozilla/5.0 (compatible; YandexBot/3.0; +http://yandex.com/bots)"
66.249.68.36 - - [25/Nov/2024:06:27:42 -0700] "GET /detail/ppczyu/india-football-players-2018.html HTTP/1.1" 200 94 "-" "Mozilla/5.0 (compatible; Googlebot/2.1; +http://www.google.com/bot.html)"
5.255.231.101 - - [25/Nov/2024:06:28:00 -0700] "GET /files/Secondary/Social_Science_Sec_2019-20-min.pdf HTTP/1.1" 200 94 "-" "Mozilla/5.0 (compatible; YandexBot/3.0; +http://yandex.com/bots)"
213.180.203.196 - - [25/Nov/2024:06:28:00 -0700] "GET /files/Senior%20Secondary/PoliticalScience-min.pdf HTTP/1.1" 200 94 "-" "Mozilla/5.0 (compatible; YandexBot/3.0; +http://yandex.com/bots)"
87.250.224.249 - - [25/Nov/2024:06:28:00 -0700] "GET /files/Secondary/Science_Sec_2019-20-min.pdf HTTP/1.1" 200 94 "-" "Mozilla/5.0 (compatible; YandexBot/3.0; +http://yandex.com/bots)"
5.255.231.201 - - [25/Nov/2024:06:28:01 -0700] "GET /files/Secondary/English_Sec_2019-20-min.pdf HTTP/1.1" 200 94 "-" "Mozilla/5.0 (compatible; YandexBot/3.0; +http://yandex.com/bots)"
95.108.213.184 - - [25/Nov/2024:06:28:02 -0700] "GET /files/Secondary/402-INFO_TECH_X-min.pdf HTTP/1.1" 200 94 "-" "Mozilla/5.0 (compatible; YandexBot/3.0; +http://yandex.com/bots)"
95.108.213.98 - - [25/Nov/2024:06:28:02 -0700] "GET /cbse-corner.php HTTP/1.1" 200 25390 "-" "Mozilla/5.0 (compatible; YandexBot/3.0; +http://yandex.com/bots)"
95.108.213.130 - - [25/Nov/2024:06:28:03 -0700] "GET /files/Secondary/Hindi_B_sec%202019-20-min.pdf HTTP/1.1" 200 94 "-" "Mozilla/5.0 (compatible; YandexBot/3.0; +http://yandex.com/bots)"
95.108.213.182 - - [25/Nov/2024:06:28:03 -0700] "GET /files/Secondary/417-FAQ-min.pdf HTTP/1.1" 200 94 "-" "Mozilla/5.0 (compatible; YandexBot/3.0; +http://yandex.com/bots)"
66.249.68.37 - - [25/Nov/2024:06:28:24 -0700] "GET /news/rczlfn/professional-poker-rules.html HTTP/1.1" 200 94 "-" "Mozilla/5.0 (compatible; Googlebot/2.1; +http://www.google.com/bot.html)"
213.180.203.231 - - [25/Nov/2024:06:28:40 -0700] "GET /i73449a_d56a/files/IX-X/files/Senior%20Secondary/files/Secondary/files/I-VIII/VI-XII%20Divinity%20Syl.%20for%20Other%20Aca.-min.pdf HTTP/1.1" 200 94 "-" "Mozilla/5.0 (compatible; YandexBot/3.0; +http://yandex.com/bots)"
66.249.68.35 - - [25/Nov/2024:06:28:54 -0700] "GET /bet/nxvwqx/bet-machine.html HTTP/1.1" 200 94 "-" "Mozilla/5.0 (compatible; Googlebot/2.1; +http://www.google.com/bot.html)"
5.255.231.158 - - [25/Nov/2024:06:29:14 -0700] "GET /i3223a_d29a/files/Secondary/files/IX-X/files/Senior%20Secondary/ComputerSc_NewXI-min.pdf HTTP/1.1" 200 94 "-" "Mozilla/5.0 (compatible; YandexBot/3.0; +http://yandex.com/bots)"
69.162.124.238 - - [25/Nov/2024:06:30:46 -0700] "HEAD /cbse-corner.php HTTP/1.1" 200 - "https://dakrasahib.akalacademy.ac.in/cbse-corner.php" "Mozilla/5.0+(compatible; UptimeRobot/2.0; http://www.uptimerobot.com/)"
136.143.179.51 - - [25/Nov/2024:06:31:50 -0700] "GET / HTTP/1.1" 200 94 "-" "Site24x7"
87.250.224.73 - - [25/Nov/2024:06:32:05 -0700] "GET /i25519a_d193a/files/IX-X/files/I-VIII/addmission.php HTTP/1.1" 200 94 "-" "Mozilla/5.0 (compatible; YandexBot/3.0; +http://yandex.com/bots)"
5.255.231.95 - - [25/Nov/2024:06:32:09 -0700] "GET /i73848a_d56a/files/Senior%20Secondary/files/I-VIII/files/Secondary/417-FAQ-min.pdf HTTP/1.1" 200 94 "-" "Mozilla/5.0 (compatible; YandexBot/3.0; +http://yandex.com/bots)"
87.250.224.40 - - [25/Nov/2024:06:32:16 -0700] "GET /i3290b_d29a/files/Senior%20Secondary/files/Senior%20Secondary/Biology-min.pdf HTTP/1.1" 200 94 "-" "Mozilla/5.0 (compatible; YandexBot/3.0; +http://yandex.com/bots)"
66.249.68.37 - - [25/Nov/2024:06:32:41 -0700] "GET /bet/hsmxgz/ HTTP/1.1" 200 94 "-" "Mozilla/5.0 (compatible; Googlebot/2.1; +http://www.google.com/bot.html)"
5.255.231.5 - - [25/Nov/2024:06:34:07 -0700] "GET /i245d_d187a/files/I-VIII/files/IX-X/files/IX-X/files/Secondary/Mathematics_Sec_2019-20-min.pdf HTTP/1.1" 200 94 "-" "Mozilla/5.0 (compatible; YandexBot/3.0; +http://yandex.com/bots)"
213.180.203.77 - - [25/Nov/2024:06:35:11 -0700] "GET /robots.txt HTTP/1.1" 200 94 "-" "Mozilla/5.0 (compatible; YandexBot/3.0; +http://yandex.com/bots)"
5.255.231.90 - - [25/Nov/2024:06:35:12 -0700] "GET /i30523b_d22a/files/I-VIII/files/I-VIII/VI-X%20Hindi-min.pdf HTTP/1.1" 200 94 "-" "Mozilla/5.0 (compatible; YandexBot/3.0; +http://yandex.com/bots)"
69.162.124.238 - - [25/Nov/2024:06:35:47 -0700] "HEAD /cbse-corner.php HTTP/1.1" 200 - "https://dakrasahib.akalacademy.ac.in/cbse-corner.php" "Mozilla/5.0+(compatible; UptimeRobot/2.0; http://www.uptimerobot.com/)"
87.250.224.235 - - [25/Nov/2024:06:36:37 -0700] "GET /theschool.php HTTP/1.1" 200 21373 "-" "Mozilla/5.0 (compatible; YandexBot/3.0; +http://yandex.com/bots)"
136.143.179.50 - - [25/Nov/2024:06:36:53 -0700] "GET / HTTP/1.1" 200 94 "-" "Site24x7"
5.255.231.84 - - [25/Nov/2024:06:37:05 -0700] "GET /i77983a_d21a/files/IX-X/files/IX-X/Grade%20(IX)-min.pdf HTTP/1.1" 200 94 "-" "Mozilla/5.0 (compatible; YandexBot/3.0; +http://yandex.com/bots)"
5.255.231.70 - - [25/Nov/2024:06:37:19 -0700] "GET /robots.txt HTTP/1.1" 200 94 "-" "Mozilla/5.0 (compatible; YandexBot/3.0; +http://yandex.com/bots)"
87.250.224.202 - - [25/Nov/2024:06:37:20 -0700] "GET /i3290b_d29a/files/Senior%20Secondary/files/Senior%20Secondary/files/I-VIII/S.St%20(III%20to%20VIII)-min.pdf HTTP/1.1" 200 94 "-" "Mozilla/5.0 (compatible; YandexBot/3.0; +http://yandex.com/bots)"
40.77.167.24 - - [25/Nov/2024:06:37:24 -0700] "GET /news/yujjjj/files/Secondary/files/Senior%20Secondary/files/Senior%20Secondary/Physics-min.pdf HTTP/1.1" 200 94 "-" "Mozilla/5.0 AppleWebKit/537.36 (KHTML, like Gecko; compatible; bingbot/2.0; +http://www.bing.com/bingbot.htm) Chrome/116.0.1938.76 Safari/537.36"
66.249.68.35 - - [25/Nov/2024:06:37:26 -0700] "GET /news/abcwfo/ HTTP/1.1" 200 94 "-" "Mozilla/5.0 (compatible; Googlebot/2.1; +http://www.google.com/bot.html)"
66.249.68.35 - - [25/Nov/2024:06:38:00 -0700] "GET /detail/svluwu/ HTTP/1.1" 200 94 "-" "Mozilla/5.0 (compatible; Googlebot/2.1; +http://www.google.com/bot.html)"
87.250.224.84 - - [25/Nov/2024:06:38:23 -0700] "GET /files/Senior%20Secondary/files/Senior%20Secondary/files/Secondary/417-VIII-min.pdf HTTP/1.1" 200 94 "-" "Mozilla/5.0 (compatible; YandexBot/3.0; +http://yandex.com/bots)"
66.249.68.35 - - [25/Nov/2024:06:39:28 -0700] "GET /news/krrumf/ HTTP/1.1" 200 94 "-" "Mozilla/5.0 (compatible; Googlebot/2.1; +http://www.google.com/bot.html)"
69.162.124.238 - - [25/Nov/2024:06:40:46 -0700] "HEAD /cbse-corner.php HTTP/1.1" 200 - "https://dakrasahib.akalacademy.ac.in/cbse-corner.php" "Mozilla/5.0+(compatible; UptimeRobot/2.0; http://www.uptimerobot.com/)"
66.249.68.36 - - [25/Nov/2024:06:41:04 -0700] "GET /detail/gonkkp/audio-card-for-msi-h110-gaming.html HTTP/1.1" 200 94 "-" "Mozilla/5.0 (compatible; Googlebot/2.1; +http://www.google.com/bot.html)"
66.249.68.35 - - [25/Nov/2024:06:41:53 -0700] "GET /bet/gucdlg/most-successful-football-tipster.html HTTP/1.1" 200 94 "-" "Mozilla/5.0 (compatible; Googlebot/2.1; +http://www.google.com/bot.html)"
136.143.178.51 - - [25/Nov/2024:06:41:55 -0700] "GET / HTTP/1.1" 200 94 "-" "Site24x7"
66.249.68.35 - - [25/Nov/2024:06:42:00 -0700] "GET /detail/hoztmt/http-psl.cricket.com.pk-players.html HTTP/1.1" 200 94 "-" "Mozilla/5.0 (compatible; Googlebot/2.1; +http://www.google.com/bot.html)"
66.249.68.35 - - [25/Nov/2024:06:42:01 -0700] "GET /news/qnwgtu/eng-vs-aus-live-score-t20.html HTTP/1.1" 200 94 "-" "Mozilla/5.0 (compatible; Googlebot/2.1; +http://www.google.com/bot.html)"
213.180.203.140 - - [25/Nov/2024:06:42:18 -0700] "GET /robots.txt HTTP/1.1" 200 94 "-" "Mozilla/5.0 (compatible; YandexBot/3.0; +http://yandex.com/bots)"
95.108.213.246 - - [25/Nov/2024:06:42:18 -0700] "GET /myadmin/cbse/CBSE_04-33-32.pdf HTTP/1.1" 200 123165 "-" "Mozilla/5.0 (compatible; YandexBot/3.0; +http://yandex.com/bots)"
66.249.68.35 - - [25/Nov/2024:06:42:28 -0700] "GET /bet/okaneq/ HTTP/1.1" 200 94 "-" "Mozilla/5.0 (compatible; Googlebot/2.1; +http://www.google.com/bot.html)"
66.249.68.35 - - [25/Nov/2024:06:42:29 -0700] "GET /news/yyoahu/ HTTP/1.1" 200 94 "-" "Mozilla/5.0 (compatible; Googlebot/2.1; +http://www.google.com/bot.html)"
95.108.213.149 - - [25/Nov/2024:06:44:13 -0700] "GET /robots.txt HTTP/1.1" 200 94 "-" "Mozilla/5.0 (compatible; YandexBot/3.0; +http://yandex.com/bots)"
213.180.203.124 - - [25/Nov/2024:06:44:14 -0700] "GET /i1879c_d22a/files/Secondary/files/Secondary/files/I-VIII/files/Senior%20Secondary/Physics-min.pdf HTTP/1.1" 200 94 "-" "Mozilla/5.0 (compatible; YandexBot/3.0; +http://yandex.com/bots)"
66.249.68.37 - - [25/Nov/2024:06:45:43 -0700] "GET /bet/gizhvm/croatia-president-in-world-cup.html HTTP/1.1" 200 94 "-" "Mozilla/5.0 (compatible; Googlebot/2.1; +http://www.google.com/bot.html)"
69.162.124.238 - - [25/Nov/2024:06:45:46 -0700] "HEAD /cbse-corner.php HTTP/1.1" 200 - "https://dakrasahib.akalacademy.ac.in/cbse-corner.php" "Mozilla/5.0+(compatible; UptimeRobot/2.0; http://www.uptimerobot.com/)"
136.143.179.51 - - [25/Nov/2024:06:46:57 -0700] "GET / HTTP/1.1" 200 94 "-" "Site24x7"
66.249.68.37 - - [25/Nov/2024:06:47:10 -0700] "GET /detail/arohsa/sky-vegas-highest-rtp-2022.html HTTP/1.1" 200 94 "-" "Mozilla/5.0 (compatible; Googlebot/2.1; +http://www.google.com/bot.html)"
66.249.68.35 - - [25/Nov/2024:06:47:18 -0700] "GET /bet/yhfucl/idle-pirate-world.html HTTP/1.1" 200 94 "-" "Mozilla/5.0 (compatible; Googlebot/2.1; +http://www.google.com/bot.html)"
66.249.68.37 - - [25/Nov/2024:06:48:47 -0700] "GET /news/jfjrvi/ HTTP/1.1" 200 94 "-" "Mozilla/5.0 (compatible; Googlebot/2.1; +http://www.google.com/bot.html)"
5.255.231.85 - - [25/Nov/2024:06:49:58 -0700] "GET /files/Secondary/files/Secondary/files/I-VIII/files/Senior%20Secondary/Punjabi_XII-min.pdf HTTP/1.1" 200 94 "-" "Mozilla/5.0 (compatible; YandexBot/3.0; +http://yandex.com/bots)"
66.249.68.36 - - [25/Nov/2024:06:50:07 -0700] "GET /news/oixmdo/lotto-max-time-draw.html HTTP/1.1" 200 94 "-" "Mozilla/5.0 (compatible; Googlebot/2.1; +http://www.google.com/bot.html)"
95.108.213.160 - - [25/Nov/2024:06:50:08 -0700] "GET /i36105e_d21a/files/I-VIII/files/Senior%20Secondary/files/Secondary/402-INFO_TECH-min.pdf HTTP/1.1" 200 94 "-" "Mozilla/5.0 (compatible; YandexBot/3.0; +http://yandex.com/bots)"
66.249.68.36 - - [25/Nov/2024:06:50:33 -0700] "GET /bet/fvymfw/bets-futebol.html HTTP/1.1" 200 94 "-" "Mozilla/5.0 (compatible; Googlebot/2.1; +http://www.google.com/bot.html)"
69.162.124.238 - - [25/Nov/2024:06:50:46 -0700] "HEAD /cbse-corner.php HTTP/1.1" 200 - "https://dakrasahib.akalacademy.ac.in/cbse-corner.php" "Mozilla/5.0+(compatible; UptimeRobot/2.0; http://www.uptimerobot.com/)"
66.249.68.35 - - [25/Nov/2024:06:51:45 -0700] "GET /news/mnrrcl/play-poker-online-free-no-registration.html HTTP/1.1" 200 94 "-" "Mozilla/5.0 (compatible; Googlebot/2.1; +http://www.google.com/bot.html)"
136.143.178.51 - - [25/Nov/2024:06:51:59 -0700] "GET / HTTP/1.1" 200 94 "-" "Site24x7"
66.249.68.37 - - [25/Nov/2024:06:53:04 -0700] "GET /bet/zontnu/ HTTP/1.1" 200 94 "-" "Mozilla/5.0 (compatible; Googlebot/2.1; +http://www.google.com/bot.html)"
66.249.68.37 - - [25/Nov/2024:06:53:07 -0700] "GET /news/eegalw/is-tf2-an-esport.html HTTP/1.1" 200 94 "-" "Mozilla/5.0 (compatible; Googlebot/2.1; +http://www.google.com/bot.html)"
52.167.144.212 - - [25/Nov/2024:06:53:09 -0700] "GET /news/yujjjj/files/Senior%20Secondary/files/I-VIII/files/I-VIII/English%20%20(VI%20-%20VIII)-min.pdf HTTP/1.1" 200 94 "-" "Mozilla/5.0 AppleWebKit/537.36 (KHTML, like Gecko; compatible; bingbot/2.0; +http://www.bing.com/bingbot.htm) Chrome/116.0.1938.76 Safari/537.36"
66.249.68.36 - - [25/Nov/2024:06:53:47 -0700] "GET /detail/ekafvd/ HTTP/1.1" 200 94 "-" "Mozilla/5.0 (compatible; Googlebot/2.1; +http://www.google.com/bot.html)"
66.249.68.35 - - [25/Nov/2024:06:53:56 -0700] "GET /bet/hoxaiv/ HTTP/1.1" 200 94 "-" "Mozilla/5.0 (compatible; Googlebot/2.1; +http://www.google.com/bot.html)"
66.249.68.35 - - [25/Nov/2024:06:54:01 -0700] "GET /bet/mqiual/fifa-world-cup-2022-inaugural-ceremony.html HTTP/1.1" 200 94 "-" "Mozilla/5.0 (compatible; Googlebot/2.1; +http://www.google.com/bot.html)"
66.249.68.37 - - [25/Nov/2024:06:54:02 -0700] "GET /bet/agbfhq/ HTTP/1.1" 200 94 "-" "Mozilla/5.0 (compatible; Googlebot/2.1; +http://www.google.com/bot.html)"
66.249.68.35 - - [25/Nov/2024:06:54:11 -0700] "GET /bet/ubewpf/free-credit-wizard-of-oz-slots.html HTTP/1.1" 200 94 "-" "Mozilla/5.0 (compatible; Googlebot/2.1; +http://www.google.com/bot.html)"
66.249.68.36 - - [25/Nov/2024:06:54:12 -0700] "GET /news/ovpazr/ HTTP/1.1" 200 94 "-" "Mozilla/5.0 (compatible; Googlebot/2.1; +http://www.google.com/bot.html)"
66.249.68.35 - - [25/Nov/2024:06:54:15 -0700] "GET /detail/vfelsv/ HTTP/1.1" 200 94 "-" "Mozilla/5.0 (compatible; Googlebot/2.1; +http://www.google.com/bot.html)"
