66.249.68.35 - - [25/Nov/2024:06:54:34 -0700] "GET /detail/sgfljl/ HTTP/1.1" 200 94 "-" "Mozilla/5.0 (compatible; Googlebot/2.1; +http://www.google.com/bot.html)"
66.249.68.35 - - [25/Nov/2024:06:55:09 -0700] "GET /detail/rnptrd/www-icc-cricket-com-official-website.html HTTP/1.1" 200 94 "-" "Mozilla/5.0 (compatible; Googlebot/2.1; +http://www.google.com/bot.html)"
66.249.68.35 - - [25/Nov/2024:06:55:26 -0700] "GET /bet/zneswy/world-cup-teams-2015-players.html HTTP/1.1" 200 94 "-" "Mozilla/5.0 (compatible; Googlebot/2.1; +http://www.google.com/bot.html)"
66.249.68.35 - - [25/Nov/2024:06:55:37 -0700] "GET /bet/gwkdce/ HTTP/1.1" 200 94 "-" "Mozilla/5.0 (compatible; Googlebot/2.1; +http://www.google.com/bot.html)"
69.162.124.238 - - [25/Nov/2024:06:55:46 -0700] "HEAD /cbse-corner.php HTTP/1.1" 200 - "https://dakrasahib.akalacademy.ac.in/cbse-corner.php" "Mozilla/5.0+(compatible; UptimeRobot/2.0; http://www.uptimerobot.com/)"
66.249.68.35 - - [25/Nov/2024:06:55:48 -0700] "GET /bet/vuzpyi/bernardo-silva-tweet-mendy.html HTTP/1.1" 200 94 "-" "Mozilla/5.0 (compatible; Googlebot/2.1; +http://www.google.com/bot.html)"
5.255.231.72 - - [25/Nov/2024:06:55:48 -0700] "GET /i73449a_d56a/files/Secondary/417-VIII-min.pdf HTTP/1.1" 200 94 "-" "Mozilla/5.0 (compatible; YandexBot/3.0; +http://yandex.com/bots)"
66.249.68.37 - - [25/Nov/2024:06:56:25 -0700] "GET /news/zarppe/what-is-pari-mutuel-betting.html HTTP/1.1" 200 94 "-" "Mozilla/5.0 (compatible; Googlebot/2.1; +http://www.google.com/bot.html)"
66.249.68.36 - - [25/Nov/2024:06:56:28 -0700] "GET /news/wvliww/ HTTP/1.1" 200 94 "-" "Mozilla/5.0 (compatible; Googlebot/2.1; +http://www.google.com/bot.html)"
66.249.68.35 - - [25/Nov/2024:06:56:59 -0700] "GET /news/orldjl/ HTTP/1.1" 200 94 "-" "Mozilla/5.0 (compatible; Googlebot/2.1; +http://www.google.com/bot.html)"
136.143.178.51 - - [25/Nov/2024:06:57:02 -0700] "GET / HTTP/1.1" 200 94 "-" "Site24x7"
5.255.231.179 - - [25/Nov/2024:06:57:46 -0700] "GET /i36105e_d21a/files/Secondary/files/Senior%20Secondary/files/I-VIII/S.St%20(III%20to%20VIII)-min.pdf HTTP/1.1" 200 94 "-" "Mozilla/5.0 (compatible; YandexBot/3.0; +http://yandex.com/bots)"
66.249.68.37 - - [25/Nov/2024:06:58:26 -0700] "GET /news/pkrnqh/ HTTP/1.1" 200 94 "-" "Mozilla/5.0 (compatible; Googlebot/2.1; +http://www.google.com/bot.html)"
66.249.68.36 - - [25/Nov/2024:06:58:28 -0700] "GET /detail/iaiqcw/1st-women-in-icc-indra-noi.html HTTP/1.1" 200 94 "-" "Mozilla/5.0 (compatible; Googlebot/2.1; +http://www.google.com/bot.html)"
95.108.213.146 - - [25/Nov/2024:07:00:06 -0700] "GET /i44549e_d29a/files/Secondary/files/I-VIII/academic.php HTTP/1.1" 200 94 "-" "Mozilla/5.0 (compatible; YandexBot/3.0; +http://yandex.com/bots)"
66.249.68.36 - - [25/Nov/2024:07:00:46 -0700] "GET /detail/kvzbli/ HTTP/1.1" 200 94 "-" "Mozilla/5.0 (compatible; Googlebot/2.1; +http://www.google.com/bot.html)"
69.162.124.238 - - [25/Nov/2024:07:00:46 -0700] "HEAD /cbse-corner.php HTTP/1.1" 200 - "https://dakrasahib.akalacademy.ac.in/cbse-corner.php" "Mozilla/5.0+(compatible; UptimeRobot/2.0; http://www.uptimerobot.com/)"
66.249.68.35 - - [25/Nov/2024:07:00:58 -0700] "GET /detail/wibosx/ HTTP/1.1" 200 94 "-" "Mozilla/5.0 (compatible; Googlebot/2.1; +http://www.google.com/bot.html)"
213.180.203.11 - - [25/Nov/2024:07:01:04 -0700] "GET /i245d_d187a/files/I-VIII/files/IX-X/files/Secondary/English_Sec_2019-20-min.pdf HTTP/1.1" 200 94 "-" "Mozilla/5.0 (compatible; YandexBot/3.0; +http://yandex.com/bots)"
136.143.179.50 - - [25/Nov/2024:07:02:04 -0700] "GET / HTTP/1.1" 200 94 "-" "Site24x7"
66.249.68.36 - - [25/Nov/2024:07:02:42 -0700] "GET /detail/jkdgfs/ HTTP/1.1" 200 94 "-" "Mozilla/5.0 (compatible; Googlebot/2.1; +http://www.google.com/bot.html)"
66.249.68.35 - - [25/Nov/2024:07:04:01 -0700] "GET /bet/nepnut/india-vs-australia-t20-series-result.html HTTP/1.1" 200 94 "-" "Mozilla/5.0 (compatible; Googlebot/2.1; +http://www.google.com/bot.html)"
66.249.68.36 - - [25/Nov/2024:07:04:02 -0700] "GET /bet/pewpcn/ HTTP/1.1" 200 94 "-" "Mozilla/5.0 (compatible; Googlebot/2.1; +http://www.google.com/bot.html)"
52.167.144.203 - - [25/Nov/2024:07:04:17 -0700] "GET /news/yujjjj/files/Secondary/files/I-VIII/cbse-corner.php HTTP/1.1" 200 94 "-" "Mozilla/5.0 AppleWebKit/537.36 (KHTML, like Gecko; compatible; bingbot/2.0; +http://www.bing.com/bingbot.htm) Chrome/116.0.1938.76 Safari/537.36"
69.162.124.238 - - [25/Nov/2024:07:05:47 -0700] "HEAD /cbse-corner.php HTTP/1.1" 200 - "https://dakrasahib.akalacademy.ac.in/cbse-corner.php" "Mozilla/5.0+(compatible; UptimeRobot/2.0; http://www.uptimerobot.com/)"
66.249.68.37 - - [25/Nov/2024:07:05:59 -0700] "GET /bet/dijwmd/ HTTP/1.1" 200 94 "-" "Mozilla/5.0 (compatible; Googlebot/2.1; +http://www.google.com/bot.html)"
136.143.179.50 - - [25/Nov/2024:07:07:08 -0700] "GET / HTTP/1.1" 200 94 "-" "Site24x7"
52.167.144.197 - - [25/Nov/2024:07:07:28 -0700] "GET /news/yujjjj/files/IX-X/files/IX-X/files/Secondary/about.php HTTP/1.1" 200 94 "-" "Mozilla/5.0 AppleWebKit/537.36 (KHTML, like Gecko; compatible; bingbot/2.0; +http://www.bing.com/bingbot.htm) Chrome/116.0.1938.76 Safari/537.36"
66.249.68.37 - - [25/Nov/2024:07:08:39 -0700] "GET /detail/fanuae/ HTTP/1.1" 200 94 "-" "Mozilla/5.0 (compatible; Googlebot/2.1; +http://www.google.com/bot.html)"
66.249.68.36 - - [25/Nov/2024:07:08:45 -0700] "GET /bet/tvioke/emotional-advertising.html HTTP/1.1" 200 94 "-" "Mozilla/5.0 (compatible; Googlebot/2.1; +http://www.google.com/bot.html)"
66.249.68.36 - - [25/Nov/2024:07:09:23 -0700] "GET /news/idkite/betmgm-online.html HTTP/1.1" 200 94 "-" "Mozilla/5.0 (compatible; Googlebot/2.1; +http://www.google.com/bot.html)"
69.162.124.238 - - [25/Nov/2024:07:10:47 -0700] "HEAD /cbse-corner.php HTTP/1.1" 200 - "https://dakrasahib.akalacademy.ac.in/cbse-corner.php" "Mozilla/5.0+(compatible; UptimeRobot/2.0; http://www.uptimerobot.com/)"
66.249.68.35 - - [25/Nov/2024:07:11:35 -0700] "GET /detail/twimjj/ HTTP/1.1" 200 94 "-" "Mozilla/5.0 (compatible; Googlebot/2.1; +http://www.google.com/bot.html)"
136.143.178.50 - - [25/Nov/2024:07:12:10 -0700] "GET / HTTP/1.1" 200 94 "-" "Site24x7"
52.167.144.207 - - [25/Nov/2024:07:12:13 -0700] "GET /news/qvquga/files/I-VIII/files/Senior%20Secondary/Econonics-min.pdf HTTP/1.1" 200 94 "-" "Mozilla/5.0 AppleWebKit/537.36 (KHTML, like Gecko; compatible; bingbot/2.0; +http://www.bing.com/bingbot.htm) Chrome/116.0.1938.76 Safari/537.36"
66.249.68.36 - - [25/Nov/2024:07:13:08 -0700] "GET /bet/mdstjz/t20-online-score.html HTTP/1.1" 200 94 "-" "Mozilla/5.0 (compatible; Googlebot/2.1; +http://www.google.com/bot.html)"
66.249.68.37 - - [25/Nov/2024:07:14:08 -0700] "GET /news/edzihw/la-liga-champions-by-year.html HTTP/1.1" 200 94 "-" "Mozilla/5.0 (compatible; Googlebot/2.1; +http://www.google.com/bot.html)"
69.162.124.238 - - [25/Nov/2024:07:15:46 -0700] "HEAD /cbse-corner.php HTTP/1.1" 200 - "https://dakrasahib.akalacademy.ac.in/cbse-corner.php" "Mozilla/5.0+(compatible; UptimeRobot/2.0; http://www.uptimerobot.com/)"
66.249.68.36 - - [25/Nov/2024:07:16:36 -0700] "GET /detail/pzuyws/ HTTP/1.1" 200 94 "-" "Mozilla/5.0 (compatible; Googlebot/2.1; +http://www.google.com/bot.html)"
66.249.68.35 - - [25/Nov/2024:07:17:01 -0700] "GET /detail/ywsuoe/ HTTP/1.1" 200 94 "-" "Mozilla/5.0 (compatible; Googlebot/2.1; +http://www.google.com/bot.html)"
136.143.179.50 - - [25/Nov/2024:07:17:12 -0700] "GET / HTTP/1.1" 200 94 "-" "Site24x7"
66.249.68.35 - - [25/Nov/2024:07:17:44 -0700] "GET /detail/lyguhf/ HTTP/1.1" 200 94 "-" "Mozilla/5.0 (compatible; Googlebot/2.1; +http://www.google.com/bot.html)"
66.249.68.35 - - [25/Nov/2024:07:18:37 -0700] "GET /bet/wfclga/ HTTP/1.1" 200 94 "-" "Mozilla/5.0 (compatible; Googlebot/2.1; +http://www.google.com/bot.html)"
66.249.68.35 - - [25/Nov/2024:07:18:43 -0700] "GET /bet/qhgixe/yesterday-kabaddi-final-match.html HTTP/1.1" 200 94 "-" "Mozilla/5.0 (compatible; Googlebot/2.1; +http://www.google.com/bot.html)"
66.249.68.36 - - [25/Nov/2024:07:19:04 -0700] "GET /bet/sbjtgc/morongo-casino-slot-games.html HTTP/1.1" 200 94 "-" "Mozilla/5.0 (compatible; Googlebot/2.1; +http://www.google.com/bot.html)"
66.249.68.36 - - [25/Nov/2024:07:20:43 -0700] "GET /detail/cjjjmw/ HTTP/1.1" 200 94 "-" "Mozilla/5.0 (compatible; Googlebot/2.1; +http://www.google.com/bot.html)"
69.162.124.238 - - [25/Nov/2024:07:20:46 -0700] "HEAD /cbse-corner.php HTTP/1.1" 200 - "https://dakrasahib.akalacademy.ac.in/cbse-corner.php" "Mozilla/5.0+(compatible; UptimeRobot/2.0; http://www.uptimerobot.com/)"
66.249.68.36 - - [25/Nov/2024:07:21:26 -0700] "GET /news/gwfpix/tab-betting-nz.html HTTP/1.1" 200 94 "-" "Mozilla/5.0 (compatible; Googlebot/2.1; +http://www.google.com/bot.html)"
136.143.179.51 - - [25/Nov/2024:07:22:15 -0700] "GET / HTTP/1.1" 200 94 "-" "Site24x7"
40.77.167.0 - - [25/Nov/2024:07:24:52 -0700] "GET /bet/khhszx/files/Secondary/files/Secondary/Social_Science_Sec_2019-20-min.pdf HTTP/1.1" 200 94 "-" "Mozilla/5.0 AppleWebKit/537.36 (KHTML, like Gecko; compatible; bingbot/2.0; +http://www.bing.com/bingbot.htm) Chrome/116.0.1938.76 Safari/537.36"
69.162.124.238 - - [25/Nov/2024:07:25:46 -0700] "HEAD /cbse-corner.php HTTP/1.1" 200 - "https://dakrasahib.akalacademy.ac.in/cbse-corner.php" "Mozilla/5.0+(compatible; UptimeRobot/2.0; http://www.uptimerobot.com/)"
136.143.178.50 - - [25/Nov/2024:07:27:18 -0700] "GET / HTTP/1.1" 200 94 "-" "Site24x7"
52.167.144.203 - - [25/Nov/2024:07:27:24 -0700] "GET /news/yujjjj/files/Senior%20Secondary/files/Secondary/files/I-VIII/files/IX-X/Grade%20(XI)%20-min.pdf HTTP/1.1" 200 94 "-" "Mozilla/5.0 AppleWebKit/537.36 (KHTML, like Gecko; compatible; bingbot/2.0; +http://www.bing.com/bingbot.htm) Chrome/116.0.1938.76 Safari/537.36"
66.249.68.36 - - [25/Nov/2024:07:27:33 -0700] "GET /news/eiimgk/ HTTP/1.1" 200 94 "-" "Mozilla/5.0 (compatible; Googlebot/2.1; +http://www.google.com/bot.html)"
66.249.68.35 - - [25/Nov/2024:07:27:35 -0700] "GET /detail/xqlhdi/ HTTP/1.1" 200 94 "-" "Mozilla/5.0 (compatible; Googlebot/2.1; +http://www.google.com/bot.html)"
66.249.68.37 - - [25/Nov/2024:07:28:22 -0700] "GET /bet/otswjl/ HTTP/1.1" 200 94 "-" "Mozilla/5.0 (compatible; Googlebot/2.1; +http://www.google.com/bot.html)"
66.249.68.37 - - [25/Nov/2024:07:28:23 -0700] "GET /detail/smjrpe/ HTTP/1.1" 200 94 "-" "Mozilla/5.0 (compatible; Googlebot/2.1; +http://www.google.com/bot.html)"
66.249.68.36 - - [25/Nov/2024:07:29:02 -0700] "GET /news/ruqmri/ HTTP/1.1" 200 94 "-" "Mozilla/5.0 (compatible; Googlebot/2.1; +http://www.google.com/bot.html)"
66.249.68.35 - - [25/Nov/2024:07:29:36 -0700] "GET /detail/wtrggx/ HTTP/1.1" 200 94 "-" "Mozilla/5.0 (compatible; Googlebot/2.1; +http://www.google.com/bot.html)"
66.249.68.35 - - [25/Nov/2024:07:29:38 -0700] "GET /bet/dooiad/ HTTP/1.1" 200 94 "-" "Mozilla/5.0 (compatible; Googlebot/2.1; +http://www.google.com/bot.html)"
69.162.124.238 - - [25/Nov/2024:07:30:46 -0700] "HEAD /cbse-corner.php HTTP/1.1" 200 - "https://dakrasahib.akalacademy.ac.in/cbse-corner.php" "Mozilla/5.0+(compatible; UptimeRobot/2.0; http://www.uptimerobot.com/)"
136.143.179.50 - - [25/Nov/2024:07:32:20 -0700] "GET / HTTP/1.1" 200 94 "-" "Site24x7"
66.249.68.36 - - [25/Nov/2024:07:32:30 -0700] "GET /news/hhxqbl/ HTTP/1.1" 200 94 "-" "Mozilla/5.0 (compatible; Googlebot/2.1; +http://www.google.com/bot.html)"
66.249.68.35 - - [25/Nov/2024:07:32:35 -0700] "GET /news/urnxzs/eng-vs-sa-t20-dream11-team-prediction.html HTTP/1.1" 200 94 "-" "Mozilla/5.0 (compatible; Googlebot/2.1; +http://www.google.com/bot.html)"
66.249.68.36 - - [25/Nov/2024:07:35:06 -0700] "GET /news/ilreni/scratch-games-to-win-real-money.html HTTP/1.1" 200 94 "-" "Mozilla/5.0 (compatible; Googlebot/2.1; +http://www.google.com/bot.html)"
69.162.124.238 - - [25/Nov/2024:07:35:46 -0700] "HEAD /cbse-corner.php HTTP/1.1" 200 - "https://dakrasahib.akalacademy.ac.in/cbse-corner.php" "Mozilla/5.0+(compatible; UptimeRobot/2.0; http://www.uptimerobot.com/)"
136.143.178.51 - - [25/Nov/2024:07:37:22 -0700] "GET / HTTP/1.1" 200 94 "-" "Site24x7"
66.249.68.36 - - [25/Nov/2024:07:37:28 -0700] "GET /detail/xwlnlq/kca-women's-t20-challengers.html HTTP/1.1" 200 94 "-" "Mozilla/5.0 (compatible; Googlebot/2.1; +http://www.google.com/bot.html)"
66.249.68.35 - - [25/Nov/2024:07:37:33 -0700] "GET /news/oyxmsh/ HTTP/1.1" 200 94 "-" "Mozilla/5.0 (compatible; Googlebot/2.1; +http://www.google.com/bot.html)"
66.249.68.35 - - [25/Nov/2024:07:38:34 -0700] "GET /bet/knrjwq/in-vs-au-t20-dream11.html HTTP/1.1" 200 94 "-" "Mozilla/5.0 (compatible; Googlebot/2.1; +http://www.google.com/bot.html)"
66.249.68.36 - - [25/Nov/2024:07:38:38 -0700] "GET /detail/jpekho/population-of-game-cricket.html HTTP/1.1" 200 94 "-" "Mozilla/5.0 (compatible; Googlebot/2.1; +http://www.google.com/bot.html)"
52.167.144.204 - - [25/Nov/2024:07:39:06 -0700] "GET /detail/nllomm/files/Secondary/files/I-VIII/Science%20%20(III%20to%20VIII)-min.pdf HTTP/1.1" 200 94 "-" "Mozilla/5.0 AppleWebKit/537.36 (KHTML, like Gecko; compatible; bingbot/2.0; +http://www.bing.com/bingbot.htm) Chrome/116.0.1938.76 Safari/537.36"
66.249.68.36 - - [25/Nov/2024:07:39:11 -0700] "GET /bet/mzmdne/ HTTP/1.1" 200 94 "-" "Mozilla/5.0 (compatible; Googlebot/2.1; +http://www.google.com/bot.html)"
66.249.68.36 - - [25/Nov/2024:07:39:24 -0700] "GET /news/bbxdmq/betting-to-be-legalised-in-india.html HTTP/1.1" 200 94 "-" "Mozilla/5.0 (compatible; Googlebot/2.1; +http://www.google.com/bot.html)"
66.249.68.35 - - [25/Nov/2024:07:39:44 -0700] "GET /news/pouuzl/ HTTP/1.1" 200 94 "-" "Mozilla/5.0 (compatible; Googlebot/2.1; +http://www.google.com/bot.html)"
66.249.68.36 - - [25/Nov/2024:07:40:03 -0700] "GET /news/uazqiy/ HTTP/1.1" 200 94 "-" "Mozilla/5.0 (compatible; Googlebot/2.1; +http://www.google.com/bot.html)"
66.249.68.35 - - [25/Nov/2024:07:40:21 -0700] "GET /bet/lzyadp/world-cup-2018-dates-in-india.html HTTP/1.1" 200 94 "-" "Mozilla/5.0 (compatible; Googlebot/2.1; +http://www.google.com/bot.html)"
66.249.68.35 - - [25/Nov/2024:07:40:25 -0700] "GET /detail/hurpbl/ipl-auction-2019-kohli-price.html HTTP/1.1" 200 94 "-" "Mozilla/5.0 (compatible; Googlebot/2.1; +http://www.google.com/bot.html)"
66.249.68.35 - - [25/Nov/2024:07:40:27 -0700] "GET /detail/olpnzt/ HTTP/1.1" 200 94 "-" "Mozilla/5.0 (compatible; Googlebot/2.1; +http://www.google.com/bot.html)"
66.249.68.35 - - [25/Nov/2024:07:40:41 -0700] "GET /bet/tgetpq/ HTTP/1.1" 200 94 "-" "Mozilla/5.0 (compatible; Googlebot/2.1; +http://www.google.com/bot.html)"
69.162.124.238 - - [25/Nov/2024:07:40:46 -0700] "HEAD /cbse-corner.php HTTP/1.1" 200 - "https://dakrasahib.akalacademy.ac.in/cbse-corner.php" "Mozilla/5.0+(compatible; UptimeRobot/2.0; http://www.uptimerobot.com/)"
66.249.68.36 - - [25/Nov/2024:07:41:03 -0700] "GET /detail/ezrhsb/india-victorirs-in-2019-world-cup.html HTTP/1.1" 200 94 "-" "Mozilla/5.0 (compatible; Googlebot/2.1; +http://www.google.com/bot.html)"
66.249.68.37 - - [25/Nov/2024:07:42:22 -0700] "GET /bet/nwmlay/bihar-lottery-online.html HTTP/1.1" 200 94 "-" "Mozilla/5.0 (compatible; Googlebot/2.1; +http://www.google.com/bot.html)"
136.143.178.50 - - [25/Nov/2024:07:42:24 -0700] "GET / HTTP/1.1" 200 94 "-" "Site24x7"
66.249.68.35 - - [25/Nov/2024:07:42:27 -0700] "GET /detail/dlaise/junglee-rummy-free-game.html HTTP/1.1" 200 94 "-" "Mozilla/5.0 (compatible; Googlebot/2.1; +http://www.google.com/bot.html)"
40.77.167.4 - - [25/Nov/2024:07:42:44 -0700] "GET /news/yujjjj/files/Senior%20Secondary/files/I-VIII/files/IX-X/files/Secondary/Science_Sec_2019-20-min.pdf HTTP/1.1" 200 94 "-" "Mozilla/5.0 AppleWebKit/537.36 (KHTML, like Gecko; compatible; bingbot/2.0; +http://www.bing.com/bingbot.htm) Chrome/116.0.1938.76 Safari/537.36"
66.249.68.37 - - [25/Nov/2024:07:43:43 -0700] "GET /bet/pnkjim/goa-casino-tilton.html HTTP/1.1" 200 94 "-" "Mozilla/5.0 (compatible; Googlebot/2.1; +http://www.google.com/bot.html)"
66.249.68.37 - - [25/Nov/2024:07:43:46 -0700] "GET /detail/clnjoj/ HTTP/1.1" 200 94 "-" "Mozilla/5.0 (compatible; Googlebot/2.1; +http://www.google.com/bot.html)"
66.249.65.73 - - [25/Nov/2024:07:44:05 -0700] "GET /detail/rqskvl/ HTTP/1.1" 200 94 "-" "Mozilla/5.0 (compatible; Googlebot/2.1; +http://www.google.com/bot.html)"
66.249.68.36 - - [25/Nov/2024:07:44:48 -0700] "GET /bet/thnbvo/ HTTP/1.1" 200 94 "-" "Mozilla/5.0 (compatible; Googlebot/2.1; +http://www.google.com/bot.html)"
66.249.68.37 - - [25/Nov/2024:07:45:04 -0700] "GET /detail/ocwvzs/live-kabaddi-match-today-dubai-india.html HTTP/1.1" 200 94 "-" "Mozilla/5.0 (compatible; Googlebot/2.1; +http://www.google.com/bot.html)"
69.162.124.238 - - [25/Nov/2024:07:45:46 -0700] "HEAD /cbse-corner.php HTTP/1.1" 200 - "https://dakrasahib.akalacademy.ac.in/cbse-corner.php" "Mozilla/5.0+(compatible; UptimeRobot/2.0; http://www.uptimerobot.com/)"
66.249.68.37 - - [25/Nov/2024:07:46:54 -0700] "GET /bet/tuednv/super-bingo-la-45-en-vivo.html HTTP/1.1" 200 94 "-" "Mozilla/5.0 (compatible; Googlebot/2.1; +http://www.google.com/bot.html)"
136.143.178.50 - - [25/Nov/2024:07:47:26 -0700] "GET / HTTP/1.1" 200 94 "-" "Site24x7"
66.249.68.36 - - [25/Nov/2024:07:47:26 -0700] "GET /bet/jritgf/ HTTP/1.1" 200 94 "-" "Mozilla/5.0 (compatible; Googlebot/2.1; +http://www.google.com/bot.html)"
66.249.68.35 - - [25/Nov/2024:07:48:28 -0700] "GET /news/vzpdiw/ HTTP/1.1" 200 94 "-" "Mozilla/5.0 (compatible; Googlebot/2.1; +http://www.google.com/bot.html)"
66.249.68.37 - - [25/Nov/2024:07:49:07 -0700] "GET /news/sgodvn/ HTTP/1.1" 200 94 "-" "Mozilla/5.0 (compatible; Googlebot/2.1; +http://www.google.com/bot.html)"
66.249.68.36 - - [25/Nov/2024:07:50:33 -0700] "GET /detail/fvwuod/kabaddi-season-5-final-full-match.html HTTP/1.1" 200 94 "-" "Mozilla/5.0 (compatible; Googlebot/2.1; +http://www.google.com/bot.html)"
69.162.124.238 - - [25/Nov/2024:07:50:46 -0700] "HEAD /cbse-corner.php HTTP/1.1" 200 - "https://dakrasahib.akalacademy.ac.in/cbse-corner.php" "Mozilla/5.0+(compatible; UptimeRobot/2.0; http://www.uptimerobot.com/)"
136.143.178.51 - - [25/Nov/2024:07:52:28 -0700] "GET / HTTP/1.1" 200 94 "-" "Site24x7"
66.249.68.36 - - [25/Nov/2024:07:53:42 -0700] "GET /detail/nvtoal/quiz-and-earn-money.html HTTP/1.1" 200 94 "-" "Mozilla/5.0 (compatible; Googlebot/2.1; +http://www.google.com/bot.html)"
66.249.68.36 - - [25/Nov/2024:07:53:55 -0700] "GET /bet/kuaxdf/ HTTP/1.1" 200 94 "-" "Mozilla/5.0 (compatible; Googlebot/2.1; +http://www.google.com/bot.html)"
66.249.68.37 - - [25/Nov/2024:07:54:08 -0700] "GET /detail/gzqcsm/ HTTP/1.1" 200 94 "-" "Mozilla/5.0 (compatible; Googlebot/2.1; +http://www.google.com/bot.html)"
40.77.167.54 - - [25/Nov/2024:07:54:27 -0700] "GET /images/school%20(9).jpg HTTP/1.1" 200 220361 "-" "Mozilla/5.0 AppleWebKit/537.36 (KHTML, like Gecko; compatible; bingbot/2.0; +http://www.bing.com/bingbot.htm) Chrome/116.0.1938.76 Safari/537.36"
69.162.124.238 - - [25/Nov/2024:07:55:46 -0700] "HEAD /cbse-corner.php HTTP/1.1" 200 - "https://dakrasahib.akalacademy.ac.in/cbse-corner.php" "Mozilla/5.0+(compatible; UptimeRobot/2.0; http://www.uptimerobot.com/)"
52.167.144.20 - - [25/Nov/2024:07:56:21 -0700] "GET /news/yujjjj/files/IX-X/files/IX-X/files/Secondary/cbse-corner.php HTTP/1.1" 200 94 "-" "Mozilla/5.0 AppleWebKit/537.36 (KHTML, like Gecko; compatible; bingbot/2.0; +http://www.bing.com/bingbot.htm) Chrome/116.0.1938.76 Safari/537.36"
5.255.231.22 - - [25/Nov/2024:07:56:36 -0700] "GET /robots.txt HTTP/1.1" 200 94 "-" "Mozilla/5.0 (compatible; YandexBot/3.0; +http://yandex.com/bots)"
40.77.167.38 - - [25/Nov/2024:07:56:52 -0700] "GET /news/yujjjj/files/I-VIII/files/Secondary/files/IX-X/files/Senior%20Secondary/Accountancy-min.pdf HTTP/1.1" 200 94 "-" "Mozilla/5.0 AppleWebKit/537.36 (KHTML, like Gecko; compatible; bingbot/2.0; +http://www.bing.com/bingbot.htm) Chrome/116.0.1938.76 Safari/537.36"
66.249.68.35 - - [25/Nov/2024:07:57:25 -0700] "GET /bet/yahaap/ HTTP/1.1" 200 94 "-" "Mozilla/5.0 (compatible; Googlebot/2.1; +http://www.google.com/bot.html)"
136.143.178.51 - - [25/Nov/2024:07:57:30 -0700] "GET / HTTP/1.1" 200 94 "-" "Site24x7"
66.249.68.36 - - [25/Nov/2024:07:58:34 -0700] "GET /bet/wvgmlq/ HTTP/1.1" 200 94 "-" "Mozilla/5.0 (compatible; Googlebot/2.1; +http://www.google.com/bot.html)"
66.249.68.37 - - [25/Nov/2024:07:59:29 -0700] "GET /bet/dpktth/android-betting-app-source-code.html HTTP/1.1" 200 94 "-" "Mozilla/5.0 (compatible; Googlebot/2.1; +http://www.google.com/bot.html)"
66.249.68.36 - - [25/Nov/2024:07:59:43 -0700] "GET /news/dntmbj/ HTTP/1.1" 200 94 "-" "Mozilla/5.0 (compatible; Googlebot/2.1; +http://www.google.com/bot.html)"
66.249.68.35 - - [25/Nov/2024:08:00:36 -0700] "GET /news/svuzab/ HTTP/1.1" 200 94 "-" "Mozilla/5.0 (compatible; Googlebot/2.1; +http://www.google.com/bot.html)"
69.162.124.238 - - [25/Nov/2024:08:00:46 -0700] "HEAD /cbse-corner.php HTTP/1.1" 200 - "https://dakrasahib.akalacademy.ac.in/cbse-corner.php" "Mozilla/5.0+(compatible; UptimeRobot/2.0; http://www.uptimerobot.com/)"
66.249.68.36 - - [25/Nov/2024:08:00:52 -0700] "GET /detail/fwbqej/ HTTP/1.1" 200 94 "-" "Mozilla/5.0 (compatible; Googlebot/2.1; +http://www.google.com/bot.html)"
66.249.68.37 - - [25/Nov/2024:08:01:51 -0700] "GET /detail/vbidwd/ HTTP/1.1" 200 94 "-" "Mozilla/5.0 (compatible; Googlebot/2.1; +http://www.google.com/bot.html)"
66.249.68.37 - - [25/Nov/2024:08:02:27 -0700] "GET /news/xnqjjg/serie-a-fix.html HTTP/1.1" 200 94 "-" "Mozilla/5.0 (compatible; Googlebot/2.1; +http://www.google.com/bot.html)"
136.143.179.50 - - [25/Nov/2024:08:02:32 -0700] "GET / HTTP/1.1" 200 94 "-" "Site24x7"
66.249.68.35 - - [25/Nov/2024:08:04:09 -0700] "GET /bet/asfetw/ HTTP/1.1" 200 94 "-" "Mozilla/5.0 (compatible; Googlebot/2.1; +http://www.google.com/bot.html)"
66.249.68.36 - - [25/Nov/2024:08:04:29 -0700] "GET /bet/ibqvby/cleaning-up-games-free-online.html HTTP/1.1" 200 94 "-" "Mozilla/5.0 (compatible; Googlebot/2.1; +http://www.google.com/bot.html)"
69.162.124.238 - - [25/Nov/2024:08:05:46 -0700] "HEAD /cbse-corner.php HTTP/1.1" 200 - "https://dakrasahib.akalacademy.ac.in/cbse-corner.php" "Mozilla/5.0+(compatible; UptimeRobot/2.0; http://www.uptimerobot.com/)"
66.249.68.36 - - [25/Nov/2024:08:05:48 -0700] "GET /detail/bkvari/meghani-pro-kabaddi.html HTTP/1.1" 200 94 "-" "Mozilla/5.0 (compatible; Googlebot/2.1; +http://www.google.com/bot.html)"
136.143.179.50 - - [25/Nov/2024:08:07:34 -0700] "GET / HTTP/1.1" 200 94 "-" "Site24x7"
66.249.68.35 - - [25/Nov/2024:08:08:26 -0700] "GET /news/lsmven/website-ace2three.html HTTP/1.1" 200 94 "-" "Mozilla/5.0 (compatible; Googlebot/2.1; +http://www.google.com/bot.html)"
69.162.124.238 - - [25/Nov/2024:08:10:46 -0700] "HEAD /cbse-corner.php HTTP/1.1" 200 - "https://dakrasahib.akalacademy.ac.in/cbse-corner.php" "Mozilla/5.0+(compatible; UptimeRobot/2.0; http://www.uptimerobot.com/)"
136.143.178.50 - - [25/Nov/2024:08:12:36 -0700] "GET / HTTP/1.1" 200 94 "-" "Site24x7"
66.249.68.37 - - [25/Nov/2024:08:13:02 -0700] "GET /detail/jlohka/evolution-live-blackjack.html HTTP/1.1" 200 94 "-" "Mozilla/5.0 (compatible; Googlebot/2.1; +http://www.google.com/bot.html)"
66.249.68.35 - - [25/Nov/2024:08:13:08 -0700] "GET /bet/sbfoqe/ HTTP/1.1" 200 94 "-" "Mozilla/5.0 (compatible; Googlebot/2.1; +http://www.google.com/bot.html)"
40.77.167.52 - - [25/Nov/2024:08:14:22 -0700] "GET /news/yujjjj/files/IX-X/files/I-VIII/files/Senior%20Secondary/files/Secondary/academic.php HTTP/1.1" 200 94 "-" "Mozilla/5.0 AppleWebKit/537.36 (KHTML, like Gecko; compatible; bingbot/2.0; +http://www.bing.com/bingbot.htm) Chrome/116.0.1938.76 Safari/537.36"
66.249.68.35 - - [25/Nov/2024:08:14:28 -0700] "GET /news/kcnqty/ HTTP/1.1" 200 94 "-" "Mozilla/5.0 (compatible; Googlebot/2.1; +http://www.google.com/bot.html)"
66.249.68.36 - - [25/Nov/2024:08:15:12 -0700] "GET /detail/kjearr/fifa-world-cup-4k.html HTTP/1.1" 200 94 "-" "Mozilla/5.0 (compatible; Googlebot/2.1; +http://www.google.com/bot.html)"
66.249.68.35 - - [25/Nov/2024:08:15:38 -0700] "GET /detail/ovxxxn/ HTTP/1.1" 200 94 "-" "Mozilla/5.0 (compatible; Googlebot/2.1; +http://www.google.com/bot.html)"
69.162.124.238 - - [25/Nov/2024:08:15:46 -0700] "HEAD /cbse-corner.php HTTP/1.1" 200 - "https://dakrasahib.akalacademy.ac.in/cbse-corner.php" "Mozilla/5.0+(compatible; UptimeRobot/2.0; http://www.uptimerobot.com/)"
66.249.68.35 - - [25/Nov/2024:08:15:48 -0700] "GET /news/dobyqb/pot-limit-omaha-5-card.html HTTP/1.1" 200 94 "-" "Mozilla/5.0 (compatible; Googlebot/2.1; +http://www.google.com/bot.html)"
66.249.68.35 - - [25/Nov/2024:08:16:03 -0700] "GET /bet/fuvlkl/ipl-2019-delhi-vs-chennai-score.html HTTP/1.1" 200 94 "-" "Mozilla/5.0 (compatible; Googlebot/2.1; +http://www.google.com/bot.html)"
66.249.68.35 - - [25/Nov/2024:08:16:03 -0700] "GET /detail/nnjext/ HTTP/1.1" 200 94 "-" "Mozilla/5.0 (compatible; Googlebot/2.1; +http://www.google.com/bot.html)"
66.249.68.36 - - [25/Nov/2024:08:16:30 -0700] "GET /bet/tbkfqk/ HTTP/1.1" 200 94 "-" "Mozilla/5.0 (compatible; Googlebot/2.1; +http://www.google.com/bot.html)"
66.249.68.35 - - [25/Nov/2024:08:16:57 -0700] "GET /bet/fgxiwo/ HTTP/1.1" 200 94 "-" "Mozilla/5.0 (compatible; Googlebot/2.1; +http://www.google.com/bot.html)"
66.249.68.37 - - [25/Nov/2024:08:17:04 -0700] "GET /bet/qyoikz/ HTTP/1.1" 200 94 "-" "Mozilla/5.0 (compatible; Googlebot/2.1; +http://www.google.com/bot.html)"
66.249.68.35 - - [25/Nov/2024:08:17:24 -0700] "GET /detail/evfjah/best-rtg-online-casinos.html HTTP/1.1" 200 94 "-" "Mozilla/5.0 (compatible; Googlebot/2.1; +http://www.google.com/bot.html)"
136.143.179.50 - - [25/Nov/2024:08:17:38 -0700] "GET / HTTP/1.1" 200 94 "-" "Site24x7"
5.255.231.72 - - [25/Nov/2024:08:18:22 -0700] "GET /robots.txt HTTP/1.1" 200 94 "-" "Mozilla/5.0 (compatible; YandexBot/3.0; +http://yandex.com/bots)"
213.180.203.5 - - [25/Nov/2024:08:18:23 -0700] "GET /i2829c_d29a/files/Senior%20Secondary/files/Secondary/files/Secondary/Science_Sec_2019-20-min.pdf HTTP/1.1" 200 94 "-" "Mozilla/5.0 (compatible; YandexBot/3.0; +http://yandex.com/bots)"
213.180.203.20 - - [25/Nov/2024:08:18:40 -0700] "GET /i10123e_d29a/files/Secondary/files/Secondary/files/Senior%20Secondary/files/I-VIII/S.St%20(III%20to%20VIII)-min.pdf HTTP/1.1" 200 94 "-" "Mozilla/5.0 (compatible; YandexBot/3.0; +http://yandex.com/bots)"
87.250.224.20 - - [25/Nov/2024:08:18:50 -0700] "GET /i73311d_d56a/files/Senior%20Secondary/Econonics%20(1)-min.pdf HTTP/1.1" 200 94 "-" "Mozilla/5.0 (compatible; YandexBot/3.0; +http://yandex.com/bots)"
66.249.68.37 - - [25/Nov/2024:08:19:21 -0700] "GET /detail/ofjnxi/ HTTP/1.1" 200 94 "-" "Mozilla/5.0 (compatible; Googlebot/2.1; +http://www.google.com/bot.html)"
66.249.68.35 - - [25/Nov/2024:08:19:37 -0700] "GET /detail/bxtxqu/icc-world-cup-highest-team-score.html HTTP/1.1" 200 94 "-" "Mozilla/5.0 (compatible; Googlebot/2.1; +http://www.google.com/bot.html)"
66.249.68.35 - - [25/Nov/2024:08:19:39 -0700] "GET /bet/cfqmtx/ HTTP/1.1" 200 94 "-" "Mozilla/5.0 (compatible; Googlebot/2.1; +http://www.google.com/bot.html)"
66.249.68.37 - - [25/Nov/2024:08:20:20 -0700] "GET /news/iptktz/ HTTP/1.1" 200 94 "-" "Mozilla/5.0 (compatible; Googlebot/2.1; +http://www.google.com/bot.html)"
66.249.68.35 - - [25/Nov/2024:08:20:25 -0700] "GET /news/fbmtds/lotto-max-draw-tonight-time.html HTTP/1.1" 200 94 "-" "Mozilla/5.0 (compatible; Googlebot/2.1; +http://www.google.com/bot.html)"
69.162.124.238 - - [25/Nov/2024:08:20:47 -0700] "HEAD /cbse-corner.php HTTP/1.1" 200 - "https://dakrasahib.akalacademy.ac.in/cbse-corner.php" "Mozilla/5.0+(compatible; UptimeRobot/2.0; http://www.uptimerobot.com/)"
95.108.213.162 - - [25/Nov/2024:08:20:55 -0700] "GET /i30964b_d21a/files/Secondary/files/Secondary/files/Secondary/402-INFO_TECH_X-min.pdf HTTP/1.1" 200 94 "-" "Mozilla/5.0 (compatible; YandexBot/3.0; +http://yandex.com/bots)"
66.249.68.35 - - [25/Nov/2024:08:21:08 -0700] "GET /detail/wlxwdn/ HTTP/1.1" 200 94 "-" "Mozilla/5.0 (compatible; Googlebot/2.1; +http://www.google.com/bot.html)"
213.180.203.57 - - [25/Nov/2024:08:21:23 -0700] "GET /i73486b_d56a/files/Senior%20Secondary/files/Senior%20Secondary/Chemistry-min.pdf HTTP/1.1" 200 94 "-" "Mozilla/5.0 (compatible; YandexBot/3.0; +http://yandex.com/bots)"
52.167.144.146 - - [25/Nov/2024:08:21:33 -0700] "GET /detail/cestki/files/Senior%20Secondary/files/Secondary/14_Circular_2019ANX1-min.pdf HTTP/1.1" 200 94 "-" "Mozilla/5.0 AppleWebKit/537.36 (KHTML, like Gecko; compatible; bingbot/2.0; +http://www.bing.com/bingbot.htm) Chrome/116.0.1938.76 Safari/537.36"
66.249.68.36 - - [25/Nov/2024:08:21:47 -0700] "GET /bet/cmwlij/overs-and-unders-predictions-today.html HTTP/1.1" 200 94 "-" "Mozilla/5.0 (compatible; Googlebot/2.1; +http://www.google.com/bot.html)"
136.143.178.51 - - [25/Nov/2024:08:22:40 -0700] "GET / HTTP/1.1" 200 94 "-" "Site24x7"
40.77.167.143 - - [25/Nov/2024:08:22:44 -0700] "GET /news/yujjjj/files/Secondary/files/Senior%20Secondary/files/I-VIII/Maths%20(I%20to%20VIII)-min.pdf HTTP/1.1" 200 94 "-" "Mozilla/5.0 AppleWebKit/537.36 (KHTML, like Gecko; compatible; bingbot/2.0; +http://www.bing.com/bingbot.htm) Chrome/116.0.1938.76 Safari/537.36"
66.249.68.36 - - [25/Nov/2024:08:23:19 -0700] "GET /bet/uzkpii/ HTTP/1.1" 200 94 "-" "Mozilla/5.0 (compatible; Googlebot/2.1; +http://www.google.com/bot.html)"
66.249.68.35 - - [25/Nov/2024:08:23:38 -0700] "GET /news/euqnkv/ HTTP/1.1" 200 94 "-" "Mozilla/5.0 (compatible; Googlebot/2.1; +http://www.google.com/bot.html)"
95.108.213.88 - - [25/Nov/2024:08:23:52 -0700] "GET /i36309e_d21a/files/IX-X/files/I-VIII/files/IX-X/Grade%20(X)-min.pdf HTTP/1.1" 200 94 "-" "Mozilla/5.0 (compatible; YandexBot/3.0; +http://yandex.com/bots)"
66.249.68.35 - - [25/Nov/2024:08:23:55 -0700] "GET /detail/ycauir/ HTTP/1.1" 200 94 "-" "Mozilla/5.0 (compatible; Googlebot/2.1; +http://www.google.com/bot.html)"
66.249.68.35 - - [25/Nov/2024:08:24:00 -0700] "GET /detail/gfykcx/ HTTP/1.1" 200 94 "-" "Mozilla/5.0 (compatible; Googlebot/2.1; +http://www.google.com/bot.html)"
213.180.203.43 - - [25/Nov/2024:08:24:13 -0700] "GET /i77983a_d21a/files/Senior%20Secondary/files/I-VIII/S.St%20(III%20to%20VIII)-min.pdf HTTP/1.1" 200 94 "-" "Mozilla/5.0 (compatible; YandexBot/3.0; +http://yandex.com/bots)"
66.249.68.35 - - [25/Nov/2024:08:24:29 -0700] "GET /detail/ijshfh/ HTTP/1.1" 200 94 "-" "Mozilla/5.0 (compatible; Googlebot/2.1; +http://www.google.com/bot.html)"
66.249.68.37 - - [25/Nov/2024:08:25:43 -0700] "GET /news/ukjhgs/ HTTP/1.1" 200 94 "-" "Mozilla/5.0 (compatible; Googlebot/2.1; +http://www.google.com/bot.html)"
69.162.124.238 - - [25/Nov/2024:08:25:46 -0700] "HEAD /cbse-corner.php HTTP/1.1" 200 - "https://dakrasahib.akalacademy.ac.in/cbse-corner.php" "Mozilla/5.0+(compatible; UptimeRobot/2.0; http://www.uptimerobot.com/)"
66.249.68.35 - - [25/Nov/2024:08:26:53 -0700] "GET /detail/ammqce/punjab-vs-rajasthan-royals-dream11-team.html HTTP/1.1" 200 94 "-" "Mozilla/5.0 (compatible; Googlebot/2.1; +http://www.google.com/bot.html)"
66.249.68.35 - - [25/Nov/2024:08:27:02 -0700] "GET /bet/lopgld/ HTTP/1.1" 200 94 "-" "Mozilla/5.0 (compatible; Googlebot/2.1; +http://www.google.com/bot.html)"
66.249.68.36 - - [25/Nov/2024:08:27:29 -0700] "GET /bet/irprxf/2023-mens-hockey-world-cup.html HTTP/1.1" 200 94 "-" "Mozilla/5.0 (compatible; Googlebot/2.1; +http://www.google.com/bot.html)"
136.143.179.50 - - [25/Nov/2024:08:27:42 -0700] "GET / HTTP/1.1" 200 94 "-" "Site24x7"
66.249.68.36 - - [25/Nov/2024:08:28:08 -0700] "GET /news/wyvrjj/can-you-win-monny-on-rummy.html HTTP/1.1" 200 94 "-" "Mozilla/5.0 (compatible; Googlebot/2.1; +http://www.google.com/bot.html)"
66.249.68.35 - - [25/Nov/2024:08:28:44 -0700] "GET /detail/kixyvq/ HTTP/1.1" 200 94 "-" "Mozilla/5.0 (compatible; Googlebot/2.1; +http://www.google.com/bot.html)"
66.249.68.36 - - [25/Nov/2024:08:29:18 -0700] "GET /news/knydui/india-live-cricket-t20.html HTTP/1.1" 200 94 "-" "Mozilla/5.0 (compatible; Googlebot/2.1; +http://www.google.com/bot.html)"
40.77.167.143 - - [25/Nov/2024:08:29:38 -0700] "GET /detail/vneyqa/files/Secondary/files/Senior%20Secondary/PhysicalEducation-min.pdf HTTP/1.1" 200 94 "-" "Mozilla/5.0 AppleWebKit/537.36 (KHTML, like Gecko; compatible; bingbot/2.0; +http://www.bing.com/bingbot.htm) Chrome/116.0.1938.76 Safari/537.36"
66.249.68.35 - - [25/Nov/2024:08:29:41 -0700] "GET /detail/cvybyu/seneca-niagara-casino-promo-code.html HTTP/1.1" 200 94 "-" "Mozilla/5.0 (compatible; Googlebot/2.1; +http://www.google.com/bot.html)"
66.249.68.35 - - [25/Nov/2024:08:29:57 -0700] "GET /news/wozmgr/ HTTP/1.1" 200 94 "-" "Mozilla/5.0 (compatible; Googlebot/2.1; +http://www.google.com/bot.html)"
69.162.124.238 - - [25/Nov/2024:08:30:46 -0700] "HEAD /cbse-corner.php HTTP/1.1" 200 - "https://dakrasahib.akalacademy.ac.in/cbse-corner.php" "Mozilla/5.0+(compatible; UptimeRobot/2.0; http://www.uptimerobot.com/)"
66.249.68.37 - - [25/Nov/2024:08:30:46 -0700] "GET /pages/?play=We888 HTTP/1.1" 301 - "-" "Mozilla/5.0 (Linux; Android 6.0.1; Nexus 5X Build/MMB29P) AppleWebKit/537.36 (KHTML, like Gecko) Chrome/131.0.6778.69 Mobile Safari/537.36 (compatible; Googlebot/2.1; +http://www.google.com/bot.html)"
66.249.68.37 - - [25/Nov/2024:08:31:07 -0700] "GET /bet/hbdeml/vice-captain-of-rajasthan-royals.html HTTP/1.1" 200 94 "-" "Mozilla/5.0 (compatible; Googlebot/2.1; +http://www.google.com/bot.html)"
66.249.68.36 - - [25/Nov/2024:08:31:08 -0700] "GET /bet/zyubjl/semifinal-of-world-cup-2019-update.html HTTP/1.1" 200 94 "-" "Mozilla/5.0 (compatible; Googlebot/2.1; +http://www.google.com/bot.html)"
66.249.68.35 - - [25/Nov/2024:08:31:38 -0700] "GET /news/qplybi/highest-runs-in-icc-worldcup-2019.html HTTP/1.1" 200 94 "-" "Mozilla/5.0 (compatible; Googlebot/2.1; +http://www.google.com/bot.html)"
136.143.179.51 - - [25/Nov/2024:08:32:44 -0700] "GET / HTTP/1.1" 200 94 "-" "Site24x7"
66.249.68.37 - - [25/Nov/2024:08:33:24 -0700] "GET /detail/awupij/world-xi-t20-stats.html HTTP/1.1" 200 94 "-" "Mozilla/5.0 (compatible; Googlebot/2.1; +http://www.google.com/bot.html)"
66.249.68.36 - - [25/Nov/2024:08:33:50 -0700] "GET /news/xtheqz/ HTTP/1.1" 200 94 "-" "Mozilla/5.0 (compatible; Googlebot/2.1; +http://www.google.com/bot.html)"
66.249.68.35 - - [25/Nov/2024:08:33:51 -0700] "GET /detail/rederl/grand-theft-auto-5-geforce-now.html HTTP/1.1" 200 94 "-" "Mozilla/5.0 (compatible; Googlebot/2.1; +http://www.google.com/bot.html)"
66.249.68.35 - - [25/Nov/2024:08:34:36 -0700] "GET /news/lfcovd/odds-for-fedex-cup.html HTTP/1.1" 200 94 "-" "Mozilla/5.0 (compatible; Googlebot/2.1; +http://www.google.com/bot.html)"
66.249.68.36 - - [25/Nov/2024:08:34:51 -0700] "GET /news/cntgcx/ HTTP/1.1" 200 94 "-" "Mozilla/5.0 (compatible; Googlebot/2.1; +http://www.google.com/bot.html)"
66.249.68.35 - - [25/Nov/2024:08:34:51 -0700] "GET /news/wjdwye/ HTTP/1.1" 200 94 "-" "Mozilla/5.0 (compatible; Googlebot/2.1; +http://www.google.com/bot.html)"
95.108.213.94 - - [25/Nov/2024:08:35:35 -0700] "GET /robots.txt HTTP/1.1" 200 94 "-" "Mozilla/5.0 (compatible; YandexBot/3.0; +http://yandex.com/bots)"
66.249.68.37 - - [25/Nov/2024:08:35:42 -0700] "GET /news/ujxvum/current-indian-women's-cricket-team.html HTTP/1.1" 200 94 "-" "Mozilla/5.0 (compatible; Googlebot/2.1; +http://www.google.com/bot.html)"
69.162.124.238 - - [25/Nov/2024:08:35:46 -0700] "HEAD /cbse-corner.php HTTP/1.1" 200 - "https://dakrasahib.akalacademy.ac.in/cbse-corner.php" "Mozilla/5.0+(compatible; UptimeRobot/2.0; http://www.uptimerobot.com/)"
213.180.203.27 - - [25/Nov/2024:08:35:54 -0700] "GET /i62193e_d137a/files/Senior%20Secondary/files/Secondary/files/Secondary/417-VIII-min.pdf HTTP/1.1" 200 94 "-" "Mozilla/5.0 (compatible; YandexBot/3.0; +http://yandex.com/bots)"
66.249.68.37 - - [25/Nov/2024:08:36:09 -0700] "GET /news/vjhjvk/new-android-action-games-2017-download.html HTTP/1.1" 200 94 "-" "Mozilla/5.0 (compatible; Googlebot/2.1; +http://www.google.com/bot.html)"
66.249.68.35 - - [25/Nov/2024:08:36:32 -0700] "GET /news/wmrrox/jackpotsinaflash.html HTTP/1.1" 200 94 "-" "Mozilla/5.0 (compatible; Googlebot/2.1; +http://www.google.com/bot.html)"
66.249.68.35 - - [25/Nov/2024:08:36:45 -0700] "GET /bet/tcgbbr/yesterday-result-of-t20-match.html HTTP/1.1" 200 94 "-" "Mozilla/5.0 (compatible; Googlebot/2.1; +http://www.google.com/bot.html)"
136.143.178.50 - - [25/Nov/2024:08:37:46 -0700] "GET / HTTP/1.1" 200 94 "-" "Site24x7"
66.249.68.36 - - [25/Nov/2024:08:38:15 -0700] "GET /detail/vbshma/indian-cricket-games-for-android.html HTTP/1.1" 200 94 "-" "Mozilla/5.0 (compatible; Googlebot/2.1; +http://www.google.com/bot.html)"
213.180.203.206 - - [25/Nov/2024:08:38:26 -0700] "GET /files/Secondary/files/Senior%20Secondary/files/Senior%20Secondary/images/Tree%20(1).png HTTP/1.1" 200 94 "-" "Mozilla/5.0 (compatible; YandexBot/3.0; +http://yandex.com/bots)"
66.249.68.36 - - [25/Nov/2024:08:38:43 -0700] "GET /detail/vrpqtz/home-poker-tournament-strategy.html HTTP/1.1" 200 94 "-" "Mozilla/5.0 (compatible; Googlebot/2.1; +http://www.google.com/bot.html)"
66.249.68.35 - - [25/Nov/2024:08:38:52 -0700] "GET /bet/wijwzk/ HTTP/1.1" 200 94 "-" "Mozilla/5.0 (compatible; Googlebot/2.1; +http://www.google.com/bot.html)"
66.249.68.37 - - [25/Nov/2024:08:39:17 -0700] "GET /detail/bnutuu/ HTTP/1.1" 200 94 "-" "Mozilla/5.0 (compatible; Googlebot/2.1; +http://www.google.com/bot.html)"
52.167.144.168 - - [25/Nov/2024:08:39:17 -0700] "GET /detail/ffdgcw/files/Secondary/files/Secondary/417-FAQ-min.pdf HTTP/1.1" 200 94 "-" "Mozilla/5.0 AppleWebKit/537.36 (KHTML, like Gecko; compatible; bingbot/2.0; +http://www.bing.com/bingbot.htm) Chrome/116.0.1938.76 Safari/537.36"
66.249.68.37 - - [25/Nov/2024:08:40:27 -0700] "GET /detail/wchdfk/play-real-casino-online.html HTTP/1.1" 200 94 "-" "Mozilla/5.0 (compatible; Googlebot/2.1; +http://www.google.com/bot.html)"
69.162.124.238 - - [25/Nov/2024:08:40:46 -0700] "HEAD /cbse-corner.php HTTP/1.1" 200 - "https://dakrasahib.akalacademy.ac.in/cbse-corner.php" "Mozilla/5.0+(compatible; UptimeRobot/2.0; http://www.uptimerobot.com/)"
66.249.68.36 - - [25/Nov/2024:08:41:25 -0700] "GET /bet/jjinia/ HTTP/1.1" 200 94 "-" "Mozilla/5.0 (compatible; Googlebot/2.1; +http://www.google.com/bot.html)"
66.249.68.37 - - [25/Nov/2024:08:42:05 -0700] "GET /bet/mhsjeb/ HTTP/1.1" 200 94 "-" "Mozilla/5.0 (compatible; Googlebot/2.1; +http://www.google.com/bot.html)"
66.249.68.37 - - [25/Nov/2024:08:42:06 -0700] "GET /news/ymbajb/today-ipl-match-punjab-vs-pune-timings.html HTTP/1.1" 200 94 "-" "Mozilla/5.0 (compatible; Googlebot/2.1; +http://www.google.com/bot.html)"
5.255.231.101 - - [25/Nov/2024:08:42:31 -0700] "GET /robots.txt HTTP/1.1" 200 94 "-" "Mozilla/5.0 (compatible; YandexBot/3.0; +http://yandex.com/bots)"
213.180.203.117 - - [25/Nov/2024:08:42:32 -0700] "GET /i34132c_d39a/files/Secondary/files/Senior%20Secondary/files/Senior%20Secondary/files/I-VIII/about.php HTTP/1.1" 200 94 "-" "Mozilla/5.0 (compatible; YandexBot/3.0; +http://yandex.com/bots)"
95.108.213.137 - - [25/Nov/2024:08:42:33 -0700] "GET /i25984d_d193a/files/IX-X/files/Secondary/417-IX-min.pdf HTTP/1.1" 200 94 "-" "Mozilla/5.0 (compatible; YandexBot/3.0; +http://yandex.com/bots)"
136.143.178.51 - - [25/Nov/2024:08:42:48 -0700] "GET / HTTP/1.1" 200 94 "-" "Site24x7"
66.249.68.36 - - [25/Nov/2024:08:42:59 -0700] "GET /detail/yvxtpr/ HTTP/1.1" 200 94 "-" "Mozilla/5.0 (compatible; Googlebot/2.1; +http://www.google.com/bot.html)"
66.249.68.35 - - [25/Nov/2024:08:43:52 -0700] "GET /detail/kyyymr/ HTTP/1.1" 200 94 "-" "Mozilla/5.0 (compatible; Googlebot/2.1; +http://www.google.com/bot.html)"
66.249.68.36 - - [25/Nov/2024:08:45:16 -0700] "GET /detail/knldap/ HTTP/1.1" 200 94 "-" "Mozilla/5.0 (compatible; Googlebot/2.1; +http://www.google.com/bot.html)"
66.249.68.36 - - [25/Nov/2024:08:45:22 -0700] "GET /detail/xeqitp/15-players-for-world-cup-2019.html HTTP/1.1" 200 94 "-" "Mozilla/5.0 (compatible; Googlebot/2.1; +http://www.google.com/bot.html)"
66.249.68.35 - - [25/Nov/2024:08:45:39 -0700] "GET /detail/fcfrcf/Online-Jua.html HTTP/1.1" 200 94 "-" "Mozilla/5.0 (compatible; Googlebot/2.1; +http://www.google.com/bot.html)"
66.249.68.35 - - [25/Nov/2024:08:45:41 -0700] "GET /news/ezuitq/ HTTP/1.1" 200 94 "-" "Mozilla/5.0 (compatible; Googlebot/2.1; +http://www.google.com/bot.html)"
69.162.124.238 - - [25/Nov/2024:08:45:46 -0700] "HEAD /cbse-corner.php HTTP/1.1" 200 - "https://dakrasahib.akalacademy.ac.in/cbse-corner.php" "Mozilla/5.0+(compatible; UptimeRobot/2.0; http://www.uptimerobot.com/)"
5.255.231.61 - - [25/Nov/2024:08:46:03 -0700] "GET /robots.txt HTTP/1.1" 200 94 "-" "Mozilla/5.0 (compatible; YandexBot/3.0; +http://yandex.com/bots)"
213.180.203.133 - - [25/Nov/2024:08:46:04 -0700] "GET /i23241a_d29a/files/Secondary/417-IX-min.pdf HTTP/1.1" 200 94 "-" "Mozilla/5.0 (compatible; YandexBot/3.0; +http://yandex.com/bots)"
66.249.68.35 - - [25/Nov/2024:08:47:29 -0700] "GET /detail/thipcg/ HTTP/1.1" 200 94 "-" "Mozilla/5.0 (compatible; Googlebot/2.1; +http://www.google.com/bot.html)"
136.143.179.51 - - [25/Nov/2024:08:47:50 -0700] "GET / HTTP/1.1" 200 94 "-" "Site24x7"
66.249.68.35 - - [25/Nov/2024:08:48:48 -0700] "GET /detail/drmkst/asia-cup-top-4-points-table.html HTTP/1.1" 200 94 "-" "Mozilla/5.0 (compatible; Googlebot/2.1; +http://www.google.com/bot.html)"
52.167.144.186 - - [25/Nov/2024:08:48:56 -0700] "GET /news/yujjjj/files/I-VIII/files/Secondary/files/IX-X/files/Senior%20Secondary/Eng.Core-min.pdf HTTP/1.1" 200 94 "-" "Mozilla/5.0 AppleWebKit/537.36 (KHTML, like Gecko; compatible; bingbot/2.0; +http://www.bing.com/bingbot.htm) Chrome/116.0.1938.76 Safari/537.36"
66.249.68.36 - - [25/Nov/2024:08:50:11 -0700] "GET /bet/qbtdru/world-cup-team-squad-4k.html HTTP/1.1" 200 94 "-" "Mozilla/5.0 (compatible; Googlebot/2.1; +http://www.google.com/bot.html)"
87.250.224.218 - - [25/Nov/2024:08:50:30 -0700] "GET /i73311d_d56a/files/Secondary/files/I-VIII/English%20%20(VI%20-%20VIII)-min.pdf HTTP/1.1" 200 94 "-" "Mozilla/5.0 (compatible; YandexBot/3.0; +http://yandex.com/bots)"
69.162.124.238 - - [25/Nov/2024:08:50:46 -0700] "HEAD /cbse-corner.php HTTP/1.1" 200 - "https://dakrasahib.akalacademy.ac.in/cbse-corner.php" "Mozilla/5.0+(compatible; UptimeRobot/2.0; http://www.uptimerobot.com/)"
./LuLlaby007 ♥ Tata Cantik - Copyright 2k18