66.249.68.3 - - [25/Nov/2024:07:22:33 -0700] "GET /detail/xlahte/beli-voucher-game-online.html HTTP/1.1" 200 94 "-" "Mozilla/5.0 (compatible; Googlebot/2.1; +http://www.google.com/bot.html)"
52.167.144.194 - - [25/Nov/2024:07:23:03 -0700] "GET /bet/files/IX-X/files/I-VIII/S.St%20(III%20to%20VIII)-min.pdf HTTP/1.1" 200 94 "-" "Mozilla/5.0 AppleWebKit/537.36 (KHTML, like Gecko; compatible; bingbot/2.0; +http://www.bing.com/bingbot.htm) Chrome/116.0.1938.76 Safari/537.36"
66.249.68.4 - - [25/Nov/2024:07:23:33 -0700] "GET /news/jirehi/ HTTP/1.1" 200 94 "-" "Mozilla/5.0 (compatible; Googlebot/2.1; +http://www.google.com/bot.html)"
216.244.66.233 - - [25/Nov/2024:07:23:48 -0700] "GET /news/ukjvox/ HTTP/1.1" 200 94 "-" "Mozilla/5.0 (compatible; DotBot/1.2; +https://opensiteexplorer.org/dotbot; help@moz.com)"
40.77.167.19 - - [25/Nov/2024:07:23:55 -0700] "GET /detail/oeliil/files/IX-X/files/I-VIII/English%20%20(VI%20-%20VIII)-min.pdf HTTP/1.1" 200 94 "-" "Mozilla/5.0 AppleWebKit/537.36 (KHTML, like Gecko; compatible; bingbot/2.0; +http://www.bing.com/bingbot.htm) Chrome/116.0.1938.76 Safari/537.36"
66.249.68.2 - - [25/Nov/2024:07:23:58 -0700] "GET /news/qjabry/ HTTP/1.1" 200 94 "-" "Mozilla/5.0 (compatible; Googlebot/2.1; +http://www.google.com/bot.html)"
69.162.124.238 - - [25/Nov/2024:07:23:59 -0700] "HEAD /cbse-corner.php HTTP/1.1" 200 - "https://dadeharsahib.akalacademy.ac.in/cbse-corner.php" "Mozilla/5.0+(compatible; UptimeRobot/2.0; http://www.uptimerobot.com/)"
66.249.68.2 - - [25/Nov/2024:07:24:01 -0700] "GET /detail/chwmbm/ HTTP/1.1" 200 94 "-" "Mozilla/5.0 (compatible; Googlebot/2.1; +http://www.google.com/bot.html)"
52.167.144.194 - - [25/Nov/2024:07:25:00 -0700] "GET /news/psnesr/files/Senior%20Secondary/Biology-min.pdf HTTP/1.1" 200 94 "-" "Mozilla/5.0 AppleWebKit/537.36 (KHTML, like Gecko; compatible; bingbot/2.0; +http://www.bing.com/bingbot.htm) Chrome/116.0.1938.76 Safari/537.36"
66.249.68.4 - - [25/Nov/2024:07:25:43 -0700] "GET /news/sgiopw/icc-cricket-world-cup-2011-time-table.html HTTP/1.1" 200 94 "-" "Mozilla/5.0 (compatible; Googlebot/2.1; +http://www.google.com/bot.html)"
66.249.68.2 - - [25/Nov/2024:07:25:54 -0700] "GET /news/poeuue/ HTTP/1.1" 200 94 "-" "Mozilla/5.0 (compatible; Googlebot/2.1; +http://www.google.com/bot.html)"
66.249.68.3 - - [25/Nov/2024:07:26:11 -0700] "GET /detail/ncvsqh/ HTTP/1.1" 200 94 "-" "Mozilla/5.0 (compatible; Googlebot/2.1; +http://www.google.com/bot.html)"
66.249.68.2 - - [25/Nov/2024:07:27:12 -0700] "GET /detail/ibzipt/afc-fifa-world-cup-qualifiers-2021.html HTTP/1.1" 200 94 "-" "Mozilla/5.0 (compatible; Googlebot/2.1; +http://www.google.com/bot.html)"
136.143.178.50 - - [25/Nov/2024:07:27:34 -0700] "GET / HTTP/1.1" 200 94 "-" "Site24x7"
66.249.68.2 - - [25/Nov/2024:07:27:56 -0700] "GET /news/bhgkef/ HTTP/1.1" 200 94 "-" "Mozilla/5.0 (compatible; Googlebot/2.1; +http://www.google.com/bot.html)"
66.249.68.2 - - [25/Nov/2024:07:28:04 -0700] "GET /bet/wsaoyg/wi-vs-ind-world-cup-2019.html HTTP/1.1" 200 94 "-" "Mozilla/5.0 (compatible; Googlebot/2.1; +http://www.google.com/bot.html)"
66.249.68.3 - - [25/Nov/2024:07:28:08 -0700] "GET /detail/emuwix/pakistan-world-cup-1992-final-last-over.html HTTP/1.1" 200 94 "-" "Mozilla/5.0 (compatible; Googlebot/2.1; +http://www.google.com/bot.html)"
52.167.144.194 - - [25/Nov/2024:07:28:33 -0700] "GET /detail/pdgljf/activity.php HTTP/1.1" 200 94 "-" "Mozilla/5.0 AppleWebKit/537.36 (KHTML, like Gecko; compatible; bingbot/2.0; +http://www.bing.com/bingbot.htm) Chrome/116.0.1938.76 Safari/537.36"
69.162.124.238 - - [25/Nov/2024:07:28:59 -0700] "HEAD /cbse-corner.php HTTP/1.1" 200 - "https://dadeharsahib.akalacademy.ac.in/cbse-corner.php" "Mozilla/5.0+(compatible; UptimeRobot/2.0; http://www.uptimerobot.com/)"
66.249.68.4 - - [25/Nov/2024:07:30:12 -0700] "GET /detail/yoiiik/borussia-m%C3%B6nchengladbach-vs-bayern.html HTTP/1.1" 200 94 "-" "Mozilla/5.0 (compatible; Googlebot/2.1; +http://www.google.com/bot.html)"
66.249.68.2 - - [25/Nov/2024:07:30:47 -0700] "GET /bet/iyiaao/pic-of-indian-cricket-player.html HTTP/1.1" 200 94 "-" "Mozilla/5.0 (compatible; Googlebot/2.1; +http://www.google.com/bot.html)"
66.249.68.4 - - [25/Nov/2024:07:31:02 -0700] "GET /news/chelle/ HTTP/1.1" 200 94 "-" "Mozilla/5.0 (compatible; Googlebot/2.1; +http://www.google.com/bot.html)"
66.249.68.2 - - [25/Nov/2024:07:31:18 -0700] "GET /bet/vfqxib/best-ludo-app-to-earn-money.html HTTP/1.1" 200 94 "-" "Mozilla/5.0 (compatible; Googlebot/2.1; +http://www.google.com/bot.html)"
66.249.68.3 - - [25/Nov/2024:07:32:06 -0700] "GET /detail/hkveoa/ HTTP/1.1" 200 94 "-" "Mozilla/5.0 (compatible; Googlebot/2.1; +http://www.google.com/bot.html)"
66.249.68.3 - - [25/Nov/2024:07:32:12 -0700] "GET /bet/tatzzi/betsafe-casino-mobile.html HTTP/1.1" 200 94 "-" "Mozilla/5.0 (compatible; Googlebot/2.1; +http://www.google.com/bot.html)"
66.249.68.2 - - [25/Nov/2024:07:32:15 -0700] "GET /detail/uxnisa/ HTTP/1.1" 200 94 "-" "Mozilla/5.0 (compatible; Googlebot/2.1; +http://www.google.com/bot.html)"
136.143.178.50 - - [25/Nov/2024:07:32:36 -0700] "GET / HTTP/1.1" 200 94 "-" "Site24x7"
66.249.68.4 - - [25/Nov/2024:07:33:51 -0700] "GET /bet/cfgaeo/ HTTP/1.1" 200 94 "-" "Mozilla/5.0 (compatible; Googlebot/2.1; +http://www.google.com/bot.html)"
69.162.124.238 - - [25/Nov/2024:07:33:59 -0700] "HEAD /cbse-corner.php HTTP/1.1" 200 - "https://dadeharsahib.akalacademy.ac.in/cbse-corner.php" "Mozilla/5.0+(compatible; UptimeRobot/2.0; http://www.uptimerobot.com/)"
66.249.68.3 - - [25/Nov/2024:07:34:45 -0700] "GET /detail/ektuci/rajasthan-royals-retained-players-list.html HTTP/1.1" 200 94 "-" "Mozilla/5.0 (compatible; Googlebot/2.1; +http://www.google.com/bot.html)"
66.249.68.4 - - [25/Nov/2024:07:35:01 -0700] "GET /detail/hnpptd/ HTTP/1.1" 200 94 "-" "Mozilla/5.0 (compatible; Googlebot/2.1; +http://www.google.com/bot.html)"
66.249.68.3 - - [25/Nov/2024:07:35:13 -0700] "GET /bet/gpnele/coming-matches-in-ipl.html HTTP/1.1" 200 94 "-" "Mozilla/5.0 (compatible; Googlebot/2.1; +http://www.google.com/bot.html)"
66.249.68.2 - - [25/Nov/2024:07:35:45 -0700] "GET /bet/nnbcfu/ HTTP/1.1" 200 94 "-" "Mozilla/5.0 (compatible; Googlebot/2.1; +http://www.google.com/bot.html)"
66.249.68.2 - - [25/Nov/2024:07:36:52 -0700] "GET /news/bswsal/netharland-women-vs-ireland-t20-score.html HTTP/1.1" 200 94 "-" "Mozilla/5.0 (compatible; Googlebot/2.1; +http://www.google.com/bot.html)"
66.249.68.2 - - [25/Nov/2024:07:37:10 -0700] "GET /news/wkyrsn/ HTTP/1.1" 200 94 "-" "Mozilla/5.0 (compatible; Googlebot/2.1; +http://www.google.com/bot.html)"
66.249.68.4 - - [25/Nov/2024:07:37:14 -0700] "GET /bet/ehedqq/biggest-euromillions-lottery-win.html HTTP/1.1" 200 94 "-" "Mozilla/5.0 (compatible; Googlebot/2.1; +http://www.google.com/bot.html)"
136.143.178.50 - - [25/Nov/2024:07:37:38 -0700] "GET / HTTP/1.1" 200 94 "-" "Site24x7"
66.249.68.2 - - [25/Nov/2024:07:38:36 -0700] "GET /bet/mjzjol/ HTTP/1.1" 200 94 "-" "Mozilla/5.0 (compatible; Googlebot/2.1; +http://www.google.com/bot.html)"
69.162.124.238 - - [25/Nov/2024:07:38:59 -0700] "HEAD /cbse-corner.php HTTP/1.1" 200 - "https://dadeharsahib.akalacademy.ac.in/cbse-corner.php" "Mozilla/5.0+(compatible; UptimeRobot/2.0; http://www.uptimerobot.com/)"
66.249.68.4 - - [25/Nov/2024:07:39:03 -0700] "GET /news/xhdemr/ HTTP/1.1" 200 94 "-" "Mozilla/5.0 (compatible; Googlebot/2.1; +http://www.google.com/bot.html)"
40.77.167.65 - - [25/Nov/2024:07:42:24 -0700] "GET /detail/igmigh/files/Secondary/files/Secondary/Punjabi_Sec_2019-20-min.pdf HTTP/1.1" 200 94 "-" "Mozilla/5.0 AppleWebKit/537.36 (KHTML, like Gecko; compatible; bingbot/2.0; +http://www.bing.com/bingbot.htm) Chrome/116.0.1938.76 Safari/537.36"
66.249.68.2 - - [25/Nov/2024:07:42:37 -0700] "GET /detail/wmzcom/watch-live-t20-ind-vs-aus-live.html HTTP/1.1" 200 94 "-" "Mozilla/5.0 (compatible; Googlebot/2.1; +http://www.google.com/bot.html)"
136.143.179.51 - - [25/Nov/2024:07:42:42 -0700] "GET / HTTP/1.1" 200 94 "-" "Site24x7"
66.249.68.3 - - [25/Nov/2024:07:42:54 -0700] "GET /bet/ixcipf/cadet-rummy-gaur.html HTTP/1.1" 200 94 "-" "Mozilla/5.0 (compatible; Googlebot/2.1; +http://www.google.com/bot.html)"
69.162.124.238 - - [25/Nov/2024:07:43:59 -0700] "HEAD /cbse-corner.php HTTP/1.1" 200 - "https://dadeharsahib.akalacademy.ac.in/cbse-corner.php" "Mozilla/5.0+(compatible; UptimeRobot/2.0; http://www.uptimerobot.com/)"
66.249.68.3 - - [25/Nov/2024:07:44:08 -0700] "GET /news/sowxib/ipl-2015-schedule-cricbuzz.html HTTP/1.1" 200 94 "-" "Mozilla/5.0 (compatible; Googlebot/2.1; +http://www.google.com/bot.html)"
66.249.68.2 - - [25/Nov/2024:07:44:37 -0700] "GET /news/zxxrxe/ HTTP/1.1" 200 94 "-" "Mozilla/5.0 (compatible; Googlebot/2.1; +http://www.google.com/bot.html)"
66.249.68.2 - - [25/Nov/2024:07:44:44 -0700] "GET /bet/kfyrav/mumbai-indians-v-s-rcb-live-score-ipl.html HTTP/1.1" 200 94 "-" "Mozilla/5.0 (compatible; Googlebot/2.1; +http://www.google.com/bot.html)"
66.249.68.3 - - [25/Nov/2024:07:46:15 -0700] "GET /detail/eluopc/value-bet-correct-score.html HTTP/1.1" 200 94 "-" "Mozilla/5.0 (compatible; Googlebot/2.1; +http://www.google.com/bot.html)"
52.167.144.218 - - [25/Nov/2024:07:46:18 -0700] "GET /detail/enlaay/files/Senior%20Secondary/files/Secondary/Intitial_pages_sec_2019-20-min.pdf HTTP/1.1" 200 94 "-" "Mozilla/5.0 AppleWebKit/537.36 (KHTML, like Gecko; compatible; bingbot/2.0; +http://www.bing.com/bingbot.htm) Chrome/116.0.1938.76 Safari/537.36"
66.249.68.3 - - [25/Nov/2024:07:46:21 -0700] "GET /news/jorszo/jago-168-slot.html HTTP/1.1" 200 94 "-" "Mozilla/5.0 (compatible; Googlebot/2.1; +http://www.google.com/bot.html)"
136.143.178.51 - - [25/Nov/2024:07:47:44 -0700] "GET / HTTP/1.1" 200 94 "-" "Site24x7"
66.249.68.3 - - [25/Nov/2024:07:47:53 -0700] "GET /detail/uajtxg/ HTTP/1.1" 200 94 "-" "Mozilla/5.0 (compatible; Googlebot/2.1; +http://www.google.com/bot.html)"
52.167.144.218 - - [25/Nov/2024:07:48:09 -0700] "GET /detail/vzwbfn/files/Secondary/Hindi_B_sec%202019-20-min.pdf HTTP/1.1" 200 94 "-" "Mozilla/5.0 AppleWebKit/537.36 (KHTML, like Gecko; compatible; bingbot/2.0; +http://www.bing.com/bingbot.htm) Chrome/116.0.1938.76 Safari/537.36"
52.167.144.223 - - [25/Nov/2024:07:48:36 -0700] "GET /bet/trusdv/files/Senior%20Secondary/addmission.php HTTP/1.1" 200 94 "-" "Mozilla/5.0 AppleWebKit/537.36 (KHTML, like Gecko; compatible; bingbot/2.0; +http://www.bing.com/bingbot.htm) Chrome/116.0.1938.76 Safari/537.36"
69.162.124.238 - - [25/Nov/2024:07:48:59 -0700] "HEAD /cbse-corner.php HTTP/1.1" 200 - "https://dadeharsahib.akalacademy.ac.in/cbse-corner.php" "Mozilla/5.0+(compatible; UptimeRobot/2.0; http://www.uptimerobot.com/)"
66.249.68.3 - - [25/Nov/2024:07:49:06 -0700] "GET /news/ehfwvc/pro-kabaddi-2021-points-table.html HTTP/1.1" 200 94 "-" "Mozilla/5.0 (compatible; Googlebot/2.1; +http://www.google.com/bot.html)"
66.249.68.2 - - [25/Nov/2024:07:49:36 -0700] "GET /detail/lfllon/ HTTP/1.1" 200 94 "-" "Mozilla/5.0 (compatible; Googlebot/2.1; +http://www.google.com/bot.html)"
66.249.68.2 - - [25/Nov/2024:07:49:54 -0700] "GET /news/rtmrxp/ HTTP/1.1" 200 94 "-" "Mozilla/5.0 (compatible; Googlebot/2.1; +http://www.google.com/bot.html)"
66.249.68.3 - - [25/Nov/2024:07:50:08 -0700] "GET /bet/bgaane/best-family-card-games-for-adults.html HTTP/1.1" 200 94 "-" "Mozilla/5.0 (compatible; Googlebot/2.1; +http://www.google.com/bot.html)"
40.77.167.4 - - [25/Nov/2024:07:50:22 -0700] "GET /bet/immtgd/files/Secondary/files/Senior%20Secondary/Punjabi_XII-min.pdf HTTP/1.1" 200 94 "-" "Mozilla/5.0 AppleWebKit/537.36 (KHTML, like Gecko; compatible; bingbot/2.0; +http://www.bing.com/bingbot.htm) Chrome/116.0.1938.76 Safari/537.36"
66.249.68.3 - - [25/Nov/2024:07:50:29 -0700] "GET /detail/irbmhr/hasim-rahman-jr-jake-paul-odds.html HTTP/1.1" 200 94 "-" "Mozilla/5.0 (compatible; Googlebot/2.1; +http://www.google.com/bot.html)"
66.249.68.4 - - [25/Nov/2024:07:51:10 -0700] "GET /news/tzwtmp/ HTTP/1.1" 200 94 "-" "Mozilla/5.0 (compatible; Googlebot/2.1; +http://www.google.com/bot.html)"
66.249.68.3 - - [25/Nov/2024:07:51:55 -0700] "GET /detail/dpkjrw/ HTTP/1.1" 200 94 "-" "Mozilla/5.0 (compatible; Googlebot/2.1; +http://www.google.com/bot.html)"
66.249.68.4 - - [25/Nov/2024:07:52:05 -0700] "GET /detail/idoswg/who-team-win-today-ipl-match-rcb-and-rr.html HTTP/1.1" 200 94 "-" "Mozilla/5.0 (compatible; Googlebot/2.1; +http://www.google.com/bot.html)"
66.249.68.3 - - [25/Nov/2024:07:52:11 -0700] "GET /bet/vqnsze/ind-t20-squad-for-australia-2018.html HTTP/1.1" 200 94 "-" "Mozilla/5.0 (compatible; Googlebot/2.1; +http://www.google.com/bot.html)"
136.143.178.51 - - [25/Nov/2024:07:52:46 -0700] "GET / HTTP/1.1" 200 94 "-" "Site24x7"
66.249.68.2 - - [25/Nov/2024:07:53:24 -0700] "GET /bet/bsxfva/ HTTP/1.1" 200 94 "-" "Mozilla/5.0 (compatible; Googlebot/2.1; +http://www.google.com/bot.html)"
69.162.124.238 - - [25/Nov/2024:07:53:59 -0700] "HEAD /cbse-corner.php HTTP/1.1" 200 - "https://dadeharsahib.akalacademy.ac.in/cbse-corner.php" "Mozilla/5.0+(compatible; UptimeRobot/2.0; http://www.uptimerobot.com/)"
216.244.66.233 - - [25/Nov/2024:07:54:21 -0700] "GET /robots.txt HTTP/1.1" 200 94 "-" "Mozilla/5.0 (compatible; DotBot/1.2; +https://opensiteexplorer.org/dotbot; help@moz.com)"
66.249.68.3 - - [25/Nov/2024:07:55:00 -0700] "GET /detail/guztwx/ HTTP/1.1" 200 94 "-" "Mozilla/5.0 (compatible; Googlebot/2.1; +http://www.google.com/bot.html)"
40.77.167.4 - - [25/Nov/2024:07:55:04 -0700] "GET /detail/rwbyrs/files/Secondary/files/Secondary/Mathematics_Sec_2019-20-min.pdf HTTP/1.1" 200 94 "-" "Mozilla/5.0 AppleWebKit/537.36 (KHTML, like Gecko; compatible; bingbot/2.0; +http://www.bing.com/bingbot.htm) Chrome/116.0.1938.76 Safari/537.36"
66.249.68.2 - - [25/Nov/2024:07:55:55 -0700] "GET /detail/zmdjua/ HTTP/1.1" 200 94 "-" "Mozilla/5.0 (compatible; Googlebot/2.1; +http://www.google.com/bot.html)"
66.249.68.2 - - [25/Nov/2024:07:56:19 -0700] "GET /bet/zpvtzz/ HTTP/1.1" 200 94 "-" "Mozilla/5.0 (compatible; Googlebot/2.1; +http://www.google.com/bot.html)"
136.143.178.50 - - [25/Nov/2024:07:57:48 -0700] "GET / HTTP/1.1" 200 94 "-" "Site24x7"
66.249.68.2 - - [25/Nov/2024:07:58:56 -0700] "GET /detail/jijpra/ HTTP/1.1" 200 94 "-" "Mozilla/5.0 (compatible; Googlebot/2.1; +http://www.google.com/bot.html)"
69.162.124.238 - - [25/Nov/2024:07:58:59 -0700] "HEAD /cbse-corner.php HTTP/1.1" 200 - "https://dadeharsahib.akalacademy.ac.in/cbse-corner.php" "Mozilla/5.0+(compatible; UptimeRobot/2.0; http://www.uptimerobot.com/)"
66.249.68.3 - - [25/Nov/2024:07:59:04 -0700] "GET /news/kigsyz/best-horse-for-racing.html HTTP/1.1" 200 94 "-" "Mozilla/5.0 (compatible; Googlebot/2.1; +http://www.google.com/bot.html)"
66.249.68.2 - - [25/Nov/2024:07:59:26 -0700] "GET /bet/zoswcw/ HTTP/1.1" 200 94 "-" "Mozilla/5.0 (compatible; Googlebot/2.1; +http://www.google.com/bot.html)"
66.249.68.2 - - [25/Nov/2024:07:59:44 -0700] "GET /news/tlhklq/world-cup-start-2022-cricket.html HTTP/1.1" 200 94 "-" "Mozilla/5.0 (compatible; Googlebot/2.1; +http://www.google.com/bot.html)"
66.249.68.2 - - [25/Nov/2024:07:59:45 -0700] "GET /detail/tofvlq/india-sports-teams-list.html HTTP/1.1" 200 94 "-" "Mozilla/5.0 (compatible; Googlebot/2.1; +http://www.google.com/bot.html)"
66.249.68.2 - - [25/Nov/2024:08:01:44 -0700] "GET /bet/nlggfk/ HTTP/1.1" 200 94 "-" "Mozilla/5.0 (compatible; Googlebot/2.1; +http://www.google.com/bot.html)"
52.167.144.184 - - [25/Nov/2024:08:02:04 -0700] "GET /detail/khneym/files/Secondary/files/Senior%20Secondary/PoliticalScience-min.pdf HTTP/1.1" 200 94 "-" "Mozilla/5.0 AppleWebKit/537.36 (KHTML, like Gecko; compatible; bingbot/2.0; +http://www.bing.com/bingbot.htm) Chrome/116.0.1938.76 Safari/537.36"
66.249.68.3 - - [25/Nov/2024:08:02:31 -0700] "GET /news/ekzemg/bridge-race-game.html HTTP/1.1" 200 94 "-" "Mozilla/5.0 (compatible; Googlebot/2.1; +http://www.google.com/bot.html)"
136.143.178.51 - - [25/Nov/2024:08:02:50 -0700] "GET / HTTP/1.1" 200 94 "-" "Site24x7"
40.77.167.241 - - [25/Nov/2024:08:03:52 -0700] "GET /detail/idhscz/files/Secondary/files/Secondary/417-FAQ-min.pdf HTTP/1.1" 200 94 "-" "Mozilla/5.0 AppleWebKit/537.36 (KHTML, like Gecko; compatible; bingbot/2.0; +http://www.bing.com/bingbot.htm) Chrome/116.0.1938.76 Safari/537.36"
66.249.68.4 - - [25/Nov/2024:08:03:59 -0700] "GET /bet/hganvy/ HTTP/1.1" 200 94 "-" "Mozilla/5.0 (compatible; Googlebot/2.1; +http://www.google.com/bot.html)"
69.162.124.238 - - [25/Nov/2024:08:03:59 -0700] "HEAD /cbse-corner.php HTTP/1.1" 200 - "https://dadeharsahib.akalacademy.ac.in/cbse-corner.php" "Mozilla/5.0+(compatible; UptimeRobot/2.0; http://www.uptimerobot.com/)"
216.244.66.233 - - [25/Nov/2024:08:04:44 -0700] "GET /files/Senior%20Secondary/files/I-VIII/contact.php HTTP/1.1" 200 94 "-" "Mozilla/5.0 (compatible; DotBot/1.2; +https://opensiteexplorer.org/dotbot; help@moz.com)"
66.249.68.8 - - [25/Nov/2024:08:04:56 -0700] "GET /bet/pqencb/ HTTP/1.1" 200 94 "-" "Mozilla/5.0 (compatible; Googlebot/2.1; +http://www.google.com/bot.html)"
66.249.77.201 - - [25/Nov/2024:08:05:47 -0700] "GET /bet/larzpb/ HTTP/1.1" 200 94 "-" "Mozilla/5.0 (compatible; Googlebot/2.1; +http://www.google.com/bot.html)"
66.249.68.4 - - [25/Nov/2024:08:06:24 -0700] "GET /detail/xixhkd/www-storytelling-world-cup-com.html HTTP/1.1" 200 94 "-" "Mozilla/5.0 (compatible; Googlebot/2.1; +http://www.google.com/bot.html)"
66.249.68.3 - - [25/Nov/2024:08:06:36 -0700] "GET /bet/bqahhg/ HTTP/1.1" 200 94 "-" "Mozilla/5.0 (compatible; Googlebot/2.1; +http://www.google.com/bot.html)"
66.249.68.2 - - [25/Nov/2024:08:06:54 -0700] "GET /detail/xzsmuc/ HTTP/1.1" 200 94 "-" "Mozilla/5.0 (compatible; Googlebot/2.1; +http://www.google.com/bot.html)"
136.143.178.51 - - [25/Nov/2024:08:07:52 -0700] "GET / HTTP/1.1" 200 94 "-" "Site24x7"
66.249.68.2 - - [25/Nov/2024:08:08:47 -0700] "GET /bet/srqrnr/naveen-kumar-desai-pro-kabaddi.html HTTP/1.1" 200 94 "-" "Mozilla/5.0 (compatible; Googlebot/2.1; +http://www.google.com/bot.html)"
69.162.124.238 - - [25/Nov/2024:08:08:59 -0700] "HEAD /cbse-corner.php HTTP/1.1" 200 - "https://dadeharsahib.akalacademy.ac.in/cbse-corner.php" "Mozilla/5.0+(compatible; UptimeRobot/2.0; http://www.uptimerobot.com/)"
66.249.68.4 - - [25/Nov/2024:08:09:32 -0700] "GET /news/trvygy/kolkata-knight-riders-caption-2012.html HTTP/1.1" 200 94 "-" "Mozilla/5.0 (compatible; Googlebot/2.1; +http://www.google.com/bot.html)"
66.249.68.3 - - [25/Nov/2024:08:10:13 -0700] "GET /news/igahdq/football-results-fulham-today.html HTTP/1.1" 200 94 "-" "Mozilla/5.0 (compatible; Googlebot/2.1; +http://www.google.com/bot.html)"
66.249.68.2 - - [25/Nov/2024:08:10:28 -0700] "GET /detail/fuilap/world-cup-cricket-live-stream-free.html HTTP/1.1" 200 94 "-" "Mozilla/5.0 (compatible; Googlebot/2.1; +http://www.google.com/bot.html)"
66.249.68.2 - - [25/Nov/2024:08:10:30 -0700] "GET /news/jgdqhx/ganesha-speaks-world-cup-predictions.html HTTP/1.1" 200 94 "-" "Mozilla/5.0 (compatible; Googlebot/2.1; +http://www.google.com/bot.html)"
66.249.68.2 - - [25/Nov/2024:08:11:22 -0700] "GET /news/orptnh/highlights-3rd-t20-wi-india.html HTTP/1.1" 200 94 "-" "Mozilla/5.0 (compatible; Googlebot/2.1; +http://www.google.com/bot.html)"
136.143.179.50 - - [25/Nov/2024:08:12:54 -0700] "GET / HTTP/1.1" 200 94 "-" "Site24x7"
69.162.124.238 - - [25/Nov/2024:08:13:59 -0700] "HEAD /cbse-corner.php HTTP/1.1" 200 - "https://dadeharsahib.akalacademy.ac.in/cbse-corner.php" "Mozilla/5.0+(compatible; UptimeRobot/2.0; http://www.uptimerobot.com/)"
66.249.68.3 - - [25/Nov/2024:08:15:48 -0700] "GET /news/fledsw/ HTTP/1.1" 200 94 "-" "Mozilla/5.0 (compatible; Googlebot/2.1; +http://www.google.com/bot.html)"
66.249.68.2 - - [25/Nov/2024:08:15:57 -0700] "GET /bet/njucnw/telugu-ipl-players.html HTTP/1.1" 200 94 "-" "Mozilla/5.0 (compatible; Googlebot/2.1; +http://www.google.com/bot.html)"
66.249.68.4 - - [25/Nov/2024:08:16:07 -0700] "GET /detail/ohfqov/ HTTP/1.1" 200 94 "-" "Mozilla/5.0 (compatible; Googlebot/2.1; +http://www.google.com/bot.html)"
66.249.68.2 - - [25/Nov/2024:08:16:48 -0700] "GET /news/fgwcbh/ HTTP/1.1" 200 94 "-" "Mozilla/5.0 (compatible; Googlebot/2.1; +http://www.google.com/bot.html)"
66.249.68.2 - - [25/Nov/2024:08:17:30 -0700] "GET /news/gslvmn/ HTTP/1.1" 200 94 "-" "Mozilla/5.0 (compatible; Googlebot/2.1; +http://www.google.com/bot.html)"
136.143.178.50 - - [25/Nov/2024:08:17:56 -0700] "GET / HTTP/1.1" 200 94 "-" "Site24x7"
66.249.68.3 - - [25/Nov/2024:08:18:09 -0700] "GET /news/avyteg/icc-2017-champions-trophy-points-table.html HTTP/1.1" 200 94 "-" "Mozilla/5.0 (compatible; Googlebot/2.1; +http://www.google.com/bot.html)"
66.249.68.2 - - [25/Nov/2024:08:18:34 -0700] "GET /news/twigtm/vivo-ipl-cricket-game-download.html HTTP/1.1" 200 94 "-" "Mozilla/5.0 (compatible; Googlebot/2.1; +http://www.google.com/bot.html)"
69.162.124.238 - - [25/Nov/2024:08:18:59 -0700] "HEAD /cbse-corner.php HTTP/1.1" 200 - "https://dadeharsahib.akalacademy.ac.in/cbse-corner.php" "Mozilla/5.0+(compatible; UptimeRobot/2.0; http://www.uptimerobot.com/)"
66.249.68.4 - - [25/Nov/2024:08:19:07 -0700] "GET /bet/cbtvpz/ HTTP/1.1" 200 94 "-" "Mozilla/5.0 (compatible; Googlebot/2.1; +http://www.google.com/bot.html)"
66.249.68.3 - - [25/Nov/2024:08:20:29 -0700] "GET /news/rgntep/ HTTP/1.1" 200 94 "-" "Mozilla/5.0 (compatible; Googlebot/2.1; +http://www.google.com/bot.html)"
66.249.68.3 - - [25/Nov/2024:08:21:07 -0700] "GET /news/qwtbuu/ HTTP/1.1" 200 94 "-" "Mozilla/5.0 (compatible; Googlebot/2.1; +http://www.google.com/bot.html)"
66.249.68.3 - - [25/Nov/2024:08:22:23 -0700] "GET /detail/mcrtvz/u17-world-cup-results-2015.html HTTP/1.1" 200 94 "-" "Mozilla/5.0 (compatible; Googlebot/2.1; +http://www.google.com/bot.html)"
136.143.179.50 - - [25/Nov/2024:08:22:58 -0700] "GET / HTTP/1.1" 200 94 "-" "Site24x7"
66.249.68.3 - - [25/Nov/2024:08:23:49 -0700] "GET /bet/engsyp/days-gone-geforce-now.html HTTP/1.1" 200 94 "-" "Mozilla/5.0 (compatible; Googlebot/2.1; +http://www.google.com/bot.html)"
69.162.124.238 - - [25/Nov/2024:08:23:59 -0700] "HEAD /cbse-corner.php HTTP/1.1" 200 - "https://dadeharsahib.akalacademy.ac.in/cbse-corner.php" "Mozilla/5.0+(compatible; UptimeRobot/2.0; http://www.uptimerobot.com/)"
66.249.68.4 - - [25/Nov/2024:08:26:29 -0700] "GET /bet/vwwqro/ HTTP/1.1" 200 94 "-" "Mozilla/5.0 (compatible; Googlebot/2.1; +http://www.google.com/bot.html)"
66.249.68.2 - - [25/Nov/2024:08:26:41 -0700] "GET /detail/thicsh/download-cricket-2015-ocean-of-games.html HTTP/1.1" 200 94 "-" "Mozilla/5.0 (compatible; Googlebot/2.1; +http://www.google.com/bot.html)"
136.143.178.51 - - [25/Nov/2024:08:28:00 -0700] "GET / HTTP/1.1" 200 94 "-" "Site24x7"
66.249.68.4 - - [25/Nov/2024:08:28:03 -0700] "GET /detail/pnfxbl/ HTTP/1.1" 200 94 "-" "Mozilla/5.0 (compatible; Googlebot/2.1; +http://www.google.com/bot.html)"
66.249.68.3 - - [25/Nov/2024:08:28:27 -0700] "GET /bet/ryxdln/rtp-slot-bimabet.html HTTP/1.1" 200 94 "-" "Mozilla/5.0 (compatible; Googlebot/2.1; +http://www.google.com/bot.html)"
66.249.68.2 - - [25/Nov/2024:08:28:35 -0700] "GET /bet/cysadn/intercontinental-cup-football-locations.html HTTP/1.1" 200 94 "-" "Mozilla/5.0 (compatible; Googlebot/2.1; +http://www.google.com/bot.html)"
66.249.68.2 - - [25/Nov/2024:08:28:41 -0700] "GET /detail/eujayy/ HTTP/1.1" 200 94 "-" "Mozilla/5.0 (compatible; Googlebot/2.1; +http://www.google.com/bot.html)"
69.162.124.238 - - [25/Nov/2024:08:28:59 -0700] "HEAD /cbse-corner.php HTTP/1.1" 200 - "https://dadeharsahib.akalacademy.ac.in/cbse-corner.php" "Mozilla/5.0+(compatible; UptimeRobot/2.0; http://www.uptimerobot.com/)"
66.249.68.3 - - [25/Nov/2024:08:29:07 -0700] "GET /news/zsjphs/ HTTP/1.1" 200 94 "-" "Mozilla/5.0 (compatible; Googlebot/2.1; +http://www.google.com/bot.html)"
66.249.68.2 - - [25/Nov/2024:08:29:16 -0700] "GET /bet/rcmwxh/ HTTP/1.1" 200 94 "-" "Mozilla/5.0 (compatible; Googlebot/2.1; +http://www.google.com/bot.html)"
95.108.213.239 - - [25/Nov/2024:08:32:17 -0700] "GET /robots.txt HTTP/1.1" 200 94 "-" "Mozilla/5.0 (compatible; YandexBot/3.0; +http://yandex.com/bots)"
213.180.203.230 - - [25/Nov/2024:08:32:18 -0700] "GET /files/IX-X/files/Senior%20Secondary/Accountancy-min.pdf HTTP/1.1" 200 94 "-" "Mozilla/5.0 (compatible; YandexBot/3.0; +http://yandex.com/bots)"
66.249.68.4 - - [25/Nov/2024:08:32:34 -0700] "GET /detail/cimcmn/ HTTP/1.1" 200 94 "-" "Mozilla/5.0 (compatible; Googlebot/2.1; +http://www.google.com/bot.html)"
66.249.68.3 - - [25/Nov/2024:08:32:44 -0700] "GET /bet/qrsipc/ HTTP/1.1" 200 94 "-" "Mozilla/5.0 (compatible; Googlebot/2.1; +http://www.google.com/bot.html)"
40.77.167.36 - - [25/Nov/2024:08:32:53 -0700] "GET /detail/pdgljf/files/Senior%20Secondary/files/I-VIII/files/Secondary/files/IX-X/Grade%20(XI)%20-min.pdf HTTP/1.1" 200 94 "-" "Mozilla/5.0 AppleWebKit/537.36 (KHTML, like Gecko; compatible; bingbot/2.0; +http://www.bing.com/bingbot.htm) Chrome/116.0.1938.76 Safari/537.36"
66.249.68.2 - - [25/Nov/2024:08:32:59 -0700] "GET /bet/zljjec/fun-quiz-2022.html HTTP/1.1" 200 94 "-" "Mozilla/5.0 (compatible; Googlebot/2.1; +http://www.google.com/bot.html)"
136.143.178.50 - - [25/Nov/2024:08:33:02 -0700] "GET / HTTP/1.1" 200 94 "-" "Site24x7"
66.249.68.3 - - [25/Nov/2024:08:33:15 -0700] "GET /detail/qrievk/ HTTP/1.1" 200 94 "-" "Mozilla/5.0 (compatible; Googlebot/2.1; +http://www.google.com/bot.html)"
69.162.124.238 - - [25/Nov/2024:08:33:59 -0700] "HEAD /cbse-corner.php HTTP/1.1" 200 - "https://dadeharsahib.akalacademy.ac.in/cbse-corner.php" "Mozilla/5.0+(compatible; UptimeRobot/2.0; http://www.uptimerobot.com/)"
40.77.167.36 - - [25/Nov/2024:08:34:14 -0700] "GET /news/pgiojc/files/Secondary/files/Secondary/Intitial_pages_sec_2019-20-min.pdf HTTP/1.1" 200 94 "-" "Mozilla/5.0 AppleWebKit/537.36 (KHTML, like Gecko; compatible; bingbot/2.0; +http://www.bing.com/bingbot.htm) Chrome/116.0.1938.76 Safari/537.36"
66.249.68.2 - - [25/Nov/2024:08:34:32 -0700] "GET /bet/kjvebz/ HTTP/1.1" 200 94 "-" "Mozilla/5.0 (compatible; Googlebot/2.1; +http://www.google.com/bot.html)"
66.249.68.4 - - [25/Nov/2024:08:35:10 -0700] "GET /news/ktpehb/ HTTP/1.1" 200 94 "-" "Mozilla/5.0 (compatible; Googlebot/2.1; +http://www.google.com/bot.html)"
66.249.68.2 - - [25/Nov/2024:08:35:45 -0700] "GET /bet/ruzwey/any-casino-in-langkawi.html HTTP/1.1" 200 94 "-" "Mozilla/5.0 (compatible; Googlebot/2.1; +http://www.google.com/bot.html)"
206.116.215.178 - - [25/Nov/2024:08:36:01 -0700] "GET /contact.php HTTP/1.1" 200 19170 "-" "Mozilla/5.0 (Linux; Android 10; K) AppleWebKit/537.36 (KHTML, like Gecko) Chrome/131.0.0.0 Mobile Safari/537.36"
206.116.215.178 - - [25/Nov/2024:08:36:01 -0700] "GET /fonts/icomoon/style.css HTTP/1.1" 200 79820 "https://dadeharsahib.akalacademy.ac.in/contact.php" "Mozilla/5.0 (Linux; Android 10; K) AppleWebKit/537.36 (KHTML, like Gecko) Chrome/131.0.0.0 Mobile Safari/537.36"
206.116.215.178 - - [25/Nov/2024:08:36:02 -0700] "GET /css/owl.carousel.min.css HTTP/1.1" 200 2936 "https://dadeharsahib.akalacademy.ac.in/contact.php" "Mozilla/5.0 (Linux; Android 10; K) AppleWebKit/537.36 (KHTML, like Gecko) Chrome/131.0.0.0 Mobile Safari/537.36"
206.116.215.178 - - [25/Nov/2024:08:36:02 -0700] "GET /css/jquery-ui.css HTTP/1.1" 200 21738 "https://dadeharsahib.akalacademy.ac.in/contact.php" "Mozilla/5.0 (Linux; Android 10; K) AppleWebKit/537.36 (KHTML, like Gecko) Chrome/131.0.0.0 Mobile Safari/537.36"
206.116.215.178 - - [25/Nov/2024:08:36:02 -0700] "GET /css/jquery.fancybox.min.css HTTP/1.1" 200 12795 "https://dadeharsahib.akalacademy.ac.in/contact.php" "Mozilla/5.0 (Linux; Android 10; K) AppleWebKit/537.36 (KHTML, like Gecko) Chrome/131.0.0.0 Mobile Safari/537.36"
206.116.215.178 - - [25/Nov/2024:08:36:02 -0700] "GET /css/owl.theme.default.min.css HTTP/1.1" 200 965 "https://dadeharsahib.akalacademy.ac.in/contact.php" "Mozilla/5.0 (Linux; Android 10; K) AppleWebKit/537.36 (KHTML, like Gecko) Chrome/131.0.0.0 Mobile Safari/537.36"
206.116.215.178 - - [25/Nov/2024:08:36:02 -0700] "GET /fonts/flaticon/font/flaticon.css HTTP/1.1" 200 1535 "https://dadeharsahib.akalacademy.ac.in/contact.php" "Mozilla/5.0 (Linux; Android 10; K) AppleWebKit/537.36 (KHTML, like Gecko) Chrome/131.0.0.0 Mobile Safari/537.36"
206.116.215.178 - - [25/Nov/2024:08:36:02 -0700] "GET /css/aos.css HTTP/1.1" 200 25983 "https://dadeharsahib.akalacademy.ac.in/contact.php" "Mozilla/5.0 (Linux; Android 10; K) AppleWebKit/537.36 (KHTML, like Gecko) Chrome/131.0.0.0 Mobile Safari/537.36"
206.116.215.178 - - [25/Nov/2024:08:36:02 -0700] "GET /css/bootstrap-datepicker.css HTTP/1.1" 200 17144 "https://dadeharsahib.akalacademy.ac.in/contact.php" "Mozilla/5.0 (Linux; Android 10; K) AppleWebKit/537.36 (KHTML, like Gecko) Chrome/131.0.0.0 Mobile Safari/537.36"
206.116.215.178 - - [25/Nov/2024:08:36:01 -0700] "GET /css/bootstrap.min.css HTTP/1.1" 200 160341 "https://dadeharsahib.akalacademy.ac.in/contact.php" "Mozilla/5.0 (Linux; Android 10; K) AppleWebKit/537.36 (KHTML, like Gecko) Chrome/131.0.0.0 Mobile Safari/537.36"
206.116.215.178 - - [25/Nov/2024:08:36:02 -0700] "GET /css/style.css HTTP/1.1" 200 41631 "https://dadeharsahib.akalacademy.ac.in/contact.php" "Mozilla/5.0 (Linux; Android 10; K) AppleWebKit/537.36 (KHTML, like Gecko) Chrome/131.0.0.0 Mobile Safari/537.36"
206.116.215.178 - - [25/Nov/2024:08:36:02 -0700] "GET /css/jquery.mb.YTPlayer.min.css HTTP/1.1" 200 9177 "https://dadeharsahib.akalacademy.ac.in/contact.php" "Mozilla/5.0 (Linux; Android 10; K) AppleWebKit/537.36 (KHTML, like Gecko) Chrome/131.0.0.0 Mobile Safari/537.36"
206.116.215.178 - - [25/Nov/2024:08:36:02 -0700] "GET /images/Dadehar.png HTTP/1.1" 200 11842 "https://dadeharsahib.akalacademy.ac.in/contact.php" "Mozilla/5.0 (Linux; Android 10; K) AppleWebKit/537.36 (KHTML, like Gecko) Chrome/131.0.0.0 Mobile Safari/537.36"
206.116.215.178 - - [25/Nov/2024:08:36:02 -0700] "GET /js/jquery-3.3.1.min.js HTTP/1.1" 200 86926 "https://dadeharsahib.akalacademy.ac.in/contact.php" "Mozilla/5.0 (Linux; Android 10; K) AppleWebKit/537.36 (KHTML, like Gecko) Chrome/131.0.0.0 Mobile Safari/537.36"
206.116.215.178 - - [25/Nov/2024:08:36:02 -0700] "GET /js/jquery-migrate-3.0.1.min.js HTTP/1.1" 200 11421 "https://dadeharsahib.akalacademy.ac.in/contact.php" "Mozilla/5.0 (Linux; Android 10; K) AppleWebKit/537.36 (KHTML, like Gecko) Chrome/131.0.0.0 Mobile Safari/537.36"
206.116.215.178 - - [25/Nov/2024:08:36:02 -0700] "GET /js/popper.min.js HTTP/1.1" 200 20336 "https://dadeharsahib.akalacademy.ac.in/contact.php" "Mozilla/5.0 (Linux; Android 10; K) AppleWebKit/537.36 (KHTML, like Gecko) Chrome/131.0.0.0 Mobile Safari/537.36"
206.116.215.178 - - [25/Nov/2024:08:36:02 -0700] "GET /js/bootstrap.min.js HTTP/1.1" 200 51039 "https://dadeharsahib.akalacademy.ac.in/contact.php" "Mozilla/5.0 (Linux; Android 10; K) AppleWebKit/537.36 (KHTML, like Gecko) Chrome/131.0.0.0 Mobile Safari/537.36"
206.116.215.178 - - [25/Nov/2024:08:36:02 -0700] "GET /js/jquery-ui.js HTTP/1.1" 200 45799 "https://dadeharsahib.akalacademy.ac.in/contact.php" "Mozilla/5.0 (Linux; Android 10; K) AppleWebKit/537.36 (KHTML, like Gecko) Chrome/131.0.0.0 Mobile Safari/537.36"
206.116.215.178 - - [25/Nov/2024:08:36:02 -0700] "GET /js/owl.carousel.min.js HTTP/1.1" 200 42766 "https://dadeharsahib.akalacademy.ac.in/contact.php" "Mozilla/5.0 (Linux; Android 10; K) AppleWebKit/537.36 (KHTML, like Gecko) Chrome/131.0.0.0 Mobile Safari/537.36"
206.116.215.178 - - [25/Nov/2024:08:36:02 -0700] "GET /js/jquery.countdown.min.js HTTP/1.1" 200 5339 "https://dadeharsahib.akalacademy.ac.in/contact.php" "Mozilla/5.0 (Linux; Android 10; K) AppleWebKit/537.36 (KHTML, like Gecko) Chrome/131.0.0.0 Mobile Safari/537.36"
206.116.215.178 - - [25/Nov/2024:08:36:02 -0700] "GET /js/bootstrap-datepicker.min.js HTTP/1.1" 200 34172 "https://dadeharsahib.akalacademy.ac.in/contact.php" "Mozilla/5.0 (Linux; Android 10; K) AppleWebKit/537.36 (KHTML, like Gecko) Chrome/131.0.0.0 Mobile Safari/537.36"
206.116.215.178 - - [25/Nov/2024:08:36:03 -0700] "GET /js/jquery.stellar.min.js HTTP/1.1" 200 12597 "https://dadeharsahib.akalacademy.ac.in/contact.php" "Mozilla/5.0 (Linux; Android 10; K) AppleWebKit/537.36 (KHTML, like Gecko) Chrome/131.0.0.0 Mobile Safari/537.36"
206.116.215.178 - - [25/Nov/2024:08:36:03 -0700] "GET /images/bg_1.jpg HTTP/1.1" 200 135479 "https://dadeharsahib.akalacademy.ac.in/contact.php" "Mozilla/5.0 (Linux; Android 10; K) AppleWebKit/537.36 (KHTML, like Gecko) Chrome/131.0.0.0 Mobile Safari/537.36"
206.116.215.178 - - [25/Nov/2024:08:36:03 -0700] "GET /js/aos.js HTTP/1.1" 200 14244 "https://dadeharsahib.akalacademy.ac.in/contact.php" "Mozilla/5.0 (Linux; Android 10; K) AppleWebKit/537.36 (KHTML, like Gecko) Chrome/131.0.0.0 Mobile Safari/537.36"
206.116.215.178 - - [25/Nov/2024:08:36:03 -0700] "GET /js/jquery.easing.1.3.js HTTP/1.1" 200 8111 "https://dadeharsahib.akalacademy.ac.in/contact.php" "Mozilla/5.0 (Linux; Android 10; K) AppleWebKit/537.36 (KHTML, like Gecko) Chrome/131.0.0.0 Mobile Safari/537.36"
206.116.215.178 - - [25/Nov/2024:08:36:03 -0700] "GET /fonts/icomoon/fonts/icomoon.ttf?10si43 HTTP/1.1" 200 307168 "https://dadeharsahib.akalacademy.ac.in/fonts/icomoon/style.css" "Mozilla/5.0 (Linux; Android 10; K) AppleWebKit/537.36 (KHTML, like Gecko) Chrome/131.0.0.0 Mobile Safari/537.36"
206.116.215.178 - - [25/Nov/2024:08:36:03 -0700] "GET /js/jquery.fancybox.min.js HTTP/1.1" 200 68196 "https://dadeharsahib.akalacademy.ac.in/contact.php" "Mozilla/5.0 (Linux; Android 10; K) AppleWebKit/537.36 (KHTML, like Gecko) Chrome/131.0.0.0 Mobile Safari/537.36"
206.116.215.178 - - [25/Nov/2024:08:36:03 -0700] "GET /js/jquery.sticky.js HTTP/1.1" 200 10084 "https://dadeharsahib.akalacademy.ac.in/contact.php" "Mozilla/5.0 (Linux; Android 10; K) AppleWebKit/537.36 (KHTML, like Gecko) Chrome/131.0.0.0 Mobile Safari/537.36"
206.116.215.178 - - [25/Nov/2024:08:36:03 -0700] "GET /js/main.js HTTP/1.1" 200 7589 "https://dadeharsahib.akalacademy.ac.in/contact.php" "Mozilla/5.0 (Linux; Android 10; K) AppleWebKit/537.36 (KHTML, like Gecko) Chrome/131.0.0.0 Mobile Safari/537.36"
./LuLlaby007 ♥ Tata Cantik - Copyright 2k18