Cylul007 Webshell
Server :
Linux ip-148-66-134-25.ip.secureserver.net 3.10.0-1160.119.1.el7.tuxcare.els10.x86_64 #1 SMP Fri Oct 11 21:40:41 UTC 2024 x86_64
php :
8.0.30
on
cgi-fcgi
Time
25 Nov 2024 15:17:16
Current Directory :
/
home
/
amvm
/
access-logs
/
Upload File :
Mass Deface
Home
Bypass Passwd
Current File : /home/amvm/access-logs/cholang.akalacademy.ac.in-ssl_log
87.250.224.234 - - [25/Nov/2024:05:10:00 -0700] "GET /robots.txt HTTP/1.1" 200 94 "-" "Mozilla/5.0 (compatible; YandexBot/3.0; +http://yandex.com/bots)"
136.143.179.50 - - [25/Nov/2024:05:10:02 -0700] "GET / HTTP/1.1" 200 94 "-" "Site24x7"
66.249.79.167 - - [25/Nov/2024:05:10:19 -0700] "GET /detail/xiqfrr/ HTTP/1.1" 200 94 "-" "Mozilla/5.0 (compatible; Googlebot/2.1; +http://www.google.com/bot.html)"
69.162.124.238 - - [25/Nov/2024:05:11:41 -0700] "HEAD /cbse-corner.php HTTP/1.1" 200 - "https://cholang.akalacademy.ac.in/cbse-corner.php" "Mozilla/5.0+(compatible; UptimeRobot/2.0; http://www.uptimerobot.com/)"
66.249.79.166 - - [25/Nov/2024:05:12:18 -0700] "GET /bet/lgtixg/ HTTP/1.1" 200 94 "-" "Mozilla/5.0 (compatible; Googlebot/2.1; +http://www.google.com/bot.html)"
213.180.203.54 - - [25/Nov/2024:05:12:40 -0700] "GET /eoShoa6uww2t/files/IX-X/files/Senior%20Secondary/files/Senior%20Secondary/Biology-min.pdf HTTP/1.1" 200 94 "-" "Mozilla/5.0 (compatible; YandexBot/3.0; +http://yandex.com/bots)"
5.255.231.112 - - [25/Nov/2024:05:14:27 -0700] "GET /eointermicellar9oos3t/files/Secondary/files/Secondary/files/Secondary/402-INFO_TECH-min.pdf HTTP/1.1" 200 94 "-" "Mozilla/5.0 (compatible; YandexBot/3.0; +http://yandex.com/bots)"
136.143.179.51 - - [25/Nov/2024:05:15:05 -0700] "GET / HTTP/1.1" 200 94 "-" "Site24x7"
66.249.79.167 - - [25/Nov/2024:05:15:34 -0700] "GET /bet/nzcnwj/ HTTP/1.1" 200 94 "-" "Mozilla/5.0 (compatible; Googlebot/2.1; +http://www.google.com/bot.html)"
66.249.79.167 - - [25/Nov/2024:05:15:46 -0700] "GET /news/mwbuol/favourite-online-casino.html HTTP/1.1" 200 94 "-" "Mozilla/5.0 (compatible; Googlebot/2.1; +http://www.google.com/bot.html)"
66.249.79.166 - - [25/Nov/2024:05:16:31 -0700] "GET /detail/tapysg/online-horse-betting-in-india.html HTTP/1.1" 200 94 "-" "Mozilla/5.0 (compatible; Googlebot/2.1; +http://www.google.com/bot.html)"
69.162.124.238 - - [25/Nov/2024:05:16:41 -0700] "HEAD /cbse-corner.php HTTP/1.1" 200 - "https://cholang.akalacademy.ac.in/cbse-corner.php" "Mozilla/5.0+(compatible; UptimeRobot/2.0; http://www.uptimerobot.com/)"
66.249.79.166 - - [25/Nov/2024:05:16:45 -0700] "GET /detail/nreefn/ HTTP/1.1" 200 94 "-" "Mozilla/5.0 (compatible; Googlebot/2.1; +http://www.google.com/bot.html)"
66.249.79.166 - - [25/Nov/2024:05:16:58 -0700] "GET /detail/abvrct/semi-final-icc-ind-vs-nz.html HTTP/1.1" 200 94 "-" "Mozilla/5.0 (compatible; Googlebot/2.1; +http://www.google.com/bot.html)"
66.249.79.167 - - [25/Nov/2024:05:17:04 -0700] "GET /bet/zocith/ HTTP/1.1" 200 94 "-" "Mozilla/5.0 (compatible; Googlebot/2.1; +http://www.google.com/bot.html)"
66.249.79.167 - - [25/Nov/2024:05:17:11 -0700] "GET /news/pwqwsj/ HTTP/1.1" 200 94 "-" "Mozilla/5.0 (compatible; Googlebot/2.1; +http://www.google.com/bot.html)"
66.249.79.166 - - [25/Nov/2024:05:17:17 -0700] "GET /news/wjjnjb/ HTTP/1.1" 200 94 "-" "Mozilla/5.0 (compatible; Googlebot/2.1; +http://www.google.com/bot.html)"
66.249.79.166 - - [25/Nov/2024:05:17:18 -0700] "GET /bet/yvsjim/cryprowild-casino.html HTTP/1.1" 200 94 "-" "Mozilla/5.0 (compatible; Googlebot/2.1; +http://www.google.com/bot.html)"
66.249.79.166 - - [25/Nov/2024:05:17:34 -0700] "GET /bet/fkkiea/20-free-spins-no-deposit-add-card.html HTTP/1.1" 200 94 "-" "Mozilla/5.0 (compatible; Googlebot/2.1; +http://www.google.com/bot.html)"
66.249.79.166 - - [25/Nov/2024:05:17:57 -0700] "GET /detail/nwxtrf/lowest-score-in-cricket-history-in-test.html HTTP/1.1" 200 94 "-" "Mozilla/5.0 (compatible; Googlebot/2.1; +http://www.google.com/bot.html)"
66.249.79.167 - - [25/Nov/2024:05:18:10 -0700] "GET /bet/jrxylq/ HTTP/1.1" 200 94 "-" "Mozilla/5.0 (compatible; Googlebot/2.1; +http://www.google.com/bot.html)"
66.249.79.168 - - [25/Nov/2024:05:18:12 -0700] "GET /detail/bzwyvx/first-red-card-in-world-cup-2018.html HTTP/1.1" 200 94 "-" "Mozilla/5.0 (compatible; Googlebot/2.1; +http://www.google.com/bot.html)"
66.249.79.167 - - [25/Nov/2024:05:19:44 -0700] "GET /news/vxcuov/ HTTP/1.1" 200 94 "-" "Mozilla/5.0 (compatible; Googlebot/2.1; +http://www.google.com/bot.html)"
136.143.179.51 - - [25/Nov/2024:05:20:08 -0700] "GET / HTTP/1.1" 200 94 "-" "Site24x7"
66.249.79.168 - - [25/Nov/2024:05:20:42 -0700] "GET /detail/ustcby/best-online-multiplayer-flash-games.html HTTP/1.1" 200 94 "-" "Mozilla/5.0 (compatible; Googlebot/2.1; +http://www.google.com/bot.html)"
66.249.79.166 - - [25/Nov/2024:05:21:10 -0700] "GET /news/klwges/betting-sites-with-high-odds-Medium.html HTTP/1.1" 200 94 "-" "Mozilla/5.0 (compatible; Googlebot/2.1; +http://www.google.com/bot.html)"
69.162.124.238 - - [25/Nov/2024:05:21:41 -0700] "HEAD /cbse-corner.php HTTP/1.1" 200 - "https://cholang.akalacademy.ac.in/cbse-corner.php" "Mozilla/5.0+(compatible; UptimeRobot/2.0; http://www.uptimerobot.com/)"
213.180.203.24 - - [25/Nov/2024:05:22:27 -0700] "GET /myadmin/cbse/files/Secondary/files/IX-X/files/IX-X/index.php HTTP/1.1" 200 94 "-" "Mozilla/5.0 (compatible; YandexBot/3.0; +http://yandex.com/bots)"
66.249.79.168 - - [25/Nov/2024:05:22:35 -0700] "GET /detail/legkld/rcb-ka-squad-2022.html HTTP/1.1" 200 94 "-" "Mozilla/5.0 (compatible; Googlebot/2.1; +http://www.google.com/bot.html)"
66.249.79.166 - - [25/Nov/2024:05:22:40 -0700] "GET /bet/buvcth/uc-cricket-ipl-bet-medium.html HTTP/1.1" 200 94 "-" "Mozilla/5.0 (compatible; Googlebot/2.1; +http://www.google.com/bot.html)"
66.249.79.168 - - [25/Nov/2024:05:23:19 -0700] "GET /news/xtzqkh/eng-vs-sa-t20-dream-team.html HTTP/1.1" 200 94 "-" "Mozilla/5.0 (compatible; Googlebot/2.1; +http://www.google.com/bot.html)"
66.249.79.167 - - [25/Nov/2024:05:23:31 -0700] "GET /detail/oqnkct/how-to-mini-baccarat.html HTTP/1.1" 200 94 "-" "Mozilla/5.0 (compatible; Googlebot/2.1; +http://www.google.com/bot.html)"
136.143.178.51 - - [25/Nov/2024:05:25:10 -0700] "GET / HTTP/1.1" 200 94 "-" "Site24x7"
66.249.79.166 - - [25/Nov/2024:05:25:19 -0700] "GET /news/idrwpe/ HTTP/1.1" 200 94 "-" "Mozilla/5.0 (compatible; Googlebot/2.1; +http://www.google.com/bot.html)"
95.108.213.107 - - [25/Nov/2024:05:26:34 -0700] "GET /myadmin/gallery/files/I-VIII/files/IX-X/files/Senior%20Secondary/History-min.pdf HTTP/1.1" 200 94 "-" "Mozilla/5.0 (compatible; YandexBot/3.0; +http://yandex.com/bots)"
69.162.124.238 - - [25/Nov/2024:05:26:41 -0700] "HEAD /cbse-corner.php HTTP/1.1" 200 - "https://cholang.akalacademy.ac.in/cbse-corner.php" "Mozilla/5.0+(compatible; UptimeRobot/2.0; http://www.uptimerobot.com/)"
66.249.79.168 - - [25/Nov/2024:05:27:16 -0700] "GET /news/zzelne/buffet's-bet-with-hedge-funds.html HTTP/1.1" 200 94 "-" "Mozilla/5.0 (compatible; Googlebot/2.1; +http://www.google.com/bot.html)"
66.249.79.167 - - [25/Nov/2024:05:27:41 -0700] "GET /bet/apdonf/india-cricket-game-live.html HTTP/1.1" 200 94 "-" "Mozilla/5.0 (compatible; Googlebot/2.1; +http://www.google.com/bot.html)"
66.249.79.167 - - [25/Nov/2024:05:28:11 -0700] "GET /detail/xjsayq/best-ufc-betting-site-reddit.html HTTP/1.1" 200 94 "-" "Mozilla/5.0 (compatible; Googlebot/2.1; +http://www.google.com/bot.html)"
213.180.203.199 - - [25/Nov/2024:05:28:29 -0700] "GET /myadmin/cbse/files/IX-X/files/Secondary/417-VIII-min.pdf HTTP/1.1" 200 94 "-" "Mozilla/5.0 (compatible; YandexBot/3.0; +http://yandex.com/bots)"
66.249.79.167 - - [25/Nov/2024:05:29:25 -0700] "GET /detail/qvvflh/cricket-08-game-download-size.html HTTP/1.1" 200 94 "-" "Mozilla/5.0 (compatible; Googlebot/2.1; +http://www.google.com/bot.html)"
66.249.79.166 - - [25/Nov/2024:05:29:46 -0700] "GET /bet/ucdgex/ HTTP/1.1" 200 94 "-" "Mozilla/5.0 (compatible; Googlebot/2.1; +http://www.google.com/bot.html)"
66.249.79.166 - - [25/Nov/2024:05:29:58 -0700] "GET /detail/frhcnw/ HTTP/1.1" 200 94 "-" "Mozilla/5.0 (compatible; Googlebot/2.1; +http://www.google.com/bot.html)"
66.249.79.167 - - [25/Nov/2024:05:30:02 -0700] "GET /news/ofomse/ HTTP/1.1" 200 94 "-" "Mozilla/5.0 (compatible; Googlebot/2.1; +http://www.google.com/bot.html)"
136.143.178.50 - - [25/Nov/2024:05:30:12 -0700] "GET / HTTP/1.1" 200 94 "-" "Site24x7"
66.249.79.166 - - [25/Nov/2024:05:30:31 -0700] "GET /news/yyezfb/new-zealand-vs-india-2nd-t20.html HTTP/1.1" 200 94 "-" "Mozilla/5.0 (compatible; Googlebot/2.1; +http://www.google.com/bot.html)"
66.249.79.166 - - [25/Nov/2024:05:30:52 -0700] "GET /detail/oiiivz/avengers-endgame-monopoly.html HTTP/1.1" 200 94 "-" "Mozilla/5.0 (compatible; Googlebot/2.1; +http://www.google.com/bot.html)"
95.108.213.126 - - [25/Nov/2024:05:30:57 -0700] "GET /eoShoa6uww2t/files/IX-X/files/Secondary/files/Secondary/files/Senior%20Secondary/Punjabi_XII-min.pdf HTTP/1.1" 200 94 "-" "Mozilla/5.0 (compatible; YandexBot/3.0; +http://yandex.com/bots)"
213.180.203.230 - - [25/Nov/2024:05:30:59 -0700] "GET /eononbreeding4pyf8t/files/Senior%20Secondary/files/Senior%20Secondary/files/I-VIII/toppers.php HTTP/1.1" 200 94 "-" "Mozilla/5.0 (compatible; YandexBot/3.0; +http://yandex.com/bots)"
66.249.79.166 - - [25/Nov/2024:05:31:03 -0700] "GET /bet/byvybg/ HTTP/1.1" 200 94 "-" "Mozilla/5.0 (compatible; Googlebot/2.1; +http://www.google.com/bot.html)"
69.162.124.238 - - [25/Nov/2024:05:31:41 -0700] "HEAD /cbse-corner.php HTTP/1.1" 200 - "https://cholang.akalacademy.ac.in/cbse-corner.php" "Mozilla/5.0+(compatible; UptimeRobot/2.0; http://www.uptimerobot.com/)"
87.250.224.248 - - [25/Nov/2024:05:32:15 -0700] "GET /eosamploscope2eiz8t/files/Secondary/files/Senior%20Secondary/files/Senior%20Secondary/History-min.pdf HTTP/1.1" 200 94 "-" "Mozilla/5.0 (compatible; YandexBot/3.0; +http://yandex.com/bots)"
66.249.79.168 - - [25/Nov/2024:05:32:30 -0700] "GET /news/dnyfiy/ HTTP/1.1" 200 94 "-" "Mozilla/5.0 (compatible; Googlebot/2.1; +http://www.google.com/bot.html)"
66.249.79.166 - - [25/Nov/2024:05:32:34 -0700] "GET /news/ntfirt/ HTTP/1.1" 200 94 "-" "Mozilla/5.0 (compatible; Googlebot/2.1; +http://www.google.com/bot.html)"
66.249.79.166 - - [25/Nov/2024:05:33:52 -0700] "GET /news/bsczeb/ HTTP/1.1" 200 94 "-" "Mozilla/5.0 (compatible; Googlebot/2.1; +http://www.google.com/bot.html)"
66.249.79.167 - - [25/Nov/2024:05:34:02 -0700] "GET /news/nwrhrv/how-to-play-dx11-games-on-dx9-cards.html HTTP/1.1" 200 94 "-" "Mozilla/5.0 (compatible; Googlebot/2.1; +http://www.google.com/bot.html)"
40.77.167.150 - - [25/Nov/2024:05:34:12 -0700] "GET /myadmin/gallery/04-02-02_SnVtcGluZy0yLmpwZw== HTTP/1.1" 200 202271 "-" "Mozilla/5.0 AppleWebKit/537.36 (KHTML, like Gecko; compatible; bingbot/2.0; +http://www.bing.com/bingbot.htm) Chrome/116.0.1938.76 Safari/537.36"
66.249.79.167 - - [25/Nov/2024:05:34:15 -0700] "GET /news/olkdoj/ HTTP/1.1" 200 94 "-" "Mozilla/5.0 (compatible; Googlebot/2.1; +http://www.google.com/bot.html)"
66.249.79.168 - - [25/Nov/2024:05:35:03 -0700] "GET /detail/wsshds/what-happened-to-nick-slots.html HTTP/1.1" 200 94 "-" "Mozilla/5.0 (compatible; Googlebot/2.1; +http://www.google.com/bot.html)"
136.143.179.51 - - [25/Nov/2024:05:35:14 -0700] "GET / HTTP/1.1" 200 94 "-" "Site24x7"
66.249.79.167 - - [25/Nov/2024:05:35:26 -0700] "GET /news/wtnwip/aman-khan-md.html HTTP/1.1" 200 94 "-" "Mozilla/5.0 (compatible; Googlebot/2.1; +http://www.google.com/bot.html)"
69.162.124.238 - - [25/Nov/2024:05:36:41 -0700] "HEAD /cbse-corner.php HTTP/1.1" 200 - "https://cholang.akalacademy.ac.in/cbse-corner.php" "Mozilla/5.0+(compatible; UptimeRobot/2.0; http://www.uptimerobot.com/)"
66.249.79.168 - - [25/Nov/2024:05:37:48 -0700] "GET /news/ohmsmx/ HTTP/1.1" 200 94 "-" "Mozilla/5.0 (compatible; Googlebot/2.1; +http://www.google.com/bot.html)"
66.249.79.166 - - [25/Nov/2024:05:37:50 -0700] "GET /news/qaksdl/ HTTP/1.1" 200 94 "-" "Mozilla/5.0 (compatible; Googlebot/2.1; +http://www.google.com/bot.html)"
5.255.231.101 - - [25/Nov/2024:05:38:07 -0700] "GET /eononbreeding4pyf8t/files/Senior%20Secondary/files/IX-X/files/Secondary/files/Senior%20Secondary/academic.php HTTP/1.1" 200 94 "-" "Mozilla/5.0 (compatible; YandexBot/3.0; +http://yandex.com/bots)"
66.249.79.166 - - [25/Nov/2024:05:38:08 -0700] "GET /news/zozoqr/ HTTP/1.1" 200 94 "-" "Mozilla/5.0 (compatible; Googlebot/2.1; +http://www.google.com/bot.html)"
66.249.79.166 - - [25/Nov/2024:05:38:31 -0700] "GET /bet/aqjoqe/ HTTP/1.1" 200 94 "-" "Mozilla/5.0 (compatible; Googlebot/2.1; +http://www.google.com/bot.html)"
66.249.79.166 - - [25/Nov/2024:05:39:01 -0700] "GET /detail/zumxnv/crownclash-epicgames-com.html HTTP/1.1" 200 94 "-" "Mozilla/5.0 (compatible; Googlebot/2.1; +http://www.google.com/bot.html)"
213.180.203.244 - - [25/Nov/2024:05:39:28 -0700] "GET /eointermicellar9oos3t/files/Senior%20Secondary/files/Secondary/files/Senior%20Secondary/Mathematics-min.pdf HTTP/1.1" 200 94 "-" "Mozilla/5.0 (compatible; YandexBot/3.0; +http://yandex.com/bots)"
136.143.178.51 - - [25/Nov/2024:05:40:16 -0700] "GET / HTTP/1.1" 200 94 "-" "Site24x7"
213.180.203.82 - - [25/Nov/2024:05:40:29 -0700] "GET /eowithholders5izl9t/files/Secondary/files/Secondary/files/Secondary/addmission.php HTTP/1.1" 200 94 "-" "Mozilla/5.0 (compatible; YandexBot/3.0; +http://yandex.com/bots)"
66.249.79.167 - - [25/Nov/2024:05:40:52 -0700] "GET /news/skmytw/ HTTP/1.1" 200 94 "-" "Mozilla/5.0 (compatible; Googlebot/2.1; +http://www.google.com/bot.html)"
66.249.79.167 - - [25/Nov/2024:05:41:02 -0700] "GET /bet/tepevq/ HTTP/1.1" 200 94 "-" "Mozilla/5.0 (compatible; Googlebot/2.1; +http://www.google.com/bot.html)"
87.250.224.234 - - [25/Nov/2024:05:41:41 -0700] "GET /eodunch7tkq0t/files/Senior%20Secondary/files/Secondary/files/I-VIII/files/Senior%20Secondary/Sociology-min.pdf HTTP/1.1" 200 94 "-" "Mozilla/5.0 (compatible; YandexBot/3.0; +http://yandex.com/bots)"
69.162.124.238 - - [25/Nov/2024:05:41:41 -0700] "HEAD /cbse-corner.php HTTP/1.1" 200 - "https://cholang.akalacademy.ac.in/cbse-corner.php" "Mozilla/5.0+(compatible; UptimeRobot/2.0; http://www.uptimerobot.com/)"
66.249.79.167 - - [25/Nov/2024:05:41:45 -0700] "GET /detail/ywycnd/ HTTP/1.1" 200 94 "-" "Mozilla/5.0 (compatible; Googlebot/2.1; +http://www.google.com/bot.html)"
66.249.79.167 - - [25/Nov/2024:05:42:28 -0700] "GET /detail/grkdfz/delhi-capitals-rabada-leaves-ipl.html HTTP/1.1" 200 94 "-" "Mozilla/5.0 (compatible; Googlebot/2.1; +http://www.google.com/bot.html)"
66.249.79.166 - - [25/Nov/2024:05:42:48 -0700] "GET /detail/hjlccb/ HTTP/1.1" 200 94 "-" "Mozilla/5.0 (compatible; Googlebot/2.1; +http://www.google.com/bot.html)"
66.249.79.168 - - [25/Nov/2024:05:43:42 -0700] "GET /news/kujybj/netplay-website.html HTTP/1.1" 200 94 "-" "Mozilla/5.0 (compatible; Googlebot/2.1; +http://www.google.com/bot.html)"
66.249.79.166 - - [25/Nov/2024:05:43:43 -0700] "GET /detail/mqfrlb/1.50-odds-rollover-strategy.html HTTP/1.1" 200 94 "-" "Mozilla/5.0 (compatible; Googlebot/2.1; +http://www.google.com/bot.html)"
66.249.79.166 - - [25/Nov/2024:05:44:02 -0700] "GET /detail/fsccle/ HTTP/1.1" 200 94 "-" "Mozilla/5.0 (compatible; Googlebot/2.1; +http://www.google.com/bot.html)"
136.143.178.50 - - [25/Nov/2024:05:45:18 -0700] "GET / HTTP/1.1" 200 94 "-" "Site24x7"
66.249.79.168 - - [25/Nov/2024:05:45:18 -0700] "GET /news/qyidsm/ HTTP/1.1" 200 94 "-" "Mozilla/5.0 (compatible; Googlebot/2.1; +http://www.google.com/bot.html)"
66.249.79.168 - - [25/Nov/2024:05:46:49 -0700] "GET /bet/cewbnq/coupon-code-for-bet-rally.html HTTP/1.1" 200 94 "-" "Mozilla/5.0 (compatible; Googlebot/2.1; +http://www.google.com/bot.html)"
95.108.213.103 - - [25/Nov/2024:05:46:58 -0700] "GET /eointermicellar9oos3t/files/Senior%20Secondary/files/Secondary/files/Senior%20Secondary/index.php HTTP/1.1" 200 94 "-" "Mozilla/5.0 (compatible; YandexBot/3.0; +http://yandex.com/bots)"
69.162.124.238 - - [25/Nov/2024:05:47:03 -0700] "HEAD /cbse-corner.php HTTP/1.1" 200 - "https://cholang.akalacademy.ac.in/cbse-corner.php" "Mozilla/5.0+(compatible; UptimeRobot/2.0; http://www.uptimerobot.com/)"
66.249.79.167 - - [25/Nov/2024:05:47:39 -0700] "GET /detail/wklvxx/india-vs-china-asia-cup-hockey-live.html HTTP/1.1" 200 94 "-" "Mozilla/5.0 (compatible; Googlebot/2.1; +http://www.google.com/bot.html)"
66.249.79.166 - - [25/Nov/2024:05:48:03 -0700] "GET /detail/jdyvec/esports-event-planning.html HTTP/1.1" 200 94 "-" "Mozilla/5.0 (compatible; Googlebot/2.1; +http://www.google.com/bot.html)"
66.249.79.166 - - [25/Nov/2024:05:49:21 -0700] "GET /detail/gfwesw/live-cricket-online-commentary.html HTTP/1.1" 200 94 "-" "Mozilla/5.0 (compatible; Googlebot/2.1; +http://www.google.com/bot.html)"
66.249.79.166 - - [25/Nov/2024:05:49:28 -0700] "GET /detail/jszupm/icc-2020-world-cup-2018-women.html HTTP/1.1" 200 94 "-" "Mozilla/5.0 (compatible; Googlebot/2.1; +http://www.google.com/bot.html)"
136.143.178.50 - - [25/Nov/2024:05:50:20 -0700] "GET / HTTP/1.1" 200 94 "-" "Site24x7"
66.249.79.166 - - [25/Nov/2024:05:51:11 -0700] "GET /news/llebkw/world-cup-1975-all-team.html HTTP/1.1" 200 94 "-" "Mozilla/5.0 (compatible; Googlebot/2.1; +http://www.google.com/bot.html)"
69.162.124.238 - - [25/Nov/2024:05:52:03 -0700] "HEAD /cbse-corner.php HTTP/1.1" 200 - "https://cholang.akalacademy.ac.in/cbse-corner.php" "Mozilla/5.0+(compatible; UptimeRobot/2.0; http://www.uptimerobot.com/)"
66.249.79.168 - - [25/Nov/2024:05:52:17 -0700] "GET /detail/kgomkg/ HTTP/1.1" 200 94 "-" "Mozilla/5.0 (compatible; Googlebot/2.1; +http://www.google.com/bot.html)"
66.249.79.166 - - [25/Nov/2024:05:52:59 -0700] "GET /detail/skytfm/most-icc-trophies-by-a-team.html HTTP/1.1" 200 94 "-" "Mozilla/5.0 (compatible; Googlebot/2.1; +http://www.google.com/bot.html)"
66.249.79.167 - - [25/Nov/2024:05:53:06 -0700] "GET /news/eegict/owsm-rummy.html HTTP/1.1" 200 94 "-" "Mozilla/5.0 (compatible; Googlebot/2.1; +http://www.google.com/bot.html)"
66.249.79.167 - - [25/Nov/2024:05:53:59 -0700] "GET /news/nrpevf/latest-news-on-england-football-team.html HTTP/1.1" 200 94 "-" "Mozilla/5.0 (compatible; Googlebot/2.1; +http://www.google.com/bot.html)"
136.143.178.50 - - [25/Nov/2024:05:55:22 -0700] "GET / HTTP/1.1" 200 94 "-" "Site24x7"
66.249.79.166 - - [25/Nov/2024:05:56:14 -0700] "GET /detail/vlskze/ HTTP/1.1" 200 94 "-" "Mozilla/5.0 (compatible; Googlebot/2.1; +http://www.google.com/bot.html)"
69.162.124.238 - - [25/Nov/2024:05:57:03 -0700] "HEAD /cbse-corner.php HTTP/1.1" 200 - "https://cholang.akalacademy.ac.in/cbse-corner.php" "Mozilla/5.0+(compatible; UptimeRobot/2.0; http://www.uptimerobot.com/)"
66.249.79.168 - - [25/Nov/2024:05:58:10 -0700] "GET /bet/geoijo/ HTTP/1.1" 200 94 "-" "Mozilla/5.0 (compatible; Googlebot/2.1; +http://www.google.com/bot.html)"
66.249.79.166 - - [25/Nov/2024:05:58:46 -0700] "GET /news/zzlxfv/which-team-first-in-ipl-2019.html HTTP/1.1" 200 94 "-" "Mozilla/5.0 (compatible; Googlebot/2.1; +http://www.google.com/bot.html)"
66.249.79.166 - - [25/Nov/2024:05:58:54 -0700] "GET /detail/uspunq/esport-arena-oy-site-facebook.com.html HTTP/1.1" 200 94 "-" "Mozilla/5.0 (compatible; Googlebot/2.1; +http://www.google.com/bot.html)"
66.249.79.166 - - [25/Nov/2024:06:00:00 -0700] "GET /bet/crgchi/ HTTP/1.1" 200 94 "-" "Mozilla/5.0 (compatible; Googlebot/2.1; +http://www.google.com/bot.html)"
136.143.178.51 - - [25/Nov/2024:06:00:24 -0700] "GET / HTTP/1.1" 200 94 "-" "Site24x7"
69.162.124.238 - - [25/Nov/2024:06:02:03 -0700] "HEAD /cbse-corner.php HTTP/1.1" 200 - "https://cholang.akalacademy.ac.in/cbse-corner.php" "Mozilla/5.0+(compatible; UptimeRobot/2.0; http://www.uptimerobot.com/)"
40.77.167.22 - - [25/Nov/2024:06:02:04 -0700] "GET /news/uylssg/files/Secondary/files/I-VIII/VI-X%20Punjabi-min.pdf HTTP/1.1" 200 94 "-" "Mozilla/5.0 AppleWebKit/537.36 (KHTML, like Gecko; compatible; bingbot/2.0; +http://www.bing.com/bingbot.htm) Chrome/116.0.1938.76 Safari/537.36"
157.245.118.163 - - [25/Nov/2024:06:02:26 -0700] "GET /.well-known/security.txt HTTP/1.1" 200 94 "-" "Go-http-client/1.1"
66.249.79.168 - - [25/Nov/2024:06:04:03 -0700] "GET /bet/mopote/ind-vs-sa-1st-t20-result-2019.html HTTP/1.1" 200 94 "-" "Mozilla/5.0 (compatible; Googlebot/2.1; +http://www.google.com/bot.html)"
66.249.79.167 - - [25/Nov/2024:06:05:11 -0700] "GET /bet/dmmfdm/vivo-ipl-live-on.html HTTP/1.1" 200 94 "-" "Mozilla/5.0 (compatible; Googlebot/2.1; +http://www.google.com/bot.html)"
136.143.179.51 - - [25/Nov/2024:06:05:26 -0700] "GET / HTTP/1.1" 200 94 "-" "Site24x7"
66.249.79.167 - - [25/Nov/2024:06:05:43 -0700] "GET /news/jzsqsq/ HTTP/1.1" 200 94 "-" "Mozilla/5.0 (compatible; Googlebot/2.1; +http://www.google.com/bot.html)"
69.162.124.238 - - [25/Nov/2024:06:07:03 -0700] "HEAD /cbse-corner.php HTTP/1.1" 200 - "https://cholang.akalacademy.ac.in/cbse-corner.php" "Mozilla/5.0+(compatible; UptimeRobot/2.0; http://www.uptimerobot.com/)"
66.249.79.166 - - [25/Nov/2024:06:07:07 -0700] "GET /news/pjflyy/gala-finance-token.html HTTP/1.1" 200 94 "-" "Mozilla/5.0 (compatible; Googlebot/2.1; +http://www.google.com/bot.html)"
66.249.79.166 - - [25/Nov/2024:06:07:12 -0700] "GET /news/mepusk/strip-poker-ipad.html HTTP/1.1" 200 94 "-" "Mozilla/5.0 (compatible; Googlebot/2.1; +http://www.google.com/bot.html)"
66.249.79.166 - - [25/Nov/2024:06:07:56 -0700] "GET /news/fhhweg/cricket-games-on-n64.html HTTP/1.1" 200 94 "-" "Mozilla/5.0 (compatible; Googlebot/2.1; +http://www.google.com/bot.html)"
66.249.79.167 - - [25/Nov/2024:06:08:34 -0700] "GET / HTTP/1.1" 200 94 "-" "Mozilla/5.0 (compatible; Googlebot/2.1; +http://www.google.com/bot.html)"
66.249.79.166 - - [25/Nov/2024:06:09:21 -0700] "GET /bet/bnssso/time-for-match-today-football.html HTTP/1.1" 200 94 "-" "Mozilla/5.0 (compatible; Googlebot/2.1; +http://www.google.com/bot.html)"
216.244.66.233 - - [25/Nov/2024:06:09:22 -0700] "GET /robots.txt HTTP/1.1" 200 94 "-" "Mozilla/5.0 (compatible; DotBot/1.2; +https://opensiteexplorer.org/dotbot; help@moz.com)"
136.143.179.51 - - [25/Nov/2024:06:10:28 -0700] "GET / HTTP/1.1" 200 94 "-" "Site24x7"
66.249.79.167 - - [25/Nov/2024:06:10:54 -0700] "GET /detail/wrqree/funzpoints-login.html HTTP/1.1" 200 94 "-" "Mozilla/5.0 (compatible; Googlebot/2.1; +http://www.google.com/bot.html)"
69.162.124.238 - - [25/Nov/2024:06:12:03 -0700] "HEAD /cbse-corner.php HTTP/1.1" 200 - "https://cholang.akalacademy.ac.in/cbse-corner.php" "Mozilla/5.0+(compatible; UptimeRobot/2.0; http://www.uptimerobot.com/)"
66.249.79.167 - - [25/Nov/2024:06:12:14 -0700] "GET /bet/uczsrt/delta-force-game-online.html HTTP/1.1" 200 94 "-" "Mozilla/5.0 (compatible; Googlebot/2.1; +http://www.google.com/bot.html)"
66.249.79.167 - - [25/Nov/2024:06:12:34 -0700] "GET /news/fxyuxl/cricket-players-goggles.html HTTP/1.1" 200 94 "-" "Mozilla/5.0 (compatible; Googlebot/2.1; +http://www.google.com/bot.html)"
66.249.79.166 - - [25/Nov/2024:06:12:43 -0700] "GET /news/dculmk/icc-world-cup-fixtures-cardiff.html HTTP/1.1" 200 94 "-" "Mozilla/5.0 (compatible; Googlebot/2.1; +http://www.google.com/bot.html)"
66.249.79.168 - - [25/Nov/2024:06:13:05 -0700] "GET /news/hhiklv/ HTTP/1.1" 200 94 "-" "Mozilla/5.0 (compatible; Googlebot/2.1; +http://www.google.com/bot.html)"
66.249.79.167 - - [25/Nov/2024:06:13:25 -0700] "GET /bet/vcfopy/pedri-fifa-22.html HTTP/1.1" 200 94 "-" "Mozilla/5.0 (compatible; Googlebot/2.1; +http://www.google.com/bot.html)"
66.249.79.166 - - [25/Nov/2024:06:13:32 -0700] "GET /news/ucbvdb/manorama-star-line-game-card-draw-date.html HTTP/1.1" 200 94 "-" "Mozilla/5.0 (compatible; Googlebot/2.1; +http://www.google.com/bot.html)"
66.249.79.166 - - [25/Nov/2024:06:13:47 -0700] "GET /bet/uqnvvd/she-team-in-india.html HTTP/1.1" 200 94 "-" "Mozilla/5.0 (compatible; Googlebot/2.1; +http://www.google.com/bot.html)"
66.249.79.166 - - [25/Nov/2024:06:13:53 -0700] "GET /bet/rjdkbr/how-to-watch-ipl-online-free-in-india.html HTTP/1.1" 200 94 "-" "Mozilla/5.0 (compatible; Googlebot/2.1; +http://www.google.com/bot.html)"
66.249.79.166 - - [25/Nov/2024:06:14:00 -0700] "GET /detail/lnxhra/ HTTP/1.1" 200 94 "-" "Mozilla/5.0 (compatible; Googlebot/2.1; +http://www.google.com/bot.html)"
66.249.79.166 - - [25/Nov/2024:06:14:23 -0700] "GET /detail/gwuhit/ HTTP/1.1" 200 94 "-" "Mozilla/5.0 (compatible; Googlebot/2.1; +http://www.google.com/bot.html)"
136.143.178.51 - - [25/Nov/2024:06:15:30 -0700] "GET / HTTP/1.1" 200 94 "-" "Site24x7"
66.249.79.166 - - [25/Nov/2024:06:15:43 -0700] "GET /bet/hrfrml/ind-vs-sl-t20-live-score-espn.html HTTP/1.1" 200 94 "-" "Mozilla/5.0 (compatible; Googlebot/2.1; +http://www.google.com/bot.html)"
66.249.79.167 - - [25/Nov/2024:06:15:52 -0700] "GET /bet/qpkzfr/betting-odds-zurich-classic.html HTTP/1.1" 200 94 "-" "Mozilla/5.0 (compatible; Googlebot/2.1; +http://www.google.com/bot.html)"
66.249.79.168 - - [25/Nov/2024:06:16:30 -0700] "GET /news/sspxcz/ HTTP/1.1" 200 94 "-" "Mozilla/5.0 (compatible; Googlebot/2.1; +http://www.google.com/bot.html)"
66.249.79.167 - - [25/Nov/2024:06:17:01 -0700] "GET /detail/tndzhk/the-hyatt-mohegan-sun.html HTTP/1.1" 200 94 "-" "Mozilla/5.0 (compatible; Googlebot/2.1; +http://www.google.com/bot.html)"
69.162.124.238 - - [25/Nov/2024:06:17:03 -0700] "HEAD /cbse-corner.php HTTP/1.1" 200 - "https://cholang.akalacademy.ac.in/cbse-corner.php" "Mozilla/5.0+(compatible; UptimeRobot/2.0; http://www.uptimerobot.com/)"
66.249.79.167 - - [25/Nov/2024:06:20:09 -0700] "GET /bet/ertyka/1982-brazil-team.html HTTP/1.1" 200 94 "-" "Mozilla/5.0 (compatible; Googlebot/2.1; +http://www.google.com/bot.html)"
66.249.79.166 - - [25/Nov/2024:06:20:14 -0700] "GET /bet/wvngjt/tt-esports-poseidon-z-rgb.html HTTP/1.1" 200 94 "-" "Mozilla/5.0 (compatible; Googlebot/2.1; +http://www.google.com/bot.html)"
136.143.179.51 - - [25/Nov/2024:06:20:32 -0700] "GET / HTTP/1.1" 200 94 "-" "Site24x7"
66.249.79.166 - - [25/Nov/2024:06:20:35 -0700] "GET /detail/xjhwqz/ HTTP/1.1" 200 94 "-" "Mozilla/5.0 (compatible; Googlebot/2.1; +http://www.google.com/bot.html)"
66.249.79.167 - - [25/Nov/2024:06:21:17 -0700] "GET /bet/aatywd/maple-leafs-ducks-prediction.html HTTP/1.1" 200 94 "-" "Mozilla/5.0 (compatible; Googlebot/2.1; +http://www.google.com/bot.html)"
66.249.79.166 - - [25/Nov/2024:06:21:19 -0700] "GET /bet/cbxkmf/most-hated-cricket-players.html HTTP/1.1" 200 94 "-" "Mozilla/5.0 (compatible; Googlebot/2.1; +http://www.google.com/bot.html)"
69.162.124.238 - - [25/Nov/2024:06:22:03 -0700] "HEAD /cbse-corner.php HTTP/1.1" 200 - "https://cholang.akalacademy.ac.in/cbse-corner.php" "Mozilla/5.0+(compatible; UptimeRobot/2.0; http://www.uptimerobot.com/)"
66.249.79.166 - - [25/Nov/2024:06:22:03 -0700] "GET /bet/cyvwzt/ HTTP/1.1" 200 94 "-" "Mozilla/5.0 (compatible; Googlebot/2.1; +http://www.google.com/bot.html)"
66.249.79.167 - - [25/Nov/2024:06:22:44 -0700] "GET /detail/kbytac/ HTTP/1.1" 200 94 "-" "Mozilla/5.0 (compatible; Googlebot/2.1; +http://www.google.com/bot.html)"
66.249.79.167 - - [25/Nov/2024:06:22:47 -0700] "GET /detail/tmifgd/ HTTP/1.1" 200 94 "-" "Mozilla/5.0 (compatible; Googlebot/2.1; +http://www.google.com/bot.html)"
66.249.79.166 - - [25/Nov/2024:06:23:24 -0700] "GET /detail/itpjzx/ HTTP/1.1" 200 94 "-" "Mozilla/5.0 (compatible; Googlebot/2.1; +http://www.google.com/bot.html)"
66.249.79.166 - - [25/Nov/2024:06:23:50 -0700] "GET /bet/vwcapo/ HTTP/1.1" 200 94 "-" "Mozilla/5.0 (compatible; Googlebot/2.1; +http://www.google.com/bot.html)"
66.249.79.167 - - [25/Nov/2024:06:24:28 -0700] "GET /news/yqqzqh/ipl-auction-2022-rr-team.html HTTP/1.1" 200 94 "-" "Mozilla/5.0 (compatible; Googlebot/2.1; +http://www.google.com/bot.html)"
66.249.79.167 - - [25/Nov/2024:06:24:47 -0700] "GET /detail/bczwaz/ HTTP/1.1" 200 94 "-" "Mozilla/5.0 (compatible; Googlebot/2.1; +http://www.google.com/bot.html)"
87.250.224.27 - - [25/Nov/2024:06:25:02 -0700] "GET /robots.txt HTTP/1.1" 200 94 "-" "Mozilla/5.0 (compatible; YandexBot/3.0; +http://yandex.com/bots)"
5.255.231.179 - - [25/Nov/2024:06:25:03 -0700] "GET /eointermicellar9oos3t/files/Senior%20Secondary/files/Secondary/files/Secondary/402-INFO_TECH-min.pdf HTTP/1.1" 200 94 "-" "Mozilla/5.0 (compatible; YandexBot/3.0; +http://yandex.com/bots)"
66.249.79.168 - - [25/Nov/2024:06:25:28 -0700] "GET /detail/iqgura/ HTTP/1.1" 200 94 "-" "Mozilla/5.0 (compatible; Googlebot/2.1; +http://www.google.com/bot.html)"
136.143.179.50 - - [25/Nov/2024:06:25:34 -0700] "GET / HTTP/1.1" 200 94 "-" "Site24x7"
66.249.79.166 - - [25/Nov/2024:06:25:47 -0700] "GET /bet/yzczld/yesterday-kabaddi-match-in-tamil.html HTTP/1.1" 200 94 "-" "Mozilla/5.0 (compatible; Googlebot/2.1; +http://www.google.com/bot.html)"
40.77.167.0 - - [25/Nov/2024:06:25:56 -0700] "GET /detail/wakezn/files/Secondary/files/Senior%20Secondary/Psychology-min.pdf HTTP/1.1" 200 94 "-" "Mozilla/5.0 AppleWebKit/537.36 (KHTML, like Gecko; compatible; bingbot/2.0; +http://www.bing.com/bingbot.htm) Chrome/116.0.1938.76 Safari/537.36"
66.249.79.167 - - [25/Nov/2024:06:26:36 -0700] "GET /news/hubxgj/hum-saath-saath-hain-release-date.html HTTP/1.1" 200 94 "-" "Mozilla/5.0 (compatible; Googlebot/2.1; +http://www.google.com/bot.html)"
213.180.203.29 - - [25/Nov/2024:06:26:51 -0700] "GET /eoprototypographer1igw2t/files/I-VIII/files/Senior%20Secondary/files/Secondary/files/Secondary/402-INFO_TECH-min.pdf HTTP/1.1" 200 94 "-" "Mozilla/5.0 (compatible; YandexBot/3.0; +http://yandex.com/bots)"
69.162.124.238 - - [25/Nov/2024:06:27:03 -0700] "HEAD /cbse-corner.php HTTP/1.1" 200 - "https://cholang.akalacademy.ac.in/cbse-corner.php" "Mozilla/5.0+(compatible; UptimeRobot/2.0; http://www.uptimerobot.com/)"
95.108.213.132 - - [25/Nov/2024:06:27:18 -0700] "GET /myadmin/cbse/files/IX-X/files/Secondary/files/Secondary/files/Senior%20Secondary/PoliticalScience-min.pdf HTTP/1.1" 200 94 "-" "Mozilla/5.0 (compatible; YandexBot/3.0; +http://yandex.com/bots)"
66.249.79.167 - - [25/Nov/2024:06:27:18 -0700] "GET /detail/bjuzee/kings-xi-punjab-1st-jersy.html HTTP/1.1" 200 94 "-" "Mozilla/5.0 (compatible; Googlebot/2.1; +http://www.google.com/bot.html)"
66.249.79.166 - - [25/Nov/2024:06:27:41 -0700] "GET /news/fadjfx/ HTTP/1.1" 200 94 "-" "Mozilla/5.0 (compatible; Googlebot/2.1; +http://www.google.com/bot.html)"
87.250.224.26 - - [25/Nov/2024:06:28:07 -0700] "GET /eoIynx1tfi2t/files/Secondary/files/Senior%20Secondary/BusinessStudies-min.pdf HTTP/1.1" 200 94 "-" "Mozilla/5.0 (compatible; YandexBot/3.0; +http://yandex.com/bots)"
87.250.224.253 - - [25/Nov/2024:06:28:18 -0700] "GET /myadmin/cbse/files/Secondary/files/I-VIII/files/Secondary/Social_Science_Sec_2019-20-min.pdf HTTP/1.1" 200 94 "-" "Mozilla/5.0 (compatible; YandexBot/3.0; +http://yandex.com/bots)"
95.108.213.205 - - [25/Nov/2024:06:28:32 -0700] "GET /eoprototypographer1igw2t/files/Senior%20Secondary/files/IX-X/files/Secondary/files/Senior%20Secondary/Accountancy-min.pdf HTTP/1.1" 200 94 "-" "Mozilla/5.0 (compatible; YandexBot/3.0; +http://yandex.com/bots)"
213.180.203.149 - - [25/Nov/2024:06:28:43 -0700] "GET /eoElizabethtown1kim9t/files/Senior%20Secondary/files/Secondary/English_Sec_2019-20-min.pdf HTTP/1.1" 200 94 "-" "Mozilla/5.0 (compatible; YandexBot/3.0; +http://yandex.com/bots)"
95.108.213.93 - - [25/Nov/2024:06:28:44 -0700] "GET /eodunch7tkq0t/files/Secondary/files/I-VIII/files/Secondary/news-coverage.php HTTP/1.1" 200 94 "-" "Mozilla/5.0 (compatible; YandexBot/3.0; +http://yandex.com/bots)"
87.250.224.22 - - [25/Nov/2024:06:28:46 -0700] "GET /eomelon7qin7t/files/Secondary/files/Secondary/files/I-VIII/Science%20%20(III%20to%20VIII)-min.pdf HTTP/1.1" 200 94 "-" "Mozilla/5.0 (compatible; YandexBot/3.0; +http://yandex.com/bots)"
66.249.79.168 - - [25/Nov/2024:06:29:10 -0700] "GET /news/zmocus/ HTTP/1.1" 200 94 "-" "Mozilla/5.0 (compatible; Googlebot/2.1; +http://www.google.com/bot.html)"
66.249.79.167 - - [25/Nov/2024:06:29:16 -0700] "GET /detail/agkspv/3d-online-chat-games.html HTTP/1.1" 200 94 "-" "Mozilla/5.0 (compatible; Googlebot/2.1; +http://www.google.com/bot.html)"
213.180.203.148 - - [25/Nov/2024:06:29:35 -0700] "GET /myadmin/gallery/files/I-VIII/files/IX-X/files/Secondary/files/Secondary/ART_EDUCATION-min.pdf HTTP/1.1" 200 94 "-" "Mozilla/5.0 (compatible; YandexBot/3.0; +http://yandex.com/bots)"
66.249.79.166 - - [25/Nov/2024:06:29:46 -0700] "GET /news/vqeyhs/mumbai-indians-semi-final-hindi.html HTTP/1.1" 200 94 "-" "Mozilla/5.0 (compatible; Googlebot/2.1; +http://www.google.com/bot.html)"
66.249.79.166 - - [25/Nov/2024:06:29:47 -0700] "GET /bet/povvke/iconic-world-cup-moments.html HTTP/1.1" 200 94 "-" "Mozilla/5.0 (compatible; Googlebot/2.1; +http://www.google.com/bot.html)"
66.249.79.167 - - [25/Nov/2024:06:30:07 -0700] "GET /bet/bbxxwi/ HTTP/1.1" 200 94 "-" "Mozilla/5.0 (compatible; Googlebot/2.1; +http://www.google.com/bot.html)"
66.249.79.166 - - [25/Nov/2024:06:30:22 -0700] "GET /detail/mhdhqf/cricket-player-apps.html HTTP/1.1" 200 94 "-" "Mozilla/5.0 (compatible; Googlebot/2.1; +http://www.google.com/bot.html)"
216.244.66.233 - - [25/Nov/2024:06:30:31 -0700] "GET /news/files/I-VIII/files/Secondary/Hindi_B_sec%202019-20-min.pdf HTTP/1.1" 200 94 "-" "Mozilla/5.0 (compatible; DotBot/1.2; +https://opensiteexplorer.org/dotbot; help@moz.com)"
213.180.203.46 - - [25/Nov/2024:06:30:34 -0700] "GET /eosamploscope2eiz8t/files/Senior%20Secondary/files/Senior%20Secondary/files/Senior%20Secondary/Intitial_pages_srsec_2019-20%20(1)-min.pdf HTTP/1.1" 200 94 "-" "Mozilla/5.0 (compatible; YandexBot/3.0; +http://yandex.com/bots)"
136.143.178.51 - - [25/Nov/2024:06:30:36 -0700] "GET / HTTP/1.1" 200 94 "-" "Site24x7"
66.249.79.166 - - [25/Nov/2024:06:30:49 -0700] "GET /news/mmnzek/ HTTP/1.1" 200 94 "-" "Mozilla/5.0 (compatible; Googlebot/2.1; +http://www.google.com/bot.html)"
66.249.79.166 - - [25/Nov/2024:06:30:50 -0700] "GET /detail/zvfwkm/free-website-builder-selling-products.html HTTP/1.1" 200 94 "-" "Mozilla/5.0 (compatible; Googlebot/2.1; +http://www.google.com/bot.html)"
66.249.79.168 - - [25/Nov/2024:06:31:05 -0700] "GET /detail/uwbfgv/ HTTP/1.1" 200 94 "-" "Mozilla/5.0 (compatible; Googlebot/2.1; +http://www.google.com/bot.html)"
66.249.79.167 - - [25/Nov/2024:06:31:34 -0700] "GET /news/wlimkr/ HTTP/1.1" 200 94 "-" "Mozilla/5.0 (compatible; Googlebot/2.1; +http://www.google.com/bot.html)"
69.162.124.238 - - [25/Nov/2024:06:32:03 -0700] "HEAD /cbse-corner.php HTTP/1.1" 200 - "https://cholang.akalacademy.ac.in/cbse-corner.php" "Mozilla/5.0+(compatible; UptimeRobot/2.0; http://www.uptimerobot.com/)"
66.249.79.166 - - [25/Nov/2024:06:32:21 -0700] "GET /bet/weoxkt/ HTTP/1.1" 200 94 "-" "Mozilla/5.0 (compatible; Googlebot/2.1; +http://www.google.com/bot.html)"
66.249.79.166 - - [25/Nov/2024:06:34:28 -0700] "GET /news/awtwow/ HTTP/1.1" 200 94 "-" "Mozilla/5.0 (compatible; Googlebot/2.1; +http://www.google.com/bot.html)"
66.249.79.168 - - [25/Nov/2024:06:35:21 -0700] "GET /detail/twgzie/vitality-t20-blast-2019-team-squads.html HTTP/1.1" 200 94 "-" "Mozilla/5.0 (compatible; Googlebot/2.1; +http://www.google.com/bot.html)"
136.143.178.50 - - [25/Nov/2024:06:35:38 -0700] "GET / HTTP/1.1" 200 94 "-" "Site24x7"
66.249.79.167 - - [25/Nov/2024:06:35:56 -0700] "GET /news/rvcowv/ HTTP/1.1" 200 94 "-" "Mozilla/5.0 (compatible; Googlebot/2.1; +http://www.google.com/bot.html)"
66.249.79.168 - - [25/Nov/2024:06:36:31 -0700] "GET /news/lrdycz/ HTTP/1.1" 200 94 "-" "Mozilla/5.0 (compatible; Googlebot/2.1; +http://www.google.com/bot.html)"
69.162.124.238 - - [25/Nov/2024:06:37:03 -0700] "HEAD /cbse-corner.php HTTP/1.1" 200 - "https://cholang.akalacademy.ac.in/cbse-corner.php" "Mozilla/5.0+(compatible; UptimeRobot/2.0; http://www.uptimerobot.com/)"
66.249.79.166 - - [25/Nov/2024:06:37:57 -0700] "GET /news/igisgj/2015-paragliding-world-cup-in.html HTTP/1.1" 200 94 "-" "Mozilla/5.0 (compatible; Googlebot/2.1; +http://www.google.com/bot.html)"
66.249.79.166 - - [25/Nov/2024:06:38:45 -0700] "GET /bet/biybna/diffrrnce-bet.html HTTP/1.1" 200 94 "-" "Mozilla/5.0 (compatible; Googlebot/2.1; +http://www.google.com/bot.html)"
66.249.79.168 - - [25/Nov/2024:06:39:23 -0700] "GET /bet/lnhyly/ HTTP/1.1" 200 94 "-" "Mozilla/5.0 (compatible; Googlebot/2.1; +http://www.google.com/bot.html)"
66.249.79.166 - - [25/Nov/2024:06:39:46 -0700] "GET /detail/limlqc/ HTTP/1.1" 200 94 "-" "Mozilla/5.0 (compatible; Googlebot/2.1; +http://www.google.com/bot.html)"
213.180.203.15 - - [25/Nov/2024:06:40:04 -0700] "GET /robots.txt HTTP/1.1" 200 94 "-" "Mozilla/5.0 (compatible; YandexBot/3.0; +http://yandex.com/bots)"
95.108.213.165 - - [25/Nov/2024:06:40:05 -0700] "GET /eodunch7tkq0t/files/Senior%20Secondary/files/I-VIII/files/IX-X/files/Secondary/Science_Sec_2019-20-min.pdf HTTP/1.1" 200 94 "-" "Mozilla/5.0 (compatible; YandexBot/3.0; +http://yandex.com/bots)"
87.250.224.228 - - [25/Nov/2024:06:40:16 -0700] "GET /eoprototypographer1igw2t/files/Secondary/files/I-VIII/files/Secondary/Intitial_pages_srsec_2019-20-min.pdf HTTP/1.1" 200 94 "-" "Mozilla/5.0 (compatible; YandexBot/3.0; +http://yandex.com/bots)"
213.180.203.149 - - [25/Nov/2024:06:40:20 -0700] "GET /eoShoa6uww2t/files/Senior%20Secondary/files/IX-X/files/Senior%20Secondary/files/Secondary/402-INFO_TECH_X-min.pdf HTTP/1.1" 200 94 "-" "Mozilla/5.0 (compatible; YandexBot/3.0; +http://yandex.com/bots)"
136.143.179.51 - - [25/Nov/2024:06:40:40 -0700] "GET / HTTP/1.1" 200 94 "-" "Site24x7"
213.180.203.147 - - [25/Nov/2024:06:40:44 -0700] "GET /eowithholders5izl9t/files/Secondary/files/Secondary/Intitial_pages_sec_2019-20-min.pdf HTTP/1.1" 200 94 "-" "Mozilla/5.0 (compatible; YandexBot/3.0; +http://yandex.com/bots)"
66.249.79.167 - - [25/Nov/2024:06:41:03 -0700] "GET /detail/enoflo/ HTTP/1.1" 200 94 "-" "Mozilla/5.0 (compatible; Googlebot/2.1; +http://www.google.com/bot.html)"
66.249.79.167 - - [25/Nov/2024:06:41:45 -0700] "GET /detail/jxgxws/zynga-play-free-online-games.html HTTP/1.1" 200 94 "-" "Mozilla/5.0 (compatible; Googlebot/2.1; +http://www.google.com/bot.html)"
69.162.124.238 - - [25/Nov/2024:06:42:03 -0700] "HEAD /cbse-corner.php HTTP/1.1" 200 - "https://cholang.akalacademy.ac.in/cbse-corner.php" "Mozilla/5.0+(compatible; UptimeRobot/2.0; http://www.uptimerobot.com/)"
5.255.231.155 - - [25/Nov/2024:06:42:13 -0700] "GET /eointermicellar9oos3t/files/Secondary/files/Secondary/files/Secondary/417-VIII-min.pdf HTTP/1.1" 200 94 "-" "Mozilla/5.0 (compatible; YandexBot/3.0; +http://yandex.com/bots)"
213.180.203.169 - - [25/Nov/2024:06:42:15 -0700] "GET /robots.txt HTTP/1.1" 200 94 "-" "Mozilla/5.0 (compatible; YandexBot/3.0; +http://yandex.com/bots)"
5.255.231.126 - - [25/Nov/2024:06:42:16 -0700] "GET /files/files/Senior%20Secondary/files/I-VIII/files/Senior%20Secondary/Accountancy-min.pdf HTTP/1.1" 200 94 "-" "Mozilla/5.0 (compatible; YandexBot/3.0; +http://yandex.com/bots)"
66.249.79.166 - - [25/Nov/2024:06:42:24 -0700] "GET /bet/jaogbs/ HTTP/1.1" 200 94 "-" "Mozilla/5.0 (compatible; Googlebot/2.1; +http://www.google.com/bot.html)"
5.255.231.68 - - [25/Nov/2024:06:42:58 -0700] "GET /myadmin/cbse/files/Secondary/files/Senior%20Secondary/files/Senior%20Secondary/Intitial_pages_srsec_2019-20%20(1)-min.pdf HTTP/1.1" 200 94 "-" "Mozilla/5.0 (compatible; YandexBot/3.0; +http://yandex.com/bots)"
95.108.213.116 - - [25/Nov/2024:06:43:23 -0700] "GET /robots.txt HTTP/1.1" 200 94 "-" "Mozilla/5.0 (compatible; YandexBot/3.0; +http://yandex.com/bots)"
87.250.224.250 - - [25/Nov/2024:06:43:24 -0700] "GET /eoprototypographer1igw2t/files/IX-X/files/Secondary/files/IX-X/cbse-corner.php HTTP/1.1" 200 94 "-" "Mozilla/5.0 (compatible; YandexBot/3.0; +http://yandex.com/bots)"
87.250.224.2 - - [25/Nov/2024:06:43:24 -0700] "GET /eodead-set4wdq8t/files/Secondary/files/IX-X/pedagogy.php HTTP/1.1" 200 94 "-" "Mozilla/5.0 (compatible; YandexBot/3.0; +http://yandex.com/bots)"
87.250.224.204 - - [25/Nov/2024:06:43:24 -0700] "GET /myadmin/gallery/files/Senior%20Secondary/files/I-VIII/files/Secondary/Social_Science_Sec_2019-20-min.pdf HTTP/1.1" 200 94 "-" "Mozilla/5.0 (compatible; YandexBot/3.0; +http://yandex.com/bots)"
87.250.224.232 - - [25/Nov/2024:06:44:10 -0700] "GET /myadmin/gallery/files/Secondary/files/Secondary/files/Secondary/417-VIII-min.pdf HTTP/1.1" 200 94 "-" "Mozilla/5.0 (compatible; YandexBot/3.0; +http://yandex.com/bots)"
66.249.79.168 - - [25/Nov/2024:06:44:11 -0700] "GET /detail/twrfkr/ HTTP/1.1" 200 94 "-" "Mozilla/5.0 (compatible; Googlebot/2.1; +http://www.google.com/bot.html)"
66.249.79.167 - - [25/Nov/2024:06:44:26 -0700] "GET /detail/vheomg/ HTTP/1.1" 200 94 "-" "Mozilla/5.0 (compatible; Googlebot/2.1; +http://www.google.com/bot.html)"
52.167.144.209 - - [25/Nov/2024:06:44:55 -0700] "GET /myadmin/gallery/03-11-53_U1Q1LmpwZw== HTTP/1.1" 200 41890 "-" "Mozilla/5.0 AppleWebKit/537.36 (KHTML, like Gecko; compatible; bingbot/2.0; +http://www.bing.com/bingbot.htm) Chrome/116.0.1938.76 Safari/537.36"
66.249.79.167 - - [25/Nov/2024:06:45:20 -0700] "GET /news/rceukl/monfils-svitolina.html HTTP/1.1" 200 94 "-" "Mozilla/5.0 (compatible; Googlebot/2.1; +http://www.google.com/bot.html)"
66.249.79.167 - - [25/Nov/2024:06:45:41 -0700] "GET /news/rwxazb/ HTTP/1.1" 200 94 "-" "Mozilla/5.0 (compatible; Googlebot/2.1; +http://www.google.com/bot.html)"
66.249.79.166 - - [25/Nov/2024:06:45:41 -0700] "GET /bet/zkwnmv/ HTTP/1.1" 200 94 "-" "Mozilla/5.0 (compatible; Googlebot/2.1; +http://www.google.com/bot.html)"
136.143.179.50 - - [25/Nov/2024:06:45:42 -0700] "GET / HTTP/1.1" 200 94 "-" "Site24x7"
66.249.79.167 - - [25/Nov/2024:06:46:21 -0700] "GET /news/erdrcq/ HTTP/1.1" 200 94 "-" "Mozilla/5.0 (compatible; Googlebot/2.1; +http://www.google.com/bot.html)"
66.249.79.167 - - [25/Nov/2024:06:46:55 -0700] "GET /news/qqjdjp/layers-of-fear-ouija-board.html HTTP/1.1" 200 94 "-" "Mozilla/5.0 (compatible; Googlebot/2.1; +http://www.google.com/bot.html)"
69.162.124.238 - - [25/Nov/2024:06:47:03 -0700] "HEAD /cbse-corner.php HTTP/1.1" 200 - "https://cholang.akalacademy.ac.in/cbse-corner.php" "Mozilla/5.0+(compatible; UptimeRobot/2.0; http://www.uptimerobot.com/)"
66.249.79.166 - - [25/Nov/2024:06:47:12 -0700] "GET /news/hgrbjv/ipl-prediction-2022-today.html HTTP/1.1" 200 94 "-" "Mozilla/5.0 (compatible; Googlebot/2.1; +http://www.google.com/bot.html)"
66.249.79.166 - - [25/Nov/2024:06:47:22 -0700] "GET /detail/cxzgrv/free-bet-sign-up.html HTTP/1.1" 200 94 "-" "Mozilla/5.0 (compatible; Googlebot/2.1; +http://www.google.com/bot.html)"
66.249.79.168 - - [25/Nov/2024:06:48:46 -0700] "GET /bet/gjzgek/ HTTP/1.1" 200 94 "-" "Mozilla/5.0 (compatible; Googlebot/2.1; +http://www.google.com/bot.html)"
66.249.79.166 - - [25/Nov/2024:06:49:16 -0700] "GET /detail/obigmg/netball-world-cup-2015-program.html HTTP/1.1" 200 94 "-" "Mozilla/5.0 (compatible; Googlebot/2.1; +http://www.google.com/bot.html)"
66.249.79.166 - - [25/Nov/2024:06:49:26 -0700] "GET /bet/vjypes/ HTTP/1.1" 200 94 "-" "Mozilla/5.0 (compatible; Googlebot/2.1; +http://www.google.com/bot.html)"
66.249.79.166 - - [25/Nov/2024:06:49:28 -0700] "GET /news/dothfh/ HTTP/1.1" 200 94 "-" "Mozilla/5.0 (compatible; Googlebot/2.1; +http://www.google.com/bot.html)"
66.249.79.167 - - [25/Nov/2024:06:49:29 -0700] "GET /news/amhibo/ HTTP/1.1" 200 94 "-" "Mozilla/5.0 (compatible; Googlebot/2.1; +http://www.google.com/bot.html)"
66.249.79.167 - - [25/Nov/2024:06:50:19 -0700] "GET /detail/jciszm/womens-t20-last-year-ipl-scores.html HTTP/1.1" 200 94 "-" "Mozilla/5.0 (compatible; Googlebot/2.1; +http://www.google.com/bot.html)"
66.249.79.167 - - [25/Nov/2024:06:50:39 -0700] "GET /bet/ovjqrr/don-bradman-cricket-17-king-of-game.html HTTP/1.1" 200 94 "-" "Mozilla/5.0 (compatible; Googlebot/2.1; +http://www.google.com/bot.html)"
66.249.79.166 - - [25/Nov/2024:06:50:39 -0700] "GET /news/kfgkdi/ HTTP/1.1" 200 94 "-" "Mozilla/5.0 (compatible; Googlebot/2.1; +http://www.google.com/bot.html)"
136.143.178.51 - - [25/Nov/2024:06:50:46 -0700] "GET / HTTP/1.1" 200 94 "-" "Site24x7"
66.249.79.168 - - [25/Nov/2024:06:51:05 -0700] "GET /bet/ynbifn/ HTTP/1.1" 200 94 "-" "Mozilla/5.0 (compatible; Googlebot/2.1; +http://www.google.com/bot.html)"
66.249.79.166 - - [25/Nov/2024:06:51:20 -0700] "GET /detail/wgxtcs/ HTTP/1.1" 200 94 "-" "Mozilla/5.0 (compatible; Googlebot/2.1; +http://www.google.com/bot.html)"
5.255.231.78 - - [25/Nov/2024:06:51:26 -0700] "GET /eosamploscope2eiz8t/files/Senior%20Secondary/files/IX-X/files/Senior%20Secondary/files/I-VIII/VI-X%20Punjabi-min.pdf HTTP/1.1" 200 94 "-" "Mozilla/5.0 (compatible; YandexBot/3.0; +http://yandex.com/bots)"
213.180.203.80 - - [25/Nov/2024:06:51:30 -0700] "GET /eosubaqual1cmo7t/files/Senior%20Secondary/ComputerSc_NewXII-min.pdf HTTP/1.1" 200 94 "-" "Mozilla/5.0 (compatible; YandexBot/3.0; +http://yandex.com/bots)"
69.162.124.238 - - [25/Nov/2024:06:52:03 -0700] "HEAD /cbse-corner.php HTTP/1.1" 200 - "https://cholang.akalacademy.ac.in/cbse-corner.php" "Mozilla/5.0+(compatible; UptimeRobot/2.0; http://www.uptimerobot.com/)"
66.249.79.166 - - [25/Nov/2024:06:52:14 -0700] "GET /bet/oudlbf/india-vs-oman-football-live-today.html HTTP/1.1" 200 94 "-" "Mozilla/5.0 (compatible; Googlebot/2.1; +http://www.google.com/bot.html)"
66.249.79.167 - - [25/Nov/2024:06:52:54 -0700] "GET /news/nhlndd/ HTTP/1.1" 200 94 "-" "Mozilla/5.0 (compatible; Googlebot/2.1; +http://www.google.com/bot.html)"
66.249.79.167 - - [25/Nov/2024:06:53:01 -0700] "GET /news/oxgkkh/ HTTP/1.1" 200 94 "-" "Mozilla/5.0 (compatible; Googlebot/2.1; +http://www.google.com/bot.html)"
136.143.178.50 - - [25/Nov/2024:06:55:54 -0700] "GET / HTTP/1.1" 200 94 "-" "Site24x7"
66.249.79.166 - - [25/Nov/2024:06:56:29 -0700] "GET /bet/hfzgjs/ HTTP/1.1" 200 94 "-" "Mozilla/5.0 (compatible; Googlebot/2.1; +http://www.google.com/bot.html)"
66.249.79.167 - - [25/Nov/2024:06:56:30 -0700] "GET /bet/hfzgjs/ HTTP/1.1" 200 94 "-" "Mozilla/5.0 (compatible; Googlebot/2.1; +http://www.google.com/bot.html)"
69.162.124.238 - - [25/Nov/2024:06:57:03 -0700] "HEAD /cbse-corner.php HTTP/1.1" 200 - "https://cholang.akalacademy.ac.in/cbse-corner.php" "Mozilla/5.0+(compatible; UptimeRobot/2.0; http://www.uptimerobot.com/)"
66.249.79.168 - - [25/Nov/2024:06:59:14 -0700] "GET /news/qpngeq/ HTTP/1.1" 200 94 "-" "Mozilla/5.0 (compatible; Googlebot/2.1; +http://www.google.com/bot.html)"
66.249.79.167 - - [25/Nov/2024:06:59:49 -0700] "GET /detail/sivfia/ HTTP/1.1" 200 94 "-" "Mozilla/5.0 (compatible; Googlebot/2.1; +http://www.google.com/bot.html)"
66.249.79.166 - - [25/Nov/2024:07:00:01 -0700] "GET /detail/vwmzpq/free-online-slots-usa.html HTTP/1.1" 200 94 "-" "Mozilla/5.0 (compatible; Googlebot/2.1; +http://www.google.com/bot.html)"
66.249.79.166 - - [25/Nov/2024:07:00:14 -0700] "GET /news/whypdv/celtic-fixed-matches.html HTTP/1.1" 200 94 "-" "Mozilla/5.0 (compatible; Googlebot/2.1; +http://www.google.com/bot.html)"
66.249.79.166 - - [25/Nov/2024:07:00:46 -0700] "GET /news/qdikrz/icc-stats-world-cup.html HTTP/1.1" 200 94 "-" "Mozilla/5.0 (compatible; Googlebot/2.1; +http://www.google.com/bot.html)"
136.143.179.51 - - [25/Nov/2024:07:00:56 -0700] "GET / HTTP/1.1" 200 94 "-" "Site24x7"
69.162.124.238 - - [25/Nov/2024:07:02:03 -0700] "HEAD /cbse-corner.php HTTP/1.1" 200 - "https://cholang.akalacademy.ac.in/cbse-corner.php" "Mozilla/5.0+(compatible; UptimeRobot/2.0; http://www.uptimerobot.com/)"
66.249.79.167 - - [25/Nov/2024:07:02:11 -0700] "GET /news/lbhyeb/rummy-nabob-com.html HTTP/1.1" 200 94 "-" "Mozilla/5.0 (compatible; Googlebot/2.1; +http://www.google.com/bot.html)"
66.249.79.166 - - [25/Nov/2024:07:02:26 -0700] "GET /news/yvoiec/ HTTP/1.1" 200 94 "-" "Mozilla/5.0 (compatible; Googlebot/2.1; +http://www.google.com/bot.html)"
66.249.79.168 - - [25/Nov/2024:07:03:36 -0700] "GET /detail/xxloiq/ HTTP/1.1" 200 94 "-" "Mozilla/5.0 (compatible; Googlebot/2.1; +http://www.google.com/bot.html)"
66.249.79.167 - - [25/Nov/2024:07:03:58 -0700] "GET /detail/bvqqwl/ HTTP/1.1" 200 94 "-" "Mozilla/5.0 (compatible; Googlebot/2.1; +http://www.google.com/bot.html)"
66.249.79.166 - - [25/Nov/2024:07:04:47 -0700] "GET /bet/rghhaz/pow-kiddy-rgb-20s.html HTTP/1.1" 200 94 "-" "Mozilla/5.0 (compatible; Googlebot/2.1; +http://www.google.com/bot.html)"
66.249.79.166 - - [25/Nov/2024:07:05:57 -0700] "GET /news/zwxvrx/tamil-nadu-cricket-player-1983.html HTTP/1.1" 200 94 "-" "Mozilla/5.0 (compatible; Googlebot/2.1; +http://www.google.com/bot.html)"
136.143.179.50 - - [25/Nov/2024:07:05:58 -0700] "GET / HTTP/1.1" 200 94 "-" "Site24x7"
66.249.79.168 - - [25/Nov/2024:07:06:00 -0700] "GET /bet/cqdnqo/ HTTP/1.1" 200 94 "-" "Mozilla/5.0 (compatible; Googlebot/2.1; +http://www.google.com/bot.html)"
66.249.79.166 - - [25/Nov/2024:07:06:10 -0700] "GET /bet/clhyjn/icc-n.html HTTP/1.1" 200 94 "-" "Mozilla/5.0 (compatible; Googlebot/2.1; +http://www.google.com/bot.html)"
66.249.79.166 - - [25/Nov/2024:07:06:59 -0700] "GET /detail/qlbaog/slot-mobile-online.html HTTP/1.1" 200 94 "-" "Mozilla/5.0 (compatible; Googlebot/2.1; +http://www.google.com/bot.html)"
69.162.124.238 - - [25/Nov/2024:07:07:03 -0700] "HEAD /cbse-corner.php HTTP/1.1" 200 - "https://cholang.akalacademy.ac.in/cbse-corner.php" "Mozilla/5.0+(compatible; UptimeRobot/2.0; http://www.uptimerobot.com/)"
66.249.79.168 - - [25/Nov/2024:07:07:18 -0700] "GET /detail/xvyiti/ HTTP/1.1" 200 94 "-" "Mozilla/5.0 (compatible; Googlebot/2.1; +http://www.google.com/bot.html)"
66.249.79.167 - - [25/Nov/2024:07:08:54 -0700] "GET /bet/pehgjx/quickpay-download.html HTTP/1.1" 200 94 "-" "Mozilla/5.0 (compatible; Googlebot/2.1; +http://www.google.com/bot.html)"
66.249.79.168 - - [25/Nov/2024:07:08:56 -0700] "GET /bet/njwqds/nz-vs-ind-womens-t20-hostar.html HTTP/1.1" 200 94 "-" "Mozilla/5.0 (compatible; Googlebot/2.1; +http://www.google.com/bot.html)"
66.249.79.168 - - [25/Nov/2024:07:09:55 -0700] "GET /news/ncnxdx/how-to-watch-t20-world-cup-2021.html HTTP/1.1" 200 94 "-" "Mozilla/5.0 (compatible; Googlebot/2.1; +http://www.google.com/bot.html)"
136.143.178.50 - - [25/Nov/2024:07:11:00 -0700] "GET / HTTP/1.1" 200 94 "-" "Site24x7"
66.249.79.166 - - [25/Nov/2024:07:11:42 -0700] "GET /news/cqtofb/ HTTP/1.1" 200 94 "-" "Mozilla/5.0 (compatible; Googlebot/2.1; +http://www.google.com/bot.html)"
69.162.124.238 - - [25/Nov/2024:07:12:03 -0700] "HEAD /cbse-corner.php HTTP/1.1" 200 - "https://cholang.akalacademy.ac.in/cbse-corner.php" "Mozilla/5.0+(compatible; UptimeRobot/2.0; http://www.uptimerobot.com/)"
