66.249.79.73 - - [25/Nov/2024:06:46:05 -0700] "GET /bet/acgpnv/how-to-adjust-time-in-casino-wr200m.html HTTP/1.1" 200 94 "-" "Mozilla/5.0 (compatible; Googlebot/2.1; +http://www.google.com/bot.html)"
69.162.124.238 - - [25/Nov/2024:06:46:11 -0700] "HEAD /cbse-corner.php HTTP/1.1" 200 - "https://chogawan.akalacademy.ac.in/cbse-corner.php" "Mozilla/5.0+(compatible; UptimeRobot/2.0; http://www.uptimerobot.com/)"
66.249.79.74 - - [25/Nov/2024:06:46:18 -0700] "GET /bet/nvoogr/ HTTP/1.1" 200 94 "-" "Mozilla/5.0 (compatible; Googlebot/2.1; +http://www.google.com/bot.html)"
66.249.79.73 - - [25/Nov/2024:06:46:28 -0700] "GET /bet/pogmeb/play-casino-online-india-Medium.html HTTP/1.1" 200 94 "-" "Mozilla/5.0 (compatible; Googlebot/2.1; +http://www.google.com/bot.html)"
66.249.79.73 - - [25/Nov/2024:06:47:16 -0700] "GET /store HTTP/1.1" 200 94 "-" "Mozilla/5.0 (Linux; Android 6.0.1; Nexus 5X Build/MMB29P) AppleWebKit/537.36 (KHTML, like Gecko) Chrome/131.0.6778.69 Mobile Safari/537.36 (compatible; Googlebot/2.1; +http://www.google.com/bot.html)"
66.249.79.74 - - [25/Nov/2024:06:47:36 -0700] "GET /bet/bglaod/ HTTP/1.1" 200 94 "-" "Mozilla/5.0 (compatible; Googlebot/2.1; +http://www.google.com/bot.html)"
66.249.79.73 - - [25/Nov/2024:06:47:58 -0700] "GET /news/fxvjwq/online-casino-erweitert.html HTTP/1.1" 200 94 "-" "Mozilla/5.0 (compatible; Googlebot/2.1; +http://www.google.com/bot.html)"
66.249.79.73 - - [25/Nov/2024:06:48:00 -0700] "GET /detail/gstxpc/when-world-cup-start-fifa.html HTTP/1.1" 200 94 "-" "Mozilla/5.0 (compatible; Googlebot/2.1; +http://www.google.com/bot.html)"
66.249.79.73 - - [25/Nov/2024:06:48:18 -0700] "GET /detail/wicyvv/ HTTP/1.1" 200 94 "-" "Mozilla/5.0 (compatible; Googlebot/2.1; +http://www.google.com/bot.html)"
52.167.144.145 - - [25/Nov/2024:06:48:28 -0700] "GET /blog/2690/files/Secondary/files/Senior%20Secondary/Punjabi_XI-min.pdf HTTP/1.1" 200 94 "-" "Mozilla/5.0 AppleWebKit/537.36 (KHTML, like Gecko; compatible; bingbot/2.0; +http://www.bing.com/bingbot.htm) Chrome/116.0.1938.76 Safari/537.36"
66.249.79.73 - - [25/Nov/2024:06:48:57 -0700] "GET /news/rscltn/gaming-club-casino-casinonewsdaily.com.html HTTP/1.1" 200 94 "-" "Mozilla/5.0 (compatible; Googlebot/2.1; +http://www.google.com/bot.html)"
52.167.144.236 - - [25/Nov/2024:06:49:25 -0700] "GET /latest_news/files/ix-x/files/I-VIII/Maths%20(I%20to%20VIII)-min.pdf HTTP/1.1" 200 94 "-" "Mozilla/5.0 AppleWebKit/537.36 (KHTML, like Gecko; compatible; bingbot/2.0; +http://www.bing.com/bingbot.htm) Chrome/116.0.1938.76 Safari/537.36"
66.249.79.74 - - [25/Nov/2024:06:49:47 -0700] "GET /detail/ukycld/ HTTP/1.1" 200 94 "-" "Mozilla/5.0 (compatible; Googlebot/2.1; +http://www.google.com/bot.html)"
66.249.79.73 - - [25/Nov/2024:06:49:48 -0700] "GET /bet/mxniye/ HTTP/1.1" 200 94 "-" "Mozilla/5.0 (compatible; Googlebot/2.1; +http://www.google.com/bot.html)"
66.249.79.73 - - [25/Nov/2024:06:49:51 -0700] "GET /detail/hfgkpb/pakw-vs-rsaw-last-t20-match-scorecard.html HTTP/1.1" 200 94 "-" "Mozilla/5.0 (compatible; Googlebot/2.1; +http://www.google.com/bot.html)"
147.78.253.194 - - [25/Nov/2024:06:50:24 -0700] "GET /wp-login.php HTTP/1.1" 200 94 "http://chogawan.akalacademy.ac.in/wp-login.php" "Mozilla/5.0 (X11; Ubuntu; Linux x86_64; rv:62.0) Gecko/20100101 Firefox/62.0"
66.249.79.75 - - [25/Nov/2024:06:50:58 -0700] "GET /news/rnjhtj/ HTTP/1.1" 200 94 "-" "Mozilla/5.0 (compatible; Googlebot/2.1; +http://www.google.com/bot.html)"
69.162.124.238 - - [25/Nov/2024:06:51:11 -0700] "HEAD /cbse-corner.php HTTP/1.1" 200 - "https://chogawan.akalacademy.ac.in/cbse-corner.php" "Mozilla/5.0+(compatible; UptimeRobot/2.0; http://www.uptimerobot.com/)"
66.249.79.74 - - [25/Nov/2024:06:51:59 -0700] "GET /news/dszytm/ HTTP/1.1" 200 94 "-" "Mozilla/5.0 (compatible; Googlebot/2.1; +http://www.google.com/bot.html)"
52.167.144.203 - - [25/Nov/2024:06:53:18 -0700] "GET /mptc4xma5sc/files/senior%20secondary/files/IX-X/Grade%20(IX)-min.pdf HTTP/1.1" 200 94 "-" "Mozilla/5.0 AppleWebKit/537.36 (KHTML, like Gecko; compatible; bingbot/2.0; +http://www.bing.com/bingbot.htm) Chrome/116.0.1938.76 Safari/537.36"
52.167.144.236 - - [25/Nov/2024:06:53:47 -0700] "GET /2021/09/01/%E5%93%81%E5%B7%9D%E5%85%90%E7%AB%A5%E5%AD%A6%E5%9C%92%E8%81%B7%E5%93%A1%E3%83%BB%E5%88%A9%E7%94%A8%E8%80%85%E3%81%AEpcr%E6%A4%9C%E6%9F%BB%E3%80%8C%E9%99%BD%E6%80%A7%E3%80%8D%E5%88%A4%E6%98%8E/files/Secondary/files/I-VIII/contact.php HTTP/1.1" 200 94 "-" "Mozilla/5.0 AppleWebKit/537.36 (KHTML, like Gecko; compatible; bingbot/2.0; +http://www.bing.com/bingbot.htm) Chrome/116.0.1938.76 Safari/537.36"
66.249.79.75 - - [25/Nov/2024:06:53:53 -0700] "GET /bet/wnxism/ HTTP/1.1" 200 94 "-" "Mozilla/5.0 (compatible; Googlebot/2.1; +http://www.google.com/bot.html)"
66.249.79.73 - - [25/Nov/2024:06:54:08 -0700] "GET /bet/dlzgho/sa-vs-wi-t20-highest-run-chase.html HTTP/1.1" 200 94 "-" "Mozilla/5.0 (compatible; Googlebot/2.1; +http://www.google.com/bot.html)"
52.167.144.222 - - [25/Nov/2024:06:54:18 -0700] "GET /examenes-certificaciones-test-oficiales-exams/files/I-VIII/files/I-VIII/VI-X%20Punjabi-min.pdf HTTP/1.1" 200 94 "-" "Mozilla/5.0 AppleWebKit/537.36 (KHTML, like Gecko; compatible; bingbot/2.0; +http://www.bing.com/bingbot.htm) Chrome/116.0.1938.76 Safari/537.36"
66.249.79.73 - - [25/Nov/2024:06:54:22 -0700] "GET /detail/dkaafx/womens-world-cup-2020-points-table.html HTTP/1.1" 200 94 "-" "Mozilla/5.0 (compatible; Googlebot/2.1; +http://www.google.com/bot.html)"
66.249.79.73 - - [25/Nov/2024:06:54:39 -0700] "GET /bet/xbgili/ HTTP/1.1" 200 94 "-" "Mozilla/5.0 (compatible; Googlebot/2.1; +http://www.google.com/bot.html)"
69.162.124.238 - - [25/Nov/2024:06:56:11 -0700] "HEAD /cbse-corner.php HTTP/1.1" 200 - "https://chogawan.akalacademy.ac.in/cbse-corner.php" "Mozilla/5.0+(compatible; UptimeRobot/2.0; http://www.uptimerobot.com/)"
66.249.79.74 - - [25/Nov/2024:06:56:15 -0700] "GET /news/egfgzq/hyatt-regency-north-shore-tahoe.html HTTP/1.1" 200 94 "-" "Mozilla/5.0 (compatible; Googlebot/2.1; +http://www.google.com/bot.html)"
52.167.144.236 - - [25/Nov/2024:06:57:08 -0700] "GET /mft%EF%BC%88%E5%8F%A3%E8%85%94%E7%AD%8B%E6%A9%9F%E8%83%BD%E7%99%82%E6%B3%95%EF%BC%89%E3%81%A3%E3%81%A6%E3%81%93%E3%82%93%E3%81%AA%E3%81%93%E3%81%A8%E3%82%92%E3%82%84%E3%81%A3%E3%81%A6%E3%81%84/files/Senior%20Secondary/files/I-VIII/addmission.php HTTP/1.1" 200 94 "-" "Mozilla/5.0 AppleWebKit/537.36 (KHTML, like Gecko; compatible; bingbot/2.0; +http://www.bing.com/bingbot.htm) Chrome/116.0.1938.76 Safari/537.36"
66.249.79.75 - - [25/Nov/2024:06:57:55 -0700] "GET /bet/jylpdi/point-table-if-2019-cricket-world-cup.html HTTP/1.1" 200 94 "-" "Mozilla/5.0 (compatible; Googlebot/2.1; +http://www.google.com/bot.html)"
52.167.144.236 - - [25/Nov/2024:06:57:56 -0700] "GET /cb-moyuku_v103b6/kansatukaibbs/files/I-VIII/files/Senior%20Secondary/theschool.php HTTP/1.1" 200 94 "-" "Mozilla/5.0 AppleWebKit/537.36 (KHTML, like Gecko; compatible; bingbot/2.0; +http://www.bing.com/bingbot.htm) Chrome/116.0.1938.76 Safari/537.36"
66.249.79.74 - - [25/Nov/2024:06:58:14 -0700] "GET /news/beriyf/india-vs-australia-t20-highlights-2018.html HTTP/1.1" 200 94 "-" "Mozilla/5.0 (compatible; Googlebot/2.1; +http://www.google.com/bot.html)"
52.167.144.167 - - [25/Nov/2024:06:58:30 -0700] "GET /munbreechesq006esc/files/Secondary/files/Senior%20Secondary/PhysicalEducation-min.pdf HTTP/1.1" 200 94 "-" "Mozilla/5.0 AppleWebKit/537.36 (KHTML, like Gecko; compatible; bingbot/2.0; +http://www.bing.com/bingbot.htm) Chrome/116.0.1938.76 Safari/537.36"
69.162.124.238 - - [25/Nov/2024:07:01:11 -0700] "HEAD /cbse-corner.php HTTP/1.1" 200 - "https://chogawan.akalacademy.ac.in/cbse-corner.php" "Mozilla/5.0+(compatible; UptimeRobot/2.0; http://www.uptimerobot.com/)"
66.249.79.75 - - [25/Nov/2024:07:01:21 -0700] "GET /detail/tqkkqn/world-cup-team-group-2019.html HTTP/1.1" 200 94 "-" "Mozilla/5.0 (compatible; Googlebot/2.1; +http://www.google.com/bot.html)"
66.249.79.74 - - [25/Nov/2024:07:02:05 -0700] "GET /detail/rllyhh/ HTTP/1.1" 200 94 "-" "Mozilla/5.0 (compatible; Googlebot/2.1; +http://www.google.com/bot.html)"
66.249.79.73 - - [25/Nov/2024:07:02:07 -0700] "GET /news/unkdzr/ HTTP/1.1" 200 94 "-" "Mozilla/5.0 (compatible; Googlebot/2.1; +http://www.google.com/bot.html)"
66.249.79.73 - - [25/Nov/2024:07:02:09 -0700] "GET /bet/octrth/ipl-2019-suresh-raina-score.html HTTP/1.1" 200 94 "-" "Mozilla/5.0 (compatible; Googlebot/2.1; +http://www.google.com/bot.html)"
40.77.167.36 - - [25/Nov/2024:07:02:18 -0700] "GET /strain/files/Secondary/files/I-VIII/Science%20%20(III%20to%20VIII)-min.pdf HTTP/1.1" 200 94 "-" "Mozilla/5.0 AppleWebKit/537.36 (KHTML, like Gecko; compatible; bingbot/2.0; +http://www.bing.com/bingbot.htm) Chrome/116.0.1938.76 Safari/537.36"
66.249.79.73 - - [25/Nov/2024:07:02:37 -0700] "GET /news/roxqvs/free-online-game-websites.html HTTP/1.1" 200 94 "-" "Mozilla/5.0 (compatible; Googlebot/2.1; +http://www.google.com/bot.html)"
66.249.79.74 - - [25/Nov/2024:07:04:05 -0700] "GET /news/lyspex/ HTTP/1.1" 200 94 "-" "Mozilla/5.0 (compatible; Googlebot/2.1; +http://www.google.com/bot.html)"
66.249.79.73 - - [25/Nov/2024:07:04:22 -0700] "GET /bet/bthrfp/ HTTP/1.1" 200 94 "-" "Mozilla/5.0 (compatible; Googlebot/2.1; +http://www.google.com/bot.html)"
66.249.79.73 - - [25/Nov/2024:07:04:33 -0700] "GET /news/gzyizq/ HTTP/1.1" 200 94 "-" "Mozilla/5.0 (compatible; Googlebot/2.1; +http://www.google.com/bot.html)"
216.244.66.233 - - [25/Nov/2024:07:04:33 -0700] "GET /robots.txt HTTP/1.1" 200 94 "-" "Mozilla/5.0 (compatible; DotBot/1.2; +https://opensiteexplorer.org/dotbot; help@moz.com)"
40.77.167.36 - - [25/Nov/2024:07:05:09 -0700] "GET /index.php/blog/akiya-column/%E3%82%8F%E3%81%9A%E3%81%8B6-5m-%E3%81%AE%E5%B9%85%E3%82%92%E5%88%A9%E7%94%A8%E3%81%97%E3%81%9F%E3%80%81%E9%A9%9A%E3%81%8D%E3%81%AE%E5%BA%83%E3%80%85%E4%BD%8F%E5%AE%85%E3%80%8Chouse-1014%E3%80%8D/files/Secondary/files/I-VIII/VI-X%20Punjabi-min.pdf HTTP/1.1" 200 94 "-" "Mozilla/5.0 AppleWebKit/537.36 (KHTML, like Gecko; compatible; bingbot/2.0; +http://www.bing.com/bingbot.htm) Chrome/116.0.1938.76 Safari/537.36"
3.14.251.103 - - [25/Nov/2024:07:05:09 -0700] "GET /myadmin/cbse/files/Secondary/css/images/fonts/icomoon/files/Senior%20Secondary/addmission.php HTTP/1.1" 200 94 "-" "Mozilla/5.0 AppleWebKit/537.36 (KHTML, like Gecko; compatible; ClaudeBot/1.0; +claudebot@anthropic.com)"
69.162.124.238 - - [25/Nov/2024:07:06:11 -0700] "HEAD /cbse-corner.php HTTP/1.1" 200 - "https://chogawan.akalacademy.ac.in/cbse-corner.php" "Mozilla/5.0+(compatible; UptimeRobot/2.0; http://www.uptimerobot.com/)"
66.249.79.73 - - [25/Nov/2024:07:06:30 -0700] "GET /news/tihgxv/voodoodreams-new-casinos.html HTTP/1.1" 200 94 "-" "Mozilla/5.0 (compatible; Googlebot/2.1; +http://www.google.com/bot.html)"
66.249.79.74 - - [25/Nov/2024:07:06:44 -0700] "GET /bet/xtzyqj/boys-bet-girl-of-proposing.html HTTP/1.1" 200 94 "-" "Mozilla/5.0 (compatible; Googlebot/2.1; +http://www.google.com/bot.html)"
3.15.228.171 - - [25/Nov/2024:07:07:01 -0700] "GET /myadmin/cbse/fonts/icomoon/files/I-VIII/images/css/files/IX-X/cbse-corner.php HTTP/1.1" 200 94 "-" "Mozilla/5.0 AppleWebKit/537.36 (KHTML, like Gecko; compatible; ClaudeBot/1.0; +claudebot@anthropic.com)"
85.208.96.206 - - [25/Nov/2024:07:07:16 -0700] "GET /robots.txt HTTP/1.1" 200 94 "-" "Mozilla/5.0 (compatible; SemrushBot/7~bl; +http://www.semrush.com/bot.html)"
66.249.79.75 - - [25/Nov/2024:07:07:16 -0700] "GET /detail/oofdwt/ HTTP/1.1" 200 94 "-" "Mozilla/5.0 (compatible; Googlebot/2.1; +http://www.google.com/bot.html)"
85.208.96.206 - - [25/Nov/2024:07:07:17 -0700] "GET /myadmin/gallery/10-02-39_V2hhdHNBcHAgSW1hZ2UgMjAyNC0wNy0yMSBhdCAxMC4xNy4wNiBBTS5qcGVn HTTP/1.1" 200 282608 "-" "Mozilla/5.0 (compatible; SemrushBot/7~bl; +http://www.semrush.com/bot.html)"
66.249.79.73 - - [25/Nov/2024:07:07:21 -0700] "GET /detail/wtpphu/ HTTP/1.1" 200 94 "-" "Mozilla/5.0 (compatible; Googlebot/2.1; +http://www.google.com/bot.html)"
40.77.167.36 - - [25/Nov/2024:07:07:49 -0700] "GET /files/IX-X/files/I-VIII/files/I-VIII/English%20%20(VI%20-%20VIII)-min.pdf HTTP/1.1" 200 94 "-" "Mozilla/5.0 AppleWebKit/537.36 (KHTML, like Gecko; compatible; bingbot/2.0; +http://www.bing.com/bingbot.htm) Chrome/116.0.1938.76 Safari/537.36"
66.249.79.73 - - [25/Nov/2024:07:07:53 -0700] "GET /news/wmevdt/aus-vs-ind-t20-player-list-2019.html HTTP/1.1" 200 94 "-" "Mozilla/5.0 (compatible; Googlebot/2.1; +http://www.google.com/bot.html)"
66.249.79.73 - - [25/Nov/2024:07:08:01 -0700] "GET /bet/ommtjp/ladbrokes-casino-logo.html HTTP/1.1" 200 94 "-" "Mozilla/5.0 (compatible; Googlebot/2.1; +http://www.google.com/bot.html)"
66.249.79.74 - - [25/Nov/2024:07:08:20 -0700] "GET /detail/tmbgrl/mumbai-indian-playing-11-last-match.html HTTP/1.1" 200 94 "-" "Mozilla/5.0 (compatible; Googlebot/2.1; +http://www.google.com/bot.html)"
52.167.144.206 - - [25/Nov/2024:07:08:42 -0700] "GET /arcserve-udp/available/8.0/jpn/bookshelf_files/html/solg/files/I-VIII/files/IX-X/index.php HTTP/1.1" 200 94 "-" "Mozilla/5.0 AppleWebKit/537.36 (KHTML, like Gecko; compatible; bingbot/2.0; +http://www.bing.com/bingbot.htm) Chrome/116.0.1938.76 Safari/537.36"
66.249.79.73 - - [25/Nov/2024:07:08:54 -0700] "GET /bet/jupgpn/bbl-auction-highest-bid.html HTTP/1.1" 200 94 "-" "Mozilla/5.0 (compatible; Googlebot/2.1; +http://www.google.com/bot.html)"
66.249.79.74 - - [25/Nov/2024:07:11:07 -0700] "GET /bet/cgmwgh/ HTTP/1.1" 200 94 "-" "Mozilla/5.0 (compatible; Googlebot/2.1; +http://www.google.com/bot.html)"
66.249.79.75 - - [25/Nov/2024:07:11:09 -0700] "GET /news/jjxlgq/ HTTP/1.1" 200 94 "-" "Mozilla/5.0 (compatible; Googlebot/2.1; +http://www.google.com/bot.html)"
52.167.144.234 - - [25/Nov/2024:07:11:10 -0700] "GET /get-started/files/IX-X/files/IX-X/Grade%20(X)-min.pdf HTTP/1.1" 200 94 "-" "Mozilla/5.0 AppleWebKit/537.36 (KHTML, like Gecko; compatible; bingbot/2.0; +http://www.bing.com/bingbot.htm) Chrome/116.0.1938.76 Safari/537.36"
69.162.124.238 - - [25/Nov/2024:07:11:11 -0700] "HEAD /cbse-corner.php HTTP/1.1" 200 - "https://chogawan.akalacademy.ac.in/cbse-corner.php" "Mozilla/5.0+(compatible; UptimeRobot/2.0; http://www.uptimerobot.com/)"
66.249.79.73 - - [25/Nov/2024:07:11:15 -0700] "GET /detail/mpidpc/ HTTP/1.1" 200 94 "-" "Mozilla/5.0 (compatible; Googlebot/2.1; +http://www.google.com/bot.html)"
66.249.79.73 - - [25/Nov/2024:07:12:09 -0700] "GET /detail/puhhqd/ipl-auction-results.html HTTP/1.1" 200 94 "-" "Mozilla/5.0 (compatible; Googlebot/2.1; +http://www.google.com/bot.html)"
66.249.79.73 - - [25/Nov/2024:07:12:48 -0700] "GET /news/utclcz/delhi-capitals-tweets.html HTTP/1.1" 200 94 "-" "Mozilla/5.0 (compatible; Googlebot/2.1; +http://www.google.com/bot.html)"
216.244.66.233 - - [25/Nov/2024:07:12:41 -0700] "GET /myadmin/cbse/CBSE_01-16-04.pdf HTTP/1.1" 200 1153739 "-" "Mozilla/5.0 (compatible; DotBot/1.2; +https://opensiteexplorer.org/dotbot; help@moz.com)"
66.249.79.74 - - [25/Nov/2024:07:13:29 -0700] "GET /news/xdzhkg/nz-vs-ind-3rd-t20-prediction.html HTTP/1.1" 200 94 "-" "Mozilla/5.0 (compatible; Googlebot/2.1; +http://www.google.com/bot.html)"
66.249.79.74 - - [25/Nov/2024:07:13:35 -0700] "GET /news/usnqyo/ HTTP/1.1" 200 94 "-" "Mozilla/5.0 (compatible; Googlebot/2.1; +http://www.google.com/bot.html)"
52.167.144.168 - - [25/Nov/2024:07:13:44 -0700] "GET /mmisprized8sno9sc/files/Senior%20Secondary/files/Secondary/Intitial_pages_srsec_2019-20-min.pdf HTTP/1.1" 200 94 "-" "Mozilla/5.0 AppleWebKit/537.36 (KHTML, like Gecko; compatible; bingbot/2.0; +http://www.bing.com/bingbot.htm) Chrome/116.0.1938.76 Safari/537.36"
66.249.79.75 - - [25/Nov/2024:07:14:06 -0700] "GET /detail/ciygfh/ HTTP/1.1" 200 94 "-" "Mozilla/5.0 (compatible; Googlebot/2.1; +http://www.google.com/bot.html)"
66.249.79.73 - - [25/Nov/2024:07:14:22 -0700] "GET /detail/iyaruu/online-best-adventure-games-apps.html HTTP/1.1" 200 94 "-" "Mozilla/5.0 (compatible; Googlebot/2.1; +http://www.google.com/bot.html)"
52.167.144.234 - - [25/Nov/2024:07:14:31 -0700] "GET /2021/03/files/IX-X/files/Secondary/402-INFO_TECH_X-min.pdf HTTP/1.1" 200 94 "-" "Mozilla/5.0 AppleWebKit/537.36 (KHTML, like Gecko; compatible; bingbot/2.0; +http://www.bing.com/bingbot.htm) Chrome/116.0.1938.76 Safari/537.36"
66.249.79.73 - - [25/Nov/2024:07:15:00 -0700] "GET /news/gozosf/ HTTP/1.1" 200 94 "-" "Mozilla/5.0 (compatible; Googlebot/2.1; +http://www.google.com/bot.html)"
66.249.79.73 - - [25/Nov/2024:07:15:06 -0700] "GET /detail/cgkajg/icc-cricket-patche.html HTTP/1.1" 200 94 "-" "Mozilla/5.0 (compatible; Googlebot/2.1; +http://www.google.com/bot.html)"
66.249.79.73 - - [25/Nov/2024:07:15:48 -0700] "GET /detail/lxpvtt/ HTTP/1.1" 200 94 "-" "Mozilla/5.0 (compatible; Googlebot/2.1; +http://www.google.com/bot.html)"
69.162.124.238 - - [25/Nov/2024:07:16:11 -0700] "HEAD /cbse-corner.php HTTP/1.1" 200 - "https://chogawan.akalacademy.ac.in/cbse-corner.php" "Mozilla/5.0+(compatible; UptimeRobot/2.0; http://www.uptimerobot.com/)"
52.167.144.234 - - [25/Nov/2024:07:16:31 -0700] "GET /en/certification/files/I-VIII/files/Senior%20Secondary/Mathematics-min.pdf HTTP/1.1" 200 94 "-" "Mozilla/5.0 AppleWebKit/537.36 (KHTML, like Gecko; compatible; bingbot/2.0; +http://www.bing.com/bingbot.htm) Chrome/116.0.1938.76 Safari/537.36"
66.249.79.75 - - [25/Nov/2024:07:17:09 -0700] "GET /detail/syxsir/feroz-shah-kotla-ipl-average-score.html HTTP/1.1" 200 94 "-" "Mozilla/5.0 (compatible; Googlebot/2.1; +http://www.google.com/bot.html)"
66.249.79.73 - - [25/Nov/2024:07:18:02 -0700] "GET /detail/ihwhwb/poker-positions-9-handed.html HTTP/1.1" 200 94 "-" "Mozilla/5.0 (compatible; Googlebot/2.1; +http://www.google.com/bot.html)"
66.249.79.73 - - [25/Nov/2024:07:19:57 -0700] "GET /news/jwpvbe/ HTTP/1.1" 200 94 "-" "Mozilla/5.0 (compatible; Googlebot/2.1; +http://www.google.com/bot.html)"
52.167.144.217 - - [25/Nov/2024:07:20:18 -0700] "GET /images/dymmy.jpg HTTP/1.1" 200 4002068 "-" "Mozilla/5.0 AppleWebKit/537.36 (KHTML, like Gecko; compatible; bingbot/2.0; +http://www.bing.com/bingbot.htm) Chrome/116.0.1938.76 Safari/537.36"
52.167.144.234 - - [25/Nov/2024:07:20:31 -0700] "GET /files/IX-X/files/I-VIII/files/Senior%20Secondary/Econonics%20(1)-min.pdf HTTP/1.1" 200 94 "-" "Mozilla/5.0 AppleWebKit/537.36 (KHTML, like Gecko; compatible; bingbot/2.0; +http://www.bing.com/bingbot.htm) Chrome/116.0.1938.76 Safari/537.36"
66.249.79.73 - - [25/Nov/2024:07:20:37 -0700] "GET /detail/aswhyu/italy-world-cup-qualifying-2022.html HTTP/1.1" 200 94 "-" "Mozilla/5.0 (compatible; Googlebot/2.1; +http://www.google.com/bot.html)"
66.249.79.73 - - [25/Nov/2024:07:20:52 -0700] "GET /detail/suznzx/ipl-2021-rcb-vs-rr.html HTTP/1.1" 200 94 "-" "Mozilla/5.0 (compatible; Googlebot/2.1; +http://www.google.com/bot.html)"
18.221.93.167 - - [25/Nov/2024:07:20:56 -0700] "GET /robots.txt HTTP/1.1" 200 94 "-" "Mozilla/5.0 AppleWebKit/537.36 (KHTML, like Gecko; compatible; ClaudeBot/1.0; +claudebot@anthropic.com)"
18.221.93.167 - - [25/Nov/2024:07:20:57 -0700] "GET /myadmin/cbse/fonts/icomoon/files/I-VIII/images/css/files/Senior%20Secondary/addmission.php HTTP/1.1" 200 94 "-" "Mozilla/5.0 AppleWebKit/537.36 (KHTML, like Gecko; compatible; ClaudeBot/1.0; +claudebot@anthropic.com)"
66.249.79.75 - - [25/Nov/2024:07:21:02 -0700] "GET /news/cnalcd/india-vs-sri-lanka-2021-t20-schedule.html HTTP/1.1" 200 94 "-" "Mozilla/5.0 (compatible; Googlebot/2.1; +http://www.google.com/bot.html)"
69.162.124.238 - - [25/Nov/2024:07:21:11 -0700] "HEAD /cbse-corner.php HTTP/1.1" 200 - "https://chogawan.akalacademy.ac.in/cbse-corner.php" "Mozilla/5.0+(compatible; UptimeRobot/2.0; http://www.uptimerobot.com/)"
18.224.52.54 - - [25/Nov/2024:07:21:22 -0700] "GET /myadmin/cbse/files/IX-X/css/fonts/flaticon/font/images/images/Tree%20(1).png HTTP/1.1" 200 94 "-" "Mozilla/5.0 AppleWebKit/537.36 (KHTML, like Gecko; compatible; ClaudeBot/1.0; +claudebot@anthropic.com)"
216.244.66.233 - - [25/Nov/2024:07:21:49 -0700] "GET /files/Senior%20Secondary/files/I-VIII/files/Secondary/Mathematics_Sec_2019-20-min.pdf HTTP/1.1" 200 94 "-" "Mozilla/5.0 (compatible; DotBot/1.2; +https://opensiteexplorer.org/dotbot; help@moz.com)"
52.167.144.168 - - [25/Nov/2024:07:21:54 -0700] "GET /web/content/uploads/files/Senior%20Secondary/academic.php HTTP/1.1" 200 94 "-" "Mozilla/5.0 AppleWebKit/537.36 (KHTML, like Gecko; compatible; bingbot/2.0; +http://www.bing.com/bingbot.htm) Chrome/116.0.1938.76 Safari/537.36"
52.167.144.217 - - [25/Nov/2024:07:22:40 -0700] "GET /update/2021/10/files/IX-X/Grade%20(XII)-min.pdf HTTP/1.1" 200 94 "-" "Mozilla/5.0 AppleWebKit/537.36 (KHTML, like Gecko; compatible; bingbot/2.0; +http://www.bing.com/bingbot.htm) Chrome/116.0.1938.76 Safari/537.36"
52.167.144.226 - - [25/Nov/2024:07:22:44 -0700] "GET /kurse/goldpreis/files/senior%20secondary/files/Senior%20Secondary/Biology-min.pdf HTTP/1.1" 200 94 "-" "Mozilla/5.0 AppleWebKit/537.36 (KHTML, like Gecko; compatible; bingbot/2.0; +http://www.bing.com/bingbot.htm) Chrome/116.0.1938.76 Safari/537.36"
66.249.79.75 - - [25/Nov/2024:07:24:26 -0700] "GET /detail/ruboch/ HTTP/1.1" 200 94 "-" "Mozilla/5.0 (compatible; Googlebot/2.1; +http://www.google.com/bot.html)"
66.249.79.74 - - [25/Nov/2024:07:24:41 -0700] "GET /bet/huggbu/india-vs-nz-t20-uk-news.html HTTP/1.1" 200 94 "-" "Mozilla/5.0 (compatible; Googlebot/2.1; +http://www.google.com/bot.html)"
69.162.124.238 - - [25/Nov/2024:07:26:11 -0700] "HEAD /cbse-corner.php HTTP/1.1" 200 - "https://chogawan.akalacademy.ac.in/cbse-corner.php" "Mozilla/5.0+(compatible; UptimeRobot/2.0; http://www.uptimerobot.com/)"
40.77.167.23 - - [25/Nov/2024:07:27:33 -0700] "GET /blog/akiya-column/%E3%82%8F%E3%81%9A%E3%81%8B6-5m-%E3%81%AE%E5%B9%85%E3%82%92%E5%88%A9%E7%94%A8%E3%81%97%E3%81%9F%E3%80%81%E9%A9%9A%E3%81%8D%E3%81%AE%E5%BA%83%E3%80%85%E4%BD%8F%E5%AE%85%E3%80%8Chouse-1014%E3%80%8D/files/Secondary/files/I-VIII/cbse-corner.php HTTP/1.1" 200 94 "-" "Mozilla/5.0 AppleWebKit/537.36 (KHTML, like Gecko; compatible; bingbot/2.0; +http://www.bing.com/bingbot.htm) Chrome/116.0.1938.76 Safari/537.36"
66.249.79.74 - - [25/Nov/2024:07:28:44 -0700] "GET /bet/qwrrqh/epic-cricket-rcb-game-download-apk.html HTTP/1.1" 200 94 "-" "Mozilla/5.0 (compatible; Googlebot/2.1; +http://www.google.com/bot.html)"
66.249.79.73 - - [25/Nov/2024:07:29:03 -0700] "GET /bet/brmgwj/how-to-play-tournament-in-rummy-culture.html HTTP/1.1" 200 94 "-" "Mozilla/5.0 (compatible; Googlebot/2.1; +http://www.google.com/bot.html)"
66.249.79.73 - - [25/Nov/2024:07:30:13 -0700] "GET /detail/rrewjr/ HTTP/1.1" 200 94 "-" "Mozilla/5.0 (compatible; Googlebot/2.1; +http://www.google.com/bot.html)"
66.249.79.73 - - [25/Nov/2024:07:30:29 -0700] "GET /detail/jidetf/ HTTP/1.1" 200 94 "-" "Mozilla/5.0 (compatible; Googlebot/2.1; +http://www.google.com/bot.html)"
69.162.124.238 - - [25/Nov/2024:07:31:11 -0700] "HEAD /cbse-corner.php HTTP/1.1" 200 - "https://chogawan.akalacademy.ac.in/cbse-corner.php" "Mozilla/5.0+(compatible; UptimeRobot/2.0; http://www.uptimerobot.com/)"
66.249.79.73 - - [25/Nov/2024:07:31:45 -0700] "GET /bet/pyzorg/files/I-VIII/S.St%20(III%20to%20VIII)-min.pdf HTTP/1.1" 200 94 "-" "Mozilla/5.0 (Linux; Android 6.0.1; Nexus 5X Build/MMB29P) AppleWebKit/537.36 (KHTML, like Gecko) Chrome/131.0.6778.69 Mobile Safari/537.36 (compatible; Googlebot/2.1; +http://www.google.com/bot.html)"
66.249.79.73 - - [25/Nov/2024:07:31:55 -0700] "GET /news/ieeorr/ HTTP/1.1" 200 94 "-" "Mozilla/5.0 (compatible; Googlebot/2.1; +http://www.google.com/bot.html)"
66.249.79.73 - - [25/Nov/2024:07:31:58 -0700] "GET /detail/visclx/champion-bundesliga.html HTTP/1.1" 200 94 "-" "Mozilla/5.0 (compatible; Googlebot/2.1; +http://www.google.com/bot.html)"
66.249.79.75 - - [25/Nov/2024:07:33:33 -0700] "GET /bet/wxxmfv/t20-mumbai-live-score-cricbuzz.html HTTP/1.1" 200 94 "-" "Mozilla/5.0 (compatible; Googlebot/2.1; +http://www.google.com/bot.html)"
52.167.144.166 - - [25/Nov/2024:07:33:36 -0700] "GET /2021/08/30/%E3%82%B9%E3%83%9E%E3%83%9B%E3%82%84pc%E3%81%A7%E7%B0%A1%E5%8D%98%E3%81%AB%E3%81%A7%E3%81%8D%E3%82%8B%E3%80%8C%E3%83%9E%E3%83%8D%E3%83%BCeq%E3%80%8D%E8%A8%BA%E6%96%AD%E3%82%B5%E3%83%BC%E3%83%93/files/IX-X/files/Senior%20Secondary/videos.php HTTP/1.1" 200 94 "-" "Mozilla/5.0 AppleWebKit/537.36 (KHTML, like Gecko; compatible; bingbot/2.0; +http://www.bing.com/bingbot.htm) Chrome/116.0.1938.76 Safari/537.36"
66.249.79.74 - - [25/Nov/2024:07:34:33 -0700] "GET /detail/tistln/ HTTP/1.1" 200 94 "-" "Mozilla/5.0 (compatible; Googlebot/2.1; +http://www.google.com/bot.html)"
66.249.79.74 - - [25/Nov/2024:07:34:38 -0700] "GET /bet/ocgzlw/euromillions-tuesday-10-may-2022.html HTTP/1.1" 200 94 "-" "Mozilla/5.0 (compatible; Googlebot/2.1; +http://www.google.com/bot.html)"
40.77.167.23 - - [25/Nov/2024:07:34:52 -0700] "GET /padaliniai/files/ix-x/files/Senior%20Secondary/Biology-min.pdf HTTP/1.1" 200 94 "-" "Mozilla/5.0 AppleWebKit/537.36 (KHTML, like Gecko; compatible; bingbot/2.0; +http://www.bing.com/bingbot.htm) Chrome/116.0.1938.76 Safari/537.36"
66.249.79.73 - - [25/Nov/2024:07:35:20 -0700] "GET /news/syhptj/toni-kroos-442oons.html HTTP/1.1" 200 94 "-" "Mozilla/5.0 (compatible; Googlebot/2.1; +http://www.google.com/bot.html)"
66.249.79.74 - - [25/Nov/2024:07:35:44 -0700] "GET /bet/raztgn/ HTTP/1.1" 200 94 "-" "Mozilla/5.0 (compatible; Googlebot/2.1; +http://www.google.com/bot.html)"
66.249.79.73 - - [25/Nov/2024:07:36:08 -0700] "GET /detail/nxpoph/ HTTP/1.1" 200 94 "-" "Mozilla/5.0 (compatible; Googlebot/2.1; +http://www.google.com/bot.html)"
69.162.124.238 - - [25/Nov/2024:07:36:11 -0700] "HEAD /cbse-corner.php HTTP/1.1" 200 - "https://chogawan.akalacademy.ac.in/cbse-corner.php" "Mozilla/5.0+(compatible; UptimeRobot/2.0; http://www.uptimerobot.com/)"
66.249.79.74 - - [25/Nov/2024:07:37:02 -0700] "GET /bet/qfiuxm/ HTTP/1.1" 200 94 "-" "Mozilla/5.0 (compatible; Googlebot/2.1; +http://www.google.com/bot.html)"
66.249.79.74 - - [25/Nov/2024:07:37:47 -0700] "GET /news/ouxhze/ HTTP/1.1" 200 94 "-" "Mozilla/5.0 (compatible; Googlebot/2.1; +http://www.google.com/bot.html)"
66.249.79.75 - - [25/Nov/2024:07:38:11 -0700] "GET /news/pytede/dhoni-chennai-super-kings-captain.html HTTP/1.1" 200 94 "-" "Mozilla/5.0 (compatible; Googlebot/2.1; +http://www.google.com/bot.html)"
66.249.79.73 - - [25/Nov/2024:07:38:20 -0700] "GET /detail/slulbc/mumbai-indians-2019-news.html HTTP/1.1" 200 94 "-" "Mozilla/5.0 (compatible; Googlebot/2.1; +http://www.google.com/bot.html)"
66.249.79.73 - - [25/Nov/2024:07:38:27 -0700] "GET /news/acnznt/forever-young-bbl-ft-lauderdale.html HTTP/1.1" 200 94 "-" "Mozilla/5.0 (compatible; Googlebot/2.1; +http://www.google.com/bot.html)"
52.167.144.180 - - [25/Nov/2024:07:38:34 -0700] "GET /syugoro_honten/files/Secondary/files/Senior%20Secondary/Eng.Core-min.pdf HTTP/1.1" 200 94 "-" "Mozilla/5.0 AppleWebKit/537.36 (KHTML, like Gecko; compatible; bingbot/2.0; +http://www.bing.com/bingbot.htm) Chrome/116.0.1938.76 Safari/537.36"
66.249.79.73 - - [25/Nov/2024:07:38:44 -0700] "GET /bet/wozcno/first-world-cup-india-over.html HTTP/1.1" 200 94 "-" "Mozilla/5.0 (compatible; Googlebot/2.1; +http://www.google.com/bot.html)"
66.249.79.73 - - [25/Nov/2024:07:38:58 -0700] "GET /news/uektzb/billionaire-free-slots.html HTTP/1.1" 200 94 "-" "Mozilla/5.0 (compatible; Googlebot/2.1; +http://www.google.com/bot.html)"
66.249.79.73 - - [25/Nov/2024:07:39:16 -0700] "GET /news/ehvhpi/world-record-of-t20-cricket.html HTTP/1.1" 200 94 "-" "Mozilla/5.0 (compatible; Googlebot/2.1; +http://www.google.com/bot.html)"
66.249.79.73 - - [25/Nov/2024:07:39:23 -0700] "GET /bet/neuwst/win-real-money-online-casino-for-free-usa.html HTTP/1.1" 200 94 "-" "Mozilla/5.0 (compatible; Googlebot/2.1; +http://www.google.com/bot.html)"
66.249.79.74 - - [25/Nov/2024:07:40:21 -0700] "GET /bet/krjirp/ HTTP/1.1" 200 94 "-" "Mozilla/5.0 (compatible; Googlebot/2.1; +http://www.google.com/bot.html)"
69.162.124.238 - - [25/Nov/2024:07:41:11 -0700] "HEAD /cbse-corner.php HTTP/1.1" 200 - "https://chogawan.akalacademy.ac.in/cbse-corner.php" "Mozilla/5.0+(compatible; UptimeRobot/2.0; http://www.uptimerobot.com/)"
66.249.79.73 - - [25/Nov/2024:07:42:47 -0700] "GET /bet/wpaavi/hockey-world-cup-1948.html HTTP/1.1" 200 94 "-" "Mozilla/5.0 (compatible; Googlebot/2.1; +http://www.google.com/bot.html)"
66.249.79.75 - - [25/Nov/2024:07:43:10 -0700] "GET /bet/xdlavc/ HTTP/1.1" 200 94 "-" "Mozilla/5.0 (compatible; Googlebot/2.1; +http://www.google.com/bot.html)"
66.249.79.74 - - [25/Nov/2024:07:43:31 -0700] "GET /detail/pliibg/ HTTP/1.1" 200 94 "-" "Mozilla/5.0 (compatible; Googlebot/2.1; +http://www.google.com/bot.html)"
157.55.39.225 - - [25/Nov/2024:07:43:55 -0700] "GET /robots.txt HTTP/1.1" 200 94 "-" "Mozilla/5.0 AppleWebKit/537.36 (KHTML, like Gecko; compatible; bingbot/2.0; +http://www.bing.com/bingbot.htm) Chrome/116.0.1938.76 Safari/537.36"
66.249.79.74 - - [25/Nov/2024:07:44:45 -0700] "GET /news/xjuzej/ HTTP/1.1" 200 94 "-" "Mozilla/5.0 (compatible; Googlebot/2.1; +http://www.google.com/bot.html)"
40.77.167.36 - - [25/Nov/2024:07:44:47 -0700] "GET /wp-content/uploads/2021/07/files/Senior%20Secondary/files/Secondary/Intitial_pages_srsec_2019-20-min.pdf HTTP/1.1" 200 94 "-" "Mozilla/5.0 AppleWebKit/537.36 (KHTML, like Gecko; compatible; bingbot/2.0; +http://www.bing.com/bingbot.htm) Chrome/116.0.1938.76 Safari/537.36"
66.249.79.75 - - [25/Nov/2024:07:45:52 -0700] "GET /bet/wbkthc/ballys-tower.html HTTP/1.1" 200 94 "-" "Mozilla/5.0 (compatible; Googlebot/2.1; +http://www.google.com/bot.html)"
69.162.124.238 - - [25/Nov/2024:07:46:11 -0700] "HEAD /cbse-corner.php HTTP/1.1" 200 - "https://chogawan.akalacademy.ac.in/cbse-corner.php" "Mozilla/5.0+(compatible; UptimeRobot/2.0; http://www.uptimerobot.com/)"
66.249.79.75 - - [25/Nov/2024:07:46:22 -0700] "GET /bet/ayzruo/ HTTP/1.1" 200 94 "-" "Mozilla/5.0 (compatible; Googlebot/2.1; +http://www.google.com/bot.html)"
66.249.79.74 - - [25/Nov/2024:07:46:39 -0700] "GET /bet/jgudyz/ HTTP/1.1" 200 94 "-" "Mozilla/5.0 (compatible; Googlebot/2.1; +http://www.google.com/bot.html)"
66.249.79.74 - - [25/Nov/2024:07:47:16 -0700] "GET /bet/uvzugq/ HTTP/1.1" 200 94 "-" "Mozilla/5.0 (compatible; Googlebot/2.1; +http://www.google.com/bot.html)"
66.249.79.73 - - [25/Nov/2024:07:47:22 -0700] "GET /bet/nelgyx/bet-samurai-tipster.html HTTP/1.1" 200 94 "-" "Mozilla/5.0 (compatible; Googlebot/2.1; +http://www.google.com/bot.html)"
66.249.79.74 - - [25/Nov/2024:07:47:23 -0700] "GET /bet/quxrcq/esports-logo-png.html HTTP/1.1" 200 94 "-" "Mozilla/5.0 (compatible; Googlebot/2.1; +http://www.google.com/bot.html)"
66.249.79.73 - - [25/Nov/2024:07:47:30 -0700] "GET /detail/ozhcll/ HTTP/1.1" 200 94 "-" "Mozilla/5.0 (compatible; Googlebot/2.1; +http://www.google.com/bot.html)"
40.77.167.159 - - [25/Nov/2024:07:48:51 -0700] "GET /site/files/secondary/files/I-VIII/about.php HTTP/1.1" 200 94 "-" "Mozilla/5.0 AppleWebKit/537.36 (KHTML, like Gecko; compatible; bingbot/2.0; +http://www.bing.com/bingbot.htm) Chrome/116.0.1938.76 Safari/537.36"
66.249.79.75 - - [25/Nov/2024:07:48:53 -0700] "GET /bet/gotsmn/world-cup-new-team.html HTTP/1.1" 200 94 "-" "Mozilla/5.0 (compatible; Googlebot/2.1; +http://www.google.com/bot.html)"
66.249.79.73 - - [25/Nov/2024:07:49:15 -0700] "GET /detail/trpyyr/cherry-casino-casino-erfahrungen.html HTTP/1.1" 200 94 "-" "Mozilla/5.0 (compatible; Googlebot/2.1; +http://www.google.com/bot.html)"
66.249.79.73 - - [25/Nov/2024:07:49:34 -0700] "GET /news/cmhvtn/ HTTP/1.1" 200 94 "-" "Mozilla/5.0 (compatible; Googlebot/2.1; +http://www.google.com/bot.html)"
66.249.79.73 - - [25/Nov/2024:07:49:39 -0700] "GET /bet/sarhyh/ HTTP/1.1" 200 94 "-" "Mozilla/5.0 (compatible; Googlebot/2.1; +http://www.google.com/bot.html)"
66.249.79.75 - - [25/Nov/2024:07:50:03 -0700] "GET /news/fhgyqc/ HTTP/1.1" 200 94 "-" "Mozilla/5.0 (compatible; Googlebot/2.1; +http://www.google.com/bot.html)"
66.249.79.73 - - [25/Nov/2024:07:50:36 -0700] "GET /news/etfygy/quatro-casino-bonus-codes.html HTTP/1.1" 200 94 "-" "Mozilla/5.0 (compatible; Googlebot/2.1; +http://www.google.com/bot.html)"
69.162.124.238 - - [25/Nov/2024:07:51:11 -0700] "HEAD /cbse-corner.php HTTP/1.1" 200 - "https://chogawan.akalacademy.ac.in/cbse-corner.php" "Mozilla/5.0+(compatible; UptimeRobot/2.0; http://www.uptimerobot.com/)"
66.249.79.75 - - [25/Nov/2024:07:51:43 -0700] "GET /news/lkiohi/ HTTP/1.1" 200 94 "-" "Mozilla/5.0 (compatible; Googlebot/2.1; +http://www.google.com/bot.html)"
66.249.79.73 - - [25/Nov/2024:07:53:41 -0700] "GET /bet/lddozu/afghanistan-football-team-players-name.html HTTP/1.1" 200 94 "-" "Mozilla/5.0 (compatible; Googlebot/2.1; +http://www.google.com/bot.html)"
66.249.79.74 - - [25/Nov/2024:07:53:51 -0700] "GET /bet/aysbph/3-bbl-electric-brewhouse.html HTTP/1.1" 200 94 "-" "Mozilla/5.0 (compatible; Googlebot/2.1; +http://www.google.com/bot.html)"
52.167.144.186 - - [25/Nov/2024:07:54:24 -0700] "GET /mnp-basic-info/files/I-VIII/cbse-corner.php HTTP/1.1" 200 94 "-" "Mozilla/5.0 AppleWebKit/537.36 (KHTML, like Gecko; compatible; bingbot/2.0; +http://www.bing.com/bingbot.htm) Chrome/116.0.1938.76 Safari/537.36"
3.12.151.149 - - [25/Nov/2024:07:54:38 -0700] "GET /myadmin/cbse/files/Secondary/fonts/icomoon/images/css/images/school%20(9).jpg HTTP/1.1" 200 94 "-" "Mozilla/5.0 AppleWebKit/537.36 (KHTML, like Gecko; compatible; ClaudeBot/1.0; +claudebot@anthropic.com)"
66.249.79.73 - - [25/Nov/2024:07:56:07 -0700] "GET /bet/vpihjy/royal-online-casino.html HTTP/1.1" 200 94 "-" "Mozilla/5.0 (compatible; Googlebot/2.1; +http://www.google.com/bot.html)"
40.77.167.38 - - [25/Nov/2024:07:56:08 -0700] "GET /article/files/I-VIII/files/Senior%20Secondary/PoliticalScience-min.pdf HTTP/1.1" 200 94 "-" "Mozilla/5.0 AppleWebKit/537.36 (KHTML, like Gecko; compatible; bingbot/2.0; +http://www.bing.com/bingbot.htm) Chrome/116.0.1938.76 Safari/537.36"
69.162.124.238 - - [25/Nov/2024:07:56:13 -0700] "HEAD /cbse-corner.php HTTP/1.1" 200 - "https://chogawan.akalacademy.ac.in/cbse-corner.php" "Mozilla/5.0+(compatible; UptimeRobot/2.0; http://www.uptimerobot.com/)"
66.249.79.75 - - [25/Nov/2024:07:57:42 -0700] "GET /detail/decskk/mukesh-kumar-sinha-jharkhand.html HTTP/1.1" 200 94 "-" "Mozilla/5.0 (compatible; Googlebot/2.1; +http://www.google.com/bot.html)"
66.249.79.74 - - [25/Nov/2024:07:57:51 -0700] "GET /news/pcgpnx/dish-tv-world-cup.html HTTP/1.1" 200 94 "-" "Mozilla/5.0 (compatible; Googlebot/2.1; +http://www.google.com/bot.html)"
66.249.79.75 - - [25/Nov/2024:07:58:24 -0700] "GET /bet/zhzpvs/ross-chastain-odds.html HTTP/1.1" 200 94 "-" "Mozilla/5.0 (compatible; Googlebot/2.1; +http://www.google.com/bot.html)"
66.249.79.73 - - [25/Nov/2024:07:58:58 -0700] "GET /news/ihmkti/candy-games-online-play-free.html HTTP/1.1" 200 94 "-" "Mozilla/5.0 (compatible; Googlebot/2.1; +http://www.google.com/bot.html)"
66.249.79.75 - - [25/Nov/2024:07:59:03 -0700] "GET /detail/rbwmzt/ HTTP/1.1" 200 94 "-" "Mozilla/5.0 (compatible; Googlebot/2.1; +http://www.google.com/bot.html)"
66.249.79.74 - - [25/Nov/2024:07:59:26 -0700] "GET /detail/sqedjd/ HTTP/1.1" 200 94 "-" "Mozilla/5.0 (compatible; Googlebot/2.1; +http://www.google.com/bot.html)"
66.249.79.73 - - [25/Nov/2024:08:00:49 -0700] "GET /bet/lbcvhj/asia-cup-2018-fixtures-ist.html HTTP/1.1" 200 94 "-" "Mozilla/5.0 (compatible; Googlebot/2.1; +http://www.google.com/bot.html)"
66.249.79.75 - - [25/Nov/2024:08:01:06 -0700] "GET /bet/feazpp/ HTTP/1.1" 200 94 "-" "Mozilla/5.0 (compatible; Googlebot/2.1; +http://www.google.com/bot.html)"
69.162.124.238 - - [25/Nov/2024:08:01:11 -0700] "HEAD /cbse-corner.php HTTP/1.1" 200 - "https://chogawan.akalacademy.ac.in/cbse-corner.php" "Mozilla/5.0+(compatible; UptimeRobot/2.0; http://www.uptimerobot.com/)"
66.249.79.73 - - [25/Nov/2024:08:01:43 -0700] "GET /detail/tkkbda/get-out-of-the-prison-game-adventure.html HTTP/1.1" 200 94 "-" "Mozilla/5.0 (compatible; Googlebot/2.1; +http://www.google.com/bot.html)"
66.249.79.74 - - [25/Nov/2024:08:01:46 -0700] "GET /news/bxnusa/ HTTP/1.1" 200 94 "-" "Mozilla/5.0 (compatible; Googlebot/2.1; +http://www.google.com/bot.html)"
66.249.79.73 - - [25/Nov/2024:08:01:56 -0700] "GET /detail/dwflrs/ HTTP/1.1" 200 94 "-" "Mozilla/5.0 (compatible; Googlebot/2.1; +http://www.google.com/bot.html)"
95.108.213.254 - - [25/Nov/2024:08:01:56 -0700] "GET /robots.txt HTTP/1.1" 200 94 "-" "Mozilla/5.0 (compatible; YandexBot/3.0; +http://yandex.com/bots)"
66.249.79.75 - - [25/Nov/2024:08:02:24 -0700] "GET /bet/vbfpcp/ HTTP/1.1" 200 94 "-" "Mozilla/5.0 (compatible; Googlebot/2.1; +http://www.google.com/bot.html)"
66.249.79.73 - - [25/Nov/2024:08:02:31 -0700] "GET /bet/dwwfig/poker-poker-set.html HTTP/1.1" 200 94 "-" "Mozilla/5.0 (compatible; Googlebot/2.1; +http://www.google.com/bot.html)"
66.249.79.73 - - [25/Nov/2024:08:02:55 -0700] "GET /news/crtywq/ HTTP/1.1" 200 94 "-" "Mozilla/5.0 (compatible; Googlebot/2.1; +http://www.google.com/bot.html)"
85.208.96.208 - - [25/Nov/2024:08:02:58 -0700] "GET /addmission.php HTTP/1.1" 200 19852 "-" "Mozilla/5.0 (compatible; SemrushBot/7~bl; +http://www.semrush.com/bot.html)"
40.77.167.55 - - [25/Nov/2024:08:04:24 -0700] "GET /sites/default/files/medias/pdf/fr/ra/files/Secondary/addmission.php HTTP/1.1" 200 94 "-" "Mozilla/5.0 AppleWebKit/537.36 (KHTML, like Gecko; compatible; bingbot/2.0; +http://www.bing.com/bingbot.htm) Chrome/116.0.1938.76 Safari/537.36"
66.249.79.74 - - [25/Nov/2024:08:04:42 -0700] "GET /detail/oiklzp/ HTTP/1.1" 200 94 "-" "Mozilla/5.0 (compatible; Googlebot/2.1; +http://www.google.com/bot.html)"
66.249.79.75 - - [25/Nov/2024:08:04:44 -0700] "GET /detail/fpddtf/ HTTP/1.1" 200 94 "-" "Mozilla/5.0 (compatible; Googlebot/2.1; +http://www.google.com/bot.html)"
18.118.126.44 - - [25/Nov/2024:08:04:59 -0700] "GET /myadmin/cbse/fonts/flaticon/font/files/I-VIII/files/Senior%20Secondary/css/images/santattar1.jpg HTTP/1.1" 200 94 "-" "Mozilla/5.0 AppleWebKit/537.36 (KHTML, like Gecko; compatible; ClaudeBot/1.0; +claudebot@anthropic.com)"
66.249.79.75 - - [25/Nov/2024:08:05:07 -0700] "GET /detail/fysggn/worms-esport.html HTTP/1.1" 200 94 "-" "Mozilla/5.0 (compatible; Googlebot/2.1; +http://www.google.com/bot.html)"
40.77.167.38 - - [25/Nov/2024:08:05:10 -0700] "GET /portalsagres/files/I-VIII/files/IX-X/Grade%20(XII)-min.pdf HTTP/1.1" 200 94 "-" "Mozilla/5.0 AppleWebKit/537.36 (KHTML, like Gecko; compatible; bingbot/2.0; +http://www.bing.com/bingbot.htm) Chrome/116.0.1938.76 Safari/537.36"
40.77.167.150 - - [25/Nov/2024:08:05:14 -0700] "GET /style/article/what-to-do-at-home-streaming-art-museums-concerts-coronavirus-trnd/files/secondary/files/I-VIII/contact.php HTTP/1.1" 200 94 "-" "Mozilla/5.0 AppleWebKit/537.36 (KHTML, like Gecko; compatible; bingbot/2.0; +http://www.bing.com/bingbot.htm) Chrome/116.0.1938.76 Safari/537.36"
66.249.79.73 - - [25/Nov/2024:08:05:15 -0700] "GET /news/awtclq/ HTTP/1.1" 200 94 "-" "Mozilla/5.0 (compatible; Googlebot/2.1; +http://www.google.com/bot.html)"
66.249.79.73 - - [25/Nov/2024:08:05:52 -0700] "GET /bet/yzcaox/ HTTP/1.1" 200 94 "-" "Mozilla/5.0 (compatible; Googlebot/2.1; +http://www.google.com/bot.html)"
69.162.124.238 - - [25/Nov/2024:08:06:11 -0700] "HEAD /cbse-corner.php HTTP/1.1" 200 - "https://chogawan.akalacademy.ac.in/cbse-corner.php" "Mozilla/5.0+(compatible; UptimeRobot/2.0; http://www.uptimerobot.com/)"
66.249.79.73 - - [25/Nov/2024:08:06:26 -0700] "GET /detail/cftfqn/ HTTP/1.1" 200 94 "-" "Mozilla/5.0 (compatible; Googlebot/2.1; +http://www.google.com/bot.html)"
66.249.79.74 - - [25/Nov/2024:08:06:35 -0700] "GET /news/hqrpci/callaway-apparel-outlet.html HTTP/1.1" 200 94 "-" "Mozilla/5.0 (compatible; Googlebot/2.1; +http://www.google.com/bot.html)"
66.249.79.75 - - [25/Nov/2024:08:07:01 -0700] "GET /detail/wnxbik/ben-laughlin-bbl.html HTTP/1.1" 200 94 "-" "Mozilla/5.0 (compatible; Googlebot/2.1; +http://www.google.com/bot.html)"
66.249.79.73 - - [25/Nov/2024:08:07:07 -0700] "GET /news/zpjhfi/ HTTP/1.1" 200 94 "-" "Mozilla/5.0 (compatible; Googlebot/2.1; +http://www.google.com/bot.html)"
66.249.79.73 - - [25/Nov/2024:08:07:41 -0700] "GET /news/bynats/ HTTP/1.1" 200 94 "-" "Mozilla/5.0 (compatible; Googlebot/2.1; +http://www.google.com/bot.html)"
66.249.79.73 - - [25/Nov/2024:08:08:37 -0700] "GET /detail/kqbyvl/casino-poipet.html HTTP/1.1" 200 94 "-" "Mozilla/5.0 (compatible; Googlebot/2.1; +http://www.google.com/bot.html)"
66.249.79.74 - - [25/Nov/2024:08:09:27 -0700] "GET /detail/qedtkk/ HTTP/1.1" 200 94 "-" "Mozilla/5.0 (compatible; Googlebot/2.1; +http://www.google.com/bot.html)"
66.249.79.74 - - [25/Nov/2024:08:09:57 -0700] "GET /bet/fzkhez/ HTTP/1.1" 200 94 "-" "Mozilla/5.0 (compatible; Googlebot/2.1; +http://www.google.com/bot.html)"
66.249.79.73 - - [25/Nov/2024:08:10:56 -0700] "GET /detail/pzjbac/ HTTP/1.1" 200 94 "-" "Mozilla/5.0 (compatible; Googlebot/2.1; +http://www.google.com/bot.html)"
69.162.124.238 - - [25/Nov/2024:08:11:11 -0700] "HEAD /cbse-corner.php HTTP/1.1" 200 - "https://chogawan.akalacademy.ac.in/cbse-corner.php" "Mozilla/5.0+(compatible; UptimeRobot/2.0; http://www.uptimerobot.com/)"
66.249.79.74 - - [25/Nov/2024:08:11:28 -0700] "GET /bet/mzjbzs/sa-vs-eng-women's-t20-live-score.html HTTP/1.1" 200 94 "-" "Mozilla/5.0 (compatible; Googlebot/2.1; +http://www.google.com/bot.html)"
66.249.79.74 - - [25/Nov/2024:08:11:34 -0700] "GET /detail/dkpxhz/indian-football-in-2022.html HTTP/1.1" 200 94 "-" "Mozilla/5.0 (compatible; Googlebot/2.1; +http://www.google.com/bot.html)"
66.249.79.75 - - [25/Nov/2024:08:12:44 -0700] "GET /news/fzlayq/ HTTP/1.1" 200 94 "-" "Mozilla/5.0 (compatible; Googlebot/2.1; +http://www.google.com/bot.html)"
52.167.144.169 - - [25/Nov/2024:08:14:43 -0700] "GET /blog/2021/07/17/%E5%A4%A7%E5%92%8C%E5%BE%A1%E6%89%80%E9%81%93%E8%B7%AF%E6%9B%B2%E5%B7%9D%E9%AB%98%E6%9E%B6%E6%A9%8B%E5%BF%8C%E9%83%A8%E5%9C%B0%E5%8C%BA%E4%BB%96%E4%B8%8B%E9%83%A8%E5%B7%A5%E4%BA%8B/files/I-VIII/files/IX-X/index.php HTTP/1.1" 200 94 "-" "Mozilla/5.0 AppleWebKit/537.36 (KHTML, like Gecko; compatible; bingbot/2.0; +http://www.bing.com/bingbot.htm) Chrome/116.0.1938.76 Safari/537.36"
66.249.79.73 - - [25/Nov/2024:08:15:23 -0700] "GET /news/spgthm/endless-games-games.html HTTP/1.1" 200 94 "-" "Mozilla/5.0 (compatible; Googlebot/2.1; +http://www.google.com/bot.html)"
52.167.144.169 - - [25/Nov/2024:08:16:04 -0700] "GET /blog/%E3%81%8A%E3%81%97%E3%82%83%E3%81%B6%E3%82%8A%E3%81%A8%E6%AD%AF%E4%B8%A6%E3%81%B3%E3%81%AE%E9%96%A2%E4%BF%82%E2%98%85%E4%BD%95%E6%AD%B3%E3%81%BE%E3%81%A7%E3%81%AB%E3%82%84%E3%82%81%E3%82%8B%EF%BC%9F/files/Secondary/files/Secondary/Science_Sec_2019-20-min.pdf HTTP/1.1" 200 94 "-" "Mozilla/5.0 AppleWebKit/537.36 (KHTML, like Gecko; compatible; bingbot/2.0; +http://www.bing.com/bingbot.htm) Chrome/116.0.1938.76 Safari/537.36"
66.249.79.74 - - [25/Nov/2024:08:16:06 -0700] "GET /detail/dyzxjq/mukesh-kumar-ias-marks.html HTTP/1.1" 200 94 "-" "Mozilla/5.0 (compatible; Googlebot/2.1; +http://www.google.com/bot.html)"
69.162.124.238 - - [25/Nov/2024:08:16:11 -0700] "HEAD /cbse-corner.php HTTP/1.1" 200 - "https://chogawan.akalacademy.ac.in/cbse-corner.php" "Mozilla/5.0+(compatible; UptimeRobot/2.0; http://www.uptimerobot.com/)"
66.249.79.75 - - [25/Nov/2024:08:18:45 -0700] "GET /detail/zhrnwp/ HTTP/1.1" 200 94 "-" "Mozilla/5.0 (compatible; Googlebot/2.1; +http://www.google.com/bot.html)"
40.77.167.46 - - [25/Nov/2024:08:20:05 -0700] "GET /cb-moyuku_v103b6/kansatukaibbs/files/Secondary/files/Secondary/about.php HTTP/1.1" 200 94 "-" "Mozilla/5.0 AppleWebKit/537.36 (KHTML, like Gecko; compatible; bingbot/2.0; +http://www.bing.com/bingbot.htm) Chrome/116.0.1938.76 Safari/537.36"
66.249.79.73 - - [25/Nov/2024:08:20:12 -0700] "GET /bet/chvfxb/ HTTP/1.1" 200 94 "-" "Mozilla/5.0 (compatible; Googlebot/2.1; +http://www.google.com/bot.html)"
69.162.124.238 - - [25/Nov/2024:08:21:11 -0700] "HEAD /cbse-corner.php HTTP/1.1" 200 - "https://chogawan.akalacademy.ac.in/cbse-corner.php" "Mozilla/5.0+(compatible; UptimeRobot/2.0; http://www.uptimerobot.com/)"
66.249.79.74 - - [25/Nov/2024:08:21:18 -0700] "GET /detail/gjmpwl/ HTTP/1.1" 200 94 "-" "Mozilla/5.0 (compatible; Googlebot/2.1; +http://www.google.com/bot.html)"
66.249.79.73 - - [25/Nov/2024:08:21:44 -0700] "GET /bet/hlohma/ HTTP/1.1" 200 94 "-" "Mozilla/5.0 (compatible; Googlebot/2.1; +http://www.google.com/bot.html)"
5.255.231.123 - - [25/Nov/2024:08:21:48 -0700] "GET /robots.txt HTTP/1.1" 200 94 "-" "Mozilla/5.0 (compatible; YandexBot/3.0; +http://yandex.com/bots)"
95.108.213.222 - - [25/Nov/2024:08:21:49 -0700] "GET /mavour4jqk7sc/files/Secondary/files/I-VIII/Maths%20(I%20to%20VIII)-min.pdf HTTP/1.1" 200 94 "-" "Mozilla/5.0 (compatible; YandexBot/3.0; +http://yandex.com/bots)"
66.249.79.75 - - [25/Nov/2024:08:22:05 -0700] "GET /detail/wzmtxl/ladbrokes-sylvester-stallone.html HTTP/1.1" 200 94 "-" "Mozilla/5.0 (compatible; Googlebot/2.1; +http://www.google.com/bot.html)"
66.249.79.73 - - [25/Nov/2024:08:22:14 -0700] "GET /news/ncvhka/ HTTP/1.1" 200 94 "-" "Mozilla/5.0 (compatible; Googlebot/2.1; +http://www.google.com/bot.html)"
66.249.79.73 - - [25/Nov/2024:08:22:48 -0700] "GET /detail/txijnt/ HTTP/1.1" 200 94 "-" "Mozilla/5.0 (compatible; Googlebot/2.1; +http://www.google.com/bot.html)"
66.249.79.75 - - [25/Nov/2024:08:23:44 -0700] "GET /news/fszzfo/sikkim-golden-lottery.html HTTP/1.1" 200 94 "-" "Mozilla/5.0 (compatible; Googlebot/2.1; +http://www.google.com/bot.html)"
52.167.144.203 - - [25/Nov/2024:08:24:15 -0700] "GET /site/data/html_dir/2021/10/29/files/Secondary/files/I-VIII/gallery.php HTTP/1.1" 200 94 "-" "Mozilla/5.0 AppleWebKit/537.36 (KHTML, like Gecko; compatible; bingbot/2.0; +http://www.bing.com/bingbot.htm) Chrome/116.0.1938.76 Safari/537.36"
66.249.79.75 - - [25/Nov/2024:08:26:03 -0700] "GET /detail/tswikc/ HTTP/1.1" 200 94 "-" "Mozilla/5.0 (compatible; Googlebot/2.1; +http://www.google.com/bot.html)"
69.162.124.238 - - [25/Nov/2024:08:26:11 -0700] "HEAD /cbse-corner.php HTTP/1.1" 200 - "https://chogawan.akalacademy.ac.in/cbse-corner.php" "Mozilla/5.0+(compatible; UptimeRobot/2.0; http://www.uptimerobot.com/)"
66.249.79.73 - - [25/Nov/2024:08:26:11 -0700] "GET /news/uauese/ HTTP/1.1" 200 94 "-" "Mozilla/5.0 (compatible; Googlebot/2.1; +http://www.google.com/bot.html)"
66.249.79.73 - - [25/Nov/2024:08:26:26 -0700] "GET /news/odrhgo/server-remote-template-is-icc-or-ecc.html HTTP/1.1" 200 94 "-" "Mozilla/5.0 (compatible; Googlebot/2.1; +http://www.google.com/bot.html)"
66.249.79.73 - - [25/Nov/2024:08:26:34 -0700] "GET /news/nagnpt/ HTTP/1.1" 200 94 "-" "Mozilla/5.0 (compatible; Googlebot/2.1; +http://www.google.com/bot.html)"
66.249.79.75 - - [25/Nov/2024:08:27:24 -0700] "GET /news/rtmvqk/kaminey.html HTTP/1.1" 200 94 "-" "Mozilla/5.0 (compatible; Googlebot/2.1; +http://www.google.com/bot.html)"
66.249.79.74 - - [25/Nov/2024:08:27:46 -0700] "GET /news/fajwwp/ HTTP/1.1" 200 94 "-" "Mozilla/5.0 (compatible; Googlebot/2.1; +http://www.google.com/bot.html)"
66.249.79.75 - - [25/Nov/2024:08:28:19 -0700] "GET /bet/carjdz/vivo-ipl-2010-points-table.html HTTP/1.1" 200 94 "-" "Mozilla/5.0 (compatible; Googlebot/2.1; +http://www.google.com/bot.html)"
./LuLlaby007 ♥ Tata Cantik - Copyright 2k18