Cylul007 Webshell
Server :
Linux ip-148-66-134-25.ip.secureserver.net 3.10.0-1160.119.1.el7.tuxcare.els10.x86_64 #1 SMP Fri Oct 11 21:40:41 UTC 2024 x86_64
php :
8.0.30
on
cgi-fcgi
Time
25 Nov 2024 15:31:04
Current Directory :
/
home
/
amvm
/
access-logs
/
Upload File :
Mass Deface
Home
Bypass Passwd
Current File : /home/amvm/access-logs/chogawan.akalacademy.ac.in-ssl_log
69.162.124.238 - - [25/Nov/2024:05:09:58 -0700] "HEAD /cbse-corner.php HTTP/1.1" 200 - "https://chogawan.akalacademy.ac.in/cbse-corner.php" "Mozilla/5.0+(compatible; UptimeRobot/2.0; http://www.uptimerobot.com/)"
66.249.79.74 - - [25/Nov/2024:05:10:19 -0700] "GET /bet/lclfcc/ HTTP/1.1" 200 94 "-" "Mozilla/5.0 (compatible; Googlebot/2.1; +http://www.google.com/bot.html)"
66.249.79.74 - - [25/Nov/2024:05:10:24 -0700] "GET /news/bzvvxp/ HTTP/1.1" 200 94 "-" "Mozilla/5.0 (compatible; Googlebot/2.1; +http://www.google.com/bot.html)"
66.249.79.73 - - [25/Nov/2024:05:10:41 -0700] "GET /news/strxlp/ HTTP/1.1" 200 94 "-" "Mozilla/5.0 (compatible; Googlebot/2.1; +http://www.google.com/bot.html)"
52.167.144.173 - - [25/Nov/2024:05:10:48 -0700] "GET /2021/12/04/files/Senior%20Secondary/files/Secondary/14_Circular_2019ANX1-min.pdf HTTP/1.1" 200 94 "-" "Mozilla/5.0 AppleWebKit/537.36 (KHTML, like Gecko; compatible; bingbot/2.0; +http://www.bing.com/bingbot.htm) Chrome/116.0.1938.76 Safari/537.36"
66.249.79.75 - - [25/Nov/2024:05:11:01 -0700] "GET /bet/bncfzt/razz-poker-sites.html HTTP/1.1" 200 94 "-" "Mozilla/5.0 (compatible; Googlebot/2.1; +http://www.google.com/bot.html)"
66.249.79.73 - - [25/Nov/2024:05:12:17 -0700] "GET /bet/fjyqis/ HTTP/1.1" 200 94 "-" "Mozilla/5.0 (compatible; Googlebot/2.1; +http://www.google.com/bot.html)"
66.249.79.73 - - [25/Nov/2024:05:12:33 -0700] "GET /detail/elgkte/icc-women's-world-cup-2018-live-telecast.html HTTP/1.1" 200 94 "-" "Mozilla/5.0 (compatible; Googlebot/2.1; +http://www.google.com/bot.html)"
66.249.79.73 - - [25/Nov/2024:05:12:34 -0700] "GET /news/hzhlbh/ HTTP/1.1" 200 94 "-" "Mozilla/5.0 (compatible; Googlebot/2.1; +http://www.google.com/bot.html)"
52.167.144.173 - - [25/Nov/2024:05:13:00 -0700] "GET /forms/d/e/1faipqlsex7g1b6r_p0wdob94k_ov0cqzvn3acqcbdjwydfzwlmnufpw/files/Senior%20Secondary/Mathematics-min.pdf HTTP/1.1" 200 94 "-" "Mozilla/5.0 AppleWebKit/537.36 (KHTML, like Gecko; compatible; bingbot/2.0; +http://www.bing.com/bingbot.htm) Chrome/116.0.1938.76 Safari/537.36"
216.244.66.233 - - [25/Nov/2024:05:13:05 -0700] "GET /robots.txt HTTP/1.1" 200 94 "-" "Mozilla/5.0 (compatible; DotBot/1.2; +https://opensiteexplorer.org/dotbot; help@moz.com)"
66.249.79.74 - - [25/Nov/2024:05:14:03 -0700] "GET /news/rxjajt/kinect-adventures-game-for-download.html HTTP/1.1" 200 94 "-" "Mozilla/5.0 (compatible; Googlebot/2.1; +http://www.google.com/bot.html)"
66.249.79.74 - - [25/Nov/2024:05:14:22 -0700] "GET /detail/qadbuc/ HTTP/1.1" 200 94 "-" "Mozilla/5.0 (compatible; Googlebot/2.1; +http://www.google.com/bot.html)"
69.162.124.238 - - [25/Nov/2024:05:14:58 -0700] "HEAD /cbse-corner.php HTTP/1.1" 200 - "https://chogawan.akalacademy.ac.in/cbse-corner.php" "Mozilla/5.0+(compatible; UptimeRobot/2.0; http://www.uptimerobot.com/)"
66.249.79.74 - - [25/Nov/2024:05:15:09 -0700] "GET /detail/hraxby/ HTTP/1.1" 200 94 "-" "Mozilla/5.0 (compatible; Googlebot/2.1; +http://www.google.com/bot.html)"
40.77.167.23 - - [25/Nov/2024:05:15:49 -0700] "GET /wp-content/uploads/2018/08/files/IX-X/files/Senior%20Secondary/Accountancy-min.pdf HTTP/1.1" 200 94 "-" "Mozilla/5.0 AppleWebKit/537.36 (KHTML, like Gecko; compatible; bingbot/2.0; +http://www.bing.com/bingbot.htm) Chrome/116.0.1938.76 Safari/537.36"
66.249.79.73 - - [25/Nov/2024:05:16:27 -0700] "GET /detail/hsjkaa/scotland-vs-pakistan-1st-t20.html HTTP/1.1" 200 94 "-" "Mozilla/5.0 (compatible; Googlebot/2.1; +http://www.google.com/bot.html)"
52.167.144.180 - - [25/Nov/2024:05:16:28 -0700] "GET /wp-content/uploads/2019/06/files/I-VIII/files/Senior%20Secondary/addmission.php HTTP/1.1" 200 94 "-" "Mozilla/5.0 AppleWebKit/537.36 (KHTML, like Gecko; compatible; bingbot/2.0; +http://www.bing.com/bingbot.htm) Chrome/116.0.1938.76 Safari/537.36"
95.108.213.79 - - [25/Nov/2024:05:16:45 -0700] "GET /mavour4jqk7sc/files/Senior%20Secondary/files/I-VIII/files/Senior%20Secondary/Biology-min.pdf HTTP/1.1" 200 94 "-" "Mozilla/5.0 (compatible; YandexBot/3.0; +http://yandex.com/bots)"
66.249.79.73 - - [25/Nov/2024:05:16:58 -0700] "GET /news/pjbkph/ HTTP/1.1" 200 94 "-" "Mozilla/5.0 (compatible; Googlebot/2.1; +http://www.google.com/bot.html)"
66.249.79.74 - - [25/Nov/2024:05:17:27 -0700] "GET /detail/isfojp/crazy-eights-card-game-unblocked.html HTTP/1.1" 200 94 "-" "Mozilla/5.0 (compatible; Googlebot/2.1; +http://www.google.com/bot.html)"
66.249.79.73 - - [25/Nov/2024:05:18:14 -0700] "GET /news/prmxpm/ HTTP/1.1" 200 94 "-" "Mozilla/5.0 (compatible; Googlebot/2.1; +http://www.google.com/bot.html)"
40.77.167.23 - - [25/Nov/2024:05:18:18 -0700] "GET /ag2.0 HTTP/1.1" 200 94 "-" "Mozilla/5.0 AppleWebKit/537.36 (KHTML, like Gecko; compatible; bingbot/2.0; +http://www.bing.com/bingbot.htm) Chrome/116.0.1938.76 Safari/537.36"
3.133.136.112 - - [25/Nov/2024:05:18:21 -0700] "GET /myadmin/cbse/files/Secondary/fonts/icomoon/css/images/santattar1.jpg HTTP/1.1" 200 94 "-" "Mozilla/5.0 AppleWebKit/537.36 (KHTML, like Gecko; compatible; ClaudeBot/1.0; +claudebot@anthropic.com)"
3.133.136.112 - - [25/Nov/2024:05:18:21 -0700] "GET /myadmin/cbse/files/Secondary/fonts/icomoon/css/images/school%20(9).jpg HTTP/1.1" 200 94 "-" "Mozilla/5.0 AppleWebKit/537.36 (KHTML, like Gecko; compatible; ClaudeBot/1.0; +claudebot@anthropic.com)"
3.133.136.112 - - [25/Nov/2024:05:18:21 -0700] "GET /myadmin/cbse/files/Secondary/fonts/icomoon/css/images/Dr-Veer-Ji1.jpg HTTP/1.1" 200 94 "-" "Mozilla/5.0 AppleWebKit/537.36 (KHTML, like Gecko; compatible; ClaudeBot/1.0; +claudebot@anthropic.com)"
66.249.79.75 - - [25/Nov/2024:05:19:08 -0700] "GET /detail/skxlzf/ HTTP/1.1" 200 94 "-" "Mozilla/5.0 (compatible; Googlebot/2.1; +http://www.google.com/bot.html)"
66.249.79.73 - - [25/Nov/2024:05:19:30 -0700] "GET /detail/mohgvw/ HTTP/1.1" 200 94 "-" "Mozilla/5.0 (compatible; Googlebot/2.1; +http://www.google.com/bot.html)"
66.249.66.163 - - [25/Nov/2024:05:19:40 -0700] "GET /detail/luctbu/ HTTP/1.1" 200 94 "-" "Mozilla/5.0 (compatible; Googlebot/2.1; +http://www.google.com/bot.html)"
66.249.79.73 - - [25/Nov/2024:05:19:42 -0700] "GET /bet/xqmoyd/how-much-is-a-mega-million-for-tonight.html HTTP/1.1" 200 94 "-" "Mozilla/5.0 (compatible; Googlebot/2.1; +http://www.google.com/bot.html)"
66.249.79.73 - - [25/Nov/2024:05:19:51 -0700] "GET /detail/uqzhcn/ HTTP/1.1" 200 94 "-" "Mozilla/5.0 (compatible; Googlebot/2.1; +http://www.google.com/bot.html)"
69.162.124.238 - - [25/Nov/2024:05:19:58 -0700] "HEAD /cbse-corner.php HTTP/1.1" 200 - "https://chogawan.akalacademy.ac.in/cbse-corner.php" "Mozilla/5.0+(compatible; UptimeRobot/2.0; http://www.uptimerobot.com/)"
66.249.79.75 - - [25/Nov/2024:05:20:44 -0700] "GET /detail/wqdvza/ HTTP/1.1" 200 94 "-" "Mozilla/5.0 (compatible; Googlebot/2.1; +http://www.google.com/bot.html)"
66.249.79.74 - - [25/Nov/2024:05:21:02 -0700] "GET /news/sfjkjm/ HTTP/1.1" 200 94 "-" "Mozilla/5.0 (compatible; Googlebot/2.1; +http://www.google.com/bot.html)"
66.249.79.73 - - [25/Nov/2024:05:22:44 -0700] "GET /detail/jquamu/ HTTP/1.1" 200 94 "-" "Mozilla/5.0 (compatible; Googlebot/2.1; +http://www.google.com/bot.html)"
66.249.79.74 - - [25/Nov/2024:05:22:50 -0700] "GET /detail/mvmqgl/high-five-casino-slots.html HTTP/1.1" 200 94 "-" "Mozilla/5.0 (compatible; Googlebot/2.1; +http://www.google.com/bot.html)"
87.250.224.42 - - [25/Nov/2024:05:22:52 -0700] "GET /mChrist-taught2usj2sc/files/Senior%20Secondary/files/Secondary/Intitial_pages_srsec_2019-20-min.pdf HTTP/1.1" 200 94 "-" "Mozilla/5.0 (compatible; YandexBot/3.0; +http://yandex.com/bots)"
66.249.79.75 - - [25/Nov/2024:05:24:01 -0700] "GET /news/iarvcg/ HTTP/1.1" 200 94 "-" "Mozilla/5.0 (compatible; Googlebot/2.1; +http://www.google.com/bot.html)"
66.249.79.73 - - [25/Nov/2024:05:24:29 -0700] "GET /detail/vxvavc/ HTTP/1.1" 200 94 "-" "Mozilla/5.0 (compatible; Googlebot/2.1; +http://www.google.com/bot.html)"
18.116.85.218 - - [25/Nov/2024:05:24:43 -0700] "GET /myadmin/cbse/files/I-VIII/fonts/flaticon/font/css/images/principal%20message.jpg HTTP/1.1" 200 94 "-" "Mozilla/5.0 AppleWebKit/537.36 (KHTML, like Gecko; compatible; ClaudeBot/1.0; +claudebot@anthropic.com)"
69.162.124.238 - - [25/Nov/2024:05:24:58 -0700] "HEAD /cbse-corner.php HTTP/1.1" 200 - "https://chogawan.akalacademy.ac.in/cbse-corner.php" "Mozilla/5.0+(compatible; UptimeRobot/2.0; http://www.uptimerobot.com/)"
66.249.79.74 - - [25/Nov/2024:05:25:32 -0700] "GET /news/jkhnjk/ipl-2013-qualifier-2.html HTTP/1.1" 200 94 "-" "Mozilla/5.0 (compatible; Googlebot/2.1; +http://www.google.com/bot.html)"
52.167.144.168 - - [25/Nov/2024:05:26:12 -0700] "GET /cp/wp-content/uploads/2020/11/files/Secondary/gallery.php HTTP/1.1" 200 94 "-" "Mozilla/5.0 AppleWebKit/537.36 (KHTML, like Gecko; compatible; bingbot/2.0; +http://www.bing.com/bingbot.htm) Chrome/116.0.1938.76 Safari/537.36"
52.167.144.168 - - [25/Nov/2024:05:26:13 -0700] "GET /news/ucebwb/files/Senior%20Secondary/Psychology-min.pdf HTTP/1.1" 200 94 "-" "Mozilla/5.0 AppleWebKit/537.36 (KHTML, like Gecko; compatible; bingbot/2.0; +http://www.bing.com/bingbot.htm) Chrome/116.0.1938.76 Safari/537.36"
40.77.167.54 - - [25/Nov/2024:05:26:21 -0700] "GET /cidade/secretarias/fazenda/servicos/files/Secondary/files/I-VIII/S.St%20(III%20to%20VIII)-min.pdf HTTP/1.1" 200 94 "-" "Mozilla/5.0 AppleWebKit/537.36 (KHTML, like Gecko; compatible; bingbot/2.0; +http://www.bing.com/bingbot.htm) Chrome/116.0.1938.76 Safari/537.36"
66.249.79.75 - - [25/Nov/2024:05:27:03 -0700] "GET /bet/mjygrh/week-9-nfl-odds-predictions.html HTTP/1.1" 200 94 "-" "Mozilla/5.0 (compatible; Googlebot/2.1; +http://www.google.com/bot.html)"
52.167.144.168 - - [25/Nov/2024:05:27:13 -0700] "GET /category/2-intelligence/files/Senior%20Secondary/files/Senior%20Secondary/PoliticalScience-min.pdf HTTP/1.1" 200 94 "-" "Mozilla/5.0 AppleWebKit/537.36 (KHTML, like Gecko; compatible; bingbot/2.0; +http://www.bing.com/bingbot.htm) Chrome/116.0.1938.76 Safari/537.36"
95.108.213.176 - - [25/Nov/2024:05:27:35 -0700] "GET /mall-conceiving2hqn2sc/files/Senior%20Secondary/files/IX-X/files/Secondary/Intitial_pages_sec_2019-20-min.pdf HTTP/1.1" 200 94 "-" "Mozilla/5.0 (compatible; YandexBot/3.0; +http://yandex.com/bots)"
52.167.144.168 - - [25/Nov/2024:05:27:44 -0700] "GET /article/2022/01/06/files/Secondary/files/Senior%20Secondary/ComputerSc_NewXII-min.pdf HTTP/1.1" 200 94 "-" "Mozilla/5.0 AppleWebKit/537.36 (KHTML, like Gecko; compatible; bingbot/2.0; +http://www.bing.com/bingbot.htm) Chrome/116.0.1938.76 Safari/537.36"
66.249.79.73 - - [25/Nov/2024:05:29:04 -0700] "GET /news/lbdjtm/ HTTP/1.1" 200 94 "-" "Mozilla/5.0 (compatible; Googlebot/2.1; +http://www.google.com/bot.html)"
66.249.79.74 - - [25/Nov/2024:05:29:27 -0700] "GET /detail/mzqsyn/prashant-chopra-rajasthan-royals.html HTTP/1.1" 200 94 "-" "Mozilla/5.0 (compatible; Googlebot/2.1; +http://www.google.com/bot.html)"
66.249.79.73 - - [25/Nov/2024:05:29:51 -0700] "GET /bet/ulrjzy/ HTTP/1.1" 200 94 "-" "Mozilla/5.0 (compatible; Googlebot/2.1; +http://www.google.com/bot.html)"
69.162.124.238 - - [25/Nov/2024:05:29:58 -0700] "HEAD /cbse-corner.php HTTP/1.1" 200 - "https://chogawan.akalacademy.ac.in/cbse-corner.php" "Mozilla/5.0+(compatible; UptimeRobot/2.0; http://www.uptimerobot.com/)"
52.167.144.175 - - [25/Nov/2024:05:30:29 -0700] "GET /wp-content/uploads/2016/12/files/Secondary/ART_EDUCATION-min.pdf HTTP/1.1" 200 94 "-" "Mozilla/5.0 AppleWebKit/537.36 (KHTML, like Gecko; compatible; bingbot/2.0; +http://www.bing.com/bingbot.htm) Chrome/116.0.1938.76 Safari/537.36"
52.167.144.175 - - [25/Nov/2024:05:30:29 -0700] "GET /cabinets/cabinet_files/download/55/files/senior%20secondary/about.php HTTP/1.1" 200 94 "-" "Mozilla/5.0 AppleWebKit/537.36 (KHTML, like Gecko; compatible; bingbot/2.0; +http://www.bing.com/bingbot.htm) Chrome/116.0.1938.76 Safari/537.36"
66.249.79.73 - - [25/Nov/2024:05:31:11 -0700] "GET /bet/pbbjly/ HTTP/1.1" 200 94 "-" "Mozilla/5.0 (compatible; Googlebot/2.1; +http://www.google.com/bot.html)"
52.167.144.168 - - [25/Nov/2024:05:31:23 -0700] "GET /example/files/senior%20secondary/files/IX-X/Grade%20(IX)-min.pdf HTTP/1.1" 200 94 "-" "Mozilla/5.0 AppleWebKit/537.36 (KHTML, like Gecko; compatible; bingbot/2.0; +http://www.bing.com/bingbot.htm) Chrome/116.0.1938.76 Safari/537.36"
66.249.79.73 - - [25/Nov/2024:05:31:36 -0700] "GET /news/lzpvee/ HTTP/1.1" 200 94 "-" "Mozilla/5.0 (compatible; Googlebot/2.1; +http://www.google.com/bot.html)"
52.167.144.175 - - [25/Nov/2024:05:33:41 -0700] "GET /%E0%B8%9A%E0%B8%A5%E0%B9%8A%E0%B8%AD%E0%B8%81/%E0%B8%9A%E0%B8%B1%E0%B8%95%E0%B8%A3%E0%B9%80%E0%B8%A5%E0%B8%B7%E0%B8%AD%E0%B8%81%E0%B8%95%E0%B8%B1%E0%B9%89%E0%B8%87%E0%B8%A5%E0%B9%88%E0%B8%A7%E0%B8%87%E0%B8%AB%E0%B8%99%E0%B9%89%E0%B8%B2-%E0%B8%99%E0%B8%B1%E0%B8%9A%E0%B8%9E%E0%B8%A3%E0%B9%89%E0%B8%AD%E0%B8%A1%E0%B8%81%E0%B8%B1%E0%B8%99-24-%E0%B8%A1%E0%B8%B5-%E0%B8%84-%E0%B9%80%E0%B8%9B%E0%B8%B4%E0%B8%94%E0%B8%81%E0%B8%A5%E0%B9%89%E0%B8%AD%E0%B8%87%E0%B8%A7%E0%B8%87%E0%B8%88%E0%B8%A3%E0%B8%9B%E0%B8%B4%E0%B8%94%E0%B9%80%E0%B8%9D%E0%B9%89%E0%B8%B2-24-%E0%B8%8A%E0%B8%A1/files/Secondary/files/I-VIII/about.php HTTP/1.1" 200 94 "-" "Mozilla/5.0 AppleWebKit/537.36 (KHTML, like Gecko; compatible; bingbot/2.0; +http://www.bing.com/bingbot.htm) Chrome/116.0.1938.76 Safari/537.36"
52.167.144.175 - - [25/Nov/2024:05:34:00 -0700] "GET /%E0%B8%9A%E0%B8%A5%E0%B9%8A%E0%B8%AD%E0%B8%81/%E0%B8%9A%E0%B8%B1%E0%B8%95%E0%B8%A3%E0%B9%80%E0%B8%A5%E0%B8%B7%E0%B8%AD%E0%B8%81%E0%B8%95%E0%B8%B1%E0%B9%89%E0%B8%87%E0%B8%A5%E0%B9%88%E0%B8%A7%E0%B8%87%E0%B8%AB%E0%B8%99%E0%B9%89%E0%B8%B2-%E0%B8%99%E0%B8%B1%E0%B8%9A%E0%B8%9E%E0%B8%A3%E0%B9%89%E0%B8%AD%E0%B8%A1%E0%B8%81%E0%B8%B1%E0%B8%99-24-%E0%B8%A1%E0%B8%B5-%E0%B8%84-%E0%B9%80%E0%B8%9B%E0%B8%B4%E0%B8%94%E0%B8%81%E0%B8%A5%E0%B9%89%E0%B8%AD%E0%B8%87%E0%B8%A7%E0%B8%87%E0%B8%88%E0%B8%A3%E0%B8%9B%E0%B8%B4%E0%B8%94%E0%B9%80%E0%B8%9D%E0%B9%89%E0%B8%B2-24-%E0%B8%8A%E0%B8%A1/files/IX-X/files/I-VIII/S.St%20(III%20to%20VIII)-min.pdf HTTP/1.1" 200 94 "-" "Mozilla/5.0 AppleWebKit/537.36 (KHTML, like Gecko; compatible; bingbot/2.0; +http://www.bing.com/bingbot.htm) Chrome/116.0.1938.76 Safari/537.36"
66.249.79.73 - - [25/Nov/2024:05:34:25 -0700] "GET /bet/zxqawf/mlb-bets-tomorrow.html HTTP/1.1" 200 94 "-" "Mozilla/5.0 (compatible; Googlebot/2.1; +http://www.google.com/bot.html)"
5.255.231.105 - - [25/Nov/2024:05:34:35 -0700] "GET /minvolute-leaved4ous5sc/files/Secondary/files/Secondary/Intitial_pages_sec_2019-20-min.pdf HTTP/1.1" 200 94 "-" "Mozilla/5.0 (compatible; YandexBot/3.0; +http://yandex.com/bots)"
69.162.124.238 - - [25/Nov/2024:05:34:59 -0700] "HEAD /cbse-corner.php HTTP/1.1" 200 - "https://chogawan.akalacademy.ac.in/cbse-corner.php" "Mozilla/5.0+(compatible; UptimeRobot/2.0; http://www.uptimerobot.com/)"
66.249.79.74 - - [25/Nov/2024:05:35:29 -0700] "GET /detail/fafmqo/ HTTP/1.1" 200 94 "-" "Mozilla/5.0 (compatible; Googlebot/2.1; +http://www.google.com/bot.html)"
52.167.144.162 - - [25/Nov/2024:05:36:22 -0700] "GET /site/files/secondary/files/I-VIII/index.php HTTP/1.1" 200 94 "-" "Mozilla/5.0 AppleWebKit/537.36 (KHTML, like Gecko; compatible; bingbot/2.0; +http://www.bing.com/bingbot.htm) Chrome/116.0.1938.76 Safari/537.36"
66.249.79.73 - - [25/Nov/2024:05:36:23 -0700] "GET /bet/jswhrl/bookmaker-bonuses.html HTTP/1.1" 200 94 "-" "Mozilla/5.0 (compatible; Googlebot/2.1; +http://www.google.com/bot.html)"
66.249.79.74 - - [25/Nov/2024:05:36:45 -0700] "GET /news/djwbja/cricket-betting-100-win-tips.html HTTP/1.1" 200 94 "-" "Mozilla/5.0 (compatible; Googlebot/2.1; +http://www.google.com/bot.html)"
52.167.144.229 - - [25/Nov/2024:05:37:12 -0700] "GET /ask-digital.co.jp/customer/files/Senior%20Secondary/files/I-VIII/VI-X%20Hindi-min.pdf HTTP/1.1" 200 94 "-" "Mozilla/5.0 AppleWebKit/537.36 (KHTML, like Gecko; compatible; bingbot/2.0; +http://www.bing.com/bingbot.htm) Chrome/116.0.1938.76 Safari/537.36"
95.108.213.96 - - [25/Nov/2024:05:37:51 -0700] "GET /files/Senior%20Secondary/files/IX-X/files/Secondary/files/Senior%20Secondary/Econonics-min.pdf HTTP/1.1" 200 94 "-" "Mozilla/5.0 (compatible; YandexBot/3.0; +http://yandex.com/bots)"
66.249.79.75 - - [25/Nov/2024:05:38:07 -0700] "GET /news/rnkpna/ HTTP/1.1" 200 94 "-" "Mozilla/5.0 (compatible; Googlebot/2.1; +http://www.google.com/bot.html)"
66.249.79.73 - - [25/Nov/2024:05:39:02 -0700] "GET /detail/lrbsrn/ HTTP/1.1" 200 94 "-" "Mozilla/5.0 (compatible; Googlebot/2.1; +http://www.google.com/bot.html)"
66.249.79.74 - - [25/Nov/2024:05:39:16 -0700] "GET /bet/xfnbpn/mumbai-indians-retains-player-for-2018.html HTTP/1.1" 200 94 "-" "Mozilla/5.0 (compatible; Googlebot/2.1; +http://www.google.com/bot.html)"
216.244.66.233 - - [25/Nov/2024:05:39:26 -0700] "GET /myadmin/gallery/files/Senior%20Secondary/files/Senior%20Secondary/videos.php HTTP/1.1" 200 94 "-" "Mozilla/5.0 (compatible; DotBot/1.2; +https://opensiteexplorer.org/dotbot; help@moz.com)"
69.162.124.238 - - [25/Nov/2024:05:39:58 -0700] "HEAD /cbse-corner.php HTTP/1.1" 200 - "https://chogawan.akalacademy.ac.in/cbse-corner.php" "Mozilla/5.0+(compatible; UptimeRobot/2.0; http://www.uptimerobot.com/)"
66.249.79.75 - - [25/Nov/2024:05:40:14 -0700] "GET /news/lyfrqs/mumbai-indians-2019-ipl-final.html HTTP/1.1" 200 94 "-" "Mozilla/5.0 (compatible; Googlebot/2.1; +http://www.google.com/bot.html)"
66.249.79.74 - - [25/Nov/2024:05:41:29 -0700] "GET /bet/hlenjg/pacific-rim-game-play-online.html HTTP/1.1" 200 94 "-" "Mozilla/5.0 (compatible; Googlebot/2.1; +http://www.google.com/bot.html)"
52.167.144.162 - - [25/Nov/2024:05:42:55 -0700] "GET /aboutus/files/Secondary/files/Senior%20Secondary/Eng.Core-min.pdf HTTP/1.1" 200 94 "-" "Mozilla/5.0 AppleWebKit/537.36 (KHTML, like Gecko; compatible; bingbot/2.0; +http://www.bing.com/bingbot.htm) Chrome/116.0.1938.76 Safari/537.36"
66.249.79.75 - - [25/Nov/2024:05:43:06 -0700] "GET /news/ralult/most-richest-cricketer-in-indian-ever.html HTTP/1.1" 200 94 "-" "Mozilla/5.0 (compatible; Googlebot/2.1; +http://www.google.com/bot.html)"
40.77.167.150 - - [25/Nov/2024:05:43:46 -0700] "GET /tai-lieu-hoc-tieng-trung/files/Senior%20Secondary/files/I-VIII/Maths%20(I%20to%20VIII)-min.pdf HTTP/1.1" 200 94 "-" "Mozilla/5.0 AppleWebKit/537.36 (KHTML, like Gecko; compatible; bingbot/2.0; +http://www.bing.com/bingbot.htm) Chrome/116.0.1938.76 Safari/537.36"
66.249.79.74 - - [25/Nov/2024:05:43:48 -0700] "GET /detail/kuafcs/highest-century-in-2019-world-cup.html HTTP/1.1" 200 94 "-" "Mozilla/5.0 (compatible; Googlebot/2.1; +http://www.google.com/bot.html)"
66.249.79.75 - - [25/Nov/2024:05:44:34 -0700] "GET /detail/oakbmq/konami-slot-machines.html HTTP/1.1" 200 94 "-" "Mozilla/5.0 (compatible; Googlebot/2.1; +http://www.google.com/bot.html)"
66.249.79.74 - - [25/Nov/2024:05:45:00 -0700] "GET /bet/bpgrai/netherlands-football-best-bets.html HTTP/1.1" 200 94 "-" "Mozilla/5.0 (compatible; Googlebot/2.1; +http://www.google.com/bot.html)"
66.249.79.73 - - [25/Nov/2024:05:45:05 -0700] "GET /news/ljbdpk/ HTTP/1.1" 200 94 "-" "Mozilla/5.0 (compatible; Googlebot/2.1; +http://www.google.com/bot.html)"
66.249.79.73 - - [25/Nov/2024:05:45:20 -0700] "GET /detail/gdgqdi/ HTTP/1.1" 200 94 "-" "Mozilla/5.0 (compatible; Googlebot/2.1; +http://www.google.com/bot.html)"
5.255.231.100 - - [25/Nov/2024:05:46:04 -0700] "GET /marrhythmically2iut4sc/files/Secondary/files/IX-X/Grade%20(XI)%20-min.pdf HTTP/1.1" 200 94 "-" "Mozilla/5.0 (compatible; YandexBot/3.0; +http://yandex.com/bots)"
69.162.124.238 - - [25/Nov/2024:05:46:11 -0700] "HEAD /cbse-corner.php HTTP/1.1" 200 - "https://chogawan.akalacademy.ac.in/cbse-corner.php" "Mozilla/5.0+(compatible; UptimeRobot/2.0; http://www.uptimerobot.com/)"
66.249.79.75 - - [25/Nov/2024:05:46:47 -0700] "GET /detail/vzkkaa/ HTTP/1.1" 200 94 "-" "Mozilla/5.0 (compatible; Googlebot/2.1; +http://www.google.com/bot.html)"
40.77.167.79 - - [25/Nov/2024:05:46:51 -0700] "GET /home/finansovo-hospodarska-zvitnist/files/Secondary/files/IX-X/pafirawaruntu.org HTTP/1.1" 200 94 "-" "Mozilla/5.0 AppleWebKit/537.36 (KHTML, like Gecko; compatible; bingbot/2.0; +http://www.bing.com/bingbot.htm) Chrome/116.0.1938.76 Safari/537.36"
66.249.79.73 - - [25/Nov/2024:05:47:39 -0700] "GET /bet/urxczw/japan-casino-location.html HTTP/1.1" 200 94 "-" "Mozilla/5.0 (compatible; Googlebot/2.1; +http://www.google.com/bot.html)"
66.249.79.75 - - [25/Nov/2024:05:48:23 -0700] "GET /bet/mghvpi/evolve-living-reviews.html HTTP/1.1" 200 94 "-" "Mozilla/5.0 (compatible; Googlebot/2.1; +http://www.google.com/bot.html)"
40.77.167.150 - - [25/Nov/2024:05:48:45 -0700] "GET /blog/2019/10/%E4%BC%9A%E7%A4%BE%E5%90%88%E4%BD%B5%E3%81%AB%E4%BC%B4%E3%81%86%E7%A4%BE%E5%90%8D%E5%A4%89%E6%9B%B4%E3%81%AE%E3%81%8A%E7%9F%A5%E3%82%89%E3%81%9B/files/Secondary/files/IX-X/videos.php HTTP/1.1" 200 94 "-" "Mozilla/5.0 AppleWebKit/537.36 (KHTML, like Gecko; compatible; bingbot/2.0; +http://www.bing.com/bingbot.htm) Chrome/116.0.1938.76 Safari/537.36"
40.77.167.150 - - [25/Nov/2024:05:49:06 -0700] "GET /en-pratique/protections-labels-et-appellations/files/I-VIII/files/Senior%20Secondary/Econonics%20(1)-min.pdf HTTP/1.1" 200 94 "-" "Mozilla/5.0 AppleWebKit/537.36 (KHTML, like Gecko; compatible; bingbot/2.0; +http://www.bing.com/bingbot.htm) Chrome/116.0.1938.76 Safari/537.36"
52.167.144.162 - - [25/Nov/2024:05:49:35 -0700] "GET /%E3%83%8B%E3%83%A5%E3%83%BC%E3%83%A8%E3%83%BC%E3%82%AF%E3%81%AE%E9%AD%94%E6%B3%95%E3%81%AF%E7%B5%82%E3%82%8F%E3%82%89%E3%81%AA%E3%81%84-%E6%96%87%E6%98%A5%E6%96%87%E5%BA%AB-%E5%B2%A1%E7%94%B0-%E5%85%89%E4%B8%96/dp/4167912856/files/Senior%20Secondary/files/Secondary/ART_EDUCATION-min.pdf HTTP/1.1" 200 94 "-" "Mozilla/5.0 AppleWebKit/537.36 (KHTML, like Gecko; compatible; bingbot/2.0; +http://www.bing.com/bingbot.htm) Chrome/116.0.1938.76 Safari/537.36"
66.249.79.74 - - [25/Nov/2024:05:50:10 -0700] "GET /detail/iyfcbv/five-card-stud-poker-games-online.html HTTP/1.1" 200 94 "-" "Mozilla/5.0 (compatible; Googlebot/2.1; +http://www.google.com/bot.html)"
69.162.124.238 - - [25/Nov/2024:05:51:11 -0700] "HEAD /cbse-corner.php HTTP/1.1" 200 - "https://chogawan.akalacademy.ac.in/cbse-corner.php" "Mozilla/5.0+(compatible; UptimeRobot/2.0; http://www.uptimerobot.com/)"
3.137.215.145 - - [25/Nov/2024:05:51:13 -0700] "GET /myadmin/cbse/files/I-VIII/fonts/flaticon/font/files/Secondary/images/Dr-Veer-Ji1.jpg HTTP/1.1" 200 94 "-" "Mozilla/5.0 AppleWebKit/537.36 (KHTML, like Gecko; compatible; ClaudeBot/1.0; +claudebot@anthropic.com)"
66.249.79.75 - - [25/Nov/2024:05:51:20 -0700] "GET /bet/tnkwub/pro-kabaddi-latest-video.html HTTP/1.1" 200 94 "-" "Mozilla/5.0 (compatible; Googlebot/2.1; +http://www.google.com/bot.html)"
66.249.79.73 - - [25/Nov/2024:05:51:24 -0700] "GET /bet/umhsbo/ HTTP/1.1" 200 94 "-" "Mozilla/5.0 (compatible; Googlebot/2.1; +http://www.google.com/bot.html)"
66.249.79.73 - - [25/Nov/2024:05:51:55 -0700] "GET /news/yqendd/live-cricket-online-hotsrar.html HTTP/1.1" 200 94 "-" "Mozilla/5.0 (compatible; Googlebot/2.1; +http://www.google.com/bot.html)"
66.249.79.73 - - [25/Nov/2024:05:52:09 -0700] "GET /bet/dyiajb/betting-bhav.html HTTP/1.1" 200 94 "-" "Mozilla/5.0 (compatible; Googlebot/2.1; +http://www.google.com/bot.html)"
66.249.79.73 - - [25/Nov/2024:05:53:43 -0700] "GET /news/tvrfvk/cricket-gujara-scores.html HTTP/1.1" 200 94 "-" "Mozilla/5.0 (compatible; Googlebot/2.1; +http://www.google.com/bot.html)"
52.167.144.162 - - [25/Nov/2024:05:53:57 -0700] "GET /%E3%83%96%E3%83%AD%E3%83%BC%E3%83%89%E3%82%A6%E3%82%A7%E3%82%A4%E3%83%9F%E3%83%A5%E3%83%BC%E3%82%B8%E3%82%AB%E3%83%AB%E4%BD%9C%E5%93%81%E4%B8%80%E8%A6%A7/%E3%83%8F%E3%83%AA%E3%83%BC%E3%83%9D%E3%83%83%E3%82%BF%E3%83%BC%E3%81%A8%E5%91%AA%E3%81%84%E3%81%AE%E5%AD%90_harry_potter_and_the_cursed_child/files/I-VIII/files/Secondary/index.php HTTP/1.1" 200 94 "-" "Mozilla/5.0 AppleWebKit/537.36 (KHTML, like Gecko; compatible; bingbot/2.0; +http://www.bing.com/bingbot.htm) Chrome/116.0.1938.76 Safari/537.36"
66.249.79.74 - - [25/Nov/2024:05:55:09 -0700] "GET /detail/rjxcth/ HTTP/1.1" 200 94 "-" "Mozilla/5.0 (compatible; Googlebot/2.1; +http://www.google.com/bot.html)"
66.249.79.74 - - [25/Nov/2024:05:55:11 -0700] "GET /news/knctmp/next-world-cup-of-women.html HTTP/1.1" 200 94 "-" "Mozilla/5.0 (compatible; Googlebot/2.1; +http://www.google.com/bot.html)"
66.249.79.74 - - [25/Nov/2024:05:55:16 -0700] "GET /detail/ibdmks/best-games-for-pc-with-1gb-graphic-card.html HTTP/1.1" 200 94 "-" "Mozilla/5.0 (compatible; Googlebot/2.1; +http://www.google.com/bot.html)"
3.144.38.254 - - [25/Nov/2024:05:55:58 -0700] "GET /images/css/files/IX-X/fonts/icomoon/files/Secondary/images/principal%20message.jpg HTTP/1.1" 200 94 "-" "Mozilla/5.0 AppleWebKit/537.36 (KHTML, like Gecko; compatible; ClaudeBot/1.0; +claudebot@anthropic.com)"
52.167.144.167 - - [25/Nov/2024:05:56:00 -0700] "GET /2020/05/files/Secondary/files/Secondary/14_Circular_2019ANX1-min.pdf HTTP/1.1" 200 94 "-" "Mozilla/5.0 AppleWebKit/537.36 (KHTML, like Gecko; compatible; bingbot/2.0; +http://www.bing.com/bingbot.htm) Chrome/116.0.1938.76 Safari/537.36"
69.162.124.238 - - [25/Nov/2024:05:56:11 -0700] "HEAD /cbse-corner.php HTTP/1.1" 200 - "https://chogawan.akalacademy.ac.in/cbse-corner.php" "Mozilla/5.0+(compatible; UptimeRobot/2.0; http://www.uptimerobot.com/)"
66.249.79.74 - - [25/Nov/2024:05:56:13 -0700] "GET /detail/txcbaq/ HTTP/1.1" 200 94 "-" "Mozilla/5.0 (compatible; Googlebot/2.1; +http://www.google.com/bot.html)"
66.249.79.73 - - [25/Nov/2024:05:56:20 -0700] "GET /news/qacifc/ HTTP/1.1" 200 94 "-" "Mozilla/5.0 (compatible; Googlebot/2.1; +http://www.google.com/bot.html)"
66.249.79.73 - - [25/Nov/2024:05:56:24 -0700] "GET /bet/akwukq/ HTTP/1.1" 200 94 "-" "Mozilla/5.0 (compatible; Googlebot/2.1; +http://www.google.com/bot.html)"
3.12.151.149 - - [25/Nov/2024:05:56:29 -0700] "GET /myadmin/cbse/files/I-VIII/fonts/flaticon/font/css/images/Dr-Veer-Ji1.jpg HTTP/1.1" 200 94 "-" "Mozilla/5.0 AppleWebKit/537.36 (KHTML, like Gecko; compatible; ClaudeBot/1.0; +claudebot@anthropic.com)"
66.249.79.73 - - [25/Nov/2024:05:56:53 -0700] "GET /news/nsekxw/ HTTP/1.1" 200 94 "-" "Mozilla/5.0 (compatible; Googlebot/2.1; +http://www.google.com/bot.html)"
66.249.79.73 - - [25/Nov/2024:05:56:57 -0700] "GET /news/lvxecj/ HTTP/1.1" 200 94 "-" "Mozilla/5.0 (compatible; Googlebot/2.1; +http://www.google.com/bot.html)"
52.167.144.167 - - [25/Nov/2024:05:57:39 -0700] "GET /~kashima/files/Senior%20Secondary/files/Secondary/14_Circular_2019ANX1-min.pdf HTTP/1.1" 200 94 "-" "Mozilla/5.0 AppleWebKit/537.36 (KHTML, like Gecko; compatible; bingbot/2.0; +http://www.bing.com/bingbot.htm) Chrome/116.0.1938.76 Safari/537.36"
40.77.167.48 - - [25/Nov/2024:05:57:43 -0700] "GET /pdf/2021/seminar/files/Senior%20Secondary/files/I-VIII/Maths%20(I%20to%20VIII)-min.pdf HTTP/1.1" 200 94 "-" "Mozilla/5.0 AppleWebKit/537.36 (KHTML, like Gecko; compatible; bingbot/2.0; +http://www.bing.com/bingbot.htm) Chrome/116.0.1938.76 Safari/537.36"
66.249.79.75 - - [25/Nov/2024:05:58:02 -0700] "GET /detail/pthors/ HTTP/1.1" 200 94 "-" "Mozilla/5.0 (compatible; Googlebot/2.1; +http://www.google.com/bot.html)"
66.249.79.74 - - [25/Nov/2024:05:58:48 -0700] "GET /news/olwzbx/ HTTP/1.1" 200 94 "-" "Mozilla/5.0 (compatible; Googlebot/2.1; +http://www.google.com/bot.html)"
66.249.79.73 - - [25/Nov/2024:05:59:30 -0700] "GET /bet/gbxbvd/all-time-best-player-cricket.html HTTP/1.1" 200 94 "-" "Mozilla/5.0 (compatible; Googlebot/2.1; +http://www.google.com/bot.html)"
66.249.79.73 - - [25/Nov/2024:05:59:46 -0700] "GET /detail/akqofa/ HTTP/1.1" 200 94 "-" "Mozilla/5.0 (compatible; Googlebot/2.1; +http://www.google.com/bot.html)"
5.255.231.78 - - [25/Nov/2024:06:00:45 -0700] "GET /mencyrtid1rog1sc/files/Secondary/files/Secondary/files/I-VIII/files/Senior%20Secondary/History-min.pdf HTTP/1.1" 200 94 "-" "Mozilla/5.0 (compatible; YandexBot/3.0; +http://yandex.com/bots)"
69.162.124.238 - - [25/Nov/2024:06:01:11 -0700] "HEAD /cbse-corner.php HTTP/1.1" 200 - "https://chogawan.akalacademy.ac.in/cbse-corner.php" "Mozilla/5.0+(compatible; UptimeRobot/2.0; http://www.uptimerobot.com/)"
5.255.231.142 - - [25/Nov/2024:06:01:37 -0700] "GET /robots.txt HTTP/1.1" 200 94 "-" "Mozilla/5.0 (compatible; YandexBot/3.0; +http://yandex.com/bots)"
5.255.231.125 - - [25/Nov/2024:06:01:38 -0700] "GET /mSaidee5fxe6sc/files/I-VIII/files/Secondary/files/Secondary/417-FAQ-min.pdf HTTP/1.1" 200 94 "-" "Mozilla/5.0 (compatible; YandexBot/3.0; +http://yandex.com/bots)"
52.167.144.167 - - [25/Nov/2024:06:01:39 -0700] "GET /forum/files/Secondary/files/Senior%20Secondary/PoliticalScience-min.pdf HTTP/1.1" 200 94 "-" "Mozilla/5.0 AppleWebKit/537.36 (KHTML, like Gecko; compatible; bingbot/2.0; +http://www.bing.com/bingbot.htm) Chrome/116.0.1938.76 Safari/537.36"
66.249.79.74 - - [25/Nov/2024:06:01:40 -0700] "GET /bet/vvkbjw/ HTTP/1.1" 200 94 "-" "Mozilla/5.0 (compatible; Googlebot/2.1; +http://www.google.com/bot.html)"
66.249.79.75 - - [25/Nov/2024:06:02:47 -0700] "GET /bet/eovoxn/2011-world-cup-india-vs-bangladesh.html HTTP/1.1" 200 94 "-" "Mozilla/5.0 (compatible; Googlebot/2.1; +http://www.google.com/bot.html)"
66.249.79.75 - - [25/Nov/2024:06:03:08 -0700] "GET /detail/crffvx/jack-casino-entertainment.html HTTP/1.1" 200 94 "-" "Mozilla/5.0 (compatible; Googlebot/2.1; +http://www.google.com/bot.html)"
66.249.79.74 - - [25/Nov/2024:06:04:32 -0700] "GET /detail/rencqi/flappy-bird-crypto.html HTTP/1.1" 200 94 "-" "Mozilla/5.0 (compatible; Googlebot/2.1; +http://www.google.com/bot.html)"
66.249.79.73 - - [25/Nov/2024:06:04:43 -0700] "GET /detail/aiitzd/ HTTP/1.1" 200 94 "-" "Mozilla/5.0 (compatible; Googlebot/2.1; +http://www.google.com/bot.html)"
66.249.79.73 - - [25/Nov/2024:06:04:51 -0700] "GET /detail/jdymro/sandeep-sharma-parshad-chittorgarh.html HTTP/1.1" 200 94 "-" "Mozilla/5.0 (compatible; Googlebot/2.1; +http://www.google.com/bot.html)"
66.249.79.73 - - [25/Nov/2024:06:04:58 -0700] "GET /detail/bpznur/maradona-vs-brazil.html HTTP/1.1" 200 94 "-" "Mozilla/5.0 (compatible; Googlebot/2.1; +http://www.google.com/bot.html)"
66.249.79.74 - - [25/Nov/2024:06:05:10 -0700] "GET /news/potdum/ HTTP/1.1" 200 94 "-" "Mozilla/5.0 (compatible; Googlebot/2.1; +http://www.google.com/bot.html)"
66.249.79.73 - - [25/Nov/2024:06:05:22 -0700] "GET /bet/qqfztu/ HTTP/1.1" 200 94 "-" "Mozilla/5.0 (compatible; Googlebot/2.1; +http://www.google.com/bot.html)"
66.249.79.73 - - [25/Nov/2024:06:05:45 -0700] "GET /news/siicmm/ HTTP/1.1" 200 94 "-" "Mozilla/5.0 (compatible; Googlebot/2.1; +http://www.google.com/bot.html)"
52.167.144.18 - - [25/Nov/2024:06:05:48 -0700] "GET /cb-moyuku_v103b6/kansatukaibbs/files/Secondary/files/Secondary/gallery.php HTTP/1.1" 200 94 "-" "Mozilla/5.0 AppleWebKit/537.36 (KHTML, like Gecko; compatible; bingbot/2.0; +http://www.bing.com/bingbot.htm) Chrome/116.0.1938.76 Safari/537.36"
5.255.231.151 - - [25/Nov/2024:06:05:49 -0700] "GET /robots.txt HTTP/1.1" 200 94 "-" "Mozilla/5.0 (compatible; YandexBot/3.0; +http://yandex.com/bots)"
213.180.203.177 - - [25/Nov/2024:06:05:50 -0700] "GET /mSaidee5fxe6sc/files/I-VIII/files/Senior%20Secondary/files/IX-X/files/Senior%20Secondary/Punjabi_XII-min.pdf HTTP/1.1" 200 94 "-" "Mozilla/5.0 (compatible; YandexBot/3.0; +http://yandex.com/bots)"
69.162.124.238 - - [25/Nov/2024:06:06:11 -0700] "HEAD /cbse-corner.php HTTP/1.1" 200 - "https://chogawan.akalacademy.ac.in/cbse-corner.php" "Mozilla/5.0+(compatible; UptimeRobot/2.0; http://www.uptimerobot.com/)"
52.167.144.18 - - [25/Nov/2024:06:06:18 -0700] "GET /module/wp-content/uploads/2019/04/files/Secondary/files/I-VIII/theschool.php HTTP/1.1" 200 94 "-" "Mozilla/5.0 AppleWebKit/537.36 (KHTML, like Gecko; compatible; bingbot/2.0; +http://www.bing.com/bingbot.htm) Chrome/116.0.1938.76 Safari/537.36"
40.77.167.24 - - [25/Nov/2024:06:07:09 -0700] "GET /dietas/index.php HTTP/1.1" 200 94 "-" "Mozilla/5.0 AppleWebKit/537.36 (KHTML, like Gecko; compatible; bingbot/2.0; +http://www.bing.com/bingbot.htm) Chrome/116.0.1938.76 Safari/537.36"
66.249.79.75 - - [25/Nov/2024:06:07:28 -0700] "GET /news/txaczw/prithvi-shaw-age-today.html HTTP/1.1" 200 94 "-" "Mozilla/5.0 (compatible; Googlebot/2.1; +http://www.google.com/bot.html)"
66.249.79.75 - - [25/Nov/2024:06:07:30 -0700] "GET /bet/duxqmw/ HTTP/1.1" 200 94 "-" "Mozilla/5.0 (compatible; Googlebot/2.1; +http://www.google.com/bot.html)"
66.249.79.75 - - [25/Nov/2024:06:08:01 -0700] "GET /news/yynozw/las-vegas-sports-betting-rules.html HTTP/1.1" 200 94 "-" "Mozilla/5.0 (compatible; Googlebot/2.1; +http://www.google.com/bot.html)"
66.249.79.73 - - [25/Nov/2024:06:08:23 -0700] "GET /detail/fwcmno/ HTTP/1.1" 200 94 "-" "Mozilla/5.0 (compatible; Googlebot/2.1; +http://www.google.com/bot.html)"
66.249.79.73 - - [25/Nov/2024:06:08:50 -0700] "GET /bet/fulalo/ HTTP/1.1" 200 94 "-" "Mozilla/5.0 (compatible; Googlebot/2.1; +http://www.google.com/bot.html)"
66.249.79.75 - - [25/Nov/2024:06:09:10 -0700] "GET /news/rgozin/ HTTP/1.1" 200 94 "-" "Mozilla/5.0 (compatible; Googlebot/2.1; +http://www.google.com/bot.html)"
216.244.66.233 - - [25/Nov/2024:06:09:22 -0700] "GET /robots.txt HTTP/1.1" 200 94 "-" "Mozilla/5.0 (compatible; DotBot/1.2; +https://opensiteexplorer.org/dotbot; help@moz.com)"
66.249.79.74 - - [25/Nov/2024:06:09:42 -0700] "GET /bet/prgrev/ HTTP/1.1" 200 94 "-" "Mozilla/5.0 (compatible; Googlebot/2.1; +http://www.google.com/bot.html)"
66.249.79.73 - - [25/Nov/2024:06:09:56 -0700] "GET /bet/zjqyhe/ HTTP/1.1" 200 94 "-" "Mozilla/5.0 (compatible; Googlebot/2.1; +http://www.google.com/bot.html)"
3.133.125.232 - - [25/Nov/2024:06:10:35 -0700] "GET /robots.txt HTTP/1.1" 200 94 "-" "Mozilla/5.0 AppleWebKit/537.36 (KHTML, like Gecko; compatible; ClaudeBot/1.0; +claudebot@anthropic.com)"
3.133.125.232 - - [25/Nov/2024:06:10:35 -0700] "GET /images/css/files/IX-X/fonts/flaticon/font/files/Senior%20Secondary/images/Dr-Veer-Ji1.jpg HTTP/1.1" 200 94 "-" "Mozilla/5.0 AppleWebKit/537.36 (KHTML, like Gecko; compatible; ClaudeBot/1.0; +claudebot@anthropic.com)"
66.249.79.75 - - [25/Nov/2024:06:10:36 -0700] "GET /news/yvvrbi/ HTTP/1.1" 200 94 "-" "Mozilla/5.0 (compatible; Googlebot/2.1; +http://www.google.com/bot.html)"
66.249.79.74 - - [25/Nov/2024:06:10:44 -0700] "GET /detail/alfazq/icc-pro-cricket-game-2015-download.html HTTP/1.1" 200 94 "-" "Mozilla/5.0 (compatible; Googlebot/2.1; +http://www.google.com/bot.html)"
69.162.124.238 - - [25/Nov/2024:06:11:12 -0700] "HEAD /cbse-corner.php HTTP/1.1" 200 - "https://chogawan.akalacademy.ac.in/cbse-corner.php" "Mozilla/5.0+(compatible; UptimeRobot/2.0; http://www.uptimerobot.com/)"
66.249.79.75 - - [25/Nov/2024:06:11:32 -0700] "GET /bet/mvstfx/best-cricket-game-all-time.html HTTP/1.1" 200 94 "-" "Mozilla/5.0 (compatible; Googlebot/2.1; +http://www.google.com/bot.html)"
66.249.79.74 - - [25/Nov/2024:06:11:37 -0700] "GET /detail/dvfpul/psp-adventure-games-free-download.html HTTP/1.1" 200 94 "-" "Mozilla/5.0 (compatible; Googlebot/2.1; +http://www.google.com/bot.html)"
52.167.144.236 - - [25/Nov/2024:06:12:02 -0700] "GET /site/files/secondary/files/I-VIII/files/I-VIII/Maths%20(I%20to%20VIII)-min.pdf HTTP/1.1" 200 94 "-" "Mozilla/5.0 AppleWebKit/537.36 (KHTML, like Gecko; compatible; bingbot/2.0; +http://www.bing.com/bingbot.htm) Chrome/116.0.1938.76 Safari/537.36"
66.249.79.73 - - [25/Nov/2024:06:12:39 -0700] "GET /detail/zktmpm/ HTTP/1.1" 200 94 "-" "Mozilla/5.0 (compatible; Googlebot/2.1; +http://www.google.com/bot.html)"
66.249.79.75 - - [25/Nov/2024:06:13:07 -0700] "GET /news/jvhaaz/ HTTP/1.1" 200 94 "-" "Mozilla/5.0 (compatible; Googlebot/2.1; +http://www.google.com/bot.html)"
66.249.79.73 - - [25/Nov/2024:06:13:28 -0700] "GET /detail/rwivst/ HTTP/1.1" 200 94 "-" "Mozilla/5.0 (compatible; Googlebot/2.1; +http://www.google.com/bot.html)"
5.255.231.75 - - [25/Nov/2024:06:15:16 -0700] "GET /robots.txt HTTP/1.1" 200 94 "-" "Mozilla/5.0 (compatible; YandexBot/3.0; +http://yandex.com/bots)"
213.180.203.91 - - [25/Nov/2024:06:15:17 -0700] "GET /files/Senior%20Secondary/files/I-VIII/cbse-corner.php HTTP/1.1" 200 94 "-" "Mozilla/5.0 (compatible; YandexBot/3.0; +http://yandex.com/bots)"
69.162.124.238 - - [25/Nov/2024:06:16:11 -0700] "HEAD /cbse-corner.php HTTP/1.1" 200 - "https://chogawan.akalacademy.ac.in/cbse-corner.php" "Mozilla/5.0+(compatible; UptimeRobot/2.0; http://www.uptimerobot.com/)"
66.249.79.74 - - [25/Nov/2024:06:16:25 -0700] "GET /detail/qqqnfj/phillies-prop-bets-today.html HTTP/1.1" 200 94 "-" "Mozilla/5.0 (compatible; Googlebot/2.1; +http://www.google.com/bot.html)"
66.249.79.74 - - [25/Nov/2024:06:17:15 -0700] "GET /detail/vysswa/watch-free-world-cup-2019-live.html HTTP/1.1" 200 94 "-" "Mozilla/5.0 (compatible; Googlebot/2.1; +http://www.google.com/bot.html)"
66.249.79.73 - - [25/Nov/2024:06:17:52 -0700] "GET /bet/zpfihe/aoe2-strategy.html HTTP/1.1" 200 94 "-" "Mozilla/5.0 (compatible; Googlebot/2.1; +http://www.google.com/bot.html)"
52.167.144.236 - - [25/Nov/2024:06:18:06 -0700] "GET /wp-content/uploads/2019/03/files/Secondary/files/Senior%20Secondary/videos.php HTTP/1.1" 200 94 "-" "Mozilla/5.0 AppleWebKit/537.36 (KHTML, like Gecko; compatible; bingbot/2.0; +http://www.bing.com/bingbot.htm) Chrome/116.0.1938.76 Safari/537.36"
66.249.79.74 - - [25/Nov/2024:06:18:29 -0700] "GET /bet/zrfjku/ HTTP/1.1" 200 94 "-" "Mozilla/5.0 (compatible; Googlebot/2.1; +http://www.google.com/bot.html)"
66.249.79.74 - - [25/Nov/2024:06:19:01 -0700] "GET /bet/qhccgz/next-fifa-world-cup-2030.html HTTP/1.1" 200 94 "-" "Mozilla/5.0 (compatible; Googlebot/2.1; +http://www.google.com/bot.html)"
66.249.79.74 - - [25/Nov/2024:06:19:06 -0700] "GET /detail/oilgtv/ HTTP/1.1" 200 94 "-" "Mozilla/5.0 (compatible; Googlebot/2.1; +http://www.google.com/bot.html)"
66.249.79.73 - - [25/Nov/2024:06:19:50 -0700] "GET /detail/ognpwq/ HTTP/1.1" 200 94 "-" "Mozilla/5.0 (compatible; Googlebot/2.1; +http://www.google.com/bot.html)"
66.249.79.73 - - [25/Nov/2024:06:19:52 -0700] "GET /bet/hmiufn/ HTTP/1.1" 200 94 "-" "Mozilla/5.0 (compatible; Googlebot/2.1; +http://www.google.com/bot.html)"
66.249.79.73 - - [25/Nov/2024:06:20:04 -0700] "GET /news/ytmrkd/ HTTP/1.1" 200 94 "-" "Mozilla/5.0 (compatible; Googlebot/2.1; +http://www.google.com/bot.html)"
52.167.144.162 - - [25/Nov/2024:06:20:22 -0700] "GET /logins/files/Secondary/files/Secondary/about.php HTTP/1.1" 200 94 "-" "Mozilla/5.0 AppleWebKit/537.36 (KHTML, like Gecko; compatible; bingbot/2.0; +http://www.bing.com/bingbot.htm) Chrome/116.0.1938.76 Safari/537.36"
69.162.124.238 - - [25/Nov/2024:06:21:11 -0700] "HEAD /cbse-corner.php HTTP/1.1" 200 - "https://chogawan.akalacademy.ac.in/cbse-corner.php" "Mozilla/5.0+(compatible; UptimeRobot/2.0; http://www.uptimerobot.com/)"
66.249.79.73 - - [25/Nov/2024:06:21:37 -0700] "GET /news/wpoleu/ HTTP/1.1" 200 94 "-" "Mozilla/5.0 (compatible; Googlebot/2.1; +http://www.google.com/bot.html)"
66.249.79.73 - - [25/Nov/2024:06:23:09 -0700] "GET /bet/zjkdfz/will-ipl-continue.html HTTP/1.1" 200 94 "-" "Mozilla/5.0 (compatible; Googlebot/2.1; +http://www.google.com/bot.html)"
66.249.79.73 - - [25/Nov/2024:06:23:30 -0700] "GET /news/hnbtrw/odds-to-win-fedex-cup.html HTTP/1.1" 200 94 "-" "Mozilla/5.0 (compatible; Googlebot/2.1; +http://www.google.com/bot.html)"
66.249.79.73 - - [25/Nov/2024:06:24:05 -0700] "GET /detail/iuytii/nethack-shop.html HTTP/1.1" 200 94 "-" "Mozilla/5.0 (compatible; Googlebot/2.1; +http://www.google.com/bot.html)"
66.249.79.73 - - [25/Nov/2024:06:24:13 -0700] "GET /bet/gehkty/efl-final-tv.html HTTP/1.1" 200 94 "-" "Mozilla/5.0 (compatible; Googlebot/2.1; +http://www.google.com/bot.html)"
52.167.144.162 - - [25/Nov/2024:06:24:22 -0700] "GET /mnp-basic-info/files/Senior%20Secondary/sipps.pn-probolinggo.go.id HTTP/1.1" 200 94 "-" "Mozilla/5.0 AppleWebKit/537.36 (KHTML, like Gecko; compatible; bingbot/2.0; +http://www.bing.com/bingbot.htm) Chrome/116.0.1938.76 Safari/537.36"
66.249.79.73 - - [25/Nov/2024:06:24:24 -0700] "GET /detail/nmdxor/casino-website-designs.html HTTP/1.1" 200 94 "-" "Mozilla/5.0 (compatible; Googlebot/2.1; +http://www.google.com/bot.html)"
66.249.79.73 - - [25/Nov/2024:06:24:26 -0700] "GET /bet/ihgzqw/diablo-3-online-game.html HTTP/1.1" 200 94 "-" "Mozilla/5.0 (compatible; Googlebot/2.1; +http://www.google.com/bot.html)"
66.249.79.73 - - [25/Nov/2024:06:24:35 -0700] "GET /news/eaykli/android-betway-app.html HTTP/1.1" 200 94 "-" "Mozilla/5.0 (compatible; Googlebot/2.1; +http://www.google.com/bot.html)"
52.167.144.204 - - [25/Nov/2024:06:24:52 -0700] "GET /b_menu/shingi/chukyo/chukyo3/004/siryo/files/Secondary/files/Secondary/Intitial_pages_sec_2019-20-min.pdf HTTP/1.1" 200 94 "-" "Mozilla/5.0 AppleWebKit/537.36 (KHTML, like Gecko; compatible; bingbot/2.0; +http://www.bing.com/bingbot.htm) Chrome/116.0.1938.76 Safari/537.36"
52.167.144.162 - - [25/Nov/2024:06:25:44 -0700] "GET /wp/column/column-2/%E7%AC%AC%EF%BC%94%E5%9B%9E%E3%80%80%E7%9F%B3%E7%94%B0%E5%85%88%E7%94%9F%E3%81%8C%E5%8C%BB%E5%B8%AB%E3%82%92%E7%9B%AE%E6%8C%87%E3%81%97%E3%81%9F%E7%90%86%E7%94%B1%E3%80%80%E7%89%87%E5%B1%B1%E7%90%86/files/Senior%20Secondary/files/Senior%20Secondary/gallery.php HTTP/1.1" 200 94 "-" "Mozilla/5.0 AppleWebKit/537.36 (KHTML, like Gecko; compatible; bingbot/2.0; +http://www.bing.com/bingbot.htm) Chrome/116.0.1938.76 Safari/537.36"
66.249.79.74 - - [25/Nov/2024:06:25:59 -0700] "GET /bet/hshkxj/ HTTP/1.1" 200 94 "-" "Mozilla/5.0 (compatible; Googlebot/2.1; +http://www.google.com/bot.html)"
69.162.124.238 - - [25/Nov/2024:06:26:11 -0700] "HEAD /cbse-corner.php HTTP/1.1" 200 - "https://chogawan.akalacademy.ac.in/cbse-corner.php" "Mozilla/5.0+(compatible; UptimeRobot/2.0; http://www.uptimerobot.com/)"
66.249.79.74 - - [25/Nov/2024:06:26:44 -0700] "GET /news/csceqw/www-india-vs-srilanka-world-cup-final.html HTTP/1.1" 200 94 "-" "Mozilla/5.0 (compatible; Googlebot/2.1; +http://www.google.com/bot.html)"
66.249.79.73 - - [25/Nov/2024:06:26:47 -0700] "GET /news/hknlgb/ HTTP/1.1" 200 94 "-" "Mozilla/5.0 (compatible; Googlebot/2.1; +http://www.google.com/bot.html)"
66.249.79.73 - - [25/Nov/2024:06:27:03 -0700] "GET /news/oyrxut/highest-ipl-runs-in-a-season.html HTTP/1.1" 200 94 "-" "Mozilla/5.0 (compatible; Googlebot/2.1; +http://www.google.com/bot.html)"
40.77.167.38 - - [25/Nov/2024:06:28:25 -0700] "GET /blog/files/Secondary/files/IX-X/Grade%20(XII)-min.pdf HTTP/1.1" 200 94 "-" "Mozilla/5.0 AppleWebKit/537.36 (KHTML, like Gecko; compatible; bingbot/2.0; +http://www.bing.com/bingbot.htm) Chrome/116.0.1938.76 Safari/537.36"
66.249.79.74 - - [25/Nov/2024:06:28:32 -0700] "GET /detail/yarpgw/william-hill-online-cricket-betting.html HTTP/1.1" 200 94 "-" "Mozilla/5.0 (compatible; Googlebot/2.1; +http://www.google.com/bot.html)"
66.249.79.74 - - [25/Nov/2024:06:30:49 -0700] "GET /bet/idupem/sult-roulette.html HTTP/1.1" 200 94 "-" "Mozilla/5.0 (compatible; Googlebot/2.1; +http://www.google.com/bot.html)"
69.162.124.238 - - [25/Nov/2024:06:31:11 -0700] "HEAD /cbse-corner.php HTTP/1.1" 200 - "https://chogawan.akalacademy.ac.in/cbse-corner.php" "Mozilla/5.0+(compatible; UptimeRobot/2.0; http://www.uptimerobot.com/)"
66.249.79.75 - - [25/Nov/2024:06:31:32 -0700] "GET /news/ohmyxi/icc-world-cup-2019-qualifier-rules.html HTTP/1.1" 200 94 "-" "Mozilla/5.0 (compatible; Googlebot/2.1; +http://www.google.com/bot.html)"
66.249.79.74 - - [25/Nov/2024:06:31:51 -0700] "GET /news/hyskal/bangalore-vs-kolkata-ipl-2020.html HTTP/1.1" 200 94 "-" "Mozilla/5.0 (compatible; Googlebot/2.1; +http://www.google.com/bot.html)"
66.249.79.73 - - [25/Nov/2024:06:31:57 -0700] "GET /detail/hqtdsd/go-wild-casino-australia.html HTTP/1.1" 200 94 "-" "Mozilla/5.0 (compatible; Googlebot/2.1; +http://www.google.com/bot.html)"
66.249.79.73 - - [25/Nov/2024:06:32:14 -0700] "GET /bet/jeunvg/cricket-games-mobile-offline.html HTTP/1.1" 200 94 "-" "Mozilla/5.0 (compatible; Googlebot/2.1; +http://www.google.com/bot.html)"
40.77.167.14 - - [25/Nov/2024:06:33:45 -0700] "GET /journal/files/Secondary/files/Secondary/14_Circular_2019ANX1-min.pdf HTTP/1.1" 200 94 "-" "Mozilla/5.0 AppleWebKit/537.36 (KHTML, like Gecko; compatible; bingbot/2.0; +http://www.bing.com/bingbot.htm) Chrome/116.0.1938.76 Safari/537.36"
5.255.231.92 - - [25/Nov/2024:06:34:04 -0700] "GET /robots.txt HTTP/1.1" 200 94 "-" "Mozilla/5.0 (compatible; YandexBot/3.0; +http://yandex.com/bots)"
5.255.231.70 - - [25/Nov/2024:06:34:06 -0700] "GET /mspeedboatman8kew2sc/files/Senior%20Secondary/files/Senior%20Secondary/Biology-min.pdf HTTP/1.1" 200 94 "-" "Mozilla/5.0 (compatible; YandexBot/3.0; +http://yandex.com/bots)"
66.249.79.75 - - [25/Nov/2024:06:34:33 -0700] "GET /news/ssqfpk/ HTTP/1.1" 200 94 "-" "Mozilla/5.0 (compatible; Googlebot/2.1; +http://www.google.com/bot.html)"
40.77.167.157 - - [25/Nov/2024:06:34:37 -0700] "GET /module/wp-content/uploads/2019/04/files/Senior%20Secondary/files/Senior%20Secondary/Sociology-min.pdf HTTP/1.1" 200 94 "-" "Mozilla/5.0 AppleWebKit/537.36 (KHTML, like Gecko; compatible; bingbot/2.0; +http://www.bing.com/bingbot.htm) Chrome/116.0.1938.76 Safari/537.36"
216.244.66.233 - - [25/Nov/2024:06:34:55 -0700] "GET /myadmin/gallery/files/Senior%20Secondary/files/Senior%20Secondary/files/Secondary/402-INFO_TECH-min.pdf HTTP/1.1" 200 94 "-" "Mozilla/5.0 (compatible; DotBot/1.2; +https://opensiteexplorer.org/dotbot; help@moz.com)"
66.249.79.74 - - [25/Nov/2024:06:35:13 -0700] "GET /news/nyirwm/tomorrow-team-of-india.html HTTP/1.1" 200 94 "-" "Mozilla/5.0 (compatible; Googlebot/2.1; +http://www.google.com/bot.html)"
69.162.124.238 - - [25/Nov/2024:06:36:11 -0700] "HEAD /cbse-corner.php HTTP/1.1" 200 - "https://chogawan.akalacademy.ac.in/cbse-corner.php" "Mozilla/5.0+(compatible; UptimeRobot/2.0; http://www.uptimerobot.com/)"
66.249.79.73 - - [25/Nov/2024:06:37:14 -0700] "GET /detail/wmrstr/bestappbet5rf.html HTTP/1.1" 200 94 "-" "Mozilla/5.0 (compatible; Googlebot/2.1; +http://www.google.com/bot.html)"
66.249.79.74 - - [25/Nov/2024:06:37:39 -0700] "GET /news/zveukq/maradona-girlfriend-2015.html HTTP/1.1" 200 94 "-" "Mozilla/5.0 (compatible; Googlebot/2.1; +http://www.google.com/bot.html)"
66.249.79.75 - - [25/Nov/2024:06:38:12 -0700] "GET /detail/hzmjpg/skylanders-stealth-stinger.html HTTP/1.1" 200 94 "-" "Mozilla/5.0 (compatible; Googlebot/2.1; +http://www.google.com/bot.html)"
66.249.79.73 - - [25/Nov/2024:06:39:08 -0700] "GET /bet/tamqlv/ HTTP/1.1" 200 94 "-" "Mozilla/5.0 (compatible; Googlebot/2.1; +http://www.google.com/bot.html)"
66.249.79.74 - - [25/Nov/2024:06:39:26 -0700] "GET /detail/cexdqx/ HTTP/1.1" 200 94 "-" "Mozilla/5.0 (compatible; Googlebot/2.1; +http://www.google.com/bot.html)"
66.249.79.73 - - [25/Nov/2024:06:39:33 -0700] "GET /detail/zzbjmt/ HTTP/1.1" 200 94 "-" "Mozilla/5.0 (compatible; Googlebot/2.1; +http://www.google.com/bot.html)"
66.249.79.73 - - [25/Nov/2024:06:39:51 -0700] "GET /news/bigjlo/ HTTP/1.1" 200 94 "-" "Mozilla/5.0 (compatible; Googlebot/2.1; +http://www.google.com/bot.html)"
66.249.79.73 - - [25/Nov/2024:06:40:55 -0700] "GET /detail/euxfwh/team-india-2nd-t20.html HTTP/1.1" 200 94 "-" "Mozilla/5.0 (compatible; Googlebot/2.1; +http://www.google.com/bot.html)"
69.162.124.238 - - [25/Nov/2024:06:41:11 -0700] "HEAD /cbse-corner.php HTTP/1.1" 200 - "https://chogawan.akalacademy.ac.in/cbse-corner.php" "Mozilla/5.0+(compatible; UptimeRobot/2.0; http://www.uptimerobot.com/)"
66.249.79.73 - - [25/Nov/2024:06:42:16 -0700] "GET /bet/wzlrsa/7-card-rummy-online-Medium.html HTTP/1.1" 200 94 "-" "Mozilla/5.0 (compatible; Googlebot/2.1; +http://www.google.com/bot.html)"
66.249.79.74 - - [25/Nov/2024:06:42:21 -0700] "GET /bet/syrlhx/ HTTP/1.1" 200 94 "-" "Mozilla/5.0 (compatible; Googlebot/2.1; +http://www.google.com/bot.html)"
66.249.79.73 - - [25/Nov/2024:06:42:24 -0700] "GET /bet/bjedwr/ HTTP/1.1" 200 94 "-" "Mozilla/5.0 (compatible; Googlebot/2.1; +http://www.google.com/bot.html)"
40.77.167.14 - - [25/Nov/2024:06:43:25 -0700] "GET /blog/iphone8-%E6%B0%B4%E6%B2%A1%E3%81%AB%E3%82%88%E3%82%8B%E3%82%BF%E3%83%83%E3%83%81%E6%93%8D%E4%BD%9C%E4%B8%8D%E8%89%AF%E3%81%AE%E4%BF%AE%E7%90%86/files/Senior%20Secondary/files/Senior%20Secondary/addmission.php HTTP/1.1" 200 94 "-" "Mozilla/5.0 AppleWebKit/537.36 (KHTML, like Gecko; compatible; bingbot/2.0; +http://www.bing.com/bingbot.htm) Chrome/116.0.1938.76 Safari/537.36"
52.167.144.145 - - [25/Nov/2024:06:43:38 -0700] "GET /demon-slayer-kimetsu-no-yaiba-le-quartier-des-plaisirs-la-saison-2-inedite-de-lanime-debute-avec-un-double-episode/files/Senior%20Secondary/Psychology-min.pdf HTTP/1.1" 200 94 "-" "Mozilla/5.0 AppleWebKit/537.36 (KHTML, like Gecko; compatible; bingbot/2.0; +http://www.bing.com/bingbot.htm) Chrome/116.0.1938.76 Safari/537.36"
66.249.79.74 - - [25/Nov/2024:06:44:01 -0700] "GET /bet/cxmaye/ HTTP/1.1" 200 94 "-" "Mozilla/5.0 (compatible; Googlebot/2.1; +http://www.google.com/bot.html)"
66.249.79.73 - - [25/Nov/2024:06:44:20 -0700] "GET /detail/spztuz/kevin-de-bruyne-parasite.html HTTP/1.1" 200 94 "-" "Mozilla/5.0 (compatible; Googlebot/2.1; +http://www.google.com/bot.html)"
66.249.79.75 - - [25/Nov/2024:06:45:22 -0700] "GET /detail/qvdsvu/world-t20-final-score.html HTTP/1.1" 200 94 "-" "Mozilla/5.0 (compatible; Googlebot/2.1; +http://www.google.com/bot.html)"
66.249.79.74 - - [25/Nov/2024:06:45:39 -0700] "GET /detail/khtnsk/ HTTP/1.1" 200 94 "-" "Mozilla/5.0 (compatible; Googlebot/2.1; +http://www.google.com/bot.html)"
66.249.79.74 - - [25/Nov/2024:06:45:41 -0700] "GET /news/tarlsd/2nd-t20-score-live.html HTTP/1.1" 200 94 "-" "Mozilla/5.0 (compatible; Googlebot/2.1; +http://www.google.com/bot.html)"
66.249.79.73 - - [25/Nov/2024:06:45:52 -0700] "GET /detail/rgcaws/facebook-online-games-with-friends.html HTTP/1.1" 200 94 "-" "Mozilla/5.0 (compatible; Googlebot/2.1; +http://www.google.com/bot.html)"
66.249.79.73 - - [25/Nov/2024:06:45:53 -0700] "GET /detail/tpbudq/ HTTP/1.1" 200 94 "-" "Mozilla/5.0 (compatible; Googlebot/2.1; +http://www.google.com/bot.html)"
