Cylul007 Webshell
Server :
Linux ip-148-66-134-25.ip.secureserver.net 3.10.0-1160.119.1.el7.tuxcare.els10.x86_64 #1 SMP Fri Oct 11 21:40:41 UTC 2024 x86_64
php :
8.0.30
on
cgi-fcgi
Time
25 Nov 2024 15:50:49
Current Directory :
/
home
/
amvm
/
access-logs
/
Upload File :
Mass Deface
Home
Bypass Passwd
Current File : /home/amvm/access-logs/chakmander.akalacademy.ac.in-ssl_log
69.162.124.238 - - [25/Nov/2024:05:10:20 -0700] "HEAD /cbse-corner.php HTTP/1.1" 200 - "https://chakmander.akalacademy.ac.in/cbse-corner.php" "Mozilla/5.0+(compatible; UptimeRobot/2.0; http://www.uptimerobot.com/)"
66.249.79.102 - - [25/Nov/2024:05:10:28 -0700] "GET /bet/sylvlg/india-has-second-chance-in-icc.html HTTP/1.1" 200 94 "-" "Mozilla/5.0 (compatible; Googlebot/2.1; +http://www.google.com/bot.html)"
66.249.79.100 - - [25/Nov/2024:05:10:35 -0700] "GET /detail/aopugf/watch-bet-hur-online.html HTTP/1.1" 200 94 "-" "Mozilla/5.0 (compatible; Googlebot/2.1; +http://www.google.com/bot.html)"
66.249.79.100 - - [25/Nov/2024:05:10:43 -0700] "GET /news/hdiibp/edmonton-oilers-odds.html HTTP/1.1" 200 94 "-" "Mozilla/5.0 (compatible; Googlebot/2.1; +http://www.google.com/bot.html)"
66.249.79.101 - - [25/Nov/2024:05:12:33 -0700] "GET /bet/vjxvoo/what-is-poker-cash-and-chip-game.html HTTP/1.1" 200 94 "-" "Mozilla/5.0 (compatible; Googlebot/2.1; +http://www.google.com/bot.html)"
64.233.173.200 - - [25/Nov/2024:05:12:54 -0700] "GET /.well-known/traffic-advice HTTP/1.1" 200 94 "-" "Chrome Privacy Preserving Prefetch Proxy"
193.186.4.143 - - [25/Nov/2024:05:12:54 -0700] "GET / HTTP/1.1" 200 94 "https://www.google.com/" "Mozilla/5.0 (Linux; Android 10; K) AppleWebKit/537.36 (KHTML, like Gecko) Chrome/131.0.0.0 Mobile Safari/537.36"
66.249.79.101 - - [25/Nov/2024:05:12:57 -0700] "GET /news/tupuya/ HTTP/1.1" 200 94 "-" "Mozilla/5.0 (compatible; Googlebot/2.1; +http://www.google.com/bot.html)"
66.249.79.100 - - [25/Nov/2024:05:13:43 -0700] "GET /detail/fbymis/beetle-jewels-casino.html HTTP/1.1" 200 94 "-" "Mozilla/5.0 (compatible; Googlebot/2.1; +http://www.google.com/bot.html)"
193.186.4.185 - - [25/Nov/2024:05:13:47 -0700] "GET / HTTP/1.1" 200 94 "https://www.google.com/" "Mozilla/5.0 (Linux; Android 10; K) AppleWebKit/537.36 (KHTML, like Gecko) Chrome/131.0.0.0 Mobile Safari/537.36"
193.186.4.184 - - [25/Nov/2024:05:13:47 -0700] "GET /gallery.php HTTP/1.1" 200 22133 "https://www.google.com/" "Mozilla/5.0 (Linux; Android 10; K) AppleWebKit/537.36 (KHTML, like Gecko) Chrome/131.0.0.0 Mobile Safari/537.36"
66.249.79.101 - - [25/Nov/2024:05:14:35 -0700] "GET /news/jgshjh/how-to-recover-money-from-betting.html HTTP/1.1" 200 94 "-" "Mozilla/5.0 (compatible; Googlebot/2.1; +http://www.google.com/bot.html)"
69.162.124.238 - - [25/Nov/2024:05:15:20 -0700] "HEAD /cbse-corner.php HTTP/1.1" 200 - "https://chakmander.akalacademy.ac.in/cbse-corner.php" "Mozilla/5.0+(compatible; UptimeRobot/2.0; http://www.uptimerobot.com/)"
66.249.79.101 - - [25/Nov/2024:05:16:56 -0700] "GET /bet/wmeswo/ HTTP/1.1" 200 94 "-" "Mozilla/5.0 (compatible; Googlebot/2.1; +http://www.google.com/bot.html)"
66.249.79.100 - - [25/Nov/2024:05:17:10 -0700] "GET /detail/najfes/ HTTP/1.1" 200 94 "-" "Mozilla/5.0 (compatible; Googlebot/2.1; +http://www.google.com/bot.html)"
66.249.79.100 - - [25/Nov/2024:05:17:26 -0700] "GET /news/dxdmho/ HTTP/1.1" 200 94 "-" "Mozilla/5.0 (compatible; Googlebot/2.1; +http://www.google.com/bot.html)"
66.249.70.129 - - [25/Nov/2024:05:17:55 -0700] "GET /bet/izpvtd/icc-world-cup-2019-seminal-team.html HTTP/1.1" 200 94 "-" "Mozilla/5.0 (compatible; Googlebot/2.1; +http://www.google.com/bot.html)"
66.249.79.100 - - [25/Nov/2024:05:18:04 -0700] "GET /detail/gwmuok/current-icc-odi-player-ranking.html HTTP/1.1" 200 94 "-" "Mozilla/5.0 (compatible; Googlebot/2.1; +http://www.google.com/bot.html)"
66.249.79.101 - - [25/Nov/2024:05:18:14 -0700] "GET /news/lojiik/ HTTP/1.1" 200 94 "-" "Mozilla/5.0 (compatible; Googlebot/2.1; +http://www.google.com/bot.html)"
66.249.79.100 - - [25/Nov/2024:05:18:18 -0700] "GET /detail/timijk/ipl-2022-one-team-how-many-matches.html HTTP/1.1" 200 94 "-" "Mozilla/5.0 (compatible; Googlebot/2.1; +http://www.google.com/bot.html)"
66.249.79.101 - - [25/Nov/2024:05:19:29 -0700] "GET /detail/iilsyo/ HTTP/1.1" 200 94 "-" "Mozilla/5.0 (compatible; Googlebot/2.1; +http://www.google.com/bot.html)"
66.249.79.101 - - [25/Nov/2024:05:19:34 -0700] "GET /news/ogpzff/ HTTP/1.1" 200 94 "-" "Mozilla/5.0 (compatible; Googlebot/2.1; +http://www.google.com/bot.html)"
66.249.79.100 - - [25/Nov/2024:05:19:46 -0700] "GET /bet/uglfda/ HTTP/1.1" 200 94 "-" "Mozilla/5.0 (compatible; Googlebot/2.1; +http://www.google.com/bot.html)"
66.249.79.102 - - [25/Nov/2024:05:20:15 -0700] "GET /bet/ahubsi/ HTTP/1.1" 200 94 "-" "Mozilla/5.0 (compatible; Googlebot/2.1; +http://www.google.com/bot.html)"
69.162.124.238 - - [25/Nov/2024:05:20:20 -0700] "HEAD /cbse-corner.php HTTP/1.1" 200 - "https://chakmander.akalacademy.ac.in/cbse-corner.php" "Mozilla/5.0+(compatible; UptimeRobot/2.0; http://www.uptimerobot.com/)"
66.249.79.101 - - [25/Nov/2024:05:21:04 -0700] "GET /detail/usrrjx/top-10-handsome-indian-cricket-players.html HTTP/1.1" 200 94 "-" "Mozilla/5.0 (compatible; Googlebot/2.1; +http://www.google.com/bot.html)"
66.249.79.100 - - [25/Nov/2024:05:21:50 -0700] "GET /detail/hdgtdu/ HTTP/1.1" 200 94 "-" "Mozilla/5.0 (compatible; Googlebot/2.1; +http://www.google.com/bot.html)"
66.249.79.101 - - [25/Nov/2024:05:22:10 -0700] "GET /news/zodabe/ HTTP/1.1" 200 94 "-" "Mozilla/5.0 (compatible; Googlebot/2.1; +http://www.google.com/bot.html)"
66.249.79.101 - - [25/Nov/2024:05:22:52 -0700] "GET /bet/yiiiyh/chota-bheem-jungle-adventure-games.html HTTP/1.1" 200 94 "-" "Mozilla/5.0 (compatible; Googlebot/2.1; +http://www.google.com/bot.html)"
66.249.79.101 - - [25/Nov/2024:05:23:07 -0700] "GET /bet/rdaimk/ HTTP/1.1" 200 94 "-" "Mozilla/5.0 (compatible; Googlebot/2.1; +http://www.google.com/bot.html)"
66.249.79.100 - - [25/Nov/2024:05:23:50 -0700] "GET /news/vcqcfo/roulette-boss.html HTTP/1.1" 200 94 "-" "Mozilla/5.0 (compatible; Googlebot/2.1; +http://www.google.com/bot.html)"
66.249.79.102 - - [25/Nov/2024:05:24:02 -0700] "GET /bet/shdaec/ HTTP/1.1" 200 94 "-" "Mozilla/5.0 (compatible; Googlebot/2.1; +http://www.google.com/bot.html)"
69.162.124.238 - - [25/Nov/2024:05:25:20 -0700] "HEAD /cbse-corner.php HTTP/1.1" 200 - "https://chakmander.akalacademy.ac.in/cbse-corner.php" "Mozilla/5.0+(compatible; UptimeRobot/2.0; http://www.uptimerobot.com/)"
66.249.79.100 - - [25/Nov/2024:05:26:51 -0700] "GET /detail/siaidx/genting-casino-brighton.html HTTP/1.1" 200 94 "-" "Mozilla/5.0 (compatible; Googlebot/2.1; +http://www.google.com/bot.html)"
66.249.79.102 - - [25/Nov/2024:05:28:28 -0700] "GET /detail/xvwqhw/ HTTP/1.1" 200 94 "-" "Mozilla/5.0 (compatible; Googlebot/2.1; +http://www.google.com/bot.html)"
66.249.79.101 - - [25/Nov/2024:05:29:00 -0700] "GET /news/vappwe/ HTTP/1.1" 200 94 "-" "Mozilla/5.0 (compatible; Googlebot/2.1; +http://www.google.com/bot.html)"
47.128.98.144 - - [25/Nov/2024:05:30:12 -0700] "GET /index.php/sitemapmobile8217.xml HTTP/1.1" 200 94 "-" "Mozilla/5.0 (Linux; Android 5.0) AppleWebKit/537.36 (KHTML, like Gecko) Mobile Safari/537.36 (compatible; Bytespider; spider-feedback@bytedance.com)"
69.162.124.238 - - [25/Nov/2024:05:30:25 -0700] "HEAD /cbse-corner.php HTTP/1.1" 200 - "https://chakmander.akalacademy.ac.in/cbse-corner.php" "Mozilla/5.0+(compatible; UptimeRobot/2.0; http://www.uptimerobot.com/)"
66.249.79.102 - - [25/Nov/2024:05:31:40 -0700] "GET /detail/posynb/ HTTP/1.1" 200 94 "-" "Mozilla/5.0 (compatible; Googlebot/2.1; +http://www.google.com/bot.html)"
66.249.79.100 - - [25/Nov/2024:05:31:44 -0700] "GET /news/juuxok/60-dudley-street-chelsea-ma.html HTTP/1.1" 200 94 "-" "Mozilla/5.0 (compatible; Googlebot/2.1; +http://www.google.com/bot.html)"
66.249.79.102 - - [25/Nov/2024:05:33:12 -0700] "GET /news/qxtqet/ HTTP/1.1" 200 94 "-" "Mozilla/5.0 (compatible; Googlebot/2.1; +http://www.google.com/bot.html)"
66.249.79.101 - - [25/Nov/2024:05:34:07 -0700] "GET /detail/jdnqip/ HTTP/1.1" 200 94 "-" "Mozilla/5.0 (compatible; Googlebot/2.1; +http://www.google.com/bot.html)"
66.249.79.101 - - [25/Nov/2024:05:35:08 -0700] "GET /bet/aceavv/samba-football-goal-post.html HTTP/1.1" 200 94 "-" "Mozilla/5.0 (compatible; Googlebot/2.1; +http://www.google.com/bot.html)"
66.249.79.100 - - [25/Nov/2024:05:35:13 -0700] "GET /detail/bgipwn/ HTTP/1.1" 200 94 "-" "Mozilla/5.0 (compatible; Googlebot/2.1; +http://www.google.com/bot.html)"
69.162.124.238 - - [25/Nov/2024:05:35:20 -0700] "HEAD /cbse-corner.php HTTP/1.1" 200 - "https://chakmander.akalacademy.ac.in/cbse-corner.php" "Mozilla/5.0+(compatible; UptimeRobot/2.0; http://www.uptimerobot.com/)"
66.249.79.102 - - [25/Nov/2024:05:38:20 -0700] "GET /bet/jcmhmi/small-claims-guidelines-icc-2003.html HTTP/1.1" 200 94 "-" "Mozilla/5.0 (compatible; Googlebot/2.1; +http://www.google.com/bot.html)"
114.119.136.146 - - [25/Nov/2024:05:38:50 -0700] "GET /index.php/x955a_z166f/files/Secondary/files/Secondary/Intitial_pages_srsec_2019-20-min.pdf HTTP/1.1" 200 94 "https://chakmander.akalacademy.ac.in/index.php/x955a_z166f/files/Secondary/Intitial_pages_sec_2019-20-min.pdf" "Mozilla/5.0 (Linux; Android 7.0;) AppleWebKit/537.36 (KHTML, like Gecko) Mobile Safari/537.36 (compatible; PetalBot;+https://webmaster.petalsearch.com/site/petalbot)"
66.249.79.102 - - [25/Nov/2024:05:39:21 -0700] "GET /news/tmmfbo/ HTTP/1.1" 200 94 "-" "Mozilla/5.0 (compatible; Googlebot/2.1; +http://www.google.com/bot.html)"
114.119.132.57 - - [25/Nov/2024:05:39:30 -0700] "GET /index.php/x9255b_z77f/files/I-VIII/files/Secondary/Intitial_pages_sec_2019-20-min.pdf HTTP/1.1" 200 94 "https://chakmander.akalacademy.ac.in/index.php/x9255b_z77f/files/I-VIII/S.St%20(III%20to%20VIII)-min.pdf" "Mozilla/5.0 (Linux; Android 7.0;) AppleWebKit/537.36 (KHTML, like Gecko) Mobile Safari/537.36 (compatible; PetalBot;+https://webmaster.petalsearch.com/site/petalbot)"
114.119.132.57 - - [25/Nov/2024:05:40:10 -0700] "GET /index.php/x8371c_z16f/files/Secondary/files/Secondary/files/Secondary/Intitial_pages_sec_2019-20-min.pdf HTTP/1.1" 200 94 "https://chakmander.akalacademy.ac.in/index.php/x8371c_z16f/files/Secondary/files/Secondary/Intitial_pages_srsec_2019-20-min.pdf" "Mozilla/5.0 (Linux; Android 7.0;) AppleWebKit/537.36 (KHTML, like Gecko) Mobile Safari/537.36 (compatible; PetalBot;+https://webmaster.petalsearch.com/site/petalbot)"
69.162.124.238 - - [25/Nov/2024:05:40:20 -0700] "HEAD /cbse-corner.php HTTP/1.1" 200 - "https://chakmander.akalacademy.ac.in/cbse-corner.php" "Mozilla/5.0+(compatible; UptimeRobot/2.0; http://www.uptimerobot.com/)"
114.119.157.112 - - [25/Nov/2024:05:40:50 -0700] "GET /index.php/x8359c_z104f/files/Senior%20Secondary/files/Senior%20Secondary/files/Secondary/Intitial_pages_srsec_2019-20-min.pdf HTTP/1.1" 200 94 "https://chakmander.akalacademy.ac.in/index.php/x8359c_z104f/files/Senior%20Secondary/files/Senior%20Secondary/Intitial_pages_srsec_2019-20%20(1)-min.pdf" "Mozilla/5.0 (Linux; Android 7.0;) AppleWebKit/537.36 (KHTML, like Gecko) Mobile Safari/537.36 (compatible; PetalBot;+https://webmaster.petalsearch.com/site/petalbot)"
66.249.79.100 - - [25/Nov/2024:05:40:51 -0700] "GET /bet/samavn/india-vs-bangladesh-2018-t20-final.html HTTP/1.1" 200 94 "-" "Mozilla/5.0 (compatible; Googlebot/2.1; +http://www.google.com/bot.html)"
66.249.79.102 - - [25/Nov/2024:05:41:02 -0700] "GET /detail/lmyxqa/ HTTP/1.1" 200 94 "-" "Mozilla/5.0 (compatible; Googlebot/2.1; +http://www.google.com/bot.html)"
114.119.155.118 - - [25/Nov/2024:05:41:30 -0700] "GET /index.php/x8315e_z140f/files/Secondary/files/Secondary/files/Secondary/Intitial_pages_srsec_2019-20-min.pdf HTTP/1.1" 200 94 "https://chakmander.akalacademy.ac.in/index.php/x8315e_z140f/files/Secondary/files/Secondary/Intitial_pages_srsec_2019-20-min.pdf" "Mozilla/5.0 (Linux; Android 7.0;) AppleWebKit/537.36 (KHTML, like Gecko) Mobile Safari/537.36 (compatible; PetalBot;+https://webmaster.petalsearch.com/site/petalbot)"
114.119.157.112 - - [25/Nov/2024:05:42:11 -0700] "GET /index.php/x7284e_z142f/files/Senior%20Secondary/files/Secondary/Intitial_pages_srsec_2019-20-min.pdf HTTP/1.1" 200 94 "https://chakmander.akalacademy.ac.in/index.php/x7284e_z142f/files/Senior%20Secondary/Intitial_pages_srsec_2019-20%20(1)-min.pdf" "Mozilla/5.0 (Linux; Android 7.0;) AppleWebKit/537.36 (KHTML, like Gecko) Mobile Safari/537.36 (compatible; PetalBot;+https://webmaster.petalsearch.com/site/petalbot)"
66.249.79.100 - - [25/Nov/2024:05:42:12 -0700] "GET /detail/kzjbpj/fifa-world-cup-live-football-net.html HTTP/1.1" 200 94 "-" "Mozilla/5.0 (compatible; Googlebot/2.1; +http://www.google.com/bot.html)"
114.119.132.57 - - [25/Nov/2024:05:42:50 -0700] "GET /index.php/x7135f_z19f/files/Secondary/files/Secondary/files/Secondary/Intitial_pages_srsec_2019-20-min.pdf HTTP/1.1" 200 94 "https://chakmander.akalacademy.ac.in/index.php/x7135f_z19f/files/Secondary/files/Secondary/Intitial_pages_srsec_2019-20-min.pdf" "Mozilla/5.0 (Linux; Android 7.0;) AppleWebKit/537.36 (KHTML, like Gecko) Mobile Safari/537.36 (compatible; PetalBot;+https://webmaster.petalsearch.com/site/petalbot)"
40.77.167.50 - - [25/Nov/2024:05:43:03 -0700] "GET /myadmin/cbse/files/Secondary/14_Circular_2019ANX1-min.pdf HTTP/1.1" 200 94 "-" "Mozilla/5.0 AppleWebKit/537.36 (KHTML, like Gecko; compatible; bingbot/2.0; +http://www.bing.com/bingbot.htm) Chrome/116.0.1938.76 Safari/537.36"
114.119.132.57 - - [25/Nov/2024:05:43:31 -0700] "GET /index.php/x6799b_z227f/files/Secondary/files/Secondary/Intitial_pages_srsec_2019-20-min.pdf HTTP/1.1" 200 94 "https://chakmander.akalacademy.ac.in/index.php/x6799b_z227f/files/Secondary/Intitial_pages_sec_2019-20-min.pdf" "Mozilla/5.0 (Linux; Android 7.0;) AppleWebKit/537.36 (KHTML, like Gecko) Mobile Safari/537.36 (compatible; PetalBot;+https://webmaster.petalsearch.com/site/petalbot)"
66.249.79.102 - - [25/Nov/2024:05:43:36 -0700] "GET /bet/krvnew/2nd-round-world-cup-2018-fixtures.html HTTP/1.1" 200 94 "-" "Mozilla/5.0 (compatible; Googlebot/2.1; +http://www.google.com/bot.html)"
40.77.167.150 - - [25/Nov/2024:05:43:46 -0700] "GET /news/wrsihd/files/Secondary/files/Secondary/417-VIII-min.pdf HTTP/1.1" 200 94 "-" "Mozilla/5.0 AppleWebKit/537.36 (KHTML, like Gecko; compatible; bingbot/2.0; +http://www.bing.com/bingbot.htm) Chrome/116.0.1938.76 Safari/537.36"
114.119.138.214 - - [25/Nov/2024:05:44:11 -0700] "GET /index.php/x6492f_z34f/files/Secondary/files/Secondary/Intitial_pages_srsec_2019-20-min.pdf HTTP/1.1" 200 94 "https://chakmander.akalacademy.ac.in/index.php/x6492f_z34f/files/Secondary/Intitial_pages_srsec_2019-20-min.pdf" "Mozilla/5.0 (Linux; Android 7.0;) AppleWebKit/537.36 (KHTML, like Gecko) Mobile Safari/537.36 (compatible; PetalBot;+https://webmaster.petalsearch.com/site/petalbot)"
66.249.79.100 - - [25/Nov/2024:05:44:38 -0700] "GET /detail/vdecuk/ HTTP/1.1" 200 94 "-" "Mozilla/5.0 (compatible; Googlebot/2.1; +http://www.google.com/bot.html)"
114.119.165.226 - - [25/Nov/2024:05:44:51 -0700] "GET /index.php/x6357b_z217f/files/Senior%20Secondary/files/Secondary/Intitial_pages_srsec_2019-20-min.pdf HTTP/1.1" 200 94 "https://chakmander.akalacademy.ac.in/index.php/x6357b_z217f/files/Senior%20Secondary/Intitial_pages_srsec_2019-20%20(1)-min.pdf" "Mozilla/5.0 (Linux; Android 7.0;) AppleWebKit/537.36 (KHTML, like Gecko) Mobile Safari/537.36 (compatible; PetalBot;+https://webmaster.petalsearch.com/site/petalbot)"
66.249.79.101 - - [25/Nov/2024:05:44:57 -0700] "GET /news/jkpmsq/t20-schedule-ind-vs-nz.html HTTP/1.1" 200 94 "-" "Mozilla/5.0 (compatible; Googlebot/2.1; +http://www.google.com/bot.html)"
66.249.79.101 - - [25/Nov/2024:05:44:58 -0700] "GET /news/nqijtw/2019-icc-ranking-batsman.html HTTP/1.1" 200 94 "-" "Mozilla/5.0 (compatible; Googlebot/2.1; +http://www.google.com/bot.html)"
66.249.79.101 - - [25/Nov/2024:05:45:19 -0700] "GET /detail/mscqpo/betloaded-correct-score.html HTTP/1.1" 200 94 "-" "Mozilla/5.0 (compatible; Googlebot/2.1; +http://www.google.com/bot.html)"
66.249.79.101 - - [25/Nov/2024:05:45:27 -0700] "GET /detail/kdbkzp/shakib-ban-icc.html HTTP/1.1" 200 94 "-" "Mozilla/5.0 (compatible; Googlebot/2.1; +http://www.google.com/bot.html)"
114.119.132.57 - - [25/Nov/2024:05:45:32 -0700] "GET /index.php/x61754d_z58f/files/Secondary/files/Secondary/Intitial_pages_sec_2019-20-min.pdf HTTP/1.1" 200 94 "https://chakmander.akalacademy.ac.in/index.php/x61754d_z58f/files/Secondary/Intitial_pages_srsec_2019-20-min.pdf" "Mozilla/5.0 (Linux; Android 7.0;) AppleWebKit/537.36 (KHTML, like Gecko) Mobile Safari/537.36 (compatible; PetalBot;+https://webmaster.petalsearch.com/site/petalbot)"
114.119.165.226 - - [25/Nov/2024:05:46:12 -0700] "GET /index.php/x61174a_z198f/files/Senior%20Secondary/files/Secondary/files/Secondary/files/Secondary/Intitial_pages_sec_2019-20-min.pdf HTTP/1.1" 200 94 "https://chakmander.akalacademy.ac.in/index.php/x61174a_z198f/files/Senior%20Secondary/files/Secondary/files/Secondary/Intitial_pages_sec_2019-20-min.pdf" "Mozilla/5.0 (Linux; Android 7.0;) AppleWebKit/537.36 (KHTML, like Gecko) Mobile Safari/537.36 (compatible; PetalBot;+https://webmaster.petalsearch.com/site/petalbot)"
66.249.79.101 - - [25/Nov/2024:05:46:12 -0700] "GET /detail/ndfceu/ HTTP/1.1" 200 94 "-" "Mozilla/5.0 (compatible; Googlebot/2.1; +http://www.google.com/bot.html)"
114.119.138.214 - - [25/Nov/2024:05:46:51 -0700] "GET /index.php/x60643d_z30f/files/Senior%20Secondary/files/Secondary/Intitial_pages_srsec_2019-20-min.pdf HTTP/1.1" 200 94 "https://chakmander.akalacademy.ac.in/index.php/x60643d_z30f/files/Senior%20Secondary/Intitial_pages_srsec_2019-20%20(1)-min.pdf" "Mozilla/5.0 (Linux; Android 7.0;) AppleWebKit/537.36 (KHTML, like Gecko) Mobile Safari/537.36 (compatible; PetalBot;+https://webmaster.petalsearch.com/site/petalbot)"
66.249.79.102 - - [25/Nov/2024:05:47:09 -0700] "GET /news/svazoa/ HTTP/1.1" 200 94 "-" "Mozilla/5.0 (compatible; Googlebot/2.1; +http://www.google.com/bot.html)"
114.119.147.32 - - [25/Nov/2024:05:47:31 -0700] "GET /index.php/x60521a_z80f/files/I-VIII/files/Secondary/Intitial_pages_srsec_2019-20-min.pdf HTTP/1.1" 200 94 "https://chakmander.akalacademy.ac.in/index.php/x60521a_z80f/files/I-VIII/Science%20%20(III%20to%20VIII)-min.pdf" "Mozilla/5.0 (Linux; Android 7.0;) AppleWebKit/537.36 (KHTML, like Gecko) Mobile Safari/537.36 (compatible; PetalBot;+https://webmaster.petalsearch.com/site/petalbot)"
40.77.167.241 - - [25/Nov/2024:05:47:44 -0700] "GET /detail/wmemhl/files/IX-X/files/I-VIII/files/IX-X/Grade%20(XII)-min.pdf HTTP/1.1" 200 94 "-" "Mozilla/5.0 AppleWebKit/537.36 (KHTML, like Gecko; compatible; bingbot/2.0; +http://www.bing.com/bingbot.htm) Chrome/116.0.1938.76 Safari/537.36"
66.249.79.101 - - [25/Nov/2024:05:47:56 -0700] "GET /news/uexeht/can-betting-make-you-rich.html HTTP/1.1" 200 94 "-" "Mozilla/5.0 (compatible; Googlebot/2.1; +http://www.google.com/bot.html)"
66.249.79.100 - - [25/Nov/2024:05:48:02 -0700] "GET /detail/ipwzmv/five-hundred-card-game-online.html HTTP/1.1" 200 94 "-" "Mozilla/5.0 (compatible; Googlebot/2.1; +http://www.google.com/bot.html)"
114.119.136.146 - - [25/Nov/2024:05:48:11 -0700] "GET /index.php/x58703d_z15f/files/Secondary/files/Senior%20Secondary/Intitial_pages_srsec_2019-20%20(1)-min.pdf HTTP/1.1" 200 94 "https://chakmander.akalacademy.ac.in/index.php/x58703d_z15f/files/Secondary/Intitial_pages_srsec_2019-20-min.pdf" "Mozilla/5.0 (Linux; Android 7.0;) AppleWebKit/537.36 (KHTML, like Gecko) Mobile Safari/537.36 (compatible; PetalBot;+https://webmaster.petalsearch.com/site/petalbot)"
66.249.79.101 - - [25/Nov/2024:05:48:47 -0700] "GET /news/lurwbj/india-vs-banglades-live-t20.html HTTP/1.1" 200 94 "-" "Mozilla/5.0 (compatible; Googlebot/2.1; +http://www.google.com/bot.html)"
114.119.155.118 - - [25/Nov/2024:05:48:51 -0700] "GET /index.php/x58533e_z15f/files/Secondary/files/Secondary/Intitial_pages_srsec_2019-20-min.pdf HTTP/1.1" 200 94 "https://chakmander.akalacademy.ac.in/index.php/x58533e_z15f/files/Secondary/Intitial_pages_srsec_2019-20-min.pdf" "Mozilla/5.0 (Linux; Android 7.0;) AppleWebKit/537.36 (KHTML, like Gecko) Mobile Safari/537.36 (compatible; PetalBot;+https://webmaster.petalsearch.com/site/petalbot)"
114.119.157.112 - - [25/Nov/2024:05:49:31 -0700] "GET /index.php/x58259c_z13f/files/Secondary/files/Senior%20Secondary/Intitial_pages_srsec_2019-20%20(1)-min.pdf HTTP/1.1" 200 94 "https://chakmander.akalacademy.ac.in/index.php/x58259c_z13f/files/Secondary/Intitial_pages_srsec_2019-20-min.pdf" "Mozilla/5.0 (Linux; Android 7.0;) AppleWebKit/537.36 (KHTML, like Gecko) Mobile Safari/537.36 (compatible; PetalBot;+https://webmaster.petalsearch.com/site/petalbot)"
114.119.132.57 - - [25/Nov/2024:05:50:13 -0700] "GET /index.php/x57903f_z202f/files/IX-X/files/Secondary/Intitial_pages_sec_2019-20-min.pdf HTTP/1.1" 200 94 "https://chakmander.akalacademy.ac.in/index.php/x57903f_z202f/files/IX-X/Grade%20(XI)%20-min.pdf" "Mozilla/5.0 (Linux; Android 7.0;) AppleWebKit/537.36 (KHTML, like Gecko) Mobile Safari/537.36 (compatible; PetalBot;+https://webmaster.petalsearch.com/site/petalbot)"
114.119.139.78 - - [25/Nov/2024:05:50:54 -0700] "GET /index.php/x57296b_z38f/files/Senior%20Secondary/files/Secondary/Intitial_pages_srsec_2019-20-min.pdf HTTP/1.1" 200 94 "https://chakmander.akalacademy.ac.in/index.php/x57296b_z38f/files/Senior%20Secondary/Intitial_pages_srsec_2019-20%20(1)-min.pdf" "Mozilla/5.0 (Linux; Android 7.0;) AppleWebKit/537.36 (KHTML, like Gecko) Mobile Safari/537.36 (compatible; PetalBot;+https://webmaster.petalsearch.com/site/petalbot)"
66.249.79.102 - - [25/Nov/2024:05:51:12 -0700] "GET /news/evfjdu/ HTTP/1.1" 200 94 "-" "Mozilla/5.0 (compatible; Googlebot/2.1; +http://www.google.com/bot.html)"
69.162.124.238 - - [25/Nov/2024:05:51:12 -0700] "HEAD /cbse-corner.php HTTP/1.1" 200 - "https://chakmander.akalacademy.ac.in/cbse-corner.php" "Mozilla/5.0+(compatible; UptimeRobot/2.0; http://www.uptimerobot.com/)"
114.119.136.146 - - [25/Nov/2024:05:51:32 -0700] "GET /index.php/x56460c_z14f/files/Secondary/files/Secondary/files/Secondary/files/Secondary/Intitial_pages_srsec_2019-20-min.pdf HTTP/1.1" 200 94 "https://chakmander.akalacademy.ac.in/index.php/x56460c_z14f/files/Secondary/files/Secondary/files/Secondary/Intitial_pages_srsec_2019-20-min.pdf" "Mozilla/5.0 (Linux; Android 7.0;) AppleWebKit/537.36 (KHTML, like Gecko) Mobile Safari/537.36 (compatible; PetalBot;+https://webmaster.petalsearch.com/site/petalbot)"
66.249.79.101 - - [25/Nov/2024:05:51:38 -0700] "GET /news/quvxuu/player-list-of-sunrisers-hyderabad-2018.html HTTP/1.1" 200 94 "-" "Mozilla/5.0 (compatible; Googlebot/2.1; +http://www.google.com/bot.html)"
66.249.79.100 - - [25/Nov/2024:05:51:54 -0700] "GET /news/bldsxo/orleans-casino-entertainment.html HTTP/1.1" 200 94 "-" "Mozilla/5.0 (compatible; Googlebot/2.1; +http://www.google.com/bot.html)"
114.119.155.118 - - [25/Nov/2024:05:52:12 -0700] "GET /index.php/x54804d_z77f/files/Secondary/files/Secondary/Intitial_pages_sec_2019-20-min.pdf HTTP/1.1" 200 94 "https://chakmander.akalacademy.ac.in/index.php/x54804d_z77f/files/Secondary/Intitial_pages_srsec_2019-20-min.pdf" "Mozilla/5.0 (Linux; Android 7.0;) AppleWebKit/537.36 (KHTML, like Gecko) Mobile Safari/537.36 (compatible; PetalBot;+https://webmaster.petalsearch.com/site/petalbot)"
114.119.136.146 - - [25/Nov/2024:05:52:52 -0700] "GET /index.php/x54761f_z107f/files/IX-X/files/Secondary/Intitial_pages_sec_2019-20-min.pdf HTTP/1.1" 200 94 "https://chakmander.akalacademy.ac.in/index.php/x54761f_z107f/files/IX-X/Grade%20(IX)-min.pdf" "Mozilla/5.0 (Linux; Android 7.0;) AppleWebKit/537.36 (KHTML, like Gecko) Mobile Safari/537.36 (compatible; PetalBot;+https://webmaster.petalsearch.com/site/petalbot)"
66.249.79.100 - - [25/Nov/2024:05:53:01 -0700] "GET /news/jigooo/pro-kabaddi-meaning-in-hindi.html HTTP/1.1" 200 94 "-" "Mozilla/5.0 (compatible; Googlebot/2.1; +http://www.google.com/bot.html)"
114.119.139.78 - - [25/Nov/2024:05:53:32 -0700] "GET /index.php/x54027a_z107f/files/Secondary/files/Secondary/files/Secondary/Intitial_pages_srsec_2019-20-min.pdf HTTP/1.1" 200 94 "https://chakmander.akalacademy.ac.in/index.php/x54027a_z107f/files/Secondary/files/Secondary/Intitial_pages_sec_2019-20-min.pdf" "Mozilla/5.0 (Linux; Android 7.0;) AppleWebKit/537.36 (KHTML, like Gecko) Mobile Safari/537.36 (compatible; PetalBot;+https://webmaster.petalsearch.com/site/petalbot)"
114.119.157.112 - - [25/Nov/2024:05:54:13 -0700] "GET /index.php/x52380e_z16f/files/Secondary/files/Secondary/files/Secondary/Intitial_pages_srsec_2019-20-min.pdf HTTP/1.1" 200 94 "https://chakmander.akalacademy.ac.in/index.php/x52380e_z16f/files/Secondary/files/Secondary/Intitial_pages_sec_2019-20-min.pdf" "Mozilla/5.0 (Linux; Android 7.0;) AppleWebKit/537.36 (KHTML, like Gecko) Mobile Safari/537.36 (compatible; PetalBot;+https://webmaster.petalsearch.com/site/petalbot)"
66.249.79.101 - - [25/Nov/2024:05:54:33 -0700] "GET /news/gneszn/icc-call-means-telecome.html HTTP/1.1" 200 94 "-" "Mozilla/5.0 (compatible; Googlebot/2.1; +http://www.google.com/bot.html)"
114.119.138.214 - - [25/Nov/2024:05:54:52 -0700] "GET /index.php/x51366d_z29f/files/Secondary/files/Secondary/Intitial_pages_sec_2019-20-min.pdf HTTP/1.1" 200 94 "https://chakmander.akalacademy.ac.in/index.php/x51366d_z29f/files/Secondary/Intitial_pages_srsec_2019-20-min.pdf" "Mozilla/5.0 (Linux; Android 7.0;) AppleWebKit/537.36 (KHTML, like Gecko) Mobile Safari/537.36 (compatible; PetalBot;+https://webmaster.petalsearch.com/site/petalbot)"
114.119.138.214 - - [25/Nov/2024:05:55:32 -0700] "GET /index.php/x51109e_z15f/files/Senior%20Secondary/files/Secondary/Intitial_pages_sec_2019-20-min.pdf HTTP/1.1" 200 94 "https://chakmander.akalacademy.ac.in/index.php/x51109e_z15f/files/Senior%20Secondary/Intitial_pages_srsec_2019-20%20(1)-min.pdf" "Mozilla/5.0 (Linux; Android 7.0;) AppleWebKit/537.36 (KHTML, like Gecko) Mobile Safari/537.36 (compatible; PetalBot;+https://webmaster.petalsearch.com/site/petalbot)"
66.249.79.102 - - [25/Nov/2024:05:55:36 -0700] "GET /detail/ugwamw/indian-cricketer-kuldeep-yadav.html HTTP/1.1" 200 94 "-" "Mozilla/5.0 (compatible; Googlebot/2.1; +http://www.google.com/bot.html)"
69.162.124.238 - - [25/Nov/2024:05:56:12 -0700] "HEAD /cbse-corner.php HTTP/1.1" 200 - "https://chakmander.akalacademy.ac.in/cbse-corner.php" "Mozilla/5.0+(compatible; UptimeRobot/2.0; http://www.uptimerobot.com/)"
114.119.165.226 - - [25/Nov/2024:05:56:14 -0700] "GET /index.php/x50875d_z26f/files/Senior%20Secondary/files/Secondary/Intitial_pages_srsec_2019-20-min.pdf HTTP/1.1" 200 94 "https://chakmander.akalacademy.ac.in/index.php/x50875d_z26f/files/Senior%20Secondary/Intitial_pages_srsec_2019-20%20(1)-min.pdf" "Mozilla/5.0 (Linux; Android 7.0;) AppleWebKit/537.36 (KHTML, like Gecko) Mobile Safari/537.36 (compatible; PetalBot;+https://webmaster.petalsearch.com/site/petalbot)"
66.249.79.100 - - [25/Nov/2024:05:56:14 -0700] "GET /detail/qsnljv/ HTTP/1.1" 200 94 "-" "Mozilla/5.0 (compatible; Googlebot/2.1; +http://www.google.com/bot.html)"
114.119.157.112 - - [25/Nov/2024:05:56:52 -0700] "GET /index.php/x50771f_z22f/files/Secondary/files/Senior%20Secondary/Intitial_pages_srsec_2019-20%20(1)-min.pdf HTTP/1.1" 200 94 "https://chakmander.akalacademy.ac.in/index.php/x50771f_z22f/files/Secondary/Intitial_pages_srsec_2019-20-min.pdf" "Mozilla/5.0 (Linux; Android 7.0;) AppleWebKit/537.36 (KHTML, like Gecko) Mobile Safari/537.36 (compatible; PetalBot;+https://webmaster.petalsearch.com/site/petalbot)"
66.249.79.102 - - [25/Nov/2024:05:57:24 -0700] "GET /detail/fzzsuv/ HTTP/1.1" 200 94 "-" "Mozilla/5.0 (compatible; Googlebot/2.1; +http://www.google.com/bot.html)"
114.119.165.226 - - [25/Nov/2024:05:57:32 -0700] "GET /index.php/x50496e_z15f/files/Secondary/files/Secondary/Intitial_pages_sec_2019-20-min.pdf HTTP/1.1" 200 94 "https://chakmander.akalacademy.ac.in/index.php/x50496e_z15f/files/Secondary/Intitial_pages_sec_2019-20-min.pdf" "Mozilla/5.0 (Linux; Android 7.0;) AppleWebKit/537.36 (KHTML, like Gecko) Mobile Safari/537.36 (compatible; PetalBot;+https://webmaster.petalsearch.com/site/petalbot)"
114.119.165.226 - - [25/Nov/2024:05:58:12 -0700] "GET /index.php/x50396c_z15f/files/Senior%20Secondary/files/Secondary/Intitial_pages_srsec_2019-20-min.pdf HTTP/1.1" 200 94 "https://chakmander.akalacademy.ac.in/index.php/x50396c_z15f/files/Senior%20Secondary/Intitial_pages_srsec_2019-20%20(1)-min.pdf" "Mozilla/5.0 (Linux; Android 7.0;) AppleWebKit/537.36 (KHTML, like Gecko) Mobile Safari/537.36 (compatible; PetalBot;+https://webmaster.petalsearch.com/site/petalbot)"
66.249.79.101 - - [25/Nov/2024:05:58:51 -0700] "GET /bet/gaaqqk/portugal-odds-to-win-euro-2021.html HTTP/1.1" 200 94 "-" "Mozilla/5.0 (compatible; Googlebot/2.1; +http://www.google.com/bot.html)"
114.119.157.112 - - [25/Nov/2024:05:58:52 -0700] "GET /index.php/x49798f_z267f/files/Senior%20Secondary/files/Secondary/Intitial_pages_sec_2019-20-min.pdf HTTP/1.1" 200 94 "https://chakmander.akalacademy.ac.in/index.php/x49798f_z267f/files/Senior%20Secondary/Intitial_pages_srsec_2019-20%20(1)-min.pdf" "Mozilla/5.0 (Linux; Android 7.0;) AppleWebKit/537.36 (KHTML, like Gecko) Mobile Safari/537.36 (compatible; PetalBot;+https://webmaster.petalsearch.com/site/petalbot)"
114.119.136.146 - - [25/Nov/2024:05:59:33 -0700] "GET /index.php/x48420b_z199f/files/I-VIII/files/Secondary/Intitial_pages_srsec_2019-20-min.pdf HTTP/1.1" 200 94 "https://chakmander.akalacademy.ac.in/index.php/x48420b_z199f/files/I-VIII/Science%20%20(III%20to%20VIII)-min.pdf" "Mozilla/5.0 (Linux; Android 7.0;) AppleWebKit/537.36 (KHTML, like Gecko) Mobile Safari/537.36 (compatible; PetalBot;+https://webmaster.petalsearch.com/site/petalbot)"
114.119.132.57 - - [25/Nov/2024:06:00:13 -0700] "GET /index.php/x47191c_z134f/files/Secondary/files/Secondary/Intitial_pages_sec_2019-20-min.pdf HTTP/1.1" 200 94 "https://chakmander.akalacademy.ac.in/index.php/x47191c_z134f/files/Secondary/Intitial_pages_sec_2019-20-min.pdf" "Mozilla/5.0 (Linux; Android 7.0;) AppleWebKit/537.36 (KHTML, like Gecko) Mobile Safari/537.36 (compatible; PetalBot;+https://webmaster.petalsearch.com/site/petalbot)"
66.249.79.101 - - [25/Nov/2024:06:00:13 -0700] "GET /news/selwwq/chennai-vs-delhi-capitals-match.html HTTP/1.1" 200 94 "-" "Mozilla/5.0 (compatible; Googlebot/2.1; +http://www.google.com/bot.html)"
114.119.136.146 - - [25/Nov/2024:06:00:54 -0700] "GET /index.php/x45442b_z233f/files/Senior%20Secondary/files/Senior%20Secondary/Intitial_pages_srsec_2019-20%20(1)-min.pdf HTTP/1.1" 200 94 "https://chakmander.akalacademy.ac.in/index.php/x45442b_z233f/files/Senior%20Secondary/Intitial_pages_srsec_2019-20%20(1)-min.pdf" "Mozilla/5.0 (Linux; Android 7.0;) AppleWebKit/537.36 (KHTML, like Gecko) Mobile Safari/537.36 (compatible; PetalBot;+https://webmaster.petalsearch.com/site/petalbot)"
47.128.110.170 - - [25/Nov/2024:06:01:02 -0700] "GET /index.php/sitemapmobile7491.xml HTTP/1.1" 200 94 "-" "Mozilla/5.0 (Linux; Android 5.0) AppleWebKit/537.36 (KHTML, like Gecko) Mobile Safari/537.36 (compatible; Bytespider; spider-feedback@bytedance.com)"
69.162.124.238 - - [25/Nov/2024:06:01:12 -0700] "HEAD /cbse-corner.php HTTP/1.1" 200 - "https://chakmander.akalacademy.ac.in/cbse-corner.php" "Mozilla/5.0+(compatible; UptimeRobot/2.0; http://www.uptimerobot.com/)"
47.128.20.45 - - [25/Nov/2024:06:01:24 -0700] "GET /index.php/sitemapimages6372.xml HTTP/1.1" 200 94 "-" "Mozilla/5.0 (Linux; Android 5.0) AppleWebKit/537.36 (KHTML, like Gecko) Mobile Safari/537.36 (compatible; Bytespider; spider-feedback@bytedance.com)"
47.128.48.28 - - [25/Nov/2024:06:01:31 -0700] "GET /index.php/sitemap58.xml HTTP/1.1" 200 94 "-" "Mozilla/5.0 (Linux; Android 5.0) AppleWebKit/537.36 (KHTML, like Gecko) Mobile Safari/537.36 (compatible; Bytespider; spider-feedback@bytedance.com)"
114.119.165.226 - - [25/Nov/2024:06:01:33 -0700] "GET /index.php/x45038d_z229f/files/Senior%20Secondary/files/Secondary/Intitial_pages_sec_2019-20-min.pdf HTTP/1.1" 200 94 "https://chakmander.akalacademy.ac.in/index.php/x45038d_z229f/files/Senior%20Secondary/Intitial_pages_srsec_2019-20%20(1)-min.pdf" "Mozilla/5.0 (Linux; Android 7.0;) AppleWebKit/537.36 (KHTML, like Gecko) Mobile Safari/537.36 (compatible; PetalBot;+https://webmaster.petalsearch.com/site/petalbot)"
47.128.122.184 - - [25/Nov/2024:06:01:35 -0700] "GET /index.php/sitemapmobile51.xml HTTP/1.1" 200 94 "-" "Mozilla/5.0 (Linux; Android 5.0) AppleWebKit/537.36 (KHTML, like Gecko) Mobile Safari/537.36 (compatible; Bytespider; spider-feedback@bytedance.com)"
66.249.79.100 - - [25/Nov/2024:06:02:04 -0700] "GET /detail/fvuetk/ HTTP/1.1" 200 94 "-" "Mozilla/5.0 (compatible; Googlebot/2.1; +http://www.google.com/bot.html)"
40.77.167.22 - - [25/Nov/2024:06:02:11 -0700] "GET /detail/wmemhl/files/IX-X/files/Secondary/files/Secondary/index.php HTTP/1.1" 200 94 "-" "Mozilla/5.0 AppleWebKit/537.36 (KHTML, like Gecko; compatible; bingbot/2.0; +http://www.bing.com/bingbot.htm) Chrome/116.0.1938.76 Safari/537.36"
114.119.165.226 - - [25/Nov/2024:06:02:14 -0700] "GET /index.php/x43261e_z233f/files/Senior%20Secondary/files/Secondary/Intitial_pages_sec_2019-20-min.pdf HTTP/1.1" 200 94 "https://chakmander.akalacademy.ac.in/index.php/x43261e_z233f/files/Senior%20Secondary/Intitial_pages_srsec_2019-20%20(1)-min.pdf" "Mozilla/5.0 (Linux; Android 7.0;) AppleWebKit/537.36 (KHTML, like Gecko) Mobile Safari/537.36 (compatible; PetalBot;+https://webmaster.petalsearch.com/site/petalbot)"
66.249.79.101 - - [25/Nov/2024:06:02:29 -0700] "GET /bet/edohcu/online-indian-betting-aites.html HTTP/1.1" 200 94 "-" "Mozilla/5.0 (compatible; Googlebot/2.1; +http://www.google.com/bot.html)"
114.119.132.57 - - [25/Nov/2024:06:02:55 -0700] "GET /index.php/x42536a_z16f/files/Secondary/files/Secondary/Intitial_pages_sec_2019-20-min.pdf HTTP/1.1" 200 94 "https://chakmander.akalacademy.ac.in/index.php/x42536a_z16f/files/Secondary/Intitial_pages_sec_2019-20-min.pdf" "Mozilla/5.0 (Linux; Android 7.0;) AppleWebKit/537.36 (KHTML, like Gecko) Mobile Safari/537.36 (compatible; PetalBot;+https://webmaster.petalsearch.com/site/petalbot)"
66.249.79.100 - - [25/Nov/2024:06:02:59 -0700] "GET /detail/qxozor/ HTTP/1.1" 200 94 "-" "Mozilla/5.0 (compatible; Googlebot/2.1; +http://www.google.com/bot.html)"
114.119.147.32 - - [25/Nov/2024:06:03:34 -0700] "GET /index.php/x41621e_z178f/files/Secondary/files/Senior%20Secondary/files/Secondary/Intitial_pages_sec_2019-20-min.pdf HTTP/1.1" 200 94 "https://chakmander.akalacademy.ac.in/index.php/x41621e_z178f/files/Secondary/files/Senior%20Secondary/Intitial_pages_srsec_2019-20%20(1)-min.pdf" "Mozilla/5.0 (Linux; Android 7.0;) AppleWebKit/537.36 (KHTML, like Gecko) Mobile Safari/537.36 (compatible; PetalBot;+https://webmaster.petalsearch.com/site/petalbot)"
114.119.157.112 - - [25/Nov/2024:06:04:14 -0700] "GET /index.php/x41089a_z31f/files/Senior%20Secondary/files/Senior%20Secondary/files/Secondary/Intitial_pages_sec_2019-20-min.pdf HTTP/1.1" 200 94 "https://chakmander.akalacademy.ac.in/index.php/x41089a_z31f/files/Senior%20Secondary/files/Senior%20Secondary/Intitial_pages_srsec_2019-20%20(1)-min.pdf" "Mozilla/5.0 (Linux; Android 7.0;) AppleWebKit/537.36 (KHTML, like Gecko) Mobile Safari/537.36 (compatible; PetalBot;+https://webmaster.petalsearch.com/site/petalbot)"
66.249.79.102 - - [25/Nov/2024:06:04:52 -0700] "GET /detail/fnymea/ HTTP/1.1" 200 94 "-" "Mozilla/5.0 (compatible; Googlebot/2.1; +http://www.google.com/bot.html)"
114.119.155.118 - - [25/Nov/2024:06:04:53 -0700] "GET /index.php/x40847f_z14f/files/Secondary/files/Secondary/Intitial_pages_sec_2019-20-min.pdf HTTP/1.1" 200 94 "https://chakmander.akalacademy.ac.in/index.php/x40847f_z14f/files/Secondary/Intitial_pages_srsec_2019-20-min.pdf" "Mozilla/5.0 (Linux; Android 7.0;) AppleWebKit/537.36 (KHTML, like Gecko) Mobile Safari/537.36 (compatible; PetalBot;+https://webmaster.petalsearch.com/site/petalbot)"
114.119.155.118 - - [25/Nov/2024:06:05:34 -0700] "GET /index.php/x40529a_z40f/files/Secondary/files/Secondary/files/Secondary/Intitial_pages_srsec_2019-20-min.pdf HTTP/1.1" 200 94 "https://chakmander.akalacademy.ac.in/index.php/x40529a_z40f/files/Secondary/files/Secondary/Intitial_pages_sec_2019-20-min.pdf" "Mozilla/5.0 (Linux; Android 7.0;) AppleWebKit/537.36 (KHTML, like Gecko) Mobile Safari/537.36 (compatible; PetalBot;+https://webmaster.petalsearch.com/site/petalbot)"
66.249.79.101 - - [25/Nov/2024:06:05:58 -0700] "GET /detail/oblugd/ HTTP/1.1" 200 94 "-" "Mozilla/5.0 (compatible; Googlebot/2.1; +http://www.google.com/bot.html)"
66.249.79.102 - - [25/Nov/2024:06:05:58 -0700] "GET /detail/tgccgl/ HTTP/1.1" 200 94 "-" "Mozilla/5.0 (compatible; Googlebot/2.1; +http://www.google.com/bot.html)"
69.162.124.238 - - [25/Nov/2024:06:06:13 -0700] "HEAD /cbse-corner.php HTTP/1.1" 200 - "https://chakmander.akalacademy.ac.in/cbse-corner.php" "Mozilla/5.0+(compatible; UptimeRobot/2.0; http://www.uptimerobot.com/)"
114.119.147.32 - - [25/Nov/2024:06:06:15 -0700] "GET /index.php/x40309c_z41f/files/Secondary/files/Secondary/Intitial_pages_srsec_2019-20-min.pdf HTTP/1.1" 200 94 "https://chakmander.akalacademy.ac.in/index.php/x40309c_z41f/files/Secondary/Intitial_pages_sec_2019-20-min.pdf" "Mozilla/5.0 (Linux; Android 7.0;) AppleWebKit/537.36 (KHTML, like Gecko) Mobile Safari/537.36 (compatible; PetalBot;+https://webmaster.petalsearch.com/site/petalbot)"
114.119.139.78 - - [25/Nov/2024:06:06:54 -0700] "GET /index.php/x3979b_z78f/files/Secondary/files/Secondary/files/Secondary/Intitial_pages_sec_2019-20-min.pdf HTTP/1.1" 200 94 "https://chakmander.akalacademy.ac.in/index.php/x3979b_z78f/files/Secondary/files/Secondary/Intitial_pages_srsec_2019-20-min.pdf" "Mozilla/5.0 (Linux; Android 7.0;) AppleWebKit/537.36 (KHTML, like Gecko) Mobile Safari/537.36 (compatible; PetalBot;+https://webmaster.petalsearch.com/site/petalbot)"
66.249.79.100 - - [25/Nov/2024:06:07:23 -0700] "GET /news/vjcsur/ HTTP/1.1" 200 94 "-" "Mozilla/5.0 (compatible; Googlebot/2.1; +http://www.google.com/bot.html)"
114.119.147.32 - - [25/Nov/2024:06:07:34 -0700] "GET /index.php/x39314f_z16f/files/Secondary/files/Secondary/Intitial_pages_sec_2019-20-min.pdf HTTP/1.1" 200 94 "https://chakmander.akalacademy.ac.in/index.php/x39314f_z16f/files/Secondary/Intitial_pages_srsec_2019-20-min.pdf" "Mozilla/5.0 (Linux; Android 7.0;) AppleWebKit/537.36 (KHTML, like Gecko) Mobile Safari/537.36 (compatible; PetalBot;+https://webmaster.petalsearch.com/site/petalbot)"
66.249.79.100 - - [25/Nov/2024:06:07:40 -0700] "GET /bet/emkoku/ HTTP/1.1" 200 94 "-" "Mozilla/5.0 (compatible; Googlebot/2.1; +http://www.google.com/bot.html)"
114.119.132.57 - - [25/Nov/2024:06:08:15 -0700] "GET /index.php/x37869b_z69f/files/Secondary/files/Secondary/files/Secondary/files/Secondary/Intitial_pages_srsec_2019-20-min.pdf HTTP/1.1" 200 94 "https://chakmander.akalacademy.ac.in/index.php/x37869b_z69f/files/Secondary/files/Secondary/files/Secondary/Intitial_pages_srsec_2019-20-min.pdf" "Mozilla/5.0 (Linux; Android 7.0;) AppleWebKit/537.36 (KHTML, like Gecko) Mobile Safari/537.36 (compatible; PetalBot;+https://webmaster.petalsearch.com/site/petalbot)"
66.249.79.102 - - [25/Nov/2024:06:08:35 -0700] "GET /news/mxevbj/icc-women's-t20-world-cup-2018-table.html HTTP/1.1" 200 94 "-" "Mozilla/5.0 (compatible; Googlebot/2.1; +http://www.google.com/bot.html)"
114.119.147.32 - - [25/Nov/2024:06:08:55 -0700] "GET /index.php/x37813b_z23f/files/Secondary/files/Secondary/files/Secondary/Intitial_pages_srsec_2019-20-min.pdf HTTP/1.1" 200 94 "https://chakmander.akalacademy.ac.in/index.php/x37813b_z23f/files/Secondary/files/Secondary/Intitial_pages_sec_2019-20-min.pdf" "Mozilla/5.0 (Linux; Android 7.0;) AppleWebKit/537.36 (KHTML, like Gecko) Mobile Safari/537.36 (compatible; PetalBot;+https://webmaster.petalsearch.com/site/petalbot)"
114.119.139.78 - - [25/Nov/2024:06:09:35 -0700] "GET /index.php/x3602f_z78f/files/Senior%20Secondary/files/Secondary/Intitial_pages_sec_2019-20-min.pdf HTTP/1.1" 200 94 "https://chakmander.akalacademy.ac.in/index.php/x3602f_z78f/files/Senior%20Secondary/Intitial_pages_srsec_2019-20%20%281%29-min.pdf" "Mozilla/5.0 (Linux; Android 7.0;) AppleWebKit/537.36 (KHTML, like Gecko) Mobile Safari/537.36 (compatible; PetalBot;+https://webmaster.petalsearch.com/site/petalbot)"
114.119.138.214 - - [25/Nov/2024:06:10:15 -0700] "GET /index.php/x35901f_z14f/files/Secondary/files/Senior%20Secondary/Intitial_pages_srsec_2019-20%20(1)-min.pdf HTTP/1.1" 200 94 "https://chakmander.akalacademy.ac.in/index.php/x35901f_z14f/files/Secondary/Intitial_pages_srsec_2019-20-min.pdf" "Mozilla/5.0 (Linux; Android 7.0;) AppleWebKit/537.36 (KHTML, like Gecko) Mobile Safari/537.36 (compatible; PetalBot;+https://webmaster.petalsearch.com/site/petalbot)"
114.119.155.118 - - [25/Nov/2024:06:10:55 -0700] "GET /index.php/x3366c_z78f/files/Secondary/files/Secondary/files/Secondary/Intitial_pages_sec_2019-20-min.pdf HTTP/1.1" 200 94 "https://chakmander.akalacademy.ac.in/index.php/x3366c_z78f/files/Secondary/files/Secondary/Intitial_pages_srsec_2019-20-min.pdf" "Mozilla/5.0 (Linux; Android 7.0;) AppleWebKit/537.36 (KHTML, like Gecko) Mobile Safari/537.36 (compatible; PetalBot;+https://webmaster.petalsearch.com/site/petalbot)"
69.162.124.238 - - [25/Nov/2024:06:11:12 -0700] "HEAD /cbse-corner.php HTTP/1.1" 200 - "https://chakmander.akalacademy.ac.in/cbse-corner.php" "Mozilla/5.0+(compatible; UptimeRobot/2.0; http://www.uptimerobot.com/)"
114.119.136.146 - - [25/Nov/2024:06:11:35 -0700] "GET /index.php/x33660d_z151f/files/Secondary/files/Secondary/Intitial_pages_srsec_2019-20-min.pdf HTTP/1.1" 200 94 "https://chakmander.akalacademy.ac.in/index.php/x33660d_z151f/files/Secondary/Intitial_pages_sec_2019-20-min.pdf" "Mozilla/5.0 (Linux; Android 7.0;) AppleWebKit/537.36 (KHTML, like Gecko) Mobile Safari/537.36 (compatible; PetalBot;+https://webmaster.petalsearch.com/site/petalbot)"
114.119.139.78 - - [25/Nov/2024:06:12:16 -0700] "GET /index.php/x33460f_z36f/files/IX-X/files/Secondary/Intitial_pages_sec_2019-20-min.pdf HTTP/1.1" 200 94 "https://chakmander.akalacademy.ac.in/index.php/x33460f_z36f/files/IX-X/Grade%20(XII)-min.pdf" "Mozilla/5.0 (Linux; Android 7.0;) AppleWebKit/537.36 (KHTML, like Gecko) Mobile Safari/537.36 (compatible; PetalBot;+https://webmaster.petalsearch.com/site/petalbot)"
66.249.79.102 - - [25/Nov/2024:06:12:40 -0700] "GET /detail/bbyprj/best-bowler-in-icc-2019.html HTTP/1.1" 200 94 "-" "Mozilla/5.0 (compatible; Googlebot/2.1; +http://www.google.com/bot.html)"
114.119.155.118 - - [25/Nov/2024:06:12:56 -0700] "GET /index.php/x33332f_z13f/files/Secondary/files/Secondary/Intitial_pages_sec_2019-20-min.pdf HTTP/1.1" 200 94 "https://chakmander.akalacademy.ac.in/index.php/x33332f_z13f/files/Secondary/Intitial_pages_sec_2019-20-min.pdf" "Mozilla/5.0 (Linux; Android 7.0;) AppleWebKit/537.36 (KHTML, like Gecko) Mobile Safari/537.36 (compatible; PetalBot;+https://webmaster.petalsearch.com/site/petalbot)"
66.249.79.100 - - [25/Nov/2024:06:13:22 -0700] "GET /news/ollpfb/all-world-cup-results-so-far.html HTTP/1.1" 200 94 "-" "Mozilla/5.0 (compatible; Googlebot/2.1; +http://www.google.com/bot.html)"
47.128.121.247 - - [25/Nov/2024:06:13:28 -0700] "GET /index.php/sitemap2015.xml HTTP/1.1" 200 94 "-" "Mozilla/5.0 (Linux; Android 5.0) AppleWebKit/537.36 (KHTML, like Gecko) Mobile Safari/537.36 (compatible; Bytespider; spider-feedback@bytedance.com)"
114.119.147.32 - - [25/Nov/2024:06:13:36 -0700] "GET /index.php/x33257f_z26f/files/Secondary/files/Secondary/files/Secondary/Intitial_pages_sec_2019-20-min.pdf HTTP/1.1" 200 94 "https://chakmander.akalacademy.ac.in/index.php/x33257f_z26f/files/Secondary/files/Secondary/Intitial_pages_sec_2019-20-min.pdf" "Mozilla/5.0 (Linux; Android 7.0;) AppleWebKit/537.36 (KHTML, like Gecko) Mobile Safari/537.36 (compatible; PetalBot;+https://webmaster.petalsearch.com/site/petalbot)"
114.119.165.226 - - [25/Nov/2024:06:14:15 -0700] "GET /index.php/x3310b_z28f/files/Senior%20Secondary/files/Secondary/Intitial_pages_sec_2019-20-min.pdf HTTP/1.1" 200 94 "https://chakmander.akalacademy.ac.in/index.php/x3310b_z28f/files/Senior%20Secondary/Intitial_pages_srsec_2019-20%20(1)-min.pdf" "Mozilla/5.0 (Linux; Android 7.0;) AppleWebKit/537.36 (KHTML, like Gecko) Mobile Safari/537.36 (compatible; PetalBot;+https://webmaster.petalsearch.com/site/petalbot)"
66.249.79.101 - - [25/Nov/2024:06:14:17 -0700] "GET /news/ddpyvo/ HTTP/1.1" 200 94 "-" "Mozilla/5.0 (compatible; Googlebot/2.1; +http://www.google.com/bot.html)"
114.119.157.112 - - [25/Nov/2024:06:14:55 -0700] "GET /index.php/x29640a_z60f/files/Senior%20Secondary/files/Secondary/Intitial_pages_srsec_2019-20-min.pdf HTTP/1.1" 200 94 "https://chakmander.akalacademy.ac.in/index.php/x29640a_z60f/files/Senior%20Secondary/Intitial_pages_srsec_2019-20%20(1)-min.pdf" "Mozilla/5.0 (Linux; Android 7.0;) AppleWebKit/537.36 (KHTML, like Gecko) Mobile Safari/537.36 (compatible; PetalBot;+https://webmaster.petalsearch.com/site/petalbot)"
66.249.79.100 - - [25/Nov/2024:06:15:16 -0700] "GET /news/mgcrkr/ HTTP/1.1" 200 94 "-" "Mozilla/5.0 (compatible; Googlebot/2.1; +http://www.google.com/bot.html)"
114.119.132.57 - - [25/Nov/2024:06:15:35 -0700] "GET /index.php/x29573b_z15f/files/IX-X/files/Secondary/Intitial_pages_sec_2019-20-min.pdf HTTP/1.1" 200 94 "https://chakmander.akalacademy.ac.in/index.php/x29573b_z15f/files/IX-X/Grade%20(XI)%20-min.pdf" "Mozilla/5.0 (Linux; Android 7.0;) AppleWebKit/537.36 (KHTML, like Gecko) Mobile Safari/537.36 (compatible; PetalBot;+https://webmaster.petalsearch.com/site/petalbot)"
66.249.79.100 - - [25/Nov/2024:06:15:39 -0700] "GET /news/hmpmgd/ HTTP/1.1" 200 94 "-" "Mozilla/5.0 (compatible; Googlebot/2.1; +http://www.google.com/bot.html)"
69.162.124.238 - - [25/Nov/2024:06:16:12 -0700] "HEAD /cbse-corner.php HTTP/1.1" 200 - "https://chakmander.akalacademy.ac.in/cbse-corner.php" "Mozilla/5.0+(compatible; UptimeRobot/2.0; http://www.uptimerobot.com/)"
114.119.165.226 - - [25/Nov/2024:06:16:15 -0700] "GET /index.php/x29201a_z43f/files/Senior%20Secondary/files/Secondary/Intitial_pages_srsec_2019-20-min.pdf HTTP/1.1" 200 94 "https://chakmander.akalacademy.ac.in/index.php/x29201a_z43f/files/Senior%20Secondary/Intitial_pages_srsec_2019-20%20(1)-min.pdf" "Mozilla/5.0 (Linux; Android 7.0;) AppleWebKit/537.36 (KHTML, like Gecko) Mobile Safari/537.36 (compatible; PetalBot;+https://webmaster.petalsearch.com/site/petalbot)"
114.119.136.146 - - [25/Nov/2024:06:16:56 -0700] "GET /index.php/x27722d_z176f/files/Senior%20Secondary/files/Secondary/Intitial_pages_sec_2019-20-min.pdf HTTP/1.1" 200 94 "https://chakmander.akalacademy.ac.in/index.php/x27722d_z176f/files/Senior%20Secondary/Intitial_pages_srsec_2019-20%20(1)-min.pdf" "Mozilla/5.0 (Linux; Android 7.0;) AppleWebKit/537.36 (KHTML, like Gecko) Mobile Safari/537.36 (compatible; PetalBot;+https://webmaster.petalsearch.com/site/petalbot)"
114.119.132.57 - - [25/Nov/2024:06:17:35 -0700] "GET /index.php/x2708d_z33f/files/Secondary/files/Secondary/Intitial_pages_sec_2019-20-min.pdf HTTP/1.1" 200 94 "https://chakmander.akalacademy.ac.in/index.php/x2708d_z33f/files/Secondary/Intitial_pages_srsec_2019-20-min.pdf" "Mozilla/5.0 (Linux; Android 7.0;) AppleWebKit/537.36 (KHTML, like Gecko) Mobile Safari/537.36 (compatible; PetalBot;+https://webmaster.petalsearch.com/site/petalbot)"
66.249.79.102 - - [25/Nov/2024:06:17:47 -0700] "GET /bet/oohhpj/ HTTP/1.1" 200 94 "-" "Mozilla/5.0 (compatible; Googlebot/2.1; +http://www.google.com/bot.html)"
114.119.136.146 - - [25/Nov/2024:06:18:16 -0700] "GET /index.php/x26104e_z13f/files/Senior%20Secondary/files/Secondary/Intitial_pages_sec_2019-20-min.pdf HTTP/1.1" 200 94 "https://chakmander.akalacademy.ac.in/index.php/x26104e_z13f/files/Senior%20Secondary/Intitial_pages_srsec_2019-20%20(1)-min.pdf" "Mozilla/5.0 (Linux; Android 7.0;) AppleWebKit/537.36 (KHTML, like Gecko) Mobile Safari/537.36 (compatible; PetalBot;+https://webmaster.petalsearch.com/site/petalbot)"
66.249.79.100 - - [25/Nov/2024:06:18:51 -0700] "GET /bet/cimthw/pabji-game-play-store.html HTTP/1.1" 200 94 "-" "Mozilla/5.0 (compatible; Googlebot/2.1; +http://www.google.com/bot.html)"
66.249.79.100 - - [25/Nov/2024:06:18:55 -0700] "GET /bet/hufugk/ HTTP/1.1" 200 94 "-" "Mozilla/5.0 (compatible; Googlebot/2.1; +http://www.google.com/bot.html)"
114.119.165.226 - - [25/Nov/2024:06:18:56 -0700] "GET /index.php/x25176f_z14f/files/Secondary/files/Secondary/Intitial_pages_sec_2019-20-min.pdf HTTP/1.1" 200 94 "https://chakmander.akalacademy.ac.in/index.php/x25176f_z14f/files/Secondary/Intitial_pages_srsec_2019-20-min.pdf" "Mozilla/5.0 (Linux; Android 7.0;) AppleWebKit/537.36 (KHTML, like Gecko) Mobile Safari/537.36 (compatible; PetalBot;+https://webmaster.petalsearch.com/site/petalbot)"
114.119.132.57 - - [25/Nov/2024:06:19:36 -0700] "GET /index.php/x2507f_z36f/files/Secondary/files/Secondary/Intitial_pages_srsec_2019-20-min.pdf HTTP/1.1" 200 94 "https://chakmander.akalacademy.ac.in/index.php/x2507f_z36f/files/Secondary/Intitial_pages_sec_2019-20-min.pdf" "Mozilla/5.0 (Linux; Android 7.0;) AppleWebKit/537.36 (KHTML, like Gecko) Mobile Safari/537.36 (compatible; PetalBot;+https://webmaster.petalsearch.com/site/petalbot)"
66.249.79.101 - - [25/Nov/2024:06:19:37 -0700] "GET /bet/wwccxq/ HTTP/1.1" 200 94 "-" "Mozilla/5.0 (compatible; Googlebot/2.1; +http://www.google.com/bot.html)"
66.249.79.100 - - [25/Nov/2024:06:19:45 -0700] "GET /detail/xpmjxo/ HTTP/1.1" 200 94 "-" "Mozilla/5.0 (compatible; Googlebot/2.1; +http://www.google.com/bot.html)"
114.119.136.146 - - [25/Nov/2024:06:20:56 -0700] "GET /index.php/x23764d_z145f/files/Secondary/files/Secondary/Intitial_pages_sec_2019-20-min.pdf HTTP/1.1" 200 94 "https://chakmander.akalacademy.ac.in/index.php/x23764d_z145f/files/Secondary/Intitial_pages_srsec_2019-20-min.pdf" "Mozilla/5.0 (Linux; Android 7.0;) AppleWebKit/537.36 (KHTML, like Gecko) Mobile Safari/537.36 (compatible; PetalBot;+https://webmaster.petalsearch.com/site/petalbot)"
