66.249.79.101 - - [25/Nov/2024:06:21:08 -0700] "GET /bet/oueebk/website-9winz.html HTTP/1.1" 200 94 "-" "Mozilla/5.0 (compatible; Googlebot/2.1; +http://www.google.com/bot.html)"
69.162.124.238 - - [25/Nov/2024:06:21:12 -0700] "HEAD /cbse-corner.php HTTP/1.1" 200 - "https://chakmander.akalacademy.ac.in/cbse-corner.php" "Mozilla/5.0+(compatible; UptimeRobot/2.0; http://www.uptimerobot.com/)"
114.119.138.214 - - [25/Nov/2024:06:21:36 -0700] "GET /index.php/x22355b_z181f/files/Secondary/files/Secondary/Intitial_pages_sec_2019-20-min.pdf HTTP/1.1" 200 94 "https://chakmander.akalacademy.ac.in/index.php/x22355b_z181f/files/Secondary/Intitial_pages_srsec_2019-20-min.pdf" "Mozilla/5.0 (Linux; Android 7.0;) AppleWebKit/537.36 (KHTML, like Gecko) Mobile Safari/537.36 (compatible; PetalBot;+https://webmaster.petalsearch.com/site/petalbot)"
114.119.165.226 - - [25/Nov/2024:06:22:16 -0700] "GET /index.php/x21601e_z150f/files/Secondary/files/Secondary/Intitial_pages_srsec_2019-20-min.pdf HTTP/1.1" 200 94 "https://chakmander.akalacademy.ac.in/index.php/x21601e_z150f/files/Secondary/Intitial_pages_sec_2019-20-min.pdf" "Mozilla/5.0 (Linux; Android 7.0;) AppleWebKit/537.36 (KHTML, like Gecko) Mobile Safari/537.36 (compatible; PetalBot;+https://webmaster.petalsearch.com/site/petalbot)"
114.119.157.112 - - [25/Nov/2024:06:22:56 -0700] "GET /index.php/x17600f_z229f/files/Senior%20Secondary/files/Secondary/Intitial_pages_srsec_2019-20-min.pdf HTTP/1.1" 200 94 "https://chakmander.akalacademy.ac.in/index.php/x17600f_z229f/files/Senior%20Secondary/Intitial_pages_srsec_2019-20%20(1)-min.pdf" "Mozilla/5.0 (Linux; Android 7.0;) AppleWebKit/537.36 (KHTML, like Gecko) Mobile Safari/537.36 (compatible; PetalBot;+https://webmaster.petalsearch.com/site/petalbot)"
66.249.79.100 - - [25/Nov/2024:06:23:02 -0700] "GET /bet/yuwbom/las-vegas-trade-shows-january-2023.html HTTP/1.1" 200 94 "-" "Mozilla/5.0 (compatible; Googlebot/2.1; +http://www.google.com/bot.html)"
66.249.79.100 - - [25/Nov/2024:06:23:21 -0700] "GET /news/hosvkz/how-many-players-in-usa-football-team.html HTTP/1.1" 200 94 "-" "Mozilla/5.0 (compatible; Googlebot/2.1; +http://www.google.com/bot.html)"
114.119.155.118 - - [25/Nov/2024:06:23:37 -0700] "GET /index.php/x17337d_z72f/files/Secondary/files/Secondary/Intitial_pages_sec_2019-20-min.pdf HTTP/1.1" 200 94 "https://chakmander.akalacademy.ac.in/index.php/x17337d_z72f/files/Secondary/Intitial_pages_srsec_2019-20-min.pdf" "Mozilla/5.0 (Linux; Android 7.0;) AppleWebKit/537.36 (KHTML, like Gecko) Mobile Safari/537.36 (compatible; PetalBot;+https://webmaster.petalsearch.com/site/petalbot)"
66.249.79.102 - - [25/Nov/2024:06:24:08 -0700] "GET /news/qvndrr/when-does-cricket-game-started.html HTTP/1.1" 200 94 "-" "Mozilla/5.0 (compatible; Googlebot/2.1; +http://www.google.com/bot.html)"
66.249.79.100 - - [25/Nov/2024:06:24:09 -0700] "GET /bet/favsqc/cricket-world-cup-inida.html HTTP/1.1" 200 94 "-" "Mozilla/5.0 (compatible; Googlebot/2.1; +http://www.google.com/bot.html)"
114.119.157.112 - - [25/Nov/2024:06:24:17 -0700] "GET /index.php/x14258f_z60f/files/Secondary/files/Secondary/Intitial_pages_srsec_2019-20-min.pdf HTTP/1.1" 200 94 "https://chakmander.akalacademy.ac.in/index.php/x14258f_z60f/files/Secondary/402-INFO_TECH-min.pdf" "Mozilla/5.0 (Linux; Android 7.0;) AppleWebKit/537.36 (KHTML, like Gecko) Mobile Safari/537.36 (compatible; PetalBot;+https://webmaster.petalsearch.com/site/petalbot)"
66.249.79.101 - - [25/Nov/2024:06:24:18 -0700] "GET /detail/pwwgdj/ HTTP/1.1" 200 94 "-" "Mozilla/5.0 (compatible; Googlebot/2.1; +http://www.google.com/bot.html)"
114.119.157.112 - - [25/Nov/2024:06:24:57 -0700] "GET /index.php/x1407d_z63f/files/Senior%20Secondary/files/Secondary/Intitial_pages_sec_2019-20-min.pdf HTTP/1.1" 200 94 "https://chakmander.akalacademy.ac.in/index.php/x1407d_z63f/files/Senior%20Secondary/Intitial_pages_srsec_2019-20%20(1)-min.pdf" "Mozilla/5.0 (Linux; Android 7.0;) AppleWebKit/537.36 (KHTML, like Gecko) Mobile Safari/537.36 (compatible; PetalBot;+https://webmaster.petalsearch.com/site/petalbot)"
114.119.155.118 - - [25/Nov/2024:06:25:37 -0700] "GET /index.php/x1278d_z63f/files/I-VIII/files/Secondary/Intitial_pages_srsec_2019-20-min.pdf HTTP/1.1" 200 94 "https://chakmander.akalacademy.ac.in/index.php/x1278d_z63f/files/I-VIII/Science%20%20(III%20to%20VIII)-min.pdf" "Mozilla/5.0 (Linux; Android 7.0;) AppleWebKit/537.36 (KHTML, like Gecko) Mobile Safari/537.36 (compatible; PetalBot;+https://webmaster.petalsearch.com/site/petalbot)"
66.249.79.101 - - [25/Nov/2024:06:25:41 -0700] "GET /news/tnnrnj/bally's-casino-in-new-orleans.html HTTP/1.1" 200 94 "-" "Mozilla/5.0 (compatible; Googlebot/2.1; +http://www.google.com/bot.html)"
69.162.124.238 - - [25/Nov/2024:06:26:12 -0700] "HEAD /cbse-corner.php HTTP/1.1" 200 - "https://chakmander.akalacademy.ac.in/cbse-corner.php" "Mozilla/5.0+(compatible; UptimeRobot/2.0; http://www.uptimerobot.com/)"
114.119.138.214 - - [25/Nov/2024:06:26:17 -0700] "GET /index.php/x1277a_z178f/files/Secondary/files/Secondary/Intitial_pages_sec_2019-20-min.pdf HTTP/1.1" 200 94 "https://chakmander.akalacademy.ac.in/index.php/x1277a_z178f/files/Secondary/Intitial_pages_sec_2019-20-min.pdf" "Mozilla/5.0 (Linux; Android 7.0;) AppleWebKit/537.36 (KHTML, like Gecko) Mobile Safari/537.36 (compatible; PetalBot;+https://webmaster.petalsearch.com/site/petalbot)"
114.119.157.112 - - [25/Nov/2024:06:26:57 -0700] "GET /index.php/x12757a_z397f/files/Secondary/files/Secondary/Intitial_pages_sec_2019-20-min.pdf HTTP/1.1" 200 94 "https://chakmander.akalacademy.ac.in/index.php/x12757a_z397f/files/Secondary/Intitial_pages_sec_2019-20-min.pdf" "Mozilla/5.0 (Linux; Android 7.0;) AppleWebKit/537.36 (KHTML, like Gecko) Mobile Safari/537.36 (compatible; PetalBot;+https://webmaster.petalsearch.com/site/petalbot)"
66.249.79.101 - - [25/Nov/2024:06:27:01 -0700] "GET /bet/rgjrfk/mumbai-indians-full-squad-2020-ipl.html HTTP/1.1" 200 94 "-" "Mozilla/5.0 (compatible; Googlebot/2.1; +http://www.google.com/bot.html)"
66.249.79.100 - - [25/Nov/2024:06:27:28 -0700] "GET /bet/zmvyql/ HTTP/1.1" 200 94 "-" "Mozilla/5.0 (compatible; Googlebot/2.1; +http://www.google.com/bot.html)"
114.119.138.214 - - [25/Nov/2024:06:27:37 -0700] "GET /index.php/x11932e_z14f/files/Secondary/files/Secondary/files/Secondary/Intitial_pages_srsec_2019-20-min.pdf HTTP/1.1" 200 94 "https://chakmander.akalacademy.ac.in/index.php/x11932e_z14f/files/Secondary/files/Secondary/Intitial_pages_sec_2019-20-min.pdf" "Mozilla/5.0 (Linux; Android 7.0;) AppleWebKit/537.36 (KHTML, like Gecko) Mobile Safari/537.36 (compatible; PetalBot;+https://webmaster.petalsearch.com/site/petalbot)"
66.249.79.100 - - [25/Nov/2024:06:27:58 -0700] "GET /detail/hoyqke/ HTTP/1.1" 200 94 "-" "Mozilla/5.0 (compatible; Googlebot/2.1; +http://www.google.com/bot.html)"
40.77.167.0 - - [25/Nov/2024:06:28:05 -0700] "GET /detail/bjnujw/files/Secondary/417-IX-min.pdf HTTP/1.1" 200 94 "-" "Mozilla/5.0 AppleWebKit/537.36 (KHTML, like Gecko; compatible; bingbot/2.0; +http://www.bing.com/bingbot.htm) Chrome/116.0.1938.76 Safari/537.36"
66.249.79.100 - - [25/Nov/2024:06:28:12 -0700] "GET /bet/vbqiom/indian-cricket-team-jersey-in-cwc-2019.html HTTP/1.1" 200 94 "-" "Mozilla/5.0 (compatible; Googlebot/2.1; +http://www.google.com/bot.html)"
114.119.136.146 - - [25/Nov/2024:06:28:17 -0700] "GET /index.php/x11250b_z164f/files/Secondary/files/Secondary/Intitial_pages_srsec_2019-20-min.pdf HTTP/1.1" 200 94 "https://chakmander.akalacademy.ac.in/index.php/x11250b_z164f/files/Secondary/Intitial_pages_sec_2019-20-min.pdf" "Mozilla/5.0 (Linux; Android 7.0;) AppleWebKit/537.36 (KHTML, like Gecko) Mobile Safari/537.36 (compatible; PetalBot;+https://webmaster.petalsearch.com/site/petalbot)"
66.249.79.100 - - [25/Nov/2024:06:28:31 -0700] "GET /detail/suhenj/ind-sa-2nd-t20-india-time.html HTTP/1.1" 200 94 "-" "Mozilla/5.0 (compatible; Googlebot/2.1; +http://www.google.com/bot.html)"
114.119.147.32 - - [25/Nov/2024:06:28:57 -0700] "GET /index.php/x11179f_z135f/files/Senior%20Secondary/files/Secondary/Intitial_pages_srsec_2019-20-min.pdf HTTP/1.1" 200 94 "https://chakmander.akalacademy.ac.in/index.php/x11179f_z135f/files/Senior%20Secondary/Intitial_pages_srsec_2019-20%20(1)-min.pdf" "Mozilla/5.0 (Linux; Android 7.0;) AppleWebKit/537.36 (KHTML, like Gecko) Mobile Safari/537.36 (compatible; PetalBot;+https://webmaster.petalsearch.com/site/petalbot)"
66.249.79.100 - - [25/Nov/2024:06:29:26 -0700] "GET /news/ifdmoy/ HTTP/1.1" 200 94 "-" "Mozilla/5.0 (compatible; Googlebot/2.1; +http://www.google.com/bot.html)"
114.119.165.226 - - [25/Nov/2024:06:29:38 -0700] "GET /index.php/x10863b_z83f/files/Senior%20Secondary/files/Secondary/Intitial_pages_sec_2019-20-min.pdf HTTP/1.1" 200 94 "https://chakmander.akalacademy.ac.in/index.php/x10863b_z83f/files/Senior%20Secondary/Intitial_pages_srsec_2019-20%20(1)-min.pdf" "Mozilla/5.0 (Linux; Android 7.0;) AppleWebKit/537.36 (KHTML, like Gecko) Mobile Safari/537.36 (compatible; PetalBot;+https://webmaster.petalsearch.com/site/petalbot)"
66.249.79.100 - - [25/Nov/2024:06:29:50 -0700] "GET /detail/fvcmpb/ HTTP/1.1" 200 94 "-" "Mozilla/5.0 (compatible; Googlebot/2.1; +http://www.google.com/bot.html)"
66.249.79.100 - - [25/Nov/2024:06:29:51 -0700] "GET /detail/sxxyja/ HTTP/1.1" 200 94 "-" "Mozilla/5.0 (compatible; Googlebot/2.1; +http://www.google.com/bot.html)"
47.128.41.91 - - [25/Nov/2024:06:29:56 -0700] "GET /index.php/sitemap94.xml HTTP/1.1" 200 94 "-" "Mozilla/5.0 (Linux; Android 5.0) AppleWebKit/537.36 (KHTML, like Gecko) Mobile Safari/537.36 (compatible; Bytespider; spider-feedback@bytedance.com)"
47.128.97.242 - - [25/Nov/2024:06:30:01 -0700] "GET /index.php/sitemapimages6833.xml HTTP/1.1" 200 94 "-" "Mozilla/5.0 (Linux; Android 5.0) AppleWebKit/537.36 (KHTML, like Gecko) Mobile Safari/537.36 (compatible; Bytespider; spider-feedback@bytedance.com)"
47.128.20.236 - - [25/Nov/2024:06:30:12 -0700] "GET /index.php/sitemapimages2321.xml HTTP/1.1" 200 94 "-" "Mozilla/5.0 (Linux; Android 5.0) AppleWebKit/537.36 (KHTML, like Gecko) Mobile Safari/537.36 (compatible; Bytespider; spider-feedback@bytedance.com)"
114.119.132.57 - - [25/Nov/2024:06:30:18 -0700] "GET /index.php/x10531b_z193f/files/Secondary/files/Secondary/files/Secondary/files/Secondary/Intitial_pages_srsec_2019-20-min.pdf HTTP/1.1" 200 94 "https://chakmander.akalacademy.ac.in/index.php/x10531b_z193f/files/Secondary/files/Secondary/files/Secondary/Intitial_pages_srsec_2019-20-min.pdf" "Mozilla/5.0 (Linux; Android 7.0;) AppleWebKit/537.36 (KHTML, like Gecko) Mobile Safari/537.36 (compatible; PetalBot;+https://webmaster.petalsearch.com/site/petalbot)"
114.119.138.214 - - [25/Nov/2024:06:30:57 -0700] "GET /index.php/x10272d_z116f/files/Senior%20Secondary/files/Secondary/Intitial_pages_srsec_2019-20-min.pdf HTTP/1.1" 200 94 "https://chakmander.akalacademy.ac.in/index.php/x10272d_z116f/files/Senior%20Secondary/Intitial_pages_srsec_2019-20%20(1)-min.pdf" "Mozilla/5.0 (Linux; Android 7.0;) AppleWebKit/537.36 (KHTML, like Gecko) Mobile Safari/537.36 (compatible; PetalBot;+https://webmaster.petalsearch.com/site/petalbot)"
69.162.124.238 - - [25/Nov/2024:06:31:15 -0700] "HEAD /cbse-corner.php HTTP/1.1" 200 - "https://chakmander.akalacademy.ac.in/cbse-corner.php" "Mozilla/5.0+(compatible; UptimeRobot/2.0; http://www.uptimerobot.com/)"
66.249.79.101 - - [25/Nov/2024:06:32:55 -0700] "GET /detail/dqcaxa/ HTTP/1.1" 200 94 "-" "Mozilla/5.0 (compatible; Googlebot/2.1; +http://www.google.com/bot.html)"
66.249.79.102 - - [25/Nov/2024:06:33:10 -0700] "GET /detail/odzuds/indias-mens-kabaddi-match.html HTTP/1.1" 200 94 "-" "Mozilla/5.0 (compatible; Googlebot/2.1; +http://www.google.com/bot.html)"
66.249.79.101 - - [25/Nov/2024:06:33:53 -0700] "GET /detail/bvooif/ HTTP/1.1" 200 94 "-" "Mozilla/5.0 (compatible; Googlebot/2.1; +http://www.google.com/bot.html)"
66.249.79.101 - - [25/Nov/2024:06:35:12 -0700] "GET /news/sbvqop/matched-betting-money-saving-expert.html HTTP/1.1" 200 94 "-" "Mozilla/5.0 (compatible; Googlebot/2.1; +http://www.google.com/bot.html)"
66.249.79.101 - - [25/Nov/2024:06:35:14 -0700] "GET /detail/vykgrc/high-odds-betting-tips.html HTTP/1.1" 200 94 "-" "Mozilla/5.0 (compatible; Googlebot/2.1; +http://www.google.com/bot.html)"
66.249.79.100 - - [25/Nov/2024:06:35:38 -0700] "GET /news/krrsoj/ HTTP/1.1" 200 94 "-" "Mozilla/5.0 (compatible; Googlebot/2.1; +http://www.google.com/bot.html)"
66.249.79.100 - - [25/Nov/2024:06:35:47 -0700] "GET /news/bxkjme/icc-cricket-world-cup-2003-schedule.html HTTP/1.1" 200 94 "-" "Mozilla/5.0 (compatible; Googlebot/2.1; +http://www.google.com/bot.html)"
69.162.124.238 - - [25/Nov/2024:06:36:12 -0700] "HEAD /cbse-corner.php HTTP/1.1" 200 - "https://chakmander.akalacademy.ac.in/cbse-corner.php" "Mozilla/5.0+(compatible; UptimeRobot/2.0; http://www.uptimerobot.com/)"
66.249.79.102 - - [25/Nov/2024:06:37:03 -0700] "GET /detail/cbcrws/ HTTP/1.1" 200 94 "-" "Mozilla/5.0 (compatible; Googlebot/2.1; +http://www.google.com/bot.html)"
66.249.79.100 - - [25/Nov/2024:06:37:12 -0700] "GET /detail/qatorz/ HTTP/1.1" 200 94 "-" "Mozilla/5.0 (compatible; Googlebot/2.1; +http://www.google.com/bot.html)"
66.249.79.100 - - [25/Nov/2024:06:37:20 -0700] "GET /detail/ykuspr/ HTTP/1.1" 200 94 "-" "Mozilla/5.0 (compatible; Googlebot/2.1; +http://www.google.com/bot.html)"
66.249.79.100 - - [25/Nov/2024:06:37:43 -0700] "GET /detail/abcpse/ HTTP/1.1" 200 94 "-" "Mozilla/5.0 (compatible; Googlebot/2.1; +http://www.google.com/bot.html)"
66.249.79.100 - - [25/Nov/2024:06:38:13 -0700] "GET /detail/uhjiam/ HTTP/1.1" 200 94 "-" "Mozilla/5.0 (compatible; Googlebot/2.1; +http://www.google.com/bot.html)"
66.249.79.100 - - [25/Nov/2024:06:38:20 -0700] "GET /bet/naulde/ HTTP/1.1" 200 94 "-" "Mozilla/5.0 (compatible; Googlebot/2.1; +http://www.google.com/bot.html)"
66.249.79.100 - - [25/Nov/2024:06:38:35 -0700] "GET /detail/gwsxqx/ HTTP/1.1" 200 94 "-" "Mozilla/5.0 (compatible; Googlebot/2.1; +http://www.google.com/bot.html)"
66.249.79.100 - - [25/Nov/2024:06:38:48 -0700] "GET /news/hzsjpi/ HTTP/1.1" 200 94 "-" "Mozilla/5.0 (compatible; Googlebot/2.1; +http://www.google.com/bot.html)"
66.249.79.100 - - [25/Nov/2024:06:39:19 -0700] "GET /detail/ugbtoi/ HTTP/1.1" 200 94 "-" "Mozilla/5.0 (compatible; Googlebot/2.1; +http://www.google.com/bot.html)"
66.249.79.102 - - [25/Nov/2024:06:40:05 -0700] "GET /bet/idzhhj/ HTTP/1.1" 200 94 "-" "Mozilla/5.0 (compatible; Googlebot/2.1; +http://www.google.com/bot.html)"
66.249.79.101 - - [25/Nov/2024:06:40:37 -0700] "GET /news/ualunh/harrah's-casino.html HTTP/1.1" 200 94 "-" "Mozilla/5.0 (compatible; Googlebot/2.1; +http://www.google.com/bot.html)"
66.249.79.100 - - [25/Nov/2024:06:40:51 -0700] "GET /detail/dkyqzt/win-in-online-poker.html HTTP/1.1" 200 94 "-" "Mozilla/5.0 (compatible; Googlebot/2.1; +http://www.google.com/bot.html)"
69.162.124.238 - - [25/Nov/2024:06:41:12 -0700] "HEAD /cbse-corner.php HTTP/1.1" 200 - "https://chakmander.akalacademy.ac.in/cbse-corner.php" "Mozilla/5.0+(compatible; UptimeRobot/2.0; http://www.uptimerobot.com/)"
66.249.79.101 - - [25/Nov/2024:06:42:21 -0700] "GET /news/dxitku/ HTTP/1.1" 200 94 "-" "Mozilla/5.0 (compatible; Googlebot/2.1; +http://www.google.com/bot.html)"
66.249.79.101 - - [25/Nov/2024:06:42:51 -0700] "GET /detail/emohat/ HTTP/1.1" 200 94 "-" "Mozilla/5.0 (compatible; Googlebot/2.1; +http://www.google.com/bot.html)"
66.249.79.100 - - [25/Nov/2024:06:42:57 -0700] "GET /bet/uutari/england-out-of-world-cup-meme.html HTTP/1.1" 200 94 "-" "Mozilla/5.0 (compatible; Googlebot/2.1; +http://www.google.com/bot.html)"
52.167.144.209 - - [25/Nov/2024:06:43:14 -0700] "GET /detail/wmemhl/files/Secondary/files/IX-X/files/IX-X/theschool.php HTTP/1.1" 200 94 "-" "Mozilla/5.0 AppleWebKit/537.36 (KHTML, like Gecko; compatible; bingbot/2.0; +http://www.bing.com/bingbot.htm) Chrome/116.0.1938.76 Safari/537.36"
66.249.79.101 - - [25/Nov/2024:06:43:31 -0700] "GET /bet/athokt/live-score-kabaddi-2021.html HTTP/1.1" 200 94 "-" "Mozilla/5.0 (compatible; Googlebot/2.1; +http://www.google.com/bot.html)"
40.77.167.19 - - [25/Nov/2024:06:43:39 -0700] "GET /detail/buxrzo/become-a-bookie.html HTTP/1.1" 200 94 "-" "Mozilla/5.0 (Windows NT 10.0; Win64; x64) AppleWebKit/537.36 (KHTML, like Gecko) Chrome/112.0.0.0 Safari/537.36 Edg/112.0.1722.68"
66.249.79.100 - - [25/Nov/2024:06:44:13 -0700] "GET /bet/auivbn/ HTTP/1.1" 200 94 "-" "Mozilla/5.0 (compatible; Googlebot/2.1; +http://www.google.com/bot.html)"
66.249.79.100 - - [25/Nov/2024:06:44:53 -0700] "GET /bet/vdufnh/ HTTP/1.1" 200 94 "-" "Mozilla/5.0 (compatible; Googlebot/2.1; +http://www.google.com/bot.html)"
69.162.124.238 - - [25/Nov/2024:06:46:12 -0700] "HEAD /cbse-corner.php HTTP/1.1" 200 - "https://chakmander.akalacademy.ac.in/cbse-corner.php" "Mozilla/5.0+(compatible; UptimeRobot/2.0; http://www.uptimerobot.com/)"
66.249.79.102 - - [25/Nov/2024:06:47:25 -0700] "GET /detail/zxouvm/depilacion-ipl-shr.html HTTP/1.1" 200 94 "-" "Mozilla/5.0 (compatible; Googlebot/2.1; +http://www.google.com/bot.html)"
66.249.79.100 - - [25/Nov/2024:06:48:11 -0700] "GET /news/ovsarx/ HTTP/1.1" 200 94 "-" "Mozilla/5.0 (compatible; Googlebot/2.1; +http://www.google.com/bot.html)"
66.249.79.102 - - [25/Nov/2024:06:49:35 -0700] "GET /bet/uaebzy/poker-tournament-games.html HTTP/1.1" 200 94 "-" "Mozilla/5.0 (compatible; Googlebot/2.1; +http://www.google.com/bot.html)"
66.249.79.101 - - [25/Nov/2024:06:50:41 -0700] "GET /news/byauqz/bet-collage-ever.html HTTP/1.1" 200 94 "-" "Mozilla/5.0 (compatible; Googlebot/2.1; +http://www.google.com/bot.html)"
47.128.53.77 - - [25/Nov/2024:06:50:41 -0700] "GET /index.php/sitemapimages52.xml HTTP/1.1" 200 94 "-" "Mozilla/5.0 (Linux; Android 5.0) AppleWebKit/537.36 (KHTML, like Gecko) Mobile Safari/537.36 (compatible; Bytespider; spider-feedback@bytedance.com)"
69.162.124.238 - - [25/Nov/2024:06:51:12 -0700] "HEAD /cbse-corner.php HTTP/1.1" 200 - "https://chakmander.akalacademy.ac.in/cbse-corner.php" "Mozilla/5.0+(compatible; UptimeRobot/2.0; http://www.uptimerobot.com/)"
66.249.79.101 - - [25/Nov/2024:06:51:15 -0700] "GET /bet/pknovw/best-online-gambling-nz.html HTTP/1.1" 200 94 "-" "Mozilla/5.0 (compatible; Googlebot/2.1; +http://www.google.com/bot.html)"
66.249.79.102 - - [25/Nov/2024:06:52:08 -0700] "GET /detail/hrkbeo/ HTTP/1.1" 200 94 "-" "Mozilla/5.0 (compatible; Googlebot/2.1; +http://www.google.com/bot.html)"
66.249.79.100 - - [25/Nov/2024:06:52:11 -0700] "GET /detail/wddmfs/ HTTP/1.1" 200 94 "-" "Mozilla/5.0 (compatible; Googlebot/2.1; +http://www.google.com/bot.html)"
66.249.79.102 - - [25/Nov/2024:06:52:11 -0700] "GET /detail/lxguru/ HTTP/1.1" 200 94 "-" "Mozilla/5.0 (compatible; Googlebot/2.1; +http://www.google.com/bot.html)"
66.249.79.100 - - [25/Nov/2024:06:52:24 -0700] "GET /news/wfohma/ HTTP/1.1" 200 94 "-" "Mozilla/5.0 (compatible; Googlebot/2.1; +http://www.google.com/bot.html)"
66.249.79.102 - - [25/Nov/2024:06:53:07 -0700] "GET /detail/jhgqhf/world-cup-semi-final-teams-2019.html HTTP/1.1" 200 94 "-" "Mozilla/5.0 (compatible; Googlebot/2.1; +http://www.google.com/bot.html)"
66.249.79.100 - - [25/Nov/2024:06:53:29 -0700] "GET /news/xfcwtq/ HTTP/1.1" 200 94 "-" "Mozilla/5.0 (compatible; Googlebot/2.1; +http://www.google.com/bot.html)"
69.162.124.238 - - [25/Nov/2024:06:56:14 -0700] "HEAD /cbse-corner.php HTTP/1.1" 200 - "https://chakmander.akalacademy.ac.in/cbse-corner.php" "Mozilla/5.0+(compatible; UptimeRobot/2.0; http://www.uptimerobot.com/)"
66.249.79.102 - - [25/Nov/2024:06:57:15 -0700] "GET /detail/pdzoms/india-assam-t20-live-score.html HTTP/1.1" 200 94 "-" "Mozilla/5.0 (compatible; Googlebot/2.1; +http://www.google.com/bot.html)"
66.249.79.100 - - [25/Nov/2024:06:59:36 -0700] "GET /detail/biysjr/ HTTP/1.1" 200 94 "-" "Mozilla/5.0 (compatible; Googlebot/2.1; +http://www.google.com/bot.html)"
69.162.124.238 - - [25/Nov/2024:07:01:12 -0700] "HEAD /cbse-corner.php HTTP/1.1" 200 - "https://chakmander.akalacademy.ac.in/cbse-corner.php" "Mozilla/5.0+(compatible; UptimeRobot/2.0; http://www.uptimerobot.com/)"
52.167.144.198 - - [25/Nov/2024:07:02:58 -0700] "GET /detail/cbrvna/files/Secondary/files/I-VIII/VI-X%20Punjabi-min.pdf HTTP/1.1" 200 94 "-" "Mozilla/5.0 AppleWebKit/537.36 (KHTML, like Gecko; compatible; bingbot/2.0; +http://www.bing.com/bingbot.htm) Chrome/116.0.1938.76 Safari/537.36"
66.249.79.100 - - [25/Nov/2024:07:03:00 -0700] "GET /news/fyrizt/ HTTP/1.1" 200 94 "-" "Mozilla/5.0 (compatible; Googlebot/2.1; +http://www.google.com/bot.html)"
81.100.55.122 - - [25/Nov/2024:07:03:03 -0700] "GET /lp/ HTTP/1.1" 200 94 "-" "python-requests/2.25.1"
66.249.79.101 - - [25/Nov/2024:07:03:43 -0700] "GET /bet/oovdzb/ HTTP/1.1" 200 94 "-" "Mozilla/5.0 (compatible; Googlebot/2.1; +http://www.google.com/bot.html)"
109.92.3.208 - - [25/Nov/2024:07:04:40 -0700] "GET /lp/ HTTP/1.1" 200 94 "-" "Mozilla/5.0 (Linux; Android 6.0; Nexus 5 Build/MRA58N) AppleWebKit/537.36 (KHTML, like Gecko) Chrome/122.0.0.0 Mobile Safari/537.36"
69.162.124.238 - - [25/Nov/2024:07:06:12 -0700] "HEAD /cbse-corner.php HTTP/1.1" 200 - "https://chakmander.akalacademy.ac.in/cbse-corner.php" "Mozilla/5.0+(compatible; UptimeRobot/2.0; http://www.uptimerobot.com/)"
66.249.79.101 - - [25/Nov/2024:07:06:17 -0700] "GET /bet/dblzib/top-list-of-cricket-players.html HTTP/1.1" 200 94 "-" "Mozilla/5.0 (compatible; Googlebot/2.1; +http://www.google.com/bot.html)"
66.249.79.101 - - [25/Nov/2024:07:08:15 -0700] "GET /news/axhflv/lotto-max-bc-winning-ticket.html HTTP/1.1" 200 94 "-" "Mozilla/5.0 (compatible; Googlebot/2.1; +http://www.google.com/bot.html)"
66.249.79.100 - - [25/Nov/2024:07:08:37 -0700] "GET /news/ptmmbv/ HTTP/1.1" 200 94 "-" "Mozilla/5.0 (compatible; Googlebot/2.1; +http://www.google.com/bot.html)"
66.249.79.100 - - [25/Nov/2024:07:08:51 -0700] "GET /bet/szdwsi/cricket-player-trump-cards.html HTTP/1.1" 200 94 "-" "Mozilla/5.0 (compatible; Googlebot/2.1; +http://www.google.com/bot.html)"
66.249.79.100 - - [25/Nov/2024:07:09:54 -0700] "GET /bet/pqeses/ HTTP/1.1" 200 94 "-" "Mozilla/5.0 (compatible; Googlebot/2.1; +http://www.google.com/bot.html)"
66.249.79.100 - - [25/Nov/2024:07:11:05 -0700] "GET /bet/vwhvmb/random-picker-roulette-wheel.html HTTP/1.1" 200 94 "-" "Mozilla/5.0 (compatible; Googlebot/2.1; +http://www.google.com/bot.html)"
69.162.124.238 - - [25/Nov/2024:07:11:12 -0700] "HEAD /cbse-corner.php HTTP/1.1" 200 - "https://chakmander.akalacademy.ac.in/cbse-corner.php" "Mozilla/5.0+(compatible; UptimeRobot/2.0; http://www.uptimerobot.com/)"
66.249.79.101 - - [25/Nov/2024:07:12:25 -0700] "GET /detail/ojwdsr/fiba-asia-cup-2019-schedule.html HTTP/1.1" 200 94 "-" "Mozilla/5.0 (compatible; Googlebot/2.1; +http://www.google.com/bot.html)"
66.249.79.100 - - [25/Nov/2024:07:12:58 -0700] "GET /news/ndcwof/ HTTP/1.1" 200 94 "-" "Mozilla/5.0 (compatible; Googlebot/2.1; +http://www.google.com/bot.html)"
66.249.79.101 - - [25/Nov/2024:07:12:58 -0700] "GET /detail/blbzco/ HTTP/1.1" 200 94 "-" "Mozilla/5.0 (compatible; Googlebot/2.1; +http://www.google.com/bot.html)"
52.167.144.197 - - [25/Nov/2024:07:13:01 -0700] "GET /detail/wmemhl/files/Secondary/files/Secondary/files/I-VIII/academic.php HTTP/1.1" 200 94 "-" "Mozilla/5.0 AppleWebKit/537.36 (KHTML, like Gecko; compatible; bingbot/2.0; +http://www.bing.com/bingbot.htm) Chrome/116.0.1938.76 Safari/537.36"
66.249.79.102 - - [25/Nov/2024:07:13:20 -0700] "GET /detail/shogpr/shikhar-dhawan-batting-tips.html HTTP/1.1" 200 94 "-" "Mozilla/5.0 (compatible; Googlebot/2.1; +http://www.google.com/bot.html)"
40.77.167.52 - - [25/Nov/2024:07:13:58 -0700] "GET /detail/wmemhl/files/IX-X/files/IX-X/files/I-VIII/English%20%20(VI%20-%20VIII)-min.pdf HTTP/1.1" 200 94 "-" "Mozilla/5.0 AppleWebKit/537.36 (KHTML, like Gecko; compatible; bingbot/2.0; +http://www.bing.com/bingbot.htm) Chrome/116.0.1938.76 Safari/537.36"
66.249.79.100 - - [25/Nov/2024:07:14:34 -0700] "GET /news/oepcrc/ HTTP/1.1" 200 94 "-" "Mozilla/5.0 (compatible; Googlebot/2.1; +http://www.google.com/bot.html)"
66.249.79.102 - - [25/Nov/2024:07:15:02 -0700] "GET /news/xyjkkr/ HTTP/1.1" 200 94 "-" "Mozilla/5.0 (compatible; Googlebot/2.1; +http://www.google.com/bot.html)"
69.162.124.238 - - [25/Nov/2024:07:16:12 -0700] "HEAD /cbse-corner.php HTTP/1.1" 200 - "https://chakmander.akalacademy.ac.in/cbse-corner.php" "Mozilla/5.0+(compatible; UptimeRobot/2.0; http://www.uptimerobot.com/)"
66.249.79.102 - - [25/Nov/2024:07:16:47 -0700] "GET /detail/akpmkr/t20-match-prediction.com.html HTTP/1.1" 200 94 "-" "Mozilla/5.0 (compatible; Googlebot/2.1; +http://www.google.com/bot.html)"
66.249.79.100 - - [25/Nov/2024:07:16:57 -0700] "GET /detail/zbexrb/who-won-most-icc-world-cups.html HTTP/1.1" 200 94 "-" "Mozilla/5.0 (compatible; Googlebot/2.1; +http://www.google.com/bot.html)"
66.249.79.102 - - [25/Nov/2024:07:19:34 -0700] "GET /news/njrjzt/epl-latest-scores-today.html HTTP/1.1" 200 94 "-" "Mozilla/5.0 (compatible; Googlebot/2.1; +http://www.google.com/bot.html)"
66.249.79.100 - - [25/Nov/2024:07:20:48 -0700] "GET /detail/ltsjzp/ HTTP/1.1" 200 94 "-" "Mozilla/5.0 (compatible; Googlebot/2.1; +http://www.google.com/bot.html)"
66.249.79.100 - - [25/Nov/2024:07:20:56 -0700] "GET /bet/ntqicb/thinkfun-domino-maze.html HTTP/1.1" 200 94 "-" "Mozilla/5.0 (compatible; Googlebot/2.1; +http://www.google.com/bot.html)"
69.162.124.238 - - [25/Nov/2024:07:21:13 -0700] "HEAD /cbse-corner.php HTTP/1.1" 200 - "https://chakmander.akalacademy.ac.in/cbse-corner.php" "Mozilla/5.0+(compatible; UptimeRobot/2.0; http://www.uptimerobot.com/)"
66.249.79.101 - - [25/Nov/2024:07:22:46 -0700] "GET /detail/jimabh/poker-optimal-game-theory.html HTTP/1.1" 200 94 "-" "Mozilla/5.0 (compatible; Googlebot/2.1; +http://www.google.com/bot.html)"
66.249.79.102 - - [25/Nov/2024:07:25:03 -0700] "GET /detail/hmawje/pharaohs-fortune.html HTTP/1.1" 200 94 "-" "Mozilla/5.0 (compatible; Googlebot/2.1; +http://www.google.com/bot.html)"
66.249.79.100 - - [25/Nov/2024:07:25:09 -0700] "GET /bet/xcrunx/ HTTP/1.1" 200 94 "-" "Mozilla/5.0 (compatible; Googlebot/2.1; +http://www.google.com/bot.html)"
66.249.79.100 - - [25/Nov/2024:07:25:15 -0700] "GET /bet/iohngk/ HTTP/1.1" 200 94 "-" "Mozilla/5.0 (compatible; Googlebot/2.1; +http://www.google.com/bot.html)"
66.249.79.100 - - [25/Nov/2024:07:25:28 -0700] "GET /news/ixelmg/ HTTP/1.1" 200 94 "-" "Mozilla/5.0 (compatible; Googlebot/2.1; +http://www.google.com/bot.html)"
66.249.79.100 - - [25/Nov/2024:07:26:09 -0700] "GET /detail/rdshpe/ HTTP/1.1" 200 94 "-" "Mozilla/5.0 (compatible; Googlebot/2.1; +http://www.google.com/bot.html)"
66.249.79.100 - - [25/Nov/2024:07:26:11 -0700] "GET /news/pmqbgg/one-vs-wi-t20.html HTTP/1.1" 200 94 "-" "Mozilla/5.0 (compatible; Googlebot/2.1; +http://www.google.com/bot.html)"
69.162.124.238 - - [25/Nov/2024:07:26:12 -0700] "HEAD /cbse-corner.php HTTP/1.1" 200 - "https://chakmander.akalacademy.ac.in/cbse-corner.php" "Mozilla/5.0+(compatible; UptimeRobot/2.0; http://www.uptimerobot.com/)"
66.249.79.101 - - [25/Nov/2024:07:26:13 -0700] "GET /news/fltles/ HTTP/1.1" 200 94 "-" "Mozilla/5.0 (compatible; Googlebot/2.1; +http://www.google.com/bot.html)"
40.77.167.23 - - [25/Nov/2024:07:26:40 -0700] "GET /detail/bwstew/files/Secondary/files/Secondary/English_Sec_2019-20-min.pdf HTTP/1.1" 200 94 "-" "Mozilla/5.0 AppleWebKit/537.36 (KHTML, like Gecko; compatible; bingbot/2.0; +http://www.bing.com/bingbot.htm) Chrome/116.0.1938.76 Safari/537.36"
66.249.79.100 - - [25/Nov/2024:07:27:17 -0700] "GET /bet/keyxvo/league-of-legends-smurf.html HTTP/1.1" 200 94 "-" "Mozilla/5.0 (compatible; Googlebot/2.1; +http://www.google.com/bot.html)"
66.249.79.101 - - [25/Nov/2024:07:27:22 -0700] "GET /news/mjeegg/ HTTP/1.1" 200 94 "-" "Mozilla/5.0 (compatible; Googlebot/2.1; +http://www.google.com/bot.html)"
66.249.79.101 - - [25/Nov/2024:07:28:16 -0700] "GET /bet/lvwsuk/ HTTP/1.1" 200 94 "-" "Mozilla/5.0 (compatible; Googlebot/2.1; +http://www.google.com/bot.html)"
66.249.79.100 - - [25/Nov/2024:07:29:48 -0700] "GET /news/mzkufo/ HTTP/1.1" 200 94 "-" "Mozilla/5.0 (compatible; Googlebot/2.1; +http://www.google.com/bot.html)"
66.249.79.101 - - [25/Nov/2024:07:30:10 -0700] "GET /news/vqquim/avreage-score-of-the-eden-garden-in-ipl.html HTTP/1.1" 200 94 "-" "Mozilla/5.0 (compatible; Googlebot/2.1; +http://www.google.com/bot.html)"
66.249.79.100 - - [25/Nov/2024:07:31:03 -0700] "GET /news/ibhgkt/nekopara-game-free.html HTTP/1.1" 200 94 "-" "Mozilla/5.0 (compatible; Googlebot/2.1; +http://www.google.com/bot.html)"
69.162.124.238 - - [25/Nov/2024:07:31:12 -0700] "HEAD /cbse-corner.php HTTP/1.1" 200 - "https://chakmander.akalacademy.ac.in/cbse-corner.php" "Mozilla/5.0+(compatible; UptimeRobot/2.0; http://www.uptimerobot.com/)"
66.249.79.101 - - [25/Nov/2024:07:31:31 -0700] "GET /news/bhpwis/online-chess-with-friends-link.html HTTP/1.1" 200 94 "-" "Mozilla/5.0 (compatible; Googlebot/2.1; +http://www.google.com/bot.html)"
47.128.114.158 - - [25/Nov/2024:07:31:35 -0700] "GET /index.php/sitemapimages614.xml HTTP/1.1" 200 94 "-" "Mozilla/5.0 (Linux; Android 5.0) AppleWebKit/537.36 (KHTML, like Gecko) Mobile Safari/537.36 (compatible; Bytespider; spider-feedback@bytedance.com)"
66.249.79.100 - - [25/Nov/2024:07:31:55 -0700] "GET /bet/vfvygq/bovada-not-available-in-my-area.html HTTP/1.1" 200 94 "-" "Mozilla/5.0 (compatible; Googlebot/2.1; +http://www.google.com/bot.html)"
66.249.79.101 - - [25/Nov/2024:07:32:25 -0700] "GET /news/deprtq/kings-xi-punjab-team-vice-captain-2019.html HTTP/1.1" 200 94 "-" "Mozilla/5.0 (compatible; Googlebot/2.1; +http://www.google.com/bot.html)"
66.249.79.101 - - [25/Nov/2024:07:33:40 -0700] "GET /news/uhefbf/ HTTP/1.1" 200 94 "-" "Mozilla/5.0 (compatible; Googlebot/2.1; +http://www.google.com/bot.html)"
66.249.79.100 - - [25/Nov/2024:07:34:26 -0700] "GET /news/brrzrq/learn-solitaire-card-games.html HTTP/1.1" 200 94 "-" "Mozilla/5.0 (compatible; Googlebot/2.1; +http://www.google.com/bot.html)"
66.249.79.101 - - [25/Nov/2024:07:34:33 -0700] "GET /detail/zffesf/webvr-oculus-quest-2.html HTTP/1.1" 200 94 "-" "Mozilla/5.0 (compatible; Googlebot/2.1; +http://www.google.com/bot.html)"
66.249.79.100 - - [25/Nov/2024:07:35:25 -0700] "GET /news/nrfmsm/casino-cruise-prices.html HTTP/1.1" 200 94 "-" "Mozilla/5.0 (compatible; Googlebot/2.1; +http://www.google.com/bot.html)"
114.119.165.226 - - [25/Nov/2024:07:35:47 -0700] "GET /index.php/x54042e_z138f/files/Senior%20Secondary/files/Secondary/Intitial_pages_srsec_2019-20-min.pdf HTTP/1.1" 200 94 "https://chakmander.akalacademy.ac.in/index.php/x54042e_z138f/files/Senior%20Secondary/Intitial_pages_srsec_2019-20%20(1)-min.pdf" "Mozilla/5.0 (Linux; Android 7.0;) AppleWebKit/537.36 (KHTML, like Gecko) Mobile Safari/537.36 (compatible; PetalBot;+https://webmaster.petalsearch.com/site/petalbot)"
69.162.124.238 - - [25/Nov/2024:07:36:12 -0700] "HEAD /cbse-corner.php HTTP/1.1" 200 - "https://chakmander.akalacademy.ac.in/cbse-corner.php" "Mozilla/5.0+(compatible; UptimeRobot/2.0; http://www.uptimerobot.com/)"
66.249.79.102 - - [25/Nov/2024:07:37:07 -0700] "GET /bet/duqzij/icc-world-cup-2011-warm-up-matches.html HTTP/1.1" 200 94 "-" "Mozilla/5.0 (compatible; Googlebot/2.1; +http://www.google.com/bot.html)"
66.249.79.100 - - [25/Nov/2024:07:37:23 -0700] "GET /news/bqgiuw/ HTTP/1.1" 200 94 "-" "Mozilla/5.0 (compatible; Googlebot/2.1; +http://www.google.com/bot.html)"
66.249.79.100 - - [25/Nov/2024:07:37:49 -0700] "GET /news/kazpou/cricket-match-yesterday-ipl.html HTTP/1.1" 200 94 "-" "Mozilla/5.0 (compatible; Googlebot/2.1; +http://www.google.com/bot.html)"
66.249.79.102 - - [25/Nov/2024:07:39:31 -0700] "GET /bet/qayyrh/pakistan-t20-live-toss-today.html HTTP/1.1" 200 94 "-" "Mozilla/5.0 (compatible; Googlebot/2.1; +http://www.google.com/bot.html)"
66.249.79.101 - - [25/Nov/2024:07:39:46 -0700] "GET /detail/rwmpdc/tongits-go-3.0.11.html HTTP/1.1" 200 94 "-" "Mozilla/5.0 (compatible; Googlebot/2.1; +http://www.google.com/bot.html)"
66.249.79.101 - - [25/Nov/2024:07:39:47 -0700] "GET /detail/qdwsid/ HTTP/1.1" 200 94 "-" "Mozilla/5.0 (compatible; Googlebot/2.1; +http://www.google.com/bot.html)"
66.249.79.102 - - [25/Nov/2024:07:40:55 -0700] "GET /bet/okxerx/australia-vs-india-2-t20-live-match.html HTTP/1.1" 200 94 "-" "Mozilla/5.0 (compatible; Googlebot/2.1; +http://www.google.com/bot.html)"
69.162.124.238 - - [25/Nov/2024:07:41:12 -0700] "HEAD /cbse-corner.php HTTP/1.1" 200 - "https://chakmander.akalacademy.ac.in/cbse-corner.php" "Mozilla/5.0+(compatible; UptimeRobot/2.0; http://www.uptimerobot.com/)"
66.249.79.101 - - [25/Nov/2024:07:42:40 -0700] "GET /bet/pjhrrp/ HTTP/1.1" 200 94 "-" "Mozilla/5.0 (compatible; Googlebot/2.1; +http://www.google.com/bot.html)"
66.249.79.100 - - [25/Nov/2024:07:43:11 -0700] "GET /news/fomgiw/hhow-to-hack-online-teen-patti-game.html HTTP/1.1" 200 94 "-" "Mozilla/5.0 (compatible; Googlebot/2.1; +http://www.google.com/bot.html)"
66.249.79.100 - - [25/Nov/2024:07:43:33 -0700] "GET /bet/icmvdj/ HTTP/1.1" 200 94 "-" "Mozilla/5.0 (compatible; Googlebot/2.1; +http://www.google.com/bot.html)"
66.249.79.100 - - [25/Nov/2024:07:43:46 -0700] "GET /news/guonqq/got-team-coming-to-india.html HTTP/1.1" 200 94 "-" "Mozilla/5.0 (compatible; Googlebot/2.1; +http://www.google.com/bot.html)"
66.249.79.100 - - [25/Nov/2024:07:44:20 -0700] "GET /news/lukcun/how-to-see-live-world-cup-2019-free.html HTTP/1.1" 200 94 "-" "Mozilla/5.0 (compatible; Googlebot/2.1; +http://www.google.com/bot.html)"
66.249.79.101 - - [25/Nov/2024:07:44:56 -0700] "GET /news/phnldt/ HTTP/1.1" 200 94 "-" "Mozilla/5.0 (compatible; Googlebot/2.1; +http://www.google.com/bot.html)"
66.249.79.101 - - [25/Nov/2024:07:45:10 -0700] "GET /news/excugo/nigeria-football-team-2018.html HTTP/1.1" 200 94 "-" "Mozilla/5.0 (compatible; Googlebot/2.1; +http://www.google.com/bot.html)"
66.249.79.100 - - [25/Nov/2024:07:45:39 -0700] "GET /bet/jxupnu/ HTTP/1.1" 200 94 "-" "Mozilla/5.0 (compatible; Googlebot/2.1; +http://www.google.com/bot.html)"
69.162.124.238 - - [25/Nov/2024:07:46:12 -0700] "HEAD /cbse-corner.php HTTP/1.1" 200 - "https://chakmander.akalacademy.ac.in/cbse-corner.php" "Mozilla/5.0+(compatible; UptimeRobot/2.0; http://www.uptimerobot.com/)"
66.249.79.100 - - [25/Nov/2024:07:46:16 -0700] "GET /news/myhasq/youngest-league-of-legends-pro.html HTTP/1.1" 200 94 "-" "Mozilla/5.0 (compatible; Googlebot/2.1; +http://www.google.com/bot.html)"
66.249.79.101 - - [25/Nov/2024:07:46:25 -0700] "GET /bet/odjizz/ HTTP/1.1" 200 94 "-" "Mozilla/5.0 (compatible; Googlebot/2.1; +http://www.google.com/bot.html)"
66.249.79.102 - - [25/Nov/2024:07:47:47 -0700] "GET /detail/qtxpcz/chennai-vs-delhi-capitals-full-video.html HTTP/1.1" 200 94 "-" "Mozilla/5.0 (compatible; Googlebot/2.1; +http://www.google.com/bot.html)"
66.249.79.101 - - [25/Nov/2024:07:49:17 -0700] "GET /bet/otclvx/ HTTP/1.1" 200 94 "-" "Mozilla/5.0 (compatible; Googlebot/2.1; +http://www.google.com/bot.html)"
66.249.79.101 - - [25/Nov/2024:07:50:01 -0700] "GET /news/llybhi/ HTTP/1.1" 200 94 "-" "Mozilla/5.0 (compatible; Googlebot/2.1; +http://www.google.com/bot.html)"
66.249.79.100 - - [25/Nov/2024:07:50:05 -0700] "GET /bet/lvbijd/ HTTP/1.1" 200 94 "-" "Mozilla/5.0 (compatible; Googlebot/2.1; +http://www.google.com/bot.html)"
66.249.79.100 - - [25/Nov/2024:07:50:05 -0700] "GET /news/vzbcfp/tara-matka-120.html HTTP/1.1" 200 94 "-" "Mozilla/5.0 (compatible; Googlebot/2.1; +http://www.google.com/bot.html)"
66.249.79.100 - - [25/Nov/2024:07:50:13 -0700] "GET /bet/sxfmbq/mlb-betting-tips-for-today.html HTTP/1.1" 200 94 "-" "Mozilla/5.0 (compatible; Googlebot/2.1; +http://www.google.com/bot.html)"
66.249.79.100 - - [25/Nov/2024:07:50:26 -0700] "GET /bet/fqgvfo/rajasthan-royals-tomorrow's-team.html HTTP/1.1" 200 94 "-" "Mozilla/5.0 (compatible; Googlebot/2.1; +http://www.google.com/bot.html)"
66.249.79.100 - - [25/Nov/2024:07:50:29 -0700] "GET /news/nwdldm/ HTTP/1.1" 200 94 "-" "Mozilla/5.0 (compatible; Googlebot/2.1; +http://www.google.com/bot.html)"
66.249.79.100 - - [25/Nov/2024:07:50:58 -0700] "GET /news/lpnubw/ HTTP/1.1" 200 94 "-" "Mozilla/5.0 (compatible; Googlebot/2.1; +http://www.google.com/bot.html)"
69.162.124.238 - - [25/Nov/2024:07:51:12 -0700] "HEAD /cbse-corner.php HTTP/1.1" 200 - "https://chakmander.akalacademy.ac.in/cbse-corner.php" "Mozilla/5.0+(compatible; UptimeRobot/2.0; http://www.uptimerobot.com/)"
66.249.79.102 - - [25/Nov/2024:07:52:24 -0700] "GET /news/eljxnp/ HTTP/1.1" 200 94 "-" "Mozilla/5.0 (compatible; Googlebot/2.1; +http://www.google.com/bot.html)"
66.249.79.100 - - [25/Nov/2024:07:52:43 -0700] "GET /detail/lcfneo/ HTTP/1.1" 200 94 "-" "Mozilla/5.0 (compatible; Googlebot/2.1; +http://www.google.com/bot.html)"
66.249.79.102 - - [25/Nov/2024:07:54:02 -0700] "GET /bet/pdeedu/ HTTP/1.1" 200 94 "-" "Mozilla/5.0 (compatible; Googlebot/2.1; +http://www.google.com/bot.html)"
66.249.79.101 - - [25/Nov/2024:07:54:25 -0700] "GET /bet/zncbfe/rtp-pgslot88.html HTTP/1.1" 200 94 "-" "Mozilla/5.0 (compatible; Googlebot/2.1; +http://www.google.com/bot.html)"
66.249.79.101 - - [25/Nov/2024:07:55:24 -0700] "GET /detail/qajydz/ HTTP/1.1" 200 94 "-" "Mozilla/5.0 (compatible; Googlebot/2.1; +http://www.google.com/bot.html)"
66.249.79.100 - - [25/Nov/2024:07:55:30 -0700] "GET /bet/nkgwmy/india-newzealand-t20-oneday-match.html HTTP/1.1" 200 94 "-" "Mozilla/5.0 (compatible; Googlebot/2.1; +http://www.google.com/bot.html)"
69.162.124.238 - - [25/Nov/2024:07:56:12 -0700] "HEAD /cbse-corner.php HTTP/1.1" 200 - "https://chakmander.akalacademy.ac.in/cbse-corner.php" "Mozilla/5.0+(compatible; UptimeRobot/2.0; http://www.uptimerobot.com/)"
66.249.79.100 - - [25/Nov/2024:07:58:31 -0700] "GET /detail/dsejjf/icc-cricket-world-cup-2015-documentary.html HTTP/1.1" 200 94 "-" "Mozilla/5.0 (compatible; Googlebot/2.1; +http://www.google.com/bot.html)"
66.249.79.100 - - [25/Nov/2024:07:59:05 -0700] "GET /news/ycrlub/ HTTP/1.1" 200 94 "-" "Mozilla/5.0 (compatible; Googlebot/2.1; +http://www.google.com/bot.html)"
66.249.79.100 - - [25/Nov/2024:07:59:15 -0700] "GET /news/pqrumc/writing-for-money.html HTTP/1.1" 200 94 "-" "Mozilla/5.0 (compatible; Googlebot/2.1; +http://www.google.com/bot.html)"
66.249.79.101 - - [25/Nov/2024:08:00:04 -0700] "GET /news/mnream/ HTTP/1.1" 200 94 "-" "Mozilla/5.0 (compatible; Googlebot/2.1; +http://www.google.com/bot.html)"
69.162.124.238 - - [25/Nov/2024:08:01:12 -0700] "HEAD /cbse-corner.php HTTP/1.1" 200 - "https://chakmander.akalacademy.ac.in/cbse-corner.php" "Mozilla/5.0+(compatible; UptimeRobot/2.0; http://www.uptimerobot.com/)"
66.249.79.102 - - [25/Nov/2024:08:03:24 -0700] "GET /news/rqmibs/indias-second-jessary-for-world-cup.html HTTP/1.1" 200 94 "-" "Mozilla/5.0 (compatible; Googlebot/2.1; +http://www.google.com/bot.html)"
66.249.79.102 - - [25/Nov/2024:08:04:15 -0700] "GET /bet/xbmaul/ HTTP/1.1" 200 94 "-" "Mozilla/5.0 (compatible; Googlebot/2.1; +http://www.google.com/bot.html)"
66.249.79.101 - - [25/Nov/2024:08:05:20 -0700] "GET /bet/yrysmx/ HTTP/1.1" 200 94 "-" "Mozilla/5.0 (compatible; Googlebot/2.1; +http://www.google.com/bot.html)"
69.162.124.238 - - [25/Nov/2024:08:06:12 -0700] "HEAD /cbse-corner.php HTTP/1.1" 200 - "https://chakmander.akalacademy.ac.in/cbse-corner.php" "Mozilla/5.0+(compatible; UptimeRobot/2.0; http://www.uptimerobot.com/)"
66.249.79.101 - - [25/Nov/2024:08:06:17 -0700] "GET /bet/vjderq/can-americans-play-online-poker.html HTTP/1.1" 200 94 "-" "Mozilla/5.0 (compatible; Googlebot/2.1; +http://www.google.com/bot.html)"
66.249.79.100 - - [25/Nov/2024:08:07:00 -0700] "GET /bet/jsmabd/india-new-casinos.html HTTP/1.1" 200 94 "-" "Mozilla/5.0 (compatible; Googlebot/2.1; +http://www.google.com/bot.html)"
66.249.79.100 - - [25/Nov/2024:08:07:15 -0700] "GET /detail/laahbz/cricket-score-sheet-app-for-android.html HTTP/1.1" 200 94 "-" "Mozilla/5.0 (compatible; Googlebot/2.1; +http://www.google.com/bot.html)"
66.249.79.100 - - [25/Nov/2024:08:07:49 -0700] "GET /detail/kljvvw/ HTTP/1.1" 200 94 "-" "Mozilla/5.0 (compatible; Googlebot/2.1; +http://www.google.com/bot.html)"
66.249.79.101 - - [25/Nov/2024:08:08:14 -0700] "GET /detail/qslwnh/pricing-strategy-for-new-product.html HTTP/1.1" 200 94 "-" "Mozilla/5.0 (compatible; Googlebot/2.1; +http://www.google.com/bot.html)"
52.167.144.18 - - [25/Nov/2024:08:09:01 -0700] "GET /detail/wmemhl/files/Secondary/files/I-VIII/files/Secondary/14_Circular_2019ANX1-min.pdf HTTP/1.1" 200 94 "-" "Mozilla/5.0 AppleWebKit/537.36 (KHTML, like Gecko; compatible; bingbot/2.0; +http://www.bing.com/bingbot.htm) Chrome/116.0.1938.76 Safari/537.36"
66.249.79.101 - - [25/Nov/2024:08:10:04 -0700] "GET /news/ehlccv/ipl-me-sabse-jyada-wicket-2019.html HTTP/1.1" 200 94 "-" "Mozilla/5.0 (compatible; Googlebot/2.1; +http://www.google.com/bot.html)"
66.249.79.100 - - [25/Nov/2024:08:10:12 -0700] "GET /news/idmgqu/vivo-ipl-2019-today-match-toss-video.html HTTP/1.1" 200 94 "-" "Mozilla/5.0 (compatible; Googlebot/2.1; +http://www.google.com/bot.html)"
47.128.40.64 - - [25/Nov/2024:08:10:33 -0700] "GET /index.php/sitemap1.xml HTTP/1.1" 200 94 "-" "Mozilla/5.0 (Linux; Android 5.0) AppleWebKit/537.36 (KHTML, like Gecko) Mobile Safari/537.36 (compatible; Bytespider; spider-feedback@bytedance.com)"
69.162.124.238 - - [25/Nov/2024:08:11:12 -0700] "HEAD /cbse-corner.php HTTP/1.1" 200 - "https://chakmander.akalacademy.ac.in/cbse-corner.php" "Mozilla/5.0+(compatible; UptimeRobot/2.0; http://www.uptimerobot.com/)"
66.249.79.102 - - [25/Nov/2024:08:11:14 -0700] "GET /news/hmfbtp/ HTTP/1.1" 200 94 "-" "Mozilla/5.0 (compatible; Googlebot/2.1; +http://www.google.com/bot.html)"
66.249.79.100 - - [25/Nov/2024:08:12:26 -0700] "GET /news/qwjlis/free-ind-vs-wi-t20-surfing.html HTTP/1.1" 200 94 "-" "Mozilla/5.0 (compatible; Googlebot/2.1; +http://www.google.com/bot.html)"
66.249.79.100 - - [25/Nov/2024:08:12:54 -0700] "GET /detail/lbdjtn/yuzvendra-singh-chahal-biography.html HTTP/1.1" 200 94 "-" "Mozilla/5.0 (compatible; Googlebot/2.1; +http://www.google.com/bot.html)"
66.249.79.102 - - [25/Nov/2024:08:13:05 -0700] "GET /detail/igagjy/ HTTP/1.1" 200 94 "-" "Mozilla/5.0 (compatible; Googlebot/2.1; +http://www.google.com/bot.html)"
66.249.79.101 - - [25/Nov/2024:08:13:33 -0700] "GET /bet/cbwmfw/ HTTP/1.1" 200 94 "-" "Mozilla/5.0 (compatible; Googlebot/2.1; +http://www.google.com/bot.html)"
66.249.79.101 - - [25/Nov/2024:08:14:26 -0700] "GET /detail/zanjol/royal-panda-free-spins.html HTTP/1.1" 200 94 "-" "Mozilla/5.0 (compatible; Googlebot/2.1; +http://www.google.com/bot.html)"
66.249.79.102 - - [25/Nov/2024:08:15:05 -0700] "GET /bet/ibdbvw/ HTTP/1.1" 200 94 "-" "Mozilla/5.0 (compatible; Googlebot/2.1; +http://www.google.com/bot.html)"
66.249.79.100 - - [25/Nov/2024:08:15:24 -0700] "GET /news/kmylqd/most-ipl-runs-player.html HTTP/1.1" 200 94 "-" "Mozilla/5.0 (compatible; Googlebot/2.1; +http://www.google.com/bot.html)"
66.249.79.101 - - [25/Nov/2024:08:15:28 -0700] "GET /detail/vilfrv/brian-lara-cricket-game-2011-download.html HTTP/1.1" 200 94 "-" "Mozilla/5.0 (compatible; Googlebot/2.1; +http://www.google.com/bot.html)"
66.249.79.100 - - [25/Nov/2024:08:15:44 -0700] "GET /bet/gqfghr/shows-in-vegas-december-2022.html HTTP/1.1" 200 94 "-" "Mozilla/5.0 (compatible; Googlebot/2.1; +http://www.google.com/bot.html)"
69.162.124.238 - - [25/Nov/2024:08:16:12 -0700] "HEAD /cbse-corner.php HTTP/1.1" 200 - "https://chakmander.akalacademy.ac.in/cbse-corner.php" "Mozilla/5.0+(compatible; UptimeRobot/2.0; http://www.uptimerobot.com/)"
66.249.79.100 - - [25/Nov/2024:08:17:06 -0700] "GET /detail/hbjdit/livelihood-mukesh-kumar-et-al-2015.html HTTP/1.1" 200 94 "-" "Mozilla/5.0 (compatible; Googlebot/2.1; +http://www.google.com/bot.html)"
66.249.79.101 - - [25/Nov/2024:08:17:26 -0700] "GET /news/uozgqw/ HTTP/1.1" 200 94 "-" "Mozilla/5.0 (compatible; Googlebot/2.1; +http://www.google.com/bot.html)"
66.249.79.100 - - [25/Nov/2024:08:17:27 -0700] "GET /news/yyexxd/premier-league-results-now.html HTTP/1.1" 200 94 "-" "Mozilla/5.0 (compatible; Googlebot/2.1; +http://www.google.com/bot.html)"
66.249.79.100 - - [25/Nov/2024:08:17:58 -0700] "GET /bet/xfxxfb/cricketzine-cricket-live-score-today.html HTTP/1.1" 200 94 "-" "Mozilla/5.0 (compatible; Googlebot/2.1; +http://www.google.com/bot.html)"
52.167.144.217 - - [25/Nov/2024:08:20:32 -0700] "GET /news/wrsihd/files/Secondary/files/Secondary/Hindi_B_sec%202019-20-min.pdf HTTP/1.1" 200 94 "-" "Mozilla/5.0 AppleWebKit/537.36 (KHTML, like Gecko; compatible; bingbot/2.0; +http://www.bing.com/bingbot.htm) Chrome/116.0.1938.76 Safari/537.36"
69.162.124.238 - - [25/Nov/2024:08:21:12 -0700] "HEAD /cbse-corner.php HTTP/1.1" 200 - "https://chakmander.akalacademy.ac.in/cbse-corner.php" "Mozilla/5.0+(compatible; UptimeRobot/2.0; http://www.uptimerobot.com/)"
66.249.79.101 - - [25/Nov/2024:08:21:14 -0700] "GET /bet/yryhnl/ HTTP/1.1" 200 94 "-" "Mozilla/5.0 (compatible; Googlebot/2.1; +http://www.google.com/bot.html)"
66.249.79.102 - - [25/Nov/2024:08:23:11 -0700] "GET /news/hcvjrh/send-chips-zynga-poker.html HTTP/1.1" 200 94 "-" "Mozilla/5.0 (compatible; Googlebot/2.1; +http://www.google.com/bot.html)"
66.249.79.101 - - [25/Nov/2024:08:23:15 -0700] "GET /bet/xkvnpp/ishant-sharma-teasing-face.html HTTP/1.1" 200 94 "-" "Mozilla/5.0 (compatible; Googlebot/2.1; +http://www.google.com/bot.html)"
66.249.79.100 - - [25/Nov/2024:08:23:22 -0700] "GET /news/plvjey/ HTTP/1.1" 200 94 "-" "Mozilla/5.0 (compatible; Googlebot/2.1; +http://www.google.com/bot.html)"
66.249.79.100 - - [25/Nov/2024:08:25:18 -0700] "GET /bet/fjyfbp/ HTTP/1.1" 200 94 "-" "Mozilla/5.0 (compatible; Googlebot/2.1; +http://www.google.com/bot.html)"
69.162.124.238 - - [25/Nov/2024:08:26:12 -0700] "HEAD /cbse-corner.php HTTP/1.1" 200 - "https://chakmander.akalacademy.ac.in/cbse-corner.php" "Mozilla/5.0+(compatible; UptimeRobot/2.0; http://www.uptimerobot.com/)"
52.167.144.226 - - [25/Nov/2024:08:26:36 -0700] "GET /detail/clatbt/files/Secondary/files/I-VIII/Science%20%20(III%20to%20VIII)-min.pdf HTTP/1.1" 200 94 "-" "Mozilla/5.0 AppleWebKit/537.36 (KHTML, like Gecko; compatible; bingbot/2.0; +http://www.bing.com/bingbot.htm) Chrome/116.0.1938.76 Safari/537.36"
66.249.79.102 - - [25/Nov/2024:08:26:51 -0700] "GET /detail/myhqqo/ HTTP/1.1" 200 94 "-" "Mozilla/5.0 (compatible; Googlebot/2.1; +http://www.google.com/bot.html)"
66.249.79.100 - - [25/Nov/2024:08:27:24 -0700] "GET /news/ljiqjh/ HTTP/1.1" 200 94 "-" "Mozilla/5.0 (compatible; Googlebot/2.1; +http://www.google.com/bot.html)"
52.167.144.226 - - [25/Nov/2024:08:28:35 -0700] "GET /detail/wmemhl/files/Secondary/files/IX-X/files/Secondary/Mathematics_Sec_2019-20-min.pdf HTTP/1.1" 200 94 "-" "Mozilla/5.0 AppleWebKit/537.36 (KHTML, like Gecko; compatible; bingbot/2.0; +http://www.bing.com/bingbot.htm) Chrome/116.0.1938.76 Safari/537.36"
66.249.79.100 - - [25/Nov/2024:08:29:15 -0700] "GET /news/udadip/ HTTP/1.1" 200 94 "-" "Mozilla/5.0 (compatible; Googlebot/2.1; +http://www.google.com/bot.html)"
66.249.79.100 - - [25/Nov/2024:08:29:52 -0700] "GET /detail/kjlyjp/ HTTP/1.1" 200 94 "-" "Mozilla/5.0 (compatible; Googlebot/2.1; +http://www.google.com/bot.html)"
66.249.79.102 - - [25/Nov/2024:08:30:01 -0700] "GET /bet/ujmhbx/ HTTP/1.1" 200 94 "-" "Mozilla/5.0 (compatible; Googlebot/2.1; +http://www.google.com/bot.html)"
69.162.124.238 - - [25/Nov/2024:08:31:12 -0700] "HEAD /cbse-corner.php HTTP/1.1" 200 - "https://chakmander.akalacademy.ac.in/cbse-corner.php" "Mozilla/5.0+(compatible; UptimeRobot/2.0; http://www.uptimerobot.com/)"
66.249.79.102 - - [25/Nov/2024:08:32:27 -0700] "GET /bet/ikwksq/about-cricket-player-tendulkar.html HTTP/1.1" 200 94 "-" "Mozilla/5.0 (compatible; Googlebot/2.1; +http://www.google.com/bot.html)"
66.249.79.101 - - [25/Nov/2024:08:32:44 -0700] "GET /news/pevjpf/ HTTP/1.1" 200 94 "-" "Mozilla/5.0 (compatible; Googlebot/2.1; +http://www.google.com/bot.html)"
66.249.79.101 - - [25/Nov/2024:08:34:47 -0700] "GET /news/uzapva/ipl-2018-promo.html HTTP/1.1" 200 94 "-" "Mozilla/5.0 (compatible; Googlebot/2.1; +http://www.google.com/bot.html)"
69.162.124.238 - - [25/Nov/2024:08:36:12 -0700] "HEAD /cbse-corner.php HTTP/1.1" 200 - "https://chakmander.akalacademy.ac.in/cbse-corner.php" "Mozilla/5.0+(compatible; UptimeRobot/2.0; http://www.uptimerobot.com/)"
66.249.79.101 - - [25/Nov/2024:08:36:20 -0700] "GET /news/zzhkbm/ HTTP/1.1" 200 94 "-" "Mozilla/5.0 (compatible; Googlebot/2.1; +http://www.google.com/bot.html)"
114.122.4.112 - - [25/Nov/2024:08:37:27 -0700] "GET / HTTP/1.1" 200 94 "-" "Mozilla/5.0 (Windows NT 10.0; Win64; x64) AppleWebKit/537.36 (KHTML, like Gecko) Chrome/79.0 Safari/537.36"
66.249.79.100 - - [25/Nov/2024:08:37:27 -0700] "GET /news/vwyood/ HTTP/1.1" 200 94 "-" "Mozilla/5.0 (compatible; Googlebot/2.1; +http://www.google.com/bot.html)"
114.122.4.112 - - [25/Nov/2024:08:37:28 -0700] "GET //wp-includes/wlwmanifest.xml HTTP/1.1" 200 94 "-" "Mozilla/5.0 (Windows NT 10.0; Win64; x64) AppleWebKit/537.36 (KHTML, like Gecko) Chrome/79.0 Safari/537.36"
114.122.4.112 - - [25/Nov/2024:08:37:44 -0700] "GET //xmlrpc.php?rsd HTTP/1.1" 200 94 "-" "Mozilla/5.0 (Windows NT 10.0; Win64; x64) AppleWebKit/537.36 (KHTML, like Gecko) Chrome/79.0 Safari/537.36"
40.77.167.22 - - [25/Nov/2024:08:37:46 -0700] "GET /detail/wmemhl/files/I-VIII/files/IX-X/files/I-VIII/theschool.php HTTP/1.1" 200 94 "-" "Mozilla/5.0 AppleWebKit/537.36 (KHTML, like Gecko; compatible; bingbot/2.0; +http://www.bing.com/bingbot.htm) Chrome/116.0.1938.76 Safari/537.36"
66.249.79.101 - - [25/Nov/2024:08:37:59 -0700] "GET /bet/dsemtc/ HTTP/1.1" 200 94 "-" "Mozilla/5.0 (compatible; Googlebot/2.1; +http://www.google.com/bot.html)"
114.122.4.112 - - [25/Nov/2024:08:38:08 -0700] "GET / HTTP/1.1" 200 94 "-" "Mozilla/5.0 (Windows NT 10.0; Win64; x64) AppleWebKit/537.36 (KHTML, like Gecko) Chrome/79.0 Safari/537.36"
66.249.79.101 - - [25/Nov/2024:08:38:08 -0700] "GET /bet/iahlpq/ HTTP/1.1" 200 94 "-" "Mozilla/5.0 (compatible; Googlebot/2.1; +http://www.google.com/bot.html)"
66.249.79.100 - - [25/Nov/2024:08:38:17 -0700] "GET /news/jochqz/ HTTP/1.1" 200 94 "-" "Mozilla/5.0 (compatible; Googlebot/2.1; +http://www.google.com/bot.html)"
