Cylul007 Webshell
Server :
Linux ip-148-66-134-25.ip.secureserver.net 3.10.0-1160.119.1.el7.tuxcare.els10.x86_64 #1 SMP Fri Oct 11 21:40:41 UTC 2024 x86_64
php :
8.0.30
on
cgi-fcgi
Time
25 Nov 2024 15:25:30
Current Directory :
/
home
/
amvm
/
access-logs
/
Upload File :
Mass Deface
Home
Bypass Passwd
Current File : /home/amvm/access-logs/chakdesraj.akalacademy.ac.in-ssl_log
66.249.68.69 - - [25/Nov/2024:05:10:17 -0700] "GET /detail/hgsmma/icc-table-point-2021.html HTTP/1.1" 200 94 "-" "Mozilla/5.0 (compatible; Googlebot/2.1; +http://www.google.com/bot.html)"
66.249.68.70 - - [25/Nov/2024:05:11:34 -0700] "GET /bet/jbfxob/leaderboard-icc-world-cup.html HTTP/1.1" 200 94 "-" "Mozilla/5.0 (compatible; Googlebot/2.1; +http://www.google.com/bot.html)"
216.244.66.233 - - [25/Nov/2024:05:13:04 -0700] "GET /robots.txt HTTP/1.1" 200 94 "-" "Mozilla/5.0 (compatible; DotBot/1.2; +https://opensiteexplorer.org/dotbot; help@moz.com)"
52.167.144.193 - - [25/Nov/2024:05:13:38 -0700] "GET /2021/07/01/ssh%E6%8E%A5%E7%B6%9A-%E8%AD%A6%E5%91%8A%E3%80%8Cwarning-remote-host-identification-has-changed%E3%80%8D%E3%81%AE%E5%AF%BE%E5%BF%9C/files/Senior%20Secondary/files/IX-X/addmission.php HTTP/1.1" 200 94 "-" "Mozilla/5.0 AppleWebKit/537.36 (KHTML, like Gecko; compatible; bingbot/2.0; +http://www.bing.com/bingbot.htm) Chrome/116.0.1938.76 Safari/537.36"
69.162.124.238 - - [25/Nov/2024:05:13:46 -0700] "HEAD /cbse-corner.php HTTP/1.1" 200 - "https://chakdesraj.akalacademy.ac.in/cbse-corner.php" "Mozilla/5.0+(compatible; UptimeRobot/2.0; http://www.uptimerobot.com/)"
66.249.68.69 - - [25/Nov/2024:05:13:52 -0700] "GET /news/ammtyn/ HTTP/1.1" 200 94 "-" "Mozilla/5.0 (compatible; Googlebot/2.1; +http://www.google.com/bot.html)"
52.167.144.203 - - [25/Nov/2024:05:14:27 -0700] "GET /news/jjykoc/icc-t20-trophy.html HTTP/1.1" 200 94 "-" "Mozilla/5.0 AppleWebKit/537.36 (KHTML, like Gecko; compatible; bingbot/2.0; +http://www.bing.com/bingbot.htm) Chrome/116.0.1938.76 Safari/537.36"
66.249.68.69 - - [25/Nov/2024:05:14:32 -0700] "GET /bet/gmgqtm/ HTTP/1.1" 200 94 "-" "Mozilla/5.0 (compatible; Googlebot/2.1; +http://www.google.com/bot.html)"
66.249.68.68 - - [25/Nov/2024:05:14:41 -0700] "GET /detail/tnqsif/ HTTP/1.1" 200 94 "-" "Mozilla/5.0 (compatible; Googlebot/2.1; +http://www.google.com/bot.html)"
66.249.68.68 - - [25/Nov/2024:05:15:16 -0700] "GET /detail/qbmpzd/wynn-bet-deposit-bonus.html HTTP/1.1" 200 94 "-" "Mozilla/5.0 (compatible; Googlebot/2.1; +http://www.google.com/bot.html)"
216.244.66.233 - - [25/Nov/2024:05:15:28 -0700] "GET /news/files/Senior%20Secondary/Physics-min.pdf HTTP/1.1" 200 94 "-" "Mozilla/5.0 (compatible; DotBot/1.2; +https://opensiteexplorer.org/dotbot; help@moz.com)"
66.249.68.68 - - [25/Nov/2024:05:15:49 -0700] "GET /bet/krfzou/ HTTP/1.1" 200 94 "-" "Mozilla/5.0 (compatible; Googlebot/2.1; +http://www.google.com/bot.html)"
66.249.68.70 - - [25/Nov/2024:05:16:10 -0700] "GET /news/rqlkmn/ HTTP/1.1" 200 94 "-" "Mozilla/5.0 (compatible; Googlebot/2.1; +http://www.google.com/bot.html)"
66.249.68.69 - - [25/Nov/2024:05:17:34 -0700] "GET /bet/tfryyk/zimbabwe-cricket-team-players-2019.html HTTP/1.1" 200 94 "-" "Mozilla/5.0 (compatible; Googlebot/2.1; +http://www.google.com/bot.html)"
69.162.124.238 - - [25/Nov/2024:05:18:46 -0700] "HEAD /cbse-corner.php HTTP/1.1" 200 - "https://chakdesraj.akalacademy.ac.in/cbse-corner.php" "Mozilla/5.0+(compatible; UptimeRobot/2.0; http://www.uptimerobot.com/)"
66.249.68.70 - - [25/Nov/2024:05:19:16 -0700] "GET /bet/cozroj/monza-v-atalanta.html HTTP/1.1" 200 94 "-" "Mozilla/5.0 (compatible; Googlebot/2.1; +http://www.google.com/bot.html)"
66.249.68.68 - - [25/Nov/2024:05:19:28 -0700] "GET /detail/owyxha/ HTTP/1.1" 200 94 "-" "Mozilla/5.0 (compatible; Googlebot/2.1; +http://www.google.com/bot.html)"
66.249.68.68 - - [25/Nov/2024:05:19:47 -0700] "GET /bet/eqclly/ HTTP/1.1" 200 94 "-" "Mozilla/5.0 (compatible; Googlebot/2.1; +http://www.google.com/bot.html)"
66.249.68.69 - - [25/Nov/2024:05:20:07 -0700] "GET /detail/wfrqnb/indian-casinos-near-salinas-ca.html HTTP/1.1" 200 94 "-" "Mozilla/5.0 (compatible; Googlebot/2.1; +http://www.google.com/bot.html)"
66.249.68.69 - - [25/Nov/2024:05:20:31 -0700] "GET /news/nyjtue/ HTTP/1.1" 200 94 "-" "Mozilla/5.0 (compatible; Googlebot/2.1; +http://www.google.com/bot.html)"
66.249.68.68 - - [25/Nov/2024:05:21:15 -0700] "GET /bet/smqdbk/ HTTP/1.1" 200 94 "-" "Mozilla/5.0 (compatible; Googlebot/2.1; +http://www.google.com/bot.html)"
66.249.68.69 - - [25/Nov/2024:05:21:54 -0700] "GET /bet/lmvqjd/ HTTP/1.1" 200 94 "-" "Mozilla/5.0 (compatible; Googlebot/2.1; +http://www.google.com/bot.html)"
66.249.68.69 - - [25/Nov/2024:05:22:35 -0700] "GET /bet/lresrv/ HTTP/1.1" 200 94 "-" "Mozilla/5.0 (compatible; Googlebot/2.1; +http://www.google.com/bot.html)"
66.249.68.69 - - [25/Nov/2024:05:23:10 -0700] "GET /detail/dreidm/ HTTP/1.1" 200 94 "-" "Mozilla/5.0 (compatible; Googlebot/2.1; +http://www.google.com/bot.html)"
69.162.124.238 - - [25/Nov/2024:05:23:46 -0700] "HEAD /cbse-corner.php HTTP/1.1" 200 - "https://chakdesraj.akalacademy.ac.in/cbse-corner.php" "Mozilla/5.0+(compatible; UptimeRobot/2.0; http://www.uptimerobot.com/)"
66.249.68.68 - - [25/Nov/2024:05:23:54 -0700] "GET /bet/uqvdfr/world-cup-date-2019-cricket.html HTTP/1.1" 200 94 "-" "Mozilla/5.0 (compatible; Googlebot/2.1; +http://www.google.com/bot.html)"
66.249.68.69 - - [25/Nov/2024:05:24:39 -0700] "GET /bet/rywqco/21-card-game-show.html HTTP/1.1" 200 94 "-" "Mozilla/5.0 (compatible; Googlebot/2.1; +http://www.google.com/bot.html)"
66.249.68.70 - - [25/Nov/2024:05:25:28 -0700] "GET /news/ovcwtx/1st-semi-final-fifa-world-cup-2022.html HTTP/1.1" 200 94 "-" "Mozilla/5.0 (compatible; Googlebot/2.1; +http://www.google.com/bot.html)"
66.249.68.69 - - [25/Nov/2024:05:25:50 -0700] "GET /bet/rmgyfj/ HTTP/1.1" 200 94 "-" "Mozilla/5.0 (compatible; Googlebot/2.1; +http://www.google.com/bot.html)"
66.249.68.68 - - [25/Nov/2024:05:27:50 -0700] "GET /detail/susvtv/ HTTP/1.1" 200 94 "-" "Mozilla/5.0 (compatible; Googlebot/2.1; +http://www.google.com/bot.html)"
66.249.68.70 - - [25/Nov/2024:05:28:07 -0700] "GET /news/xvkadx/3ds-card-battle-games.html HTTP/1.1" 200 94 "-" "Mozilla/5.0 (compatible; Googlebot/2.1; +http://www.google.com/bot.html)"
69.162.124.238 - - [25/Nov/2024:05:28:46 -0700] "HEAD /cbse-corner.php HTTP/1.1" 200 - "https://chakdesraj.akalacademy.ac.in/cbse-corner.php" "Mozilla/5.0+(compatible; UptimeRobot/2.0; http://www.uptimerobot.com/)"
66.249.68.69 - - [25/Nov/2024:05:28:50 -0700] "GET /bet/qevjtt/ HTTP/1.1" 200 94 "-" "Mozilla/5.0 (compatible; Googlebot/2.1; +http://www.google.com/bot.html)"
66.249.68.68 - - [25/Nov/2024:05:29:29 -0700] "GET /news/zzoytj/ HTTP/1.1" 200 94 "-" "Mozilla/5.0 (compatible; Googlebot/2.1; +http://www.google.com/bot.html)"
66.249.68.68 - - [25/Nov/2024:05:29:38 -0700] "GET /detail/ganwjw/washington-hydro.html HTTP/1.1" 200 94 "-" "Mozilla/5.0 (compatible; Googlebot/2.1; +http://www.google.com/bot.html)"
66.249.68.68 - - [25/Nov/2024:05:30:17 -0700] "GET /news/jyxnjl/911-win-live-casino.html HTTP/1.1" 200 94 "-" "Mozilla/5.0 (compatible; Googlebot/2.1; +http://www.google.com/bot.html)"
66.249.68.68 - - [25/Nov/2024:05:30:26 -0700] "GET /bet/hnddva/ HTTP/1.1" 200 94 "-" "Mozilla/5.0 (compatible; Googlebot/2.1; +http://www.google.com/bot.html)"
66.249.68.68 - - [25/Nov/2024:05:30:47 -0700] "GET /news/coajth/india-women-cricket-team-captain-t-20.html HTTP/1.1" 200 94 "-" "Mozilla/5.0 (compatible; Googlebot/2.1; +http://www.google.com/bot.html)"
52.167.144.147 - - [25/Nov/2024:05:30:53 -0700] "GET /line-%E4%B8%80%E6%AC%A1%E8%A6%81%E5%82%B3%E5%BE%88%E5%A4%9A%E5%BC%B5%E7%9B%B8%E7%89%87%EF%BC%9F%E4%B8%8D%E5%A6%82%E7%9B%B4%E6%8E%A5%E5%81%9A%E6%88%90%E7%9B%B8%E7%B0%BF%E5%82%B3%E9%80%81%E6%89%8D/files/Secondary/files/Secondary/14_Circular_2019ANX1-min.pdf HTTP/1.1" 200 94 "-" "Mozilla/5.0 AppleWebKit/537.36 (KHTML, like Gecko; compatible; bingbot/2.0; +http://www.bing.com/bingbot.htm) Chrome/116.0.1938.76 Safari/537.36"
66.249.68.68 - - [25/Nov/2024:05:31:02 -0700] "GET /detail/xypeyb/ HTTP/1.1" 200 94 "-" "Mozilla/5.0 (compatible; Googlebot/2.1; +http://www.google.com/bot.html)"
66.249.68.68 - - [25/Nov/2024:05:31:36 -0700] "GET /news/ltovcw/ HTTP/1.1" 200 94 "-" "Mozilla/5.0 (compatible; Googlebot/2.1; +http://www.google.com/bot.html)"
66.249.68.68 - - [25/Nov/2024:05:31:52 -0700] "GET /bet/dckhqu/bandy-world-cup-2019.html HTTP/1.1" 200 94 "-" "Mozilla/5.0 (compatible; Googlebot/2.1; +http://www.google.com/bot.html)"
66.249.68.70 - - [25/Nov/2024:05:33:18 -0700] "GET /detail/neitgo/ HTTP/1.1" 200 94 "-" "Mozilla/5.0 (compatible; Googlebot/2.1; +http://www.google.com/bot.html)"
69.162.124.238 - - [25/Nov/2024:05:33:46 -0700] "HEAD /cbse-corner.php HTTP/1.1" 200 - "https://chakdesraj.akalacademy.ac.in/cbse-corner.php" "Mozilla/5.0+(compatible; UptimeRobot/2.0; http://www.uptimerobot.com/)"
66.249.68.69 - - [25/Nov/2024:05:34:07 -0700] "GET /news/anlhph/ HTTP/1.1" 200 94 "-" "Mozilla/5.0 (compatible; Googlebot/2.1; +http://www.google.com/bot.html)"
66.249.68.69 - - [25/Nov/2024:05:34:19 -0700] "GET /detail/qidcfo/ HTTP/1.1" 200 94 "-" "Mozilla/5.0 (compatible; Googlebot/2.1; +http://www.google.com/bot.html)"
66.249.68.68 - - [25/Nov/2024:05:34:45 -0700] "GET /bet/ajzotw/ HTTP/1.1" 200 94 "-" "Mozilla/5.0 (compatible; Googlebot/2.1; +http://www.google.com/bot.html)"
66.249.68.68 - - [25/Nov/2024:05:34:46 -0700] "GET /news/fhqwqf/ HTTP/1.1" 200 94 "-" "Mozilla/5.0 (compatible; Googlebot/2.1; +http://www.google.com/bot.html)"
66.249.68.70 - - [25/Nov/2024:05:36:11 -0700] "GET / HTTP/1.1" 200 94 "-" "Mozilla/5.0 (Linux; Android 6.0.1; Nexus 5X Build/MMB29P) AppleWebKit/537.36 (KHTML, like Gecko) Chrome/99.0.4844.84 Mobile Safari/537.36 (compatible; Googlebot/2.1; +http://www.google.com/bot.html)"
66.249.68.70 - - [25/Nov/2024:05:36:11 -0700] "GET / HTTP/1.1" 200 94 "-" "Mozilla/5.0 (compatible; Googlebot/2.1; +http://www.google.com/bot.html)"
66.249.68.70 - - [25/Nov/2024:05:36:12 -0700] "GET /favicon.ico HTTP/1.1" 200 2622 "-" "Googlebot-Image/1.0"
66.249.68.70 - - [25/Nov/2024:05:37:43 -0700] "GET /detail/ljnxww/odds-in-the-preakness.html HTTP/1.1" 200 94 "-" "Mozilla/5.0 (compatible; Googlebot/2.1; +http://www.google.com/bot.html)"
69.162.124.238 - - [25/Nov/2024:05:38:46 -0700] "HEAD /cbse-corner.php HTTP/1.1" 200 - "https://chakdesraj.akalacademy.ac.in/cbse-corner.php" "Mozilla/5.0+(compatible; UptimeRobot/2.0; http://www.uptimerobot.com/)"
66.249.68.70 - - [25/Nov/2024:05:40:24 -0700] "GET /bet/twzihj/best-action-pc-games-of-2000-to-2005.html HTTP/1.1" 200 94 "-" "Mozilla/5.0 (compatible; Googlebot/2.1; +http://www.google.com/bot.html)"
66.249.68.69 - - [25/Nov/2024:05:41:14 -0700] "GET /news/dylape/ HTTP/1.1" 200 94 "-" "Mozilla/5.0 (compatible; Googlebot/2.1; +http://www.google.com/bot.html)"
66.249.68.68 - - [25/Nov/2024:05:41:28 -0700] "GET /bet/quskei/singapore-vs-malaysia-women-t20.html HTTP/1.1" 200 94 "-" "Mozilla/5.0 (compatible; Googlebot/2.1; +http://www.google.com/bot.html)"
66.249.68.68 - - [25/Nov/2024:05:41:33 -0700] "GET /detail/jibmqm/indian-vegetarian-cricketers.html HTTP/1.1" 200 94 "-" "Mozilla/5.0 (compatible; Googlebot/2.1; +http://www.google.com/bot.html)"
66.249.68.70 - - [25/Nov/2024:05:42:01 -0700] "GET /detail/gkprbn/mukesh-kumar-invitation-card.html HTTP/1.1" 200 94 "-" "Mozilla/5.0 (compatible; Googlebot/2.1; +http://www.google.com/bot.html)"
66.249.68.69 - - [25/Nov/2024:05:42:27 -0700] "GET /detail/cgoifl/ HTTP/1.1" 200 94 "-" "Mozilla/5.0 (compatible; Googlebot/2.1; +http://www.google.com/bot.html)"
66.249.68.68 - - [25/Nov/2024:05:42:37 -0700] "GET /news/vpyqzd/ HTTP/1.1" 200 94 "-" "Mozilla/5.0 (compatible; Googlebot/2.1; +http://www.google.com/bot.html)"
66.249.68.69 - - [25/Nov/2024:05:43:17 -0700] "GET /news/ccbesz/andre-russell-ipl-2019-vs-rcb.html HTTP/1.1" 200 94 "-" "Mozilla/5.0 (compatible; Googlebot/2.1; +http://www.google.com/bot.html)"
66.249.68.70 - - [25/Nov/2024:05:46:25 -0700] "GET /news/fdysyq/best-online-casino-slot-machines.html HTTP/1.1" 200 94 "-" "Mozilla/5.0 (compatible; Googlebot/2.1; +http://www.google.com/bot.html)"
66.249.68.69 - - [25/Nov/2024:05:46:55 -0700] "GET /detail/rjherb/current-popular-card-games.html HTTP/1.1" 200 94 "-" "Mozilla/5.0 (compatible; Googlebot/2.1; +http://www.google.com/bot.html)"
66.249.68.70 - - [25/Nov/2024:05:48:21 -0700] "GET /detail/viodxv/icc-best-batsman-2019.html HTTP/1.1" 200 94 "-" "Mozilla/5.0 (compatible; Googlebot/2.1; +http://www.google.com/bot.html)"
69.162.124.238 - - [25/Nov/2024:05:49:38 -0700] "HEAD /cbse-corner.php HTTP/1.1" 200 - "https://chakdesraj.akalacademy.ac.in/cbse-corner.php" "Mozilla/5.0+(compatible; UptimeRobot/2.0; http://www.uptimerobot.com/)"
66.249.68.70 - - [25/Nov/2024:05:51:16 -0700] "GET /bet/cibcds/ashes-cricket-games-latest-patches.html HTTP/1.1" 200 94 "-" "Mozilla/5.0 (compatible; Googlebot/2.1; +http://www.google.com/bot.html)"
66.249.68.69 - - [25/Nov/2024:05:51:41 -0700] "GET /detail/uwkzyk/ HTTP/1.1" 200 94 "-" "Mozilla/5.0 (compatible; Googlebot/2.1; +http://www.google.com/bot.html)"
66.249.68.68 - - [25/Nov/2024:05:52:49 -0700] "GET /bet/ppyybt/world-cup-t20-qualifier-match.html HTTP/1.1" 200 94 "-" "Mozilla/5.0 (compatible; Googlebot/2.1; +http://www.google.com/bot.html)"
66.249.68.68 - - [25/Nov/2024:05:52:56 -0700] "GET /bet/nigfvr/ HTTP/1.1" 200 94 "-" "Mozilla/5.0 (compatible; Googlebot/2.1; +http://www.google.com/bot.html)"
66.249.68.70 - - [25/Nov/2024:05:53:46 -0700] "GET /news/kqkayh/ HTTP/1.1" 200 94 "-" "Mozilla/5.0 (compatible; Googlebot/2.1; +http://www.google.com/bot.html)"
66.249.68.68 - - [25/Nov/2024:05:54:19 -0700] "GET /detail/nccnsr/rtp-gospin123.html HTTP/1.1" 200 94 "-" "Mozilla/5.0 (compatible; Googlebot/2.1; +http://www.google.com/bot.html)"
66.249.68.69 - - [25/Nov/2024:05:54:33 -0700] "GET /bet/hjnblx/correct-score-site.html HTTP/1.1" 200 94 "-" "Mozilla/5.0 (compatible; Googlebot/2.1; +http://www.google.com/bot.html)"
69.162.124.238 - - [25/Nov/2024:05:54:37 -0700] "HEAD /cbse-corner.php HTTP/1.1" 200 - "https://chakdesraj.akalacademy.ac.in/cbse-corner.php" "Mozilla/5.0+(compatible; UptimeRobot/2.0; http://www.uptimerobot.com/)"
5.255.231.80 - - [25/Nov/2024:05:55:08 -0700] "GET /robots.txt HTTP/1.1" 200 94 "-" "Mozilla/5.0 (compatible; YandexBot/3.0; +http://yandex.com/bots)"
95.108.213.129 - - [25/Nov/2024:05:55:09 -0700] "GET /myadmin/cbse/files/Secondary/files/Senior%20Secondary/PhysicalEducation-min.pdf HTTP/1.1" 200 94 "-" "Mozilla/5.0 (compatible; YandexBot/3.0; +http://yandex.com/bots)"
66.249.68.69 - - [25/Nov/2024:05:55:33 -0700] "GET /news/xsholu/thalassemia-high-ferritin.html HTTP/1.1" 200 94 "-" "Mozilla/5.0 (compatible; Googlebot/2.1; +http://www.google.com/bot.html)"
66.249.68.69 - - [25/Nov/2024:05:56:02 -0700] "GET /bet/qcqsvu/new-mobile-games.html HTTP/1.1" 200 94 "-" "Mozilla/5.0 (compatible; Googlebot/2.1; +http://www.google.com/bot.html)"
66.249.68.68 - - [25/Nov/2024:05:56:09 -0700] "GET /bet/caiish/ HTTP/1.1" 200 94 "-" "Mozilla/5.0 (compatible; Googlebot/2.1; +http://www.google.com/bot.html)"
66.249.68.68 - - [25/Nov/2024:05:56:13 -0700] "GET /detail/unsrqa/shubman-gill-cricket-player.html HTTP/1.1" 200 94 "-" "Mozilla/5.0 (compatible; Googlebot/2.1; +http://www.google.com/bot.html)"
66.249.68.68 - - [25/Nov/2024:05:58:10 -0700] "GET /detail/lizviw/ HTTP/1.1" 200 94 "-" "Mozilla/5.0 (compatible; Googlebot/2.1; +http://www.google.com/bot.html)"
66.249.68.68 - - [25/Nov/2024:05:59:05 -0700] "GET /news/jajghs/betpera-super-single-today.html HTTP/1.1" 200 94 "-" "Mozilla/5.0 (compatible; Googlebot/2.1; +http://www.google.com/bot.html)"
69.162.124.238 - - [25/Nov/2024:05:59:37 -0700] "HEAD /cbse-corner.php HTTP/1.1" 200 - "https://chakdesraj.akalacademy.ac.in/cbse-corner.php" "Mozilla/5.0+(compatible; UptimeRobot/2.0; http://www.uptimerobot.com/)"
66.249.68.69 - - [25/Nov/2024:06:00:05 -0700] "GET /bet/sgckvm/ HTTP/1.1" 200 94 "-" "Mozilla/5.0 (compatible; Googlebot/2.1; +http://www.google.com/bot.html)"
66.249.68.69 - - [25/Nov/2024:06:00:06 -0700] "GET /detail/jkawwd/ HTTP/1.1" 200 94 "-" "Mozilla/5.0 (compatible; Googlebot/2.1; +http://www.google.com/bot.html)"
66.249.68.69 - - [25/Nov/2024:06:00:47 -0700] "GET /news/hvrapg/team-india-security.html HTTP/1.1" 200 94 "-" "Mozilla/5.0 (compatible; Googlebot/2.1; +http://www.google.com/bot.html)"
66.249.68.69 - - [25/Nov/2024:06:01:36 -0700] "GET /bet/jokjqr/ HTTP/1.1" 200 94 "-" "Mozilla/5.0 (compatible; Googlebot/2.1; +http://www.google.com/bot.html)"
66.249.68.69 - - [25/Nov/2024:06:02:09 -0700] "GET /detail/gnmjkf/ HTTP/1.1" 200 94 "-" "Mozilla/5.0 (compatible; Googlebot/2.1; +http://www.google.com/bot.html)"
66.249.68.68 - - [25/Nov/2024:06:02:20 -0700] "GET /bet/frqahg/t20-world-cup-2022-team-india-players.html HTTP/1.1" 200 94 "-" "Mozilla/5.0 (compatible; Googlebot/2.1; +http://www.google.com/bot.html)"
87.250.224.212 - - [25/Nov/2024:06:02:26 -0700] "GET /robots.txt HTTP/1.1" 200 94 "-" "Mozilla/5.0 (compatible; YandexBot/3.0; +http://yandex.com/bots)"
213.180.203.17 - - [25/Nov/2024:06:02:27 -0700] "GET /files/Secondary/files/IX-X/files/IX-X/files/Senior%20Secondary/PoliticalScience-min.pdf HTTP/1.1" 200 94 "-" "Mozilla/5.0 (compatible; YandexBot/3.0; +http://yandex.com/bots)"
66.249.68.68 - - [25/Nov/2024:06:02:48 -0700] "GET /bet/jrhqff/casino-roll-up-banner.html HTTP/1.1" 200 94 "-" "Mozilla/5.0 (compatible; Googlebot/2.1; +http://www.google.com/bot.html)"
66.249.68.69 - - [25/Nov/2024:06:03:56 -0700] "GET /bet/xejymz/ HTTP/1.1" 200 94 "-" "Mozilla/5.0 (compatible; Googlebot/2.1; +http://www.google.com/bot.html)"
66.249.68.68 - - [25/Nov/2024:06:04:29 -0700] "GET /detail/edldqy/vivo-pro-kabaddi-live-tamil.html HTTP/1.1" 200 94 "-" "Mozilla/5.0 (compatible; Googlebot/2.1; +http://www.google.com/bot.html)"
69.162.124.238 - - [25/Nov/2024:06:04:37 -0700] "HEAD /cbse-corner.php HTTP/1.1" 200 - "https://chakdesraj.akalacademy.ac.in/cbse-corner.php" "Mozilla/5.0+(compatible; UptimeRobot/2.0; http://www.uptimerobot.com/)"
66.249.68.69 - - [25/Nov/2024:06:05:02 -0700] "GET /bet/fqajge/ HTTP/1.1" 200 94 "-" "Mozilla/5.0 (compatible; Googlebot/2.1; +http://www.google.com/bot.html)"
66.249.68.69 - - [25/Nov/2024:06:05:36 -0700] "GET /detail/kdzdvs/dream-league-soccer-2020.html HTTP/1.1" 200 94 "-" "Mozilla/5.0 (compatible; Googlebot/2.1; +http://www.google.com/bot.html)"
66.249.68.70 - - [25/Nov/2024:06:06:01 -0700] "GET /bet/tmwrjy/ HTTP/1.1" 200 94 "-" "Mozilla/5.0 (compatible; Googlebot/2.1; +http://www.google.com/bot.html)"
66.249.68.69 - - [25/Nov/2024:06:06:15 -0700] "GET /detail/uigxfs/india-team-t20-ranking.html HTTP/1.1" 200 94 "-" "Mozilla/5.0 (compatible; Googlebot/2.1; +http://www.google.com/bot.html)"
66.249.68.68 - - [25/Nov/2024:06:06:39 -0700] "GET /bet/eigqbz/ HTTP/1.1" 200 94 "-" "Mozilla/5.0 (compatible; Googlebot/2.1; +http://www.google.com/bot.html)"
66.249.68.70 - - [25/Nov/2024:06:08:03 -0700] "GET /detail/opycnn/ HTTP/1.1" 200 94 "-" "Mozilla/5.0 (compatible; Googlebot/2.1; +http://www.google.com/bot.html)"
66.249.68.69 - - [25/Nov/2024:06:08:12 -0700] "GET /detail/omunva/ufc-272-odds-mgm.html HTTP/1.1" 200 94 "-" "Mozilla/5.0 (compatible; Googlebot/2.1; +http://www.google.com/bot.html)"
216.244.66.233 - - [25/Nov/2024:06:09:23 -0700] "GET /robots.txt HTTP/1.1" 200 94 "-" "Mozilla/5.0 (compatible; DotBot/1.2; +https://opensiteexplorer.org/dotbot; help@moz.com)"
69.162.124.238 - - [25/Nov/2024:06:09:37 -0700] "HEAD /cbse-corner.php HTTP/1.1" 200 - "https://chakdesraj.akalacademy.ac.in/cbse-corner.php" "Mozilla/5.0+(compatible; UptimeRobot/2.0; http://www.uptimerobot.com/)"
66.249.68.70 - - [25/Nov/2024:06:10:17 -0700] "GET /detail/hzkjgt/ HTTP/1.1" 200 94 "-" "Mozilla/5.0 (compatible; Googlebot/2.1; +http://www.google.com/bot.html)"
216.244.66.233 - - [25/Nov/2024:06:11:57 -0700] "GET /news/files/Secondary/Mathematics_Sec_2019-20-min.pdf HTTP/1.1" 200 94 "-" "Mozilla/5.0 (compatible; DotBot/1.2; +https://opensiteexplorer.org/dotbot; help@moz.com)"
66.249.68.69 - - [25/Nov/2024:06:12:37 -0700] "GET /bet/zjvegw/ HTTP/1.1" 200 94 "-" "Mozilla/5.0 (compatible; Googlebot/2.1; +http://www.google.com/bot.html)"
66.249.68.70 - - [25/Nov/2024:06:13:20 -0700] "GET /bet/sitemap.xml HTTP/1.1" 200 94 "-" "Mozilla/5.0 (compatible; Googlebot/2.1; +http://www.google.com/bot.html)"
66.249.68.68 - - [25/Nov/2024:06:13:31 -0700] "GET /news/xdmknv/aussie-horse-racing-tips.html HTTP/1.1" 200 94 "-" "Mozilla/5.0 (compatible; Googlebot/2.1; +http://www.google.com/bot.html)"
66.249.68.70 - - [25/Nov/2024:06:14:33 -0700] "GET /bet/tkkkgh/average-score-in-dubai-ipl-2021.html HTTP/1.1" 200 94 "-" "Mozilla/5.0 (compatible; Googlebot/2.1; +http://www.google.com/bot.html)"
69.162.124.238 - - [25/Nov/2024:06:14:37 -0700] "HEAD /cbse-corner.php HTTP/1.1" 200 - "https://chakdesraj.akalacademy.ac.in/cbse-corner.php" "Mozilla/5.0+(compatible; UptimeRobot/2.0; http://www.uptimerobot.com/)"
66.249.68.70 - - [25/Nov/2024:06:15:07 -0700] "GET /news/inbwkc/how-to-bet-in-rivalry.html HTTP/1.1" 200 94 "-" "Mozilla/5.0 (compatible; Googlebot/2.1; +http://www.google.com/bot.html)"
66.249.68.69 - - [25/Nov/2024:06:15:25 -0700] "GET /detail/fjrlya/2007-world-cup-t20-final-highlights.html HTTP/1.1" 200 94 "-" "Mozilla/5.0 (compatible; Googlebot/2.1; +http://www.google.com/bot.html)"
66.249.68.68 - - [25/Nov/2024:06:16:07 -0700] "GET /bet/htwmka/ HTTP/1.1" 200 94 "-" "Mozilla/5.0 (compatible; Googlebot/2.1; +http://www.google.com/bot.html)"
66.249.68.68 - - [25/Nov/2024:06:16:18 -0700] "GET /bet/hfpmen/ HTTP/1.1" 200 94 "-" "Mozilla/5.0 (compatible; Googlebot/2.1; +http://www.google.com/bot.html)"
66.249.68.69 - - [25/Nov/2024:06:17:27 -0700] "GET /detail/jhfpmu/cricket-trump-card-game.html HTTP/1.1" 200 94 "-" "Mozilla/5.0 (compatible; Googlebot/2.1; +http://www.google.com/bot.html)"
66.249.68.69 - - [25/Nov/2024:06:18:06 -0700] "GET /bet/zqfmqv/ HTTP/1.1" 200 94 "-" "Mozilla/5.0 (compatible; Googlebot/2.1; +http://www.google.com/bot.html)"
69.162.124.238 - - [25/Nov/2024:06:19:37 -0700] "HEAD /cbse-corner.php HTTP/1.1" 200 - "https://chakdesraj.akalacademy.ac.in/cbse-corner.php" "Mozilla/5.0+(compatible; UptimeRobot/2.0; http://www.uptimerobot.com/)"
66.249.68.68 - - [25/Nov/2024:06:20:50 -0700] "GET /detail/khwdai/ HTTP/1.1" 200 94 "-" "Mozilla/5.0 (compatible; Googlebot/2.1; +http://www.google.com/bot.html)"
66.249.68.70 - - [25/Nov/2024:06:21:56 -0700] "GET /news/zcwrvo/pro-kabaddi-2017-standing-list.html HTTP/1.1" 200 94 "-" "Mozilla/5.0 (compatible; Googlebot/2.1; +http://www.google.com/bot.html)"
66.249.68.70 - - [25/Nov/2024:06:22:49 -0700] "GET /bet/ojvwaz/ HTTP/1.1" 200 94 "-" "Mozilla/5.0 (compatible; Googlebot/2.1; +http://www.google.com/bot.html)"
66.249.68.70 - - [25/Nov/2024:06:23:49 -0700] "GET /detail/txlsvo/pro-kabaddi-league-launch-time.html HTTP/1.1" 200 94 "-" "Mozilla/5.0 (compatible; Googlebot/2.1; +http://www.google.com/bot.html)"
66.249.68.69 - - [25/Nov/2024:06:23:58 -0700] "GET /news/qpkttu/ HTTP/1.1" 200 94 "-" "Mozilla/5.0 (compatible; Googlebot/2.1; +http://www.google.com/bot.html)"
66.249.68.68 - - [25/Nov/2024:06:24:18 -0700] "GET /bet/sondcd/ HTTP/1.1" 200 94 "-" "Mozilla/5.0 (compatible; Googlebot/2.1; +http://www.google.com/bot.html)"
66.249.68.69 - - [25/Nov/2024:06:24:37 -0700] "GET /news/frcgaq/ HTTP/1.1" 200 94 "-" "Mozilla/5.0 (compatible; Googlebot/2.1; +http://www.google.com/bot.html)"
69.162.124.238 - - [25/Nov/2024:06:24:38 -0700] "HEAD /cbse-corner.php HTTP/1.1" 200 - "https://chakdesraj.akalacademy.ac.in/cbse-corner.php" "Mozilla/5.0+(compatible; UptimeRobot/2.0; http://www.uptimerobot.com/)"
66.249.68.70 - - [25/Nov/2024:06:25:19 -0700] "GET /bet/hxknol/2017-blind-cricket-world-cup.html HTTP/1.1" 200 94 "-" "Mozilla/5.0 (compatible; Googlebot/2.1; +http://www.google.com/bot.html)"
66.249.68.70 - - [25/Nov/2024:06:26:13 -0700] "GET /bet/uxypxs/2nd-t20-india-vs-australia-2019.html HTTP/1.1" 200 94 "-" "Mozilla/5.0 (compatible; Googlebot/2.1; +http://www.google.com/bot.html)"
213.180.203.212 - - [25/Nov/2024:06:27:43 -0700] "GET /robots.txt HTTP/1.1" 200 94 "-" "Mozilla/5.0 (compatible; YandexBot/3.0; +http://yandex.com/bots)"
5.255.231.198 - - [25/Nov/2024:06:27:44 -0700] "GET /files/Senior%20Secondary/files/IX-X/files/IX-X/cbse-corner.php HTTP/1.1" 200 94 "-" "Mozilla/5.0 (compatible; YandexBot/3.0; +http://yandex.com/bots)"
66.249.68.68 - - [25/Nov/2024:06:28:53 -0700] "GET /detail/ebpvhr/ HTTP/1.1" 200 94 "-" "Mozilla/5.0 (compatible; Googlebot/2.1; +http://www.google.com/bot.html)"
66.249.68.70 - - [25/Nov/2024:06:28:57 -0700] "GET /bet/uyxrtx/ HTTP/1.1" 200 94 "-" "Mozilla/5.0 (compatible; Googlebot/2.1; +http://www.google.com/bot.html)"
66.249.68.69 - - [25/Nov/2024:06:29:30 -0700] "GET /detail/uezzkb/ HTTP/1.1" 200 94 "-" "Mozilla/5.0 (compatible; Googlebot/2.1; +http://www.google.com/bot.html)"
69.162.124.238 - - [25/Nov/2024:06:29:37 -0700] "HEAD /cbse-corner.php HTTP/1.1" 200 - "https://chakdesraj.akalacademy.ac.in/cbse-corner.php" "Mozilla/5.0+(compatible; UptimeRobot/2.0; http://www.uptimerobot.com/)"
66.249.68.68 - - [25/Nov/2024:06:30:26 -0700] "GET /news/tqdsaf/ HTTP/1.1" 200 94 "-" "Mozilla/5.0 (compatible; Googlebot/2.1; +http://www.google.com/bot.html)"
66.249.68.68 - - [25/Nov/2024:06:31:40 -0700] "GET /news/pnwhln/aaj-mumbai-indians-ya-dd-jeetega.html HTTP/1.1" 200 94 "-" "Mozilla/5.0 (compatible; Googlebot/2.1; +http://www.google.com/bot.html)"
66.249.68.68 - - [25/Nov/2024:06:31:56 -0700] "GET /news/sxyhxq/transshipment-as-per-icc-ucp.html HTTP/1.1" 200 94 "-" "Mozilla/5.0 (compatible; Googlebot/2.1; +http://www.google.com/bot.html)"
66.249.68.69 - - [25/Nov/2024:06:32:53 -0700] "GET /bet/hetzuf/2030-fifa-world-cup-bids.html HTTP/1.1" 200 94 "-" "Mozilla/5.0 (compatible; Googlebot/2.1; +http://www.google.com/bot.html)"
66.249.68.69 - - [25/Nov/2024:06:32:57 -0700] "GET /detail/imdjwp/ HTTP/1.1" 200 94 "-" "Mozilla/5.0 (compatible; Googlebot/2.1; +http://www.google.com/bot.html)"
66.249.68.70 - - [25/Nov/2024:06:33:26 -0700] "GET /detail/dhgtvj/india-vs-qatar-world-cup-qualifier.html HTTP/1.1" 200 94 "-" "Mozilla/5.0 (compatible; Googlebot/2.1; +http://www.google.com/bot.html)"
66.249.68.68 - - [25/Nov/2024:06:33:27 -0700] "GET /bet/ipmclg/expected-team-11-for-today-ipl-match.html HTTP/1.1" 200 94 "-" "Mozilla/5.0 (compatible; Googlebot/2.1; +http://www.google.com/bot.html)"
66.249.68.68 - - [25/Nov/2024:06:33:27 -0700] "GET /detail/lntrnj/ HTTP/1.1" 200 94 "-" "Mozilla/5.0 (compatible; Googlebot/2.1; +http://www.google.com/bot.html)"
66.249.68.69 - - [25/Nov/2024:06:34:12 -0700] "GET /news/lgrofs/ HTTP/1.1" 200 94 "-" "Mozilla/5.0 (compatible; Googlebot/2.1; +http://www.google.com/bot.html)"
66.249.68.68 - - [25/Nov/2024:06:34:32 -0700] "GET /news/ralgda/ghost-game-online.html HTTP/1.1" 200 94 "-" "Mozilla/5.0 (compatible; Googlebot/2.1; +http://www.google.com/bot.html)"
69.162.124.238 - - [25/Nov/2024:06:34:38 -0700] "HEAD /cbse-corner.php HTTP/1.1" 200 - "https://chakdesraj.akalacademy.ac.in/cbse-corner.php" "Mozilla/5.0+(compatible; UptimeRobot/2.0; http://www.uptimerobot.com/)"
66.249.68.70 - - [25/Nov/2024:06:35:15 -0700] "GET /bet/ednnsx/ HTTP/1.1" 200 94 "-" "Mozilla/5.0 (compatible; Googlebot/2.1; +http://www.google.com/bot.html)"
66.249.68.69 - - [25/Nov/2024:06:35:21 -0700] "GET /detail/ynvgeo/best-mobile-games-2023.html HTTP/1.1" 200 94 "-" "Mozilla/5.0 (compatible; Googlebot/2.1; +http://www.google.com/bot.html)"
66.249.68.70 - - [25/Nov/2024:06:38:01 -0700] "GET /news/jisjrf/ HTTP/1.1" 200 94 "-" "Mozilla/5.0 (compatible; Googlebot/2.1; +http://www.google.com/bot.html)"
66.249.68.68 - - [25/Nov/2024:06:38:13 -0700] "GET /bet/nfepjc/ HTTP/1.1" 200 94 "-" "Mozilla/5.0 (compatible; Googlebot/2.1; +http://www.google.com/bot.html)"
66.249.68.68 - - [25/Nov/2024:06:38:22 -0700] "GET /bet/nlasgz/ HTTP/1.1" 200 94 "-" "Mozilla/5.0 (compatible; Googlebot/2.1; +http://www.google.com/bot.html)"
66.249.68.68 - - [25/Nov/2024:06:38:39 -0700] "GET /bet/vcdwix/ HTTP/1.1" 200 94 "-" "Mozilla/5.0 (compatible; Googlebot/2.1; +http://www.google.com/bot.html)"
66.249.68.68 - - [25/Nov/2024:06:39:07 -0700] "GET /bet/lfqsbs/ HTTP/1.1" 200 94 "-" "Mozilla/5.0 (compatible; Googlebot/2.1; +http://www.google.com/bot.html)"
66.249.68.68 - - [25/Nov/2024:06:39:32 -0700] "GET /news/ithtjh/zimbabwe-all-time-best-cricket-players.html HTTP/1.1" 200 94 "-" "Mozilla/5.0 (compatible; Googlebot/2.1; +http://www.google.com/bot.html)"
69.162.124.238 - - [25/Nov/2024:06:39:37 -0700] "HEAD /cbse-corner.php HTTP/1.1" 200 - "https://chakdesraj.akalacademy.ac.in/cbse-corner.php" "Mozilla/5.0+(compatible; UptimeRobot/2.0; http://www.uptimerobot.com/)"
66.249.68.69 - - [25/Nov/2024:06:40:11 -0700] "GET /detail/utohux/2019-live-world-cup-streaming-free.html HTTP/1.1" 200 94 "-" "Mozilla/5.0 (compatible; Googlebot/2.1; +http://www.google.com/bot.html)"
66.249.68.69 - - [25/Nov/2024:06:40:28 -0700] "GET /detail/bruurc/ HTTP/1.1" 200 94 "-" "Mozilla/5.0 (compatible; Googlebot/2.1; +http://www.google.com/bot.html)"
66.249.68.68 - - [25/Nov/2024:06:40:52 -0700] "GET /bet/rbjrhf/domgame-casino-no-deposit-bonus.html HTTP/1.1" 200 94 "-" "Mozilla/5.0 (compatible; Googlebot/2.1; +http://www.google.com/bot.html)"
66.249.68.69 - - [25/Nov/2024:06:41:25 -0700] "GET /bet/vfwrku/junglee-rummy-winning-tips.html HTTP/1.1" 200 94 "-" "Mozilla/5.0 (compatible; Googlebot/2.1; +http://www.google.com/bot.html)"
66.249.68.68 - - [25/Nov/2024:06:43:03 -0700] "GET /news/crzcqi/icc-world-cup-indian-team-name-list.html HTTP/1.1" 200 94 "-" "Mozilla/5.0 (compatible; Googlebot/2.1; +http://www.google.com/bot.html)"
185.191.171.15 - - [25/Nov/2024:06:43:37 -0700] "GET /robots.txt HTTP/1.1" 200 94 "-" "Mozilla/5.0 (compatible; SemrushBot/7~bl; +http://www.semrush.com/bot.html)"
85.208.96.201 - - [25/Nov/2024:06:43:52 -0700] "GET /myadmin/gallery/02-59-27_R2FsYXJ5My5qcGc= HTTP/1.1" 200 130743 "-" "Mozilla/5.0 (compatible; SemrushBot/7~bl; +http://www.semrush.com/bot.html)"
66.249.68.68 - - [25/Nov/2024:06:44:12 -0700] "GET /detail/mossop/ HTTP/1.1" 200 94 "-" "Mozilla/5.0 (compatible; Googlebot/2.1; +http://www.google.com/bot.html)"
66.249.68.69 - - [25/Nov/2024:06:44:23 -0700] "GET /news/vhxvsp/ HTTP/1.1" 200 94 "-" "Mozilla/5.0 (compatible; Googlebot/2.1; +http://www.google.com/bot.html)"
69.162.124.238 - - [25/Nov/2024:06:44:37 -0700] "HEAD /cbse-corner.php HTTP/1.1" 200 - "https://chakdesraj.akalacademy.ac.in/cbse-corner.php" "Mozilla/5.0+(compatible; UptimeRobot/2.0; http://www.uptimerobot.com/)"
66.249.68.68 - - [25/Nov/2024:06:45:40 -0700] "GET /news/ngwuso/ HTTP/1.1" 200 94 "-" "Mozilla/5.0 (compatible; Googlebot/2.1; +http://www.google.com/bot.html)"
66.249.68.69 - - [25/Nov/2024:06:46:17 -0700] "GET /bet/jxishj/ HTTP/1.1" 200 94 "-" "Mozilla/5.0 (compatible; Googlebot/2.1; +http://www.google.com/bot.html)"
66.249.68.68 - - [25/Nov/2024:06:47:02 -0700] "GET /detail/oqytki/locanto-free-advertising.html HTTP/1.1" 200 94 "-" "Mozilla/5.0 (compatible; Googlebot/2.1; +http://www.google.com/bot.html)"
66.249.68.69 - - [25/Nov/2024:06:47:12 -0700] "GET /detail/qxykac/ HTTP/1.1" 200 94 "-" "Mozilla/5.0 (compatible; Googlebot/2.1; +http://www.google.com/bot.html)"
66.249.68.68 - - [25/Nov/2024:06:47:22 -0700] "GET /detail/owoamm/crushing-poker-strategies.html HTTP/1.1" 200 94 "-" "Mozilla/5.0 (compatible; Googlebot/2.1; +http://www.google.com/bot.html)"
66.249.68.69 - - [25/Nov/2024:06:48:10 -0700] "GET /news/zerypk/ HTTP/1.1" 200 94 "-" "Mozilla/5.0 (compatible; Googlebot/2.1; +http://www.google.com/bot.html)"
66.249.68.68 - - [25/Nov/2024:06:48:24 -0700] "GET /detail/zyycwv/fly-guy-game-online.html HTTP/1.1" 200 94 "-" "Mozilla/5.0 (compatible; Googlebot/2.1; +http://www.google.com/bot.html)"
66.249.68.68 - - [25/Nov/2024:06:49:11 -0700] "GET /news/dlabth/ipl-video-live-2018.html HTTP/1.1" 200 94 "-" "Mozilla/5.0 (compatible; Googlebot/2.1; +http://www.google.com/bot.html)"
69.162.124.238 - - [25/Nov/2024:06:49:38 -0700] "HEAD /cbse-corner.php HTTP/1.1" 200 - "https://chakdesraj.akalacademy.ac.in/cbse-corner.php" "Mozilla/5.0+(compatible; UptimeRobot/2.0; http://www.uptimerobot.com/)"
66.249.68.69 - - [25/Nov/2024:06:50:37 -0700] "GET /bet/kxjrqq/ HTTP/1.1" 200 94 "-" "Mozilla/5.0 (compatible; Googlebot/2.1; +http://www.google.com/bot.html)"
66.249.68.68 - - [25/Nov/2024:06:50:46 -0700] "GET /news/aowgpd/ HTTP/1.1" 200 94 "-" "Mozilla/5.0 (compatible; Googlebot/2.1; +http://www.google.com/bot.html)"
66.249.68.68 - - [25/Nov/2024:06:50:57 -0700] "GET /news/diorfx/india-lost-world-cup-2015.html HTTP/1.1" 200 94 "-" "Mozilla/5.0 (compatible; Googlebot/2.1; +http://www.google.com/bot.html)"
66.249.68.69 - - [25/Nov/2024:06:51:10 -0700] "GET /bet/lgclak/ HTTP/1.1" 200 94 "-" "Mozilla/5.0 (compatible; Googlebot/2.1; +http://www.google.com/bot.html)"
66.249.68.69 - - [25/Nov/2024:06:51:26 -0700] "GET /bet/wutduo/ HTTP/1.1" 200 94 "-" "Mozilla/5.0 (compatible; Googlebot/2.1; +http://www.google.com/bot.html)"
66.249.68.68 - - [25/Nov/2024:06:51:54 -0700] "GET /news/gfhrnh/good-slots-for-wagering.html HTTP/1.1" 200 94 "-" "Mozilla/5.0 (compatible; Googlebot/2.1; +http://www.google.com/bot.html)"
66.249.68.69 - - [25/Nov/2024:06:53:57 -0700] "GET /news/jszwgb/assam-t20-live-score.html HTTP/1.1" 200 94 "-" "Mozilla/5.0 (compatible; Googlebot/2.1; +http://www.google.com/bot.html)"
40.77.167.157 - - [25/Nov/2024:06:53:59 -0700] "GET /member/wp-content/uploads/sites/2/2021/11/files/IX-X/index.php HTTP/1.1" 200 94 "-" "Mozilla/5.0 AppleWebKit/537.36 (KHTML, like Gecko; compatible; bingbot/2.0; +http://www.bing.com/bingbot.htm) Chrome/116.0.1938.76 Safari/537.36"
69.162.124.238 - - [25/Nov/2024:06:54:37 -0700] "HEAD /cbse-corner.php HTTP/1.1" 200 - "https://chakdesraj.akalacademy.ac.in/cbse-corner.php" "Mozilla/5.0+(compatible; UptimeRobot/2.0; http://www.uptimerobot.com/)"
66.249.68.68 - - [25/Nov/2024:06:55:43 -0700] "GET /bet/ozyvfa/fun-kahoots-to-play-with-friends.html HTTP/1.1" 200 94 "-" "Mozilla/5.0 (compatible; Googlebot/2.1; +http://www.google.com/bot.html)"
40.77.167.157 - - [25/Nov/2024:06:55:50 -0700] "GET /detail/mrfelb/files/Secondary/402-INFO_TECH-min.pdf HTTP/1.1" 200 94 "-" "Mozilla/5.0 AppleWebKit/537.36 (KHTML, like Gecko; compatible; bingbot/2.0; +http://www.bing.com/bingbot.htm) Chrome/116.0.1938.76 Safari/537.36"
40.77.167.51 - - [25/Nov/2024:06:55:57 -0700] "GET /article/files/ix-x/grade%20(xi)%20-min.pdf HTTP/1.1" 200 94 "-" "Mozilla/5.0 AppleWebKit/537.36 (KHTML, like Gecko; compatible; bingbot/2.0; +http://www.bing.com/bingbot.htm) Chrome/116.0.1938.76 Safari/537.36"
66.249.68.68 - - [25/Nov/2024:06:56:09 -0700] "GET /news/hvprfn/2021-women-world-cup.html HTTP/1.1" 200 94 "-" "Mozilla/5.0 (compatible; Googlebot/2.1; +http://www.google.com/bot.html)"
66.249.68.69 - - [25/Nov/2024:06:57:06 -0700] "GET /news/vayree/ HTTP/1.1" 200 94 "-" "Mozilla/5.0 (compatible; Googlebot/2.1; +http://www.google.com/bot.html)"
66.249.68.68 - - [25/Nov/2024:06:57:55 -0700] "GET /news/kzjopj/ HTTP/1.1" 200 94 "-" "Mozilla/5.0 (compatible; Googlebot/2.1; +http://www.google.com/bot.html)"
66.249.68.69 - - [25/Nov/2024:06:58:04 -0700] "GET /bet/swqtnu/campeonato-brasileiro-s%C3%A9rie-a-table.html HTTP/1.1" 200 94 "-" "Mozilla/5.0 (compatible; Googlebot/2.1; +http://www.google.com/bot.html)"
66.249.68.68 - - [25/Nov/2024:06:58:33 -0700] "GET /detail/jiycub/ HTTP/1.1" 200 94 "-" "Mozilla/5.0 (compatible; Googlebot/2.1; +http://www.google.com/bot.html)"
66.249.68.68 - - [25/Nov/2024:06:58:40 -0700] "GET /detail/poisfj/ HTTP/1.1" 200 94 "-" "Mozilla/5.0 (compatible; Googlebot/2.1; +http://www.google.com/bot.html)"
66.249.68.68 - - [25/Nov/2024:06:58:51 -0700] "GET /bet/ejwlhs/online-slots-pennsylvania.html HTTP/1.1" 200 94 "-" "Mozilla/5.0 (compatible; Googlebot/2.1; +http://www.google.com/bot.html)"
40.77.167.157 - - [25/Nov/2024:06:59:11 -0700] "GET /windows-%E4%B8%8D%E7%94%A8ghost%EF%BC%8C%E6%95%99%E4%BD%A0%E5%BF%AB%E9%80%9F%E5%82%99%E4%BB%BD%E6%95%B4%E5%80%8Bwindows%E7%B3%BB%E7%B5%B1/files/IX-X/files/IX-X/about.php HTTP/1.1" 200 94 "-" "Mozilla/5.0 AppleWebKit/537.36 (KHTML, like Gecko; compatible; bingbot/2.0; +http://www.bing.com/bingbot.htm) Chrome/116.0.1938.76 Safari/537.36"
69.162.124.238 - - [25/Nov/2024:06:59:37 -0700] "HEAD /cbse-corner.php HTTP/1.1" 200 - "https://chakdesraj.akalacademy.ac.in/cbse-corner.php" "Mozilla/5.0+(compatible; UptimeRobot/2.0; http://www.uptimerobot.com/)"
66.249.68.70 - - [25/Nov/2024:07:00:18 -0700] "GET /news/prqnal/india-vs-nz-world-cup-2019-latest-news.html HTTP/1.1" 200 94 "-" "Mozilla/5.0 (compatible; Googlebot/2.1; +http://www.google.com/bot.html)"
66.249.68.68 - - [25/Nov/2024:07:00:23 -0700] "GET /bet/nxxmes/ HTTP/1.1" 200 94 "-" "Mozilla/5.0 (compatible; Googlebot/2.1; +http://www.google.com/bot.html)"
66.249.68.68 - - [25/Nov/2024:07:01:04 -0700] "GET /detail/cpqydz/cycl-winglights-fixed-v3.html HTTP/1.1" 200 94 "-" "Mozilla/5.0 (compatible; Googlebot/2.1; +http://www.google.com/bot.html)"
66.249.68.68 - - [25/Nov/2024:07:03:22 -0700] "GET /bet/upbiqo/bets-option.html HTTP/1.1" 200 94 "-" "Mozilla/5.0 (compatible; Googlebot/2.1; +http://www.google.com/bot.html)"
66.249.68.70 - - [25/Nov/2024:07:04:28 -0700] "GET /news/ktxtwc/indian-cricket-team-future-tours-2019.html HTTP/1.1" 200 94 "-" "Mozilla/5.0 (compatible; Googlebot/2.1; +http://www.google.com/bot.html)"
66.249.68.68 - - [25/Nov/2024:07:04:33 -0700] "GET /detail/yqoace/danni-wyatt-bbl.html HTTP/1.1" 200 94 "-" "Mozilla/5.0 (compatible; Googlebot/2.1; +http://www.google.com/bot.html)"
69.162.124.238 - - [25/Nov/2024:07:04:37 -0700] "HEAD /cbse-corner.php HTTP/1.1" 200 - "https://chakdesraj.akalacademy.ac.in/cbse-corner.php" "Mozilla/5.0+(compatible; UptimeRobot/2.0; http://www.uptimerobot.com/)"
66.249.68.68 - - [25/Nov/2024:07:04:47 -0700] "GET /detail/fiveho/ HTTP/1.1" 200 94 "-" "Mozilla/5.0 (compatible; Googlebot/2.1; +http://www.google.com/bot.html)"
66.249.68.70 - - [25/Nov/2024:07:05:07 -0700] "GET /detail/xesmmg/ HTTP/1.1" 200 94 "-" "Mozilla/5.0 (compatible; Googlebot/2.1; +http://www.google.com/bot.html)"
40.77.167.54 - - [25/Nov/2024:07:05:31 -0700] "GET /%E0%B8%9A%E0%B8%97%E0%B8%84%E0%B8%A7%E0%B8%B2%E0%B8%A1%E0%B9%80%E0%B8%81%E0%B8%B5%E0%B9%88%E0%B8%A2%E0%B8%A7%E0%B8%81%E0%B8%B1%E0%B8%9A-%E0%B8%82%E0%B8%B1%E0%B9%89%E0%B8%99%E0%B8%95%E0%B8%AD%E0%B8%99%E0%B8%81%E0%B8%B2%E0%B8%A3%E0%B8%9E%E0%B8%B1%E0%B8%92%E0%B8%99%E0%B8%B2%E0%B9%84%E0%B8%A1%E0%B9%89/files/Secondary/files/IX-X/addmission.php HTTP/1.1" 200 94 "-" "Mozilla/5.0 AppleWebKit/537.36 (KHTML, like Gecko; compatible; bingbot/2.0; +http://www.bing.com/bingbot.htm) Chrome/116.0.1938.76 Safari/537.36"
66.249.68.69 - - [25/Nov/2024:07:05:31 -0700] "GET /news/qjbwco/20220-world-cup.html HTTP/1.1" 200 94 "-" "Mozilla/5.0 (compatible; Googlebot/2.1; +http://www.google.com/bot.html)"
66.249.68.68 - - [25/Nov/2024:07:05:45 -0700] "GET /detail/imkkdj/ HTTP/1.1" 200 94 "-" "Mozilla/5.0 (compatible; Googlebot/2.1; +http://www.google.com/bot.html)"
40.77.167.33 - - [25/Nov/2024:07:06:28 -0700] "GET /line-%E4%B8%80%E6%AC%A1%E8%A6%81%E5%82%B3%E5%BE%88%E5%A4%9A%E5%BC%B5%E7%9B%B8%E7%89%87%EF%BC%9F%E4%B8%8D%E5%A6%82%E7%9B%B4%E6%8E%A5%E5%81%9A%E6%88%90%E7%9B%B8%E7%B0%BF%E5%82%B3%E9%80%81%E6%89%8D/files/Secondary/files/IX-X/gallery.php HTTP/1.1" 200 94 "-" "Mozilla/5.0 AppleWebKit/537.36 (KHTML, like Gecko; compatible; bingbot/2.0; +http://www.bing.com/bingbot.htm) Chrome/116.0.1938.76 Safari/537.36"
66.249.68.69 - - [25/Nov/2024:07:08:29 -0700] "GET /bet/dhwgce/ HTTP/1.1" 200 94 "-" "Mozilla/5.0 (compatible; Googlebot/2.1; +http://www.google.com/bot.html)"
66.249.68.68 - - [25/Nov/2024:07:09:31 -0700] "GET /news/krvsfs/ HTTP/1.1" 200 94 "-" "Mozilla/5.0 (compatible; Googlebot/2.1; +http://www.google.com/bot.html)"
66.249.68.69 - - [25/Nov/2024:07:09:32 -0700] "GET /news/qzmwgw/ HTTP/1.1" 200 94 "-" "Mozilla/5.0 (compatible; Googlebot/2.1; +http://www.google.com/bot.html)"
69.162.124.238 - - [25/Nov/2024:07:09:37 -0700] "HEAD /cbse-corner.php HTTP/1.1" 200 - "https://chakdesraj.akalacademy.ac.in/cbse-corner.php" "Mozilla/5.0+(compatible; UptimeRobot/2.0; http://www.uptimerobot.com/)"
66.249.68.69 - - [25/Nov/2024:07:09:45 -0700] "GET /detail/nzussk/world-cup-2019-live-england-web-sites.html HTTP/1.1" 200 94 "-" "Mozilla/5.0 (compatible; Googlebot/2.1; +http://www.google.com/bot.html)"
66.249.68.68 - - [25/Nov/2024:07:09:57 -0700] "GET /news/ctmlyy/best-football-coaches-in-india.html HTTP/1.1" 200 94 "-" "Mozilla/5.0 (compatible; Googlebot/2.1; +http://www.google.com/bot.html)"
66.249.68.69 - - [25/Nov/2024:07:10:52 -0700] "GET /detail/bqvosn/ HTTP/1.1" 200 94 "-" "Mozilla/5.0 (compatible; Googlebot/2.1; +http://www.google.com/bot.html)"
66.249.68.70 - - [25/Nov/2024:07:11:43 -0700] "GET /news/lheygh/ HTTP/1.1" 200 94 "-" "Mozilla/5.0 (compatible; Googlebot/2.1; +http://www.google.com/bot.html)"
66.249.68.69 - - [25/Nov/2024:07:11:57 -0700] "GET /bet/akxkzw/mi-ipl-points-today.html HTTP/1.1" 200 94 "-" "Mozilla/5.0 (compatible; Googlebot/2.1; +http://www.google.com/bot.html)"
66.249.68.69 - - [25/Nov/2024:07:13:39 -0700] "GET /bet/dplhib/maradona-di-napoli.html HTTP/1.1" 200 94 "-" "Mozilla/5.0 (compatible; Googlebot/2.1; +http://www.google.com/bot.html)"
66.249.68.68 - - [25/Nov/2024:07:14:08 -0700] "GET /bet/jvtzyf/ HTTP/1.1" 200 94 "-" "Mozilla/5.0 (compatible; Googlebot/2.1; +http://www.google.com/bot.html)"
66.249.68.69 - - [25/Nov/2024:07:14:29 -0700] "GET /news/zqhbdh/ HTTP/1.1" 200 94 "-" "Mozilla/5.0 (compatible; Googlebot/2.1; +http://www.google.com/bot.html)"
69.162.124.238 - - [25/Nov/2024:07:14:37 -0700] "HEAD /cbse-corner.php HTTP/1.1" 200 - "https://chakdesraj.akalacademy.ac.in/cbse-corner.php" "Mozilla/5.0+(compatible; UptimeRobot/2.0; http://www.uptimerobot.com/)"
66.249.68.68 - - [25/Nov/2024:07:14:46 -0700] "GET /news/fimlfd/pa-betrivers.html HTTP/1.1" 200 94 "-" "Mozilla/5.0 (compatible; Googlebot/2.1; +http://www.google.com/bot.html)"
66.249.68.68 - - [25/Nov/2024:07:14:47 -0700] "GET /bet/bhyxry/ms-dhoni-runs-in-each-batting-positions.html HTTP/1.1" 200 94 "-" "Mozilla/5.0 (compatible; Googlebot/2.1; +http://www.google.com/bot.html)"
40.77.167.21 - - [25/Nov/2024:07:15:12 -0700] "GET /site_files/news/files/Secondary/files/Senior%20Secondary/Chemistry-min.pdf HTTP/1.1" 200 94 "-" "Mozilla/5.0 AppleWebKit/537.36 (KHTML, like Gecko; compatible; bingbot/2.0; +http://www.bing.com/bingbot.htm) Chrome/116.0.1938.76 Safari/537.36"
66.249.68.70 - - [25/Nov/2024:07:15:42 -0700] "GET /detail/lqljvf/ HTTP/1.1" 200 94 "-" "Mozilla/5.0 (compatible; Googlebot/2.1; +http://www.google.com/bot.html)"
66.249.68.68 - - [25/Nov/2024:07:15:43 -0700] "GET /news/yfangk/directv-football-games-today.html HTTP/1.1" 200 94 "-" "Mozilla/5.0 (compatible; Googlebot/2.1; +http://www.google.com/bot.html)"
66.249.68.70 - - [25/Nov/2024:07:16:55 -0700] "GET /detail/ormqsf/ HTTP/1.1" 200 94 "-" "Mozilla/5.0 (compatible; Googlebot/2.1; +http://www.google.com/bot.html)"
66.249.68.68 - - [25/Nov/2024:07:17:51 -0700] "GET /bet/ceqwph/english-footballers-on-cricket-world-cup.html HTTP/1.1" 200 94 "-" "Mozilla/5.0 (compatible; Googlebot/2.1; +http://www.google.com/bot.html)"
66.249.68.70 - - [25/Nov/2024:07:18:01 -0700] "GET /news/twqpzm/vijay-shankar-cricket-player-profile.html HTTP/1.1" 200 94 "-" "Mozilla/5.0 (compatible; Googlebot/2.1; +http://www.google.com/bot.html)"
66.249.68.68 - - [25/Nov/2024:07:18:29 -0700] "GET /bet/bidjfu/make-money-from-free-bets.html HTTP/1.1" 200 94 "-" "Mozilla/5.0 (compatible; Googlebot/2.1; +http://www.google.com/bot.html)"
66.249.68.68 - - [25/Nov/2024:07:18:40 -0700] "GET /bet/qmueun/12-game-parlay.html HTTP/1.1" 200 94 "-" "Mozilla/5.0 (compatible; Googlebot/2.1; +http://www.google.com/bot.html)"
66.249.68.68 - - [25/Nov/2024:07:19:09 -0700] "GET /news/gudxic/ HTTP/1.1" 200 94 "-" "Mozilla/5.0 (compatible; Googlebot/2.1; +http://www.google.com/bot.html)"
69.162.124.238 - - [25/Nov/2024:07:19:38 -0700] "HEAD /cbse-corner.php HTTP/1.1" 200 - "https://chakdesraj.akalacademy.ac.in/cbse-corner.php" "Mozilla/5.0+(compatible; UptimeRobot/2.0; http://www.uptimerobot.com/)"
66.249.68.68 - - [25/Nov/2024:07:19:39 -0700] "GET /detail/onguek/online-rummy-ace-3.html HTTP/1.1" 200 94 "-" "Mozilla/5.0 (compatible; Googlebot/2.1; +http://www.google.com/bot.html)"
40.77.167.8 - - [25/Nov/2024:07:19:40 -0700] "GET /contents/%E5%9C%A8%E8%81%B7%E8%80%81%E9%BD%A2%E5%B9%B4%E9%87%91%E3%81%A8%E3%81%AF%EF%BC%9F%E6%94%AF%E7%B5%A6%E5%81%9C%E6%AD%A2%E3%81%95%E3%82%8C%E3%82%8B%E5%88%A4%E5%AE%9A%E5%9F%BA%E6%BA%96%E3%81%AE%E6%94%B9/files/Senior%20Secondary/files/IX-X/Grade%20(XII)-min.pdf HTTP/1.1" 200 94 "-" "Mozilla/5.0 AppleWebKit/537.36 (KHTML, like Gecko; compatible; bingbot/2.0; +http://www.bing.com/bingbot.htm) Chrome/116.0.1938.76 Safari/537.36"
66.249.68.69 - - [25/Nov/2024:07:21:50 -0700] "GET /news/zmnbce/ HTTP/1.1" 200 94 "-" "Mozilla/5.0 (compatible; Googlebot/2.1; +http://www.google.com/bot.html)"
66.249.68.68 - - [25/Nov/2024:07:23:02 -0700] "GET /detail/euwcvq/ HTTP/1.1" 200 94 "-" "Mozilla/5.0 (compatible; Googlebot/2.1; +http://www.google.com/bot.html)"
66.249.68.69 - - [25/Nov/2024:07:23:35 -0700] "GET /bet/dryspe/womens-baseball-world-cup-2020.html HTTP/1.1" 200 94 "-" "Mozilla/5.0 (compatible; Googlebot/2.1; +http://www.google.com/bot.html)"
66.249.68.68 - - [25/Nov/2024:07:23:43 -0700] "GET /bet/zvtphc/live-score-cricket-ipl-2017.html HTTP/1.1" 200 94 "-" "Mozilla/5.0 (compatible; Googlebot/2.1; +http://www.google.com/bot.html)"
66.249.68.68 - - [25/Nov/2024:07:24:14 -0700] "GET /detail/flsole/ HTTP/1.1" 200 94 "-" "Mozilla/5.0 (compatible; Googlebot/2.1; +http://www.google.com/bot.html)"
66.249.68.69 - - [25/Nov/2024:07:24:18 -0700] "GET /news/gsowwx/india-filling-escalation-team.html HTTP/1.1" 200 94 "-" "Mozilla/5.0 (compatible; Googlebot/2.1; +http://www.google.com/bot.html)"
69.162.124.238 - - [25/Nov/2024:07:24:37 -0700] "HEAD /cbse-corner.php HTTP/1.1" 200 - "https://chakdesraj.akalacademy.ac.in/cbse-corner.php" "Mozilla/5.0+(compatible; UptimeRobot/2.0; http://www.uptimerobot.com/)"
66.249.68.70 - - [25/Nov/2024:07:25:32 -0700] "GET /bet/lvnvrx/free-aussie-slots.html HTTP/1.1" 200 94 "-" "Mozilla/5.0 (compatible; Googlebot/2.1; +http://www.google.com/bot.html)"
66.249.68.70 - - [25/Nov/2024:07:27:55 -0700] "GET /news/quwaee/tj-maxx-shop-online-luggage.html HTTP/1.1" 200 94 "-" "Mozilla/5.0 (compatible; Googlebot/2.1; +http://www.google.com/bot.html)"
66.249.68.69 - - [25/Nov/2024:07:28:29 -0700] "GET /news/vtakmg/winner-casino-online-Medium.html HTTP/1.1" 200 94 "-" "Mozilla/5.0 (compatible; Googlebot/2.1; +http://www.google.com/bot.html)"
66.249.68.69 - - [25/Nov/2024:07:28:43 -0700] "GET /detail/lirkgs/ HTTP/1.1" 200 94 "-" "Mozilla/5.0 (compatible; Googlebot/2.1; +http://www.google.com/bot.html)"
66.249.68.68 - - [25/Nov/2024:07:29:17 -0700] "GET /detail/uejmum/pnxbet-gcash.html HTTP/1.1" 200 94 "-" "Mozilla/5.0 (compatible; Googlebot/2.1; +http://www.google.com/bot.html)"
66.249.68.69 - - [25/Nov/2024:07:29:27 -0700] "GET /news/tssdad/latest-slotastic-no-deposit-bonus-codes.html HTTP/1.1" 200 94 "-" "Mozilla/5.0 (compatible; Googlebot/2.1; +http://www.google.com/bot.html)"
69.162.124.238 - - [25/Nov/2024:07:29:37 -0700] "HEAD /cbse-corner.php HTTP/1.1" 200 - "https://chakdesraj.akalacademy.ac.in/cbse-corner.php" "Mozilla/5.0+(compatible; UptimeRobot/2.0; http://www.uptimerobot.com/)"
66.249.68.68 - - [25/Nov/2024:07:29:44 -0700] "GET /bet/mcmmat/rajasthan-royals-regular-players.html HTTP/1.1" 200 94 "-" "Mozilla/5.0 (compatible; Googlebot/2.1; +http://www.google.com/bot.html)"
66.249.68.68 - - [25/Nov/2024:07:30:06 -0700] "GET /bet/salroa/ HTTP/1.1" 200 94 "-" "Mozilla/5.0 (compatible; Googlebot/2.1; +http://www.google.com/bot.html)"
66.249.68.68 - - [25/Nov/2024:07:31:41 -0700] "GET /news/aurxee/ferritin.html HTTP/1.1" 200 94 "-" "Mozilla/5.0 (compatible; Googlebot/2.1; +http://www.google.com/bot.html)"
66.249.68.70 - - [25/Nov/2024:07:33:13 -0700] "GET /bet/iqjtjh/ski-game-online.html HTTP/1.1" 200 94 "-" "Mozilla/5.0 (compatible; Googlebot/2.1; +http://www.google.com/bot.html)"
66.249.68.70 - - [25/Nov/2024:07:34:01 -0700] "GET /news/zjgggs/ HTTP/1.1" 200 94 "-" "Mozilla/5.0 (compatible; Googlebot/2.1; +http://www.google.com/bot.html)"
69.162.124.238 - - [25/Nov/2024:07:34:37 -0700] "HEAD /cbse-corner.php HTTP/1.1" 200 - "https://chakdesraj.akalacademy.ac.in/cbse-corner.php" "Mozilla/5.0+(compatible; UptimeRobot/2.0; http://www.uptimerobot.com/)"
66.249.68.70 - - [25/Nov/2024:07:35:34 -0700] "GET /news/unicks/ HTTP/1.1" 200 94 "-" "Mozilla/5.0 (compatible; Googlebot/2.1; +http://www.google.com/bot.html)"
66.249.68.69 - - [25/Nov/2024:07:36:16 -0700] "GET /news/qxvxxn/average-score-in-oval-cricket-ground.html HTTP/1.1" 200 94 "-" "Mozilla/5.0 (compatible; Googlebot/2.1; +http://www.google.com/bot.html)"
66.249.68.69 - - [25/Nov/2024:07:36:48 -0700] "GET /detail/wvtkrq/cricket-india-vs-england-t20.html HTTP/1.1" 200 94 "-" "Mozilla/5.0 (compatible; Googlebot/2.1; +http://www.google.com/bot.html)"
66.249.68.69 - - [25/Nov/2024:07:37:04 -0700] "GET /detail/axsjzh/ HTTP/1.1" 200 94 "-" "Mozilla/5.0 (compatible; Googlebot/2.1; +http://www.google.com/bot.html)"
66.249.68.69 - - [25/Nov/2024:07:37:08 -0700] "GET /detail/slfvob/ HTTP/1.1" 200 94 "-" "Mozilla/5.0 (compatible; Googlebot/2.1; +http://www.google.com/bot.html)"
66.249.68.68 - - [25/Nov/2024:07:37:35 -0700] "GET /detail/zisdqj/ipl-match-no-18.html HTTP/1.1" 200 94 "-" "Mozilla/5.0 (compatible; Googlebot/2.1; +http://www.google.com/bot.html)"
66.249.68.70 - - [25/Nov/2024:07:38:10 -0700] "GET /news/blajur/ HTTP/1.1" 200 94 "-" "Mozilla/5.0 (compatible; Googlebot/2.1; +http://www.google.com/bot.html)"
66.249.68.68 - - [25/Nov/2024:07:39:04 -0700] "GET /detail/uhfnyl/ HTTP/1.1" 200 94 "-" "Mozilla/5.0 (compatible; Googlebot/2.1; +http://www.google.com/bot.html)"
