Cylul007 Webshell
Server :
Linux ip-148-66-134-25.ip.secureserver.net 3.10.0-1160.119.1.el7.tuxcare.els10.x86_64 #1 SMP Fri Oct 11 21:40:41 UTC 2024 x86_64
php :
8.0.30
on
cgi-fcgi
Time
25 Nov 2024 15:21:48
Current Directory :
/
home
/
amvm
/
access-logs
/
Upload File :
Mass Deface
Home
Bypass Passwd
Current File : /home/amvm/access-logs/chakbhaike.akalacademy.ac.in-ssl_log
95.108.213.213 - - [25/Nov/2024:05:10:23 -0700] "GET /robots.txt HTTP/1.1" 200 94 "-" "Mozilla/5.0 (compatible; YandexBot/3.0; +http://yandex.com/bots)"
87.250.224.42 - - [25/Nov/2024:05:10:32 -0700] "GET /befdee/c9338b-u98c/files/Secondary/files/IX-X/files/I-VIII/files/Senior%20Secondary/Eng.Core-min.pdf HTTP/1.1" 200 94 "-" "Mozilla/5.0 (compatible; YandexBot/3.0; +http://yandex.com/bots)"
66.249.79.33 - - [25/Nov/2024:05:10:59 -0700] "GET /bet/plqngc/ HTTP/1.1" 200 94 "-" "Mozilla/5.0 (compatible; Googlebot/2.1; +http://www.google.com/bot.html)"
213.180.203.177 - - [25/Nov/2024:05:11:13 -0700] "GET /deddbab/c21972d-u98c/files/Senior%20Secondary/files/I-VIII/files/Secondary/files/Senior%20Secondary/ComputerSc_NewXI-min.pdf HTTP/1.1" 200 94 "-" "Mozilla/5.0 (compatible; YandexBot/3.0; +http://yandex.com/bots)"
66.249.79.33 - - [25/Nov/2024:05:12:12 -0700] "GET /bet/xmwzgo/today-s-game-ipl.html HTTP/1.1" 200 94 "-" "Mozilla/5.0 (compatible; Googlebot/2.1; +http://www.google.com/bot.html)"
69.162.124.238 - - [25/Nov/2024:05:12:14 -0700] "HEAD /cbse-corner.php HTTP/1.1" 200 - "https://chakbhaike.akalacademy.ac.in/cbse-corner.php" "Mozilla/5.0+(compatible; UptimeRobot/2.0; http://www.uptimerobot.com/)"
66.249.79.34 - - [25/Nov/2024:05:12:28 -0700] "GET /news/auewaf/aus-vs-eng-joe-root-catch.html HTTP/1.1" 200 94 "-" "Mozilla/5.0 (compatible; Googlebot/2.1; +http://www.google.com/bot.html)"
66.249.79.33 - - [25/Nov/2024:05:13:07 -0700] "GET /bet/embbmq/espn-live-cricket-ball-by-ball-coverage.html HTTP/1.1" 200 94 "-" "Mozilla/5.0 (compatible; Googlebot/2.1; +http://www.google.com/bot.html)"
95.108.213.79 - - [25/Nov/2024:05:13:07 -0700] "GET /files/Secondary/files/IX-X/files/Senior%20Secondary/Physics-min.pdf HTTP/1.1" 200 94 "-" "Mozilla/5.0 (compatible; YandexBot/3.0; +http://yandex.com/bots)"
66.249.79.35 - - [25/Nov/2024:05:14:03 -0700] "GET /detail/eqxywj/ HTTP/1.1" 200 94 "-" "Mozilla/5.0 (compatible; Googlebot/2.1; +http://www.google.com/bot.html)"
66.249.79.34 - - [25/Nov/2024:05:14:36 -0700] "GET /bet/izkram/ HTTP/1.1" 200 94 "-" "Mozilla/5.0 (compatible; Googlebot/2.1; +http://www.google.com/bot.html)"
66.249.79.35 - - [25/Nov/2024:05:15:11 -0700] "GET /news/xclcgd/indian-online-casino-game.html HTTP/1.1" 200 94 "-" "Mozilla/5.0 (compatible; Googlebot/2.1; +http://www.google.com/bot.html)"
66.249.79.34 - - [25/Nov/2024:05:15:31 -0700] "GET /bet/txhmim/indian-cricket-ground-mountains.html HTTP/1.1" 200 94 "-" "Mozilla/5.0 (compatible; Googlebot/2.1; +http://www.google.com/bot.html)"
66.249.79.34 - - [25/Nov/2024:05:16:48 -0700] "GET /news/ryidxw/ HTTP/1.1" 200 94 "-" "Mozilla/5.0 (compatible; Googlebot/2.1; +http://www.google.com/bot.html)"
69.162.124.238 - - [25/Nov/2024:05:17:14 -0700] "HEAD /cbse-corner.php HTTP/1.1" 200 - "https://chakbhaike.akalacademy.ac.in/cbse-corner.php" "Mozilla/5.0+(compatible; UptimeRobot/2.0; http://www.uptimerobot.com/)"
66.249.79.34 - - [25/Nov/2024:05:17:47 -0700] "GET /detail/bsfwaa/ HTTP/1.1" 200 94 "-" "Mozilla/5.0 (compatible; Googlebot/2.1; +http://www.google.com/bot.html)"
66.249.79.34 - - [25/Nov/2024:05:19:40 -0700] "GET /news/nxescm/ HTTP/1.1" 200 94 "-" "Mozilla/5.0 (compatible; Googlebot/2.1; +http://www.google.com/bot.html)"
66.249.79.34 - - [25/Nov/2024:05:20:05 -0700] "GET /bet/mcnxoe/ HTTP/1.1" 200 94 "-" "Mozilla/5.0 (compatible; Googlebot/2.1; +http://www.google.com/bot.html)"
66.249.68.36 - - [25/Nov/2024:05:20:10 -0700] "GET /detail/sgylvl/ HTTP/1.1" 200 94 "-" "Mozilla/5.0 (compatible; Googlebot/2.1; +http://www.google.com/bot.html)"
66.249.79.33 - - [25/Nov/2024:05:20:15 -0700] "GET /bet/awchws/ HTTP/1.1" 200 94 "-" "Mozilla/5.0 (compatible; Googlebot/2.1; +http://www.google.com/bot.html)"
213.180.203.106 - - [25/Nov/2024:05:21:20 -0700] "GET /files/Senior%20Secondary/files/IX-X/files/Secondary/files/Senior%20Secondary/Chemistry-min.pdf HTTP/1.1" 200 94 "-" "Mozilla/5.0 (compatible; YandexBot/3.0; +http://yandex.com/bots)"
66.249.79.33 - - [25/Nov/2024:05:21:50 -0700] "GET /bet/uyckvp/ HTTP/1.1" 200 94 "-" "Mozilla/5.0 (compatible; Googlebot/2.1; +http://www.google.com/bot.html)"
69.162.124.238 - - [25/Nov/2024:05:22:14 -0700] "HEAD /cbse-corner.php HTTP/1.1" 200 - "https://chakbhaike.akalacademy.ac.in/cbse-corner.php" "Mozilla/5.0+(compatible; UptimeRobot/2.0; http://www.uptimerobot.com/)"
66.249.79.35 - - [25/Nov/2024:05:22:37 -0700] "GET /detail/wbzdei/ HTTP/1.1" 200 94 "-" "Mozilla/5.0 (compatible; Googlebot/2.1; +http://www.google.com/bot.html)"
95.108.213.96 - - [25/Nov/2024:05:22:59 -0700] "GET /bfdabeedefe/c44932b-u97c/files/Secondary/files/Secondary/Intitial_pages_sec_2019-20-min.pdf HTTP/1.1" 200 94 "-" "Mozilla/5.0 (compatible; YandexBot/3.0; +http://yandex.com/bots)"
5.255.231.78 - - [25/Nov/2024:05:23:39 -0700] "GET /eebbaffeeebb/c9600e-u98c/files/Secondary/files/Secondary/files/Senior%20Secondary/BusinessStudies-min.pdf HTTP/1.1" 200 94 "-" "Mozilla/5.0 (compatible; YandexBot/3.0; +http://yandex.com/bots)"
66.249.79.35 - - [25/Nov/2024:05:24:55 -0700] "GET /bet/eehhws/ HTTP/1.1" 200 94 "-" "Mozilla/5.0 (compatible; Googlebot/2.1; +http://www.google.com/bot.html)"
66.249.79.35 - - [25/Nov/2024:05:24:55 -0700] "GET /news/ouubfc/womens-t20-qualifier-2019.html HTTP/1.1" 200 94 "-" "Mozilla/5.0 (compatible; Googlebot/2.1; +http://www.google.com/bot.html)"
66.249.79.35 - - [25/Nov/2024:05:25:05 -0700] "GET /news/fbzety/ HTTP/1.1" 200 94 "-" "Mozilla/5.0 (compatible; Googlebot/2.1; +http://www.google.com/bot.html)"
66.249.79.33 - - [25/Nov/2024:05:25:30 -0700] "GET /detail/pfczsg/bcci-bans-beef-from-team-india's-menu.html HTTP/1.1" 200 94 "-" "Mozilla/5.0 (compatible; Googlebot/2.1; +http://www.google.com/bot.html)"
66.249.79.35 - - [25/Nov/2024:05:26:27 -0700] "GET /detail/erngzn/sri-lanka-icc-wc-2019.html HTTP/1.1" 200 94 "-" "Mozilla/5.0 (compatible; Googlebot/2.1; +http://www.google.com/bot.html)"
66.249.79.34 - - [25/Nov/2024:05:26:41 -0700] "GET /detail/mnzdgu/which-indian-is-excluded-in-icc-umpires.html HTTP/1.1" 200 94 "-" "Mozilla/5.0 (compatible; Googlebot/2.1; +http://www.google.com/bot.html)"
66.249.79.33 - - [25/Nov/2024:05:26:56 -0700] "GET /bet/itponj/ HTTP/1.1" 200 94 "-" "Mozilla/5.0 (compatible; Googlebot/2.1; +http://www.google.com/bot.html)"
66.249.79.34 - - [25/Nov/2024:05:27:04 -0700] "GET /detail/gngdnj/asia-gaming-online-casino.html HTTP/1.1" 200 94 "-" "Mozilla/5.0 (compatible; Googlebot/2.1; +http://www.google.com/bot.html)"
69.162.124.238 - - [25/Nov/2024:05:27:14 -0700] "HEAD /cbse-corner.php HTTP/1.1" 200 - "https://chakbhaike.akalacademy.ac.in/cbse-corner.php" "Mozilla/5.0+(compatible; UptimeRobot/2.0; http://www.uptimerobot.com/)"
66.249.79.203 - - [25/Nov/2024:05:29:04 -0700] "GET /detail/ilqoan/ HTTP/1.1" 200 94 "-" "Mozilla/5.0 (compatible; Googlebot/2.1; +http://www.google.com/bot.html)"
66.249.79.34 - - [25/Nov/2024:05:29:16 -0700] "GET /news/jcrerw/ HTTP/1.1" 200 94 "-" "Mozilla/5.0 (compatible; Googlebot/2.1; +http://www.google.com/bot.html)"
66.249.79.35 - - [25/Nov/2024:05:30:53 -0700] "GET /detail/shtgmm/ HTTP/1.1" 200 94 "-" "Mozilla/5.0 (compatible; Googlebot/2.1; +http://www.google.com/bot.html)"
5.255.231.105 - - [25/Nov/2024:05:32:00 -0700] "GET /afeeeadde/c27011a-u104c/files/Secondary/files/IX-X/files/Senior%20Secondary/files/Senior%20Secondary/PhysicalEducation-min.pdf HTTP/1.1" 200 94 "-" "Mozilla/5.0 (compatible; YandexBot/3.0; +http://yandex.com/bots)"
69.162.124.238 - - [25/Nov/2024:05:32:14 -0700] "HEAD /cbse-corner.php HTTP/1.1" 200 - "https://chakbhaike.akalacademy.ac.in/cbse-corner.php" "Mozilla/5.0+(compatible; UptimeRobot/2.0; http://www.uptimerobot.com/)"
213.180.203.176 - - [25/Nov/2024:05:33:43 -0700] "GET /files/IX-X/files/IX-X/files/Senior%20Secondary/ComputerSc_NewXII-min.pdf HTTP/1.1" 200 94 "-" "Mozilla/5.0 (compatible; YandexBot/3.0; +http://yandex.com/bots)"
213.180.203.125 - - [25/Nov/2024:05:34:03 -0700] "GET /bfdabeedefe/c44932b-u97c/files/IX-X/files/Secondary/417-IX-min.pdf HTTP/1.1" 200 94 "-" "Mozilla/5.0 (compatible; YandexBot/3.0; +http://yandex.com/bots)"
66.249.79.34 - - [25/Nov/2024:05:34:47 -0700] "GET /news/jsccri/playamo-casino-bonus-code.html HTTP/1.1" 200 94 "-" "Mozilla/5.0 (compatible; Googlebot/2.1; +http://www.google.com/bot.html)"
66.249.79.33 - - [25/Nov/2024:05:35:13 -0700] "GET /bet/scbqbp/ HTTP/1.1" 200 94 "-" "Mozilla/5.0 (compatible; Googlebot/2.1; +http://www.google.com/bot.html)"
5.255.231.69 - - [25/Nov/2024:05:35:55 -0700] "GET /eefdeeaddb/c21343e-u98c/files/Secondary/files/Senior%20Secondary/files/I-VIII/files/I-VIII/VI-X%20Hindi-min.pdf HTTP/1.1" 200 94 "-" "Mozilla/5.0 (compatible; YandexBot/3.0; +http://yandex.com/bots)"
66.249.79.33 - - [25/Nov/2024:05:36:00 -0700] "GET /detail/untjxu/ HTTP/1.1" 200 94 "-" "Mozilla/5.0 (compatible; Googlebot/2.1; +http://www.google.com/bot.html)"
66.249.79.33 - - [25/Nov/2024:05:36:33 -0700] "GET /bet/fyrjlt/ HTTP/1.1" 200 94 "-" "Mozilla/5.0 (compatible; Googlebot/2.1; +http://www.google.com/bot.html)"
66.249.79.33 - - [25/Nov/2024:05:36:37 -0700] "GET /detail/wgsdwp/all-new-cricket-game-download.html HTTP/1.1" 200 94 "-" "Mozilla/5.0 (compatible; Googlebot/2.1; +http://www.google.com/bot.html)"
66.249.79.33 - - [25/Nov/2024:05:37:02 -0700] "GET /news/gqvyqb/money-line-super-bowl-odds.html HTTP/1.1" 200 94 "-" "Mozilla/5.0 (compatible; Googlebot/2.1; +http://www.google.com/bot.html)"
69.162.124.238 - - [25/Nov/2024:05:37:14 -0700] "HEAD /cbse-corner.php HTTP/1.1" 200 - "https://chakbhaike.akalacademy.ac.in/cbse-corner.php" "Mozilla/5.0+(compatible; UptimeRobot/2.0; http://www.uptimerobot.com/)"
66.249.79.33 - - [25/Nov/2024:05:37:20 -0700] "GET /detail/podwsd/score-ipl-dc-vs-mi.html HTTP/1.1" 200 94 "-" "Mozilla/5.0 (compatible; Googlebot/2.1; +http://www.google.com/bot.html)"
66.249.79.33 - - [25/Nov/2024:05:37:49 -0700] "GET /news/senlzj/ HTTP/1.1" 200 94 "-" "Mozilla/5.0 (compatible; Googlebot/2.1; +http://www.google.com/bot.html)"
66.249.79.34 - - [25/Nov/2024:05:38:56 -0700] "GET /bet/sbxbbe/ HTTP/1.1" 200 94 "-" "Mozilla/5.0 (compatible; Googlebot/2.1; +http://www.google.com/bot.html)"
66.249.79.33 - - [25/Nov/2024:05:39:54 -0700] "GET /detail/qtgucy/asia-cup-2017-fixture-50-over-espn.html HTTP/1.1" 200 94 "-" "Mozilla/5.0 (compatible; Googlebot/2.1; +http://www.google.com/bot.html)"
66.249.79.35 - - [25/Nov/2024:05:39:54 -0700] "GET /bet/fkudmy/eoin-morgan-stats-in-icc-world-cup-2019.html HTTP/1.1" 200 94 "-" "Mozilla/5.0 (compatible; Googlebot/2.1; +http://www.google.com/bot.html)"
66.249.79.33 - - [25/Nov/2024:05:40:22 -0700] "GET /detail/mhkuaz/ HTTP/1.1" 200 94 "-" "Mozilla/5.0 (compatible; Googlebot/2.1; +http://www.google.com/bot.html)"
66.249.79.33 - - [25/Nov/2024:05:40:52 -0700] "GET /detail/ogivnx/is-quinton-de-kock-play-on-17-may.html HTTP/1.1" 200 94 "-" "Mozilla/5.0 (compatible; Googlebot/2.1; +http://www.google.com/bot.html)"
66.249.79.35 - - [25/Nov/2024:05:41:58 -0700] "GET /bet/jclfdz/www.utube-world-cup-2018.html HTTP/1.1" 200 94 "-" "Mozilla/5.0 (compatible; Googlebot/2.1; +http://www.google.com/bot.html)"
69.162.124.238 - - [25/Nov/2024:05:42:14 -0700] "HEAD /cbse-corner.php HTTP/1.1" 200 - "https://chakbhaike.akalacademy.ac.in/cbse-corner.php" "Mozilla/5.0+(compatible; UptimeRobot/2.0; http://www.uptimerobot.com/)"
66.249.79.33 - - [25/Nov/2024:05:42:51 -0700] "GET /news/bvvbid/total-world-cup-cricket.html HTTP/1.1" 200 94 "-" "Mozilla/5.0 (compatible; Googlebot/2.1; +http://www.google.com/bot.html)"
66.249.79.34 - - [25/Nov/2024:05:43:25 -0700] "GET /bet/frbuxy/ HTTP/1.1" 200 94 "-" "Mozilla/5.0 (compatible; Googlebot/2.1; +http://www.google.com/bot.html)"
66.249.79.33 - - [25/Nov/2024:05:44:35 -0700] "GET /detail/asgwbh/ HTTP/1.1" 200 94 "-" "Mozilla/5.0 (compatible; Googlebot/2.1; +http://www.google.com/bot.html)"
66.249.79.34 - - [25/Nov/2024:05:44:56 -0700] "GET /news/okeblh/ HTTP/1.1" 200 94 "-" "Mozilla/5.0 (compatible; Googlebot/2.1; +http://www.google.com/bot.html)"
87.250.224.244 - - [25/Nov/2024:05:45:37 -0700] "GET /eeddefeee/c36357e-u98c/files/IX-X/files/Senior%20Secondary/files/Secondary/417-FAQ-min.pdf HTTP/1.1" 200 94 "-" "Mozilla/5.0 (compatible; YandexBot/3.0; +http://yandex.com/bots)"
66.249.79.33 - - [25/Nov/2024:05:45:44 -0700] "GET /news/kyipfa/ HTTP/1.1" 200 94 "-" "Mozilla/5.0 (compatible; Googlebot/2.1; +http://www.google.com/bot.html)"
66.249.79.35 - - [25/Nov/2024:05:45:45 -0700] "GET /news/mbmcta/ HTTP/1.1" 200 94 "-" "Mozilla/5.0 (compatible; Googlebot/2.1; +http://www.google.com/bot.html)"
87.250.224.230 - - [25/Nov/2024:05:46:42 -0700] "GET /deddbab/c21972d-u98c/files/I-VIII/files/Senior%20Secondary/files/Senior%20Secondary/BusinessStudies-min.pdf HTTP/1.1" 200 94 "-" "Mozilla/5.0 (compatible; YandexBot/3.0; +http://yandex.com/bots)"
5.255.231.90 - - [25/Nov/2024:05:46:47 -0700] "GET /afa/c40563c-u107c/files/Senior%20Secondary/files/IX-X/files/Senior%20Secondary/Psychology-min.pdf HTTP/1.1" 200 94 "-" "Mozilla/5.0 (compatible; YandexBot/3.0; +http://yandex.com/bots)"
66.249.79.33 - - [25/Nov/2024:05:47:09 -0700] "GET /detail/aukmcm/ HTTP/1.1" 200 94 "-" "Mozilla/5.0 (compatible; Googlebot/2.1; +http://www.google.com/bot.html)"
66.249.79.34 - - [25/Nov/2024:05:47:14 -0700] "GET /news/ksjggm/dist-bet-basti-and-kushinagar.html HTTP/1.1" 200 94 "-" "Mozilla/5.0 (compatible; Googlebot/2.1; +http://www.google.com/bot.html)"
66.249.79.33 - - [25/Nov/2024:05:47:39 -0700] "GET /detail/arztcm/sachin-tendulkar-t20-world-cup-2012.html HTTP/1.1" 200 94 "-" "Mozilla/5.0 (compatible; Googlebot/2.1; +http://www.google.com/bot.html)"
66.249.79.33 - - [25/Nov/2024:05:47:41 -0700] "GET /detail/raoaer/being-indian-delhi-vs-mumbai.html HTTP/1.1" 200 94 "-" "Mozilla/5.0 (compatible; Googlebot/2.1; +http://www.google.com/bot.html)"
66.249.79.33 - - [25/Nov/2024:05:47:59 -0700] "GET /news/xcayir/papas-games-free-online.html HTTP/1.1" 200 94 "-" "Mozilla/5.0 (compatible; Googlebot/2.1; +http://www.google.com/bot.html)"
69.162.124.238 - - [25/Nov/2024:05:48:28 -0700] "HEAD /cbse-corner.php HTTP/1.1" 200 - "https://chakbhaike.akalacademy.ac.in/cbse-corner.php" "Mozilla/5.0+(compatible; UptimeRobot/2.0; http://www.uptimerobot.com/)"
66.249.79.34 - - [25/Nov/2024:05:50:02 -0700] "GET /detail/lqlucy/ HTTP/1.1" 200 94 "-" "Mozilla/5.0 (compatible; Googlebot/2.1; +http://www.google.com/bot.html)"
66.249.79.34 - - [25/Nov/2024:05:50:47 -0700] "GET /bet/cyyxym/ HTTP/1.1" 200 94 "-" "Mozilla/5.0 (compatible; Googlebot/2.1; +http://www.google.com/bot.html)"
66.249.79.33 - - [25/Nov/2024:05:51:00 -0700] "GET /detail/olzkrv/ HTTP/1.1" 200 94 "-" "Mozilla/5.0 (compatible; Googlebot/2.1; +http://www.google.com/bot.html)"
66.249.79.33 - - [25/Nov/2024:05:51:24 -0700] "GET /bet/powkeb/world-cup-2018-live-free-streaming.html HTTP/1.1" 200 94 "-" "Mozilla/5.0 (compatible; Googlebot/2.1; +http://www.google.com/bot.html)"
213.180.203.105 - - [25/Nov/2024:05:52:20 -0700] "GET /bedddead/c1792b-u99c/files/Secondary/files/Senior%20Secondary/ComputerSc_NewXI-min.pdf HTTP/1.1" 200 94 "-" "Mozilla/5.0 (compatible; YandexBot/3.0; +http://yandex.com/bots)"
66.249.79.33 - - [25/Nov/2024:05:52:42 -0700] "GET /detail/ehvwdj/games-invented-in-india.html HTTP/1.1" 200 94 "-" "Mozilla/5.0 (compatible; Googlebot/2.1; +http://www.google.com/bot.html)"
66.249.79.34 - - [25/Nov/2024:05:52:45 -0700] "GET /bet/blgpsr/ HTTP/1.1" 200 94 "-" "Mozilla/5.0 (compatible; Googlebot/2.1; +http://www.google.com/bot.html)"
5.255.231.100 - - [25/Nov/2024:05:52:50 -0700] "GET /files/Senior%20Secondary/files/IX-X/files/I-VIII/files/Senior%20Secondary/History-min.pdf HTTP/1.1" 200 94 "-" "Mozilla/5.0 (compatible; YandexBot/3.0; +http://yandex.com/bots)"
66.249.79.33 - - [25/Nov/2024:05:52:50 -0700] "GET /bet/enkkcy/vegas-magic-shows-2022.html HTTP/1.1" 200 94 "-" "Mozilla/5.0 (compatible; Googlebot/2.1; +http://www.google.com/bot.html)"
66.249.79.35 - - [25/Nov/2024:05:53:12 -0700] "GET /bet/bvgord/ HTTP/1.1" 200 94 "-" "Mozilla/5.0 (compatible; Googlebot/2.1; +http://www.google.com/bot.html)"
69.162.124.238 - - [25/Nov/2024:05:53:26 -0700] "HEAD /cbse-corner.php HTTP/1.1" 200 - "https://chakbhaike.akalacademy.ac.in/cbse-corner.php" "Mozilla/5.0+(compatible; UptimeRobot/2.0; http://www.uptimerobot.com/)"
66.249.79.33 - - [25/Nov/2024:05:53:34 -0700] "GET /news/deazim/south-africa-world-cup-2019-player-list.html HTTP/1.1" 200 94 "-" "Mozilla/5.0 (compatible; Googlebot/2.1; +http://www.google.com/bot.html)"
66.249.79.33 - - [25/Nov/2024:05:53:45 -0700] "GET /bet/uffpqh/new-earning-app-rummy-Medium.html HTTP/1.1" 200 94 "-" "Mozilla/5.0 (compatible; Googlebot/2.1; +http://www.google.com/bot.html)"
87.250.224.42 - - [25/Nov/2024:05:53:49 -0700] "GET /afa/c40563c-u107c/files/Senior%20Secondary/files/IX-X/files/IX-X/Grade%20(XII)-min.pdf HTTP/1.1" 200 94 "-" "Mozilla/5.0 (compatible; YandexBot/3.0; +http://yandex.com/bots)"
66.249.79.35 - - [25/Nov/2024:05:54:02 -0700] "GET /detail/cxntps/ HTTP/1.1" 200 94 "-" "Mozilla/5.0 (compatible; Googlebot/2.1; +http://www.google.com/bot.html)"
213.180.203.177 - - [25/Nov/2024:05:54:31 -0700] "GET /files/I-VIII/files/Senior%20Secondary/files/Secondary/Science_Sec_2019-20-min.pdf HTTP/1.1" 200 94 "-" "Mozilla/5.0 (compatible; YandexBot/3.0; +http://yandex.com/bots)"
66.249.79.35 - - [25/Nov/2024:05:55:29 -0700] "GET /bet/itkcwu/ HTTP/1.1" 200 94 "-" "Mozilla/5.0 (compatible; Googlebot/2.1; +http://www.google.com/bot.html)"
66.249.79.34 - - [25/Nov/2024:05:58:10 -0700] "GET /bet/snmrxs/dream11-dream11-app.html HTTP/1.1" 200 94 "-" "Mozilla/5.0 (compatible; Googlebot/2.1; +http://www.google.com/bot.html)"
69.162.124.238 - - [25/Nov/2024:05:58:26 -0700] "HEAD /cbse-corner.php HTTP/1.1" 200 - "https://chakbhaike.akalacademy.ac.in/cbse-corner.php" "Mozilla/5.0+(compatible; UptimeRobot/2.0; http://www.uptimerobot.com/)"
66.249.79.34 - - [25/Nov/2024:05:59:01 -0700] "GET /news/pamwqi/pro-kabaddi-team-owners-list-2017.html HTTP/1.1" 200 94 "-" "Mozilla/5.0 (compatible; Googlebot/2.1; +http://www.google.com/bot.html)"
66.249.79.34 - - [25/Nov/2024:05:59:29 -0700] "GET /news/bevxbh/ HTTP/1.1" 200 94 "-" "Mozilla/5.0 (compatible; Googlebot/2.1; +http://www.google.com/bot.html)"
66.249.79.35 - - [25/Nov/2024:06:00:13 -0700] "GET /news/ughhae/free-streaming-sites-for-world-cup.html HTTP/1.1" 200 94 "-" "Mozilla/5.0 (compatible; Googlebot/2.1; +http://www.google.com/bot.html)"
66.249.79.33 - - [25/Nov/2024:06:01:09 -0700] "GET /news/qcfjfj/ HTTP/1.1" 200 94 "-" "Mozilla/5.0 (compatible; Googlebot/2.1; +http://www.google.com/bot.html)"
66.249.79.35 - - [25/Nov/2024:06:01:10 -0700] "GET /news/eymcml/ HTTP/1.1" 200 94 "-" "Mozilla/5.0 (compatible; Googlebot/2.1; +http://www.google.com/bot.html)"
95.108.213.176 - - [25/Nov/2024:06:01:24 -0700] "GET /robots.txt HTTP/1.1" 200 94 "-" "Mozilla/5.0 (compatible; YandexBot/3.0; +http://yandex.com/bots)"
95.108.213.127 - - [25/Nov/2024:06:01:25 -0700] "GET /deddeddedde/c44874d-u118c/files/Senior%20Secondary/files/IX-X/files/Secondary/files/Senior%20Secondary/PoliticalScience-min.pdf HTTP/1.1" 200 94 "-" "Mozilla/5.0 (compatible; YandexBot/3.0; +http://yandex.com/bots)"
66.249.79.34 - - [25/Nov/2024:06:01:33 -0700] "GET /detail/lhjeil/asisha-cup-t20-in-w-bd-w-paling-xi.html HTTP/1.1" 200 94 "-" "Mozilla/5.0 (compatible; Googlebot/2.1; +http://www.google.com/bot.html)"
213.180.203.10 - - [25/Nov/2024:06:01:48 -0700] "GET /adafedad/c8456a-u98c/files/Senior%20Secondary/files/Senior%20Secondary/14_Circular_2019ANX2-min.pdf HTTP/1.1" 200 94 "-" "Mozilla/5.0 (compatible; YandexBot/3.0; +http://yandex.com/bots)"
66.249.79.34 - - [25/Nov/2024:06:02:22 -0700] "GET /bet/awhhgw/best-rated-poker-sites.html HTTP/1.1" 200 94 "-" "Mozilla/5.0 (compatible; Googlebot/2.1; +http://www.google.com/bot.html)"
66.249.79.34 - - [25/Nov/2024:06:03:03 -0700] "GET /news/fyotqp/ HTTP/1.1" 200 94 "-" "Mozilla/5.0 (compatible; Googlebot/2.1; +http://www.google.com/bot.html)"
66.249.79.33 - - [25/Nov/2024:06:03:03 -0700] "GET /news/bwwkvv/ HTTP/1.1" 200 94 "-" "Mozilla/5.0 (compatible; Googlebot/2.1; +http://www.google.com/bot.html)"
66.249.79.34 - - [25/Nov/2024:06:03:05 -0700] "GET /bet/suhcfu/ HTTP/1.1" 200 94 "-" "Mozilla/5.0 (compatible; Googlebot/2.1; +http://www.google.com/bot.html)"
69.162.124.238 - - [25/Nov/2024:06:03:26 -0700] "HEAD /cbse-corner.php HTTP/1.1" 200 - "https://chakbhaike.akalacademy.ac.in/cbse-corner.php" "Mozilla/5.0+(compatible; UptimeRobot/2.0; http://www.uptimerobot.com/)"
87.250.224.203 - - [25/Nov/2024:06:04:43 -0700] "GET /robots.txt HTTP/1.1" 200 94 "-" "Mozilla/5.0 (compatible; YandexBot/3.0; +http://yandex.com/bots)"
5.255.231.85 - - [25/Nov/2024:06:04:44 -0700] "GET /files/Senior%20Secondary/files/Senior%20Secondary/files/IX-X/files/I-VIII/cbse-corner.php HTTP/1.1" 200 94 "-" "Mozilla/5.0 (compatible; YandexBot/3.0; +http://yandex.com/bots)"
66.249.79.35 - - [25/Nov/2024:06:05:17 -0700] "GET /detail/kfsqrx/ligue-1-live-scores-today.html HTTP/1.1" 200 94 "-" "Mozilla/5.0 (compatible; Googlebot/2.1; +http://www.google.com/bot.html)"
66.249.79.34 - - [25/Nov/2024:06:05:25 -0700] "GET /news/detith/winds-casino-resort.html HTTP/1.1" 200 94 "-" "Mozilla/5.0 (compatible; Googlebot/2.1; +http://www.google.com/bot.html)"
66.249.79.33 - - [25/Nov/2024:06:06:12 -0700] "GET /news/plevvj/ HTTP/1.1" 200 94 "-" "Mozilla/5.0 (compatible; Googlebot/2.1; +http://www.google.com/bot.html)"
66.249.79.34 - - [25/Nov/2024:06:06:23 -0700] "GET /bet/mhyewq/play-cricket-games-at-agame.html HTTP/1.1" 200 94 "-" "Mozilla/5.0 (compatible; Googlebot/2.1; +http://www.google.com/bot.html)"
66.249.79.33 - - [25/Nov/2024:06:07:14 -0700] "GET /detail/hgggyk/3rd-t20-new-zealand-india.html HTTP/1.1" 200 94 "-" "Mozilla/5.0 (compatible; Googlebot/2.1; +http://www.google.com/bot.html)"
66.249.79.34 - - [25/Nov/2024:06:07:20 -0700] "GET /detail/bniwjf/ HTTP/1.1" 200 94 "-" "Mozilla/5.0 (compatible; Googlebot/2.1; +http://www.google.com/bot.html)"
69.162.124.238 - - [25/Nov/2024:06:08:26 -0700] "HEAD /cbse-corner.php HTTP/1.1" 200 - "https://chakbhaike.akalacademy.ac.in/cbse-corner.php" "Mozilla/5.0+(compatible; UptimeRobot/2.0; http://www.uptimerobot.com/)"
66.249.79.34 - - [25/Nov/2024:06:08:45 -0700] "GET /detail/tsisin/league-of-legends-user-reviews.html HTTP/1.1" 200 94 "-" "Mozilla/5.0 (compatible; Googlebot/2.1; +http://www.google.com/bot.html)"
213.180.203.56 - - [25/Nov/2024:06:08:46 -0700] "GET /ab/c23089a-u99c/bea.mitvoth HTTP/1.1" 200 94 "-" "Mozilla/5.0 (compatible; YandexBot/3.0; +http://yandex.com/bots)"
5.255.231.74 - - [25/Nov/2024:06:09:14 -0700] "GET /deddbab/c21972d-u98c/files/I-VIII/files/Senior%20Secondary/files/Senior%20Secondary/files/Secondary/Hindi_B_sec%202019-20-min.pdf HTTP/1.1" 200 94 "-" "Mozilla/5.0 (compatible; YandexBot/3.0; +http://yandex.com/bots)"
66.249.79.35 - - [25/Nov/2024:06:09:36 -0700] "GET /detail/ideeui/hockey-world-cup-india-vs-japan.html HTTP/1.1" 200 94 "-" "Mozilla/5.0 (compatible; Googlebot/2.1; +http://www.google.com/bot.html)"
85.208.96.198 - - [25/Nov/2024:06:10:51 -0700] "GET /robots.txt HTTP/1.1" 200 94 "-" "Mozilla/5.0 (compatible; SemrushBot/7~bl; +http://www.semrush.com/bot.html)"
185.191.171.4 - - [25/Nov/2024:06:10:52 -0700] "GET / HTTP/1.1" 200 94 "-" "Mozilla/5.0 (compatible; SemrushBot/7~bl; +http://www.semrush.com/bot.html)"
66.249.79.33 - - [25/Nov/2024:06:11:00 -0700] "GET /bet/swrxql/texas-holdem-button.html HTTP/1.1" 200 94 "-" "Mozilla/5.0 (compatible; Googlebot/2.1; +http://www.google.com/bot.html)"
66.249.79.33 - - [25/Nov/2024:06:11:19 -0700] "GET /bet/hmjiff/ HTTP/1.1" 200 94 "-" "Mozilla/5.0 (compatible; Googlebot/2.1; +http://www.google.com/bot.html)"
66.249.79.33 - - [25/Nov/2024:06:11:22 -0700] "GET /detail/mmutyw/ HTTP/1.1" 200 94 "-" "Mozilla/5.0 (compatible; Googlebot/2.1; +http://www.google.com/bot.html)"
87.250.224.248 - - [25/Nov/2024:06:11:51 -0700] "GET /files/Secondary/files/Secondary/Science_Sec_2019-20-min.pdf HTTP/1.1" 200 94 "-" "Mozilla/5.0 (compatible; YandexBot/3.0; +http://yandex.com/bots)"
66.249.79.33 - - [25/Nov/2024:06:11:57 -0700] "GET /detail/rsvdlj/ HTTP/1.1" 200 94 "-" "Mozilla/5.0 (compatible; Googlebot/2.1; +http://www.google.com/bot.html)"
66.249.79.35 - - [25/Nov/2024:06:12:04 -0700] "GET /detail/lavcxl/ HTTP/1.1" 200 94 "-" "Mozilla/5.0 (compatible; Googlebot/2.1; +http://www.google.com/bot.html)"
69.162.124.238 - - [25/Nov/2024:06:13:26 -0700] "HEAD /cbse-corner.php HTTP/1.1" 200 - "https://chakbhaike.akalacademy.ac.in/cbse-corner.php" "Mozilla/5.0+(compatible; UptimeRobot/2.0; http://www.uptimerobot.com/)"
66.249.79.33 - - [25/Nov/2024:06:15:43 -0700] "GET /bet/ojldzt/ HTTP/1.1" 200 94 "-" "Mozilla/5.0 (compatible; Googlebot/2.1; +http://www.google.com/bot.html)"
66.249.79.35 - - [25/Nov/2024:06:16:16 -0700] "GET /bet/nrbrig/sportpesa-draws.html HTTP/1.1" 200 94 "-" "Mozilla/5.0 (compatible; Googlebot/2.1; +http://www.google.com/bot.html)"
66.249.79.34 - - [25/Nov/2024:06:16:37 -0700] "GET /detail/gyvlvw/ HTTP/1.1" 200 94 "-" "Mozilla/5.0 (compatible; Googlebot/2.1; +http://www.google.com/bot.html)"
66.249.79.33 - - [25/Nov/2024:06:16:47 -0700] "GET /detail/wsxfas/play-app-download.html HTTP/1.1" 200 94 "-" "Mozilla/5.0 (compatible; Googlebot/2.1; +http://www.google.com/bot.html)"
66.249.79.35 - - [25/Nov/2024:06:17:04 -0700] "GET /news/blqnze/fifa-world-cup-808.html HTTP/1.1" 200 94 "-" "Mozilla/5.0 (compatible; Googlebot/2.1; +http://www.google.com/bot.html)"
66.249.79.34 - - [25/Nov/2024:06:17:29 -0700] "GET /detail/zsytex/today-ipl-match-rr-vs-kxip.html HTTP/1.1" 200 94 "-" "Mozilla/5.0 (compatible; Googlebot/2.1; +http://www.google.com/bot.html)"
69.162.124.238 - - [25/Nov/2024:06:18:26 -0700] "HEAD /cbse-corner.php HTTP/1.1" 200 - "https://chakbhaike.akalacademy.ac.in/cbse-corner.php" "Mozilla/5.0+(compatible; UptimeRobot/2.0; http://www.uptimerobot.com/)"
66.249.79.34 - - [25/Nov/2024:06:18:53 -0700] "GET /bet/qkzguv/latest-cricket-games-for-android-2018.html HTTP/1.1" 200 94 "-" "Mozilla/5.0 (compatible; Googlebot/2.1; +http://www.google.com/bot.html)"
66.249.79.33 - - [25/Nov/2024:06:19:29 -0700] "GET /bet/tfyhcg/world-series-main-event.html HTTP/1.1" 200 94 "-" "Mozilla/5.0 (compatible; Googlebot/2.1; +http://www.google.com/bot.html)"
66.249.79.35 - - [25/Nov/2024:06:20:28 -0700] "GET /news/qagufg/ HTTP/1.1" 200 94 "-" "Mozilla/5.0 (compatible; Googlebot/2.1; +http://www.google.com/bot.html)"
87.250.224.244 - - [25/Nov/2024:06:20:35 -0700] "GET /robots.txt HTTP/1.1" 200 94 "-" "Mozilla/5.0 (compatible; YandexBot/3.0; +http://yandex.com/bots)"
213.180.203.32 - - [25/Nov/2024:06:20:36 -0700] "GET /efffeedfeb/c7614e-u100c/files/I-VIII/files/Secondary/417-FAQ-min.pdf HTTP/1.1" 200 94 "-" "Mozilla/5.0 (compatible; YandexBot/3.0; +http://yandex.com/bots)"
213.180.203.16 - - [25/Nov/2024:06:20:36 -0700] "GET /eefdeeaddb/c21343e-u98c/files/Senior%20Secondary/files/IX-X/files/I-VIII/Science%20%20(III%20to%20VIII)-min.pdf HTTP/1.1" 200 94 "-" "Mozilla/5.0 (compatible; YandexBot/3.0; +http://yandex.com/bots)"
66.249.79.33 - - [25/Nov/2024:06:20:44 -0700] "GET /bet/wgziij/cricket-player-tampi.html HTTP/1.1" 200 94 "-" "Mozilla/5.0 (compatible; Googlebot/2.1; +http://www.google.com/bot.html)"
66.249.79.33 - - [25/Nov/2024:06:20:51 -0700] "GET /bet/romegm/ HTTP/1.1" 200 94 "-" "Mozilla/5.0 (compatible; Googlebot/2.1; +http://www.google.com/bot.html)"
66.249.79.33 - - [25/Nov/2024:06:20:56 -0700] "GET /detail/hlkwxf/ HTTP/1.1" 200 94 "-" "Mozilla/5.0 (compatible; Googlebot/2.1; +http://www.google.com/bot.html)"
66.249.79.34 - - [25/Nov/2024:06:21:36 -0700] "GET /news/monvyq/all-time-world-cup-team-records-cricket.html HTTP/1.1" 200 94 "-" "Mozilla/5.0 (compatible; Googlebot/2.1; +http://www.google.com/bot.html)"
66.249.79.33 - - [25/Nov/2024:06:21:45 -0700] "GET /news/hkxqyp/ HTTP/1.1" 200 94 "-" "Mozilla/5.0 (compatible; Googlebot/2.1; +http://www.google.com/bot.html)"
66.249.79.33 - - [25/Nov/2024:06:22:40 -0700] "GET /news/ltovev/ipl-man-of-the-match-trophy.html HTTP/1.1" 200 94 "-" "Mozilla/5.0 (compatible; Googlebot/2.1; +http://www.google.com/bot.html)"
66.249.79.34 - - [25/Nov/2024:06:22:50 -0700] "GET /detail/gupyxf/ HTTP/1.1" 200 94 "-" "Mozilla/5.0 (compatible; Googlebot/2.1; +http://www.google.com/bot.html)"
5.255.231.62 - - [25/Nov/2024:06:23:00 -0700] "GET /bfdabeedefe/c44932b-u97c/files/I-VIII/VI-XII%20Divinity%20Syl.%20for%20Other%20Aca.-min.pdf HTTP/1.1" 200 94 "-" "Mozilla/5.0 (compatible; YandexBot/3.0; +http://yandex.com/bots)"
5.255.231.159 - - [25/Nov/2024:06:23:01 -0700] "GET /images/gallery/school%20(22).jpg HTTP/1.1" 200 94 "-" "Mozilla/5.0 (compatible; YandexBot/3.0; +http://yandex.com/bots)"
95.108.213.138 - - [25/Nov/2024:06:23:01 -0700] "GET /deddbab/c21972d-u98c/files/I-VIII/files/Senior%20Secondary/files/Senior%20Secondary/files/Secondary/417-FAQ-min.pdf HTTP/1.1" 200 94 "-" "Mozilla/5.0 (compatible; YandexBot/3.0; +http://yandex.com/bots)"
87.250.224.28 - - [25/Nov/2024:06:23:01 -0700] "GET /deddbab/c21972d-u98c/files/I-VIII/files/Senior%20Secondary/files/Senior%20Secondary/files/Secondary/Punjabi_Sec_2019-20-min.pdf HTTP/1.1" 200 94 "-" "Mozilla/5.0 (compatible; YandexBot/3.0; +http://yandex.com/bots)"
5.255.231.154 - - [25/Nov/2024:06:23:18 -0700] "GET /deddbab/c21972d-u98c/files/I-VIII/files/Senior%20Secondary/files/Senior%20Secondary/images/principal.jpg HTTP/1.1" 200 94 "-" "Mozilla/5.0 (compatible; YandexImages/3.0; +http://yandex.com/bots)"
213.180.203.24 - - [25/Nov/2024:06:23:19 -0700] "GET /deddbab/c21972d-u98c/files/I-VIII/files/Senior%20Secondary/files/Senior%20Secondary/files/Secondary/417-VIII-min.pdf HTTP/1.1" 200 94 "-" "Mozilla/5.0 (compatible; YandexBot/3.0; +http://yandex.com/bots)"
5.255.231.141 - - [25/Nov/2024:06:23:19 -0700] "GET /deddbab/c21972d-u98c/files/I-VIII/files/Senior%20Secondary/files/Senior%20Secondary/files/Secondary/Mathematics_Sec_2019-20-min.pdf HTTP/1.1" 200 94 "-" "Mozilla/5.0 (compatible; YandexBot/3.0; +http://yandex.com/bots)"
5.255.231.115 - - [25/Nov/2024:06:23:19 -0700] "GET /deddbab/c21972d-u98c/files/I-VIII/files/Senior%20Secondary/files/Senior%20Secondary/files/Secondary/ART_EDUCATION-min.pdf HTTP/1.1" 200 94 "-" "Mozilla/5.0 (compatible; YandexBot/3.0; +http://yandex.com/bots)"
95.108.213.254 - - [25/Nov/2024:06:23:19 -0700] "GET /deddbab/c21972d-u98c/files/I-VIII/files/Senior%20Secondary/files/Senior%20Secondary/contact.php HTTP/1.1" 200 94 "-" "Mozilla/5.0 (compatible; YandexBot/3.0; +http://yandex.com/bots)"
95.108.213.150 - - [25/Nov/2024:06:23:19 -0700] "GET /deddbab/c21972d-u98c/files/I-VIII/files/Senior%20Secondary/files/Senior%20Secondary/images/school%20(9).jpg HTTP/1.1" 200 94 "-" "Mozilla/5.0 (compatible; YandexImages/3.0; +http://yandex.com/bots)"
5.255.231.113 - - [25/Nov/2024:06:23:20 -0700] "GET /deddbab/c21972d-u98c/files/I-VIII/files/Senior%20Secondary/files/Senior%20Secondary/files/IX-X/Grade%20(XI)%20-min.pdf HTTP/1.1" 200 94 "-" "Mozilla/5.0 (compatible; YandexBot/3.0; +http://yandex.com/bots)"
213.180.203.202 - - [25/Nov/2024:06:23:20 -0700] "GET /deddbab/c21972d-u98c/files/I-VIII/files/Senior%20Secondary/files/Senior%20Secondary/files/Secondary/417-IX-min.pdf HTTP/1.1" 200 94 "-" "Mozilla/5.0 (compatible; YandexBot/3.0; +http://yandex.com/bots)"
87.250.224.244 - - [25/Nov/2024:06:23:20 -0700] "GET /deddbab/c21972d-u98c/files/I-VIII/files/Senior%20Secondary/files/Senior%20Secondary/files/Secondary/English_Sec_2019-20-min.pdf HTTP/1.1" 200 94 "-" "Mozilla/5.0 (compatible; YandexBot/3.0; +http://yandex.com/bots)"
213.180.203.32 - - [25/Nov/2024:06:23:21 -0700] "GET /deddbab/c21972d-u98c/files/I-VIII/files/Senior%20Secondary/files/Senior%20Secondary/files/Secondary/Science_Sec_2019-20-min.pdf HTTP/1.1" 200 94 "-" "Mozilla/5.0 (compatible; YandexBot/3.0; +http://yandex.com/bots)"
213.180.203.16 - - [25/Nov/2024:06:23:22 -0700] "GET /deddbab/c21972d-u98c/files/I-VIII/files/Senior%20Secondary/files/Senior%20Secondary/files/Secondary/Social_Science_Sec_2019-20-min.pdf HTTP/1.1" 200 94 "-" "Mozilla/5.0 (compatible; YandexBot/3.0; +http://yandex.com/bots)"
69.162.124.238 - - [25/Nov/2024:06:23:26 -0700] "HEAD /cbse-corner.php HTTP/1.1" 200 - "https://chakbhaike.akalacademy.ac.in/cbse-corner.php" "Mozilla/5.0+(compatible; UptimeRobot/2.0; http://www.uptimerobot.com/)"
66.249.79.33 - - [25/Nov/2024:06:23:38 -0700] "GET /bet/yxbjhk/ HTTP/1.1" 200 94 "-" "Mozilla/5.0 (compatible; Googlebot/2.1; +http://www.google.com/bot.html)"
66.249.79.35 - - [25/Nov/2024:06:23:39 -0700] "GET /news/cixdvv/ HTTP/1.1" 200 94 "-" "Mozilla/5.0 (compatible; Googlebot/2.1; +http://www.google.com/bot.html)"
5.255.231.62 - - [25/Nov/2024:06:23:49 -0700] "GET /eeddefeee/c36357e-u98c/files/Secondary/addmission.php HTTP/1.1" 200 94 "-" "Mozilla/5.0 (compatible; YandexBot/3.0; +http://yandex.com/bots)"
66.249.79.33 - - [25/Nov/2024:06:23:57 -0700] "GET /detail/nkoyai/5-va-pro-kabaddi.html HTTP/1.1" 200 94 "-" "Mozilla/5.0 (compatible; Googlebot/2.1; +http://www.google.com/bot.html)"
66.249.79.34 - - [25/Nov/2024:06:24:34 -0700] "GET /detail/lehoyk/most-sixes-in-icc.html HTTP/1.1" 200 94 "-" "Mozilla/5.0 (compatible; Googlebot/2.1; +http://www.google.com/bot.html)"
66.249.79.34 - - [25/Nov/2024:06:24:35 -0700] "GET /detail/micabp/ HTTP/1.1" 200 94 "-" "Mozilla/5.0 (compatible; Googlebot/2.1; +http://www.google.com/bot.html)"
66.249.79.34 - - [25/Nov/2024:06:24:45 -0700] "GET /detail/dybzhl/ HTTP/1.1" 200 94 "-" "Mozilla/5.0 (compatible; Googlebot/2.1; +http://www.google.com/bot.html)"
66.249.79.33 - - [25/Nov/2024:06:25:50 -0700] "GET /detail/qlxrbg/browns-commanders-prediction.html HTTP/1.1" 200 94 "-" "Mozilla/5.0 (compatible; Googlebot/2.1; +http://www.google.com/bot.html)"
66.249.79.33 - - [25/Nov/2024:06:27:10 -0700] "GET /news/usdgkw/ HTTP/1.1" 200 94 "-" "Mozilla/5.0 (compatible; Googlebot/2.1; +http://www.google.com/bot.html)"
66.249.79.34 - - [25/Nov/2024:06:27:16 -0700] "GET /detail/crbzcp/fifa-world-cup-background.html HTTP/1.1" 200 94 "-" "Mozilla/5.0 (compatible; Googlebot/2.1; +http://www.google.com/bot.html)"
66.249.79.33 - - [25/Nov/2024:06:27:58 -0700] "GET /detail/azgdez/chris-gayle-2011-ipl.html HTTP/1.1" 200 94 "-" "Mozilla/5.0 (compatible; Googlebot/2.1; +http://www.google.com/bot.html)"
66.249.79.34 - - [25/Nov/2024:06:28:23 -0700] "GET /detail/dapspv/cricket-score-south-africa-vs-australia.html HTTP/1.1" 200 94 "-" "Mozilla/5.0 (compatible; Googlebot/2.1; +http://www.google.com/bot.html)"
69.162.124.238 - - [25/Nov/2024:06:28:26 -0700] "HEAD /cbse-corner.php HTTP/1.1" 200 - "https://chakbhaike.akalacademy.ac.in/cbse-corner.php" "Mozilla/5.0+(compatible; UptimeRobot/2.0; http://www.uptimerobot.com/)"
66.249.79.33 - - [25/Nov/2024:06:28:39 -0700] "GET /news/srtpsk/ HTTP/1.1" 200 94 "-" "Mozilla/5.0 (compatible; Googlebot/2.1; +http://www.google.com/bot.html)"
5.255.231.159 - - [25/Nov/2024:06:28:57 -0700] "GET /aeaaeaaea/c25386a-u101c/files/Secondary/Intitial_pages_srsec_2019-20-min.pdf HTTP/1.1" 200 94 "-" "Mozilla/5.0 (compatible; YandexBot/3.0; +http://yandex.com/bots)"
95.108.213.138 - - [25/Nov/2024:06:29:30 -0700] "GET /files/Secondary/files/I-VIII/VI-X%20Punjabi-min.pdf HTTP/1.1" 200 94 "-" "Mozilla/5.0 (compatible; YandexBot/3.0; +http://yandex.com/bots)"
66.249.79.35 - - [25/Nov/2024:06:29:57 -0700] "GET /detail/exkqtr/ HTTP/1.1" 200 94 "-" "Mozilla/5.0 (compatible; Googlebot/2.1; +http://www.google.com/bot.html)"
66.249.79.34 - - [25/Nov/2024:06:30:03 -0700] "GET /news/wusktp/indian-team-at-us-2019-world-cup.html HTTP/1.1" 200 94 "-" "Mozilla/5.0 (compatible; Googlebot/2.1; +http://www.google.com/bot.html)"
87.250.224.28 - - [25/Nov/2024:06:30:04 -0700] "GET /deddbab/c21972d-u98c/files/I-VIII/files/Senior%20Secondary/files/Senior%20Secondary/files/IX-X/Grade%20(IX)-min.pdf HTTP/1.1" 200 94 "-" "Mozilla/5.0 (compatible; YandexBot/3.0; +http://yandex.com/bots)"
66.249.79.34 - - [25/Nov/2024:06:30:12 -0700] "GET /bet/rielah/ HTTP/1.1" 200 94 "-" "Mozilla/5.0 (compatible; Googlebot/2.1; +http://www.google.com/bot.html)"
66.249.79.33 - - [25/Nov/2024:06:30:24 -0700] "GET /news/aqzruj/sam-karan-kings-punjab.html HTTP/1.1" 200 94 "-" "Mozilla/5.0 (compatible; Googlebot/2.1; +http://www.google.com/bot.html)"
66.249.79.33 - - [25/Nov/2024:06:30:25 -0700] "GET /bet/odnefe/ HTTP/1.1" 200 94 "-" "Mozilla/5.0 (compatible; Googlebot/2.1; +http://www.google.com/bot.html)"
5.255.231.154 - - [25/Nov/2024:06:30:45 -0700] "GET /files/Secondary/files/Senior%20Secondary/files/Secondary/files/I-VIII/index.php HTTP/1.1" 200 94 "-" "Mozilla/5.0 (compatible; YandexBot/3.0; +http://yandex.com/bots)"
66.249.79.33 - - [25/Nov/2024:06:32:52 -0700] "GET /detail/qclsyz/top-10-android-action-games-feb-2018.html HTTP/1.1" 200 94 "-" "Mozilla/5.0 (compatible; Googlebot/2.1; +http://www.google.com/bot.html)"
66.249.79.35 - - [25/Nov/2024:06:33:10 -0700] "GET /bet/yszpva/hi-poker-3d-texas-holdem.html HTTP/1.1" 200 94 "-" "Mozilla/5.0 (compatible; Googlebot/2.1; +http://www.google.com/bot.html)"
69.162.124.238 - - [25/Nov/2024:06:33:27 -0700] "HEAD /cbse-corner.php HTTP/1.1" 200 - "https://chakbhaike.akalacademy.ac.in/cbse-corner.php" "Mozilla/5.0+(compatible; UptimeRobot/2.0; http://www.uptimerobot.com/)"
66.249.79.34 - - [25/Nov/2024:06:33:33 -0700] "GET /bet/heaqpg/top-10-most-addictive-online-games.html HTTP/1.1" 200 94 "-" "Mozilla/5.0 (compatible; Googlebot/2.1; +http://www.google.com/bot.html)"
66.249.79.33 - - [25/Nov/2024:06:34:16 -0700] "GET /news/xqdmwr/gujarat-vs-delhi-ipl.html HTTP/1.1" 200 94 "-" "Mozilla/5.0 (compatible; Googlebot/2.1; +http://www.google.com/bot.html)"
66.249.79.33 - - [25/Nov/2024:06:34:28 -0700] "GET /detail/rmtsvu/bluestacks-ff-max.html HTTP/1.1" 200 94 "-" "Mozilla/5.0 (compatible; Googlebot/2.1; +http://www.google.com/bot.html)"
87.250.224.208 - - [25/Nov/2024:06:36:08 -0700] "GET /robots.txt HTTP/1.1" 200 94 "-" "Mozilla/5.0 (compatible; YandexBot/3.0; +http://yandex.com/bots)"
87.250.224.54 - - [25/Nov/2024:06:36:09 -0700] "GET /babdedd/c8123b-u98c/files/IX-X/files/Senior%20Secondary/files/Senior%20Secondary/files/Secondary/Mathematics_Sec_2019-20-min.pdf HTTP/1.1" 200 94 "-" "Mozilla/5.0 (compatible; YandexBot/3.0; +http://yandex.com/bots)"
95.108.213.183 - - [25/Nov/2024:06:36:09 -0700] "GET /deddbab/c21972d-u98c/files/Secondary/files/Senior%20Secondary/files/Senior%20Secondary/files/IX-X/Grade%20(IX)-min.pdf HTTP/1.1" 200 94 "-" "Mozilla/5.0 (compatible; YandexBot/3.0; +http://yandex.com/bots)"
95.108.213.210 - - [25/Nov/2024:06:36:23 -0700] "GET /befdee/c9338b-u98c/files/Secondary/files/Secondary/files/Senior%20Secondary/14_Circular_2019ANX2-min.pdf HTTP/1.1" 200 94 "-" "Mozilla/5.0 (compatible; YandexBot/3.0; +http://yandex.com/bots)"
95.108.213.85 - - [25/Nov/2024:06:36:23 -0700] "GET /files/IX-X/files/Secondary/files/Secondary/files/Senior%20Secondary/Physics-min.pdf HTTP/1.1" 200 94 "-" "Mozilla/5.0 (compatible; YandexBot/3.0; +http://yandex.com/bots)"
95.108.213.3 - - [25/Nov/2024:06:36:24 -0700] "GET /robots.txt HTTP/1.1" 200 94 "-" "Mozilla/5.0 (compatible; YandexBot/3.0; +http://yandex.com/bots)"
95.108.213.134 - - [25/Nov/2024:06:36:25 -0700] "GET /files/IX-X/files/IX-X/files/Senior%20Secondary/files/Secondary/417-IX-min.pdf HTTP/1.1" 200 94 "-" "Mozilla/5.0 (compatible; YandexBot/3.0; +http://yandex.com/bots)"
95.108.213.2 - - [25/Nov/2024:06:36:26 -0700] "GET /files/IX-X/files/Secondary/files/Secondary/files/Senior%20Secondary/Physics-min.pdf HTTP/1.1" 200 94 "-" "Mozilla/5.0 (compatible; YandexBot/3.0; +http://yandex.com/bots)"
66.249.79.34 - - [25/Nov/2024:06:36:44 -0700] "GET /detail/zcookx/ HTTP/1.1" 200 94 "-" "Mozilla/5.0 (compatible; Googlebot/2.1; +http://www.google.com/bot.html)"
66.249.79.35 - - [25/Nov/2024:06:37:13 -0700] "GET /detail/bypfdl/kostenlos-spielen-ohne-anmeldung-casino.html HTTP/1.1" 200 94 "-" "Mozilla/5.0 (compatible; Googlebot/2.1; +http://www.google.com/bot.html)"
66.249.79.33 - - [25/Nov/2024:06:37:17 -0700] "GET /bet/xxdfld/hot-chilli-near-me.html HTTP/1.1" 200 94 "-" "Mozilla/5.0 (compatible; Googlebot/2.1; +http://www.google.com/bot.html)"
87.250.224.219 - - [25/Nov/2024:06:37:22 -0700] "GET /robots.txt HTTP/1.1" 200 94 "-" "Mozilla/5.0 (compatible; YandexBot/3.0; +http://yandex.com/bots)"
95.108.213.228 - - [25/Nov/2024:06:37:23 -0700] "GET /files/Senior%20Secondary/files/I-VIII/files/IX-X/files/I-VIII/VI-XII%20Divinity%20Syl.%20for%20Other%20Aca.-min.pdf HTTP/1.1" 200 94 "-" "Mozilla/5.0 (compatible; YandexBot/3.0; +http://yandex.com/bots)"
66.249.79.33 - - [25/Nov/2024:06:37:43 -0700] "GET /news/gnipun/icc-office-in-india.html HTTP/1.1" 200 94 "-" "Mozilla/5.0 (compatible; Googlebot/2.1; +http://www.google.com/bot.html)"
66.249.79.33 - - [25/Nov/2024:06:37:51 -0700] "GET /news/bbyfmg/ HTTP/1.1" 200 94 "-" "Mozilla/5.0 (compatible; Googlebot/2.1; +http://www.google.com/bot.html)"
66.249.79.34 - - [25/Nov/2024:06:38:16 -0700] "GET /news/mpieid/ HTTP/1.1" 200 94 "-" "Mozilla/5.0 (compatible; Googlebot/2.1; +http://www.google.com/bot.html)"
69.162.124.238 - - [25/Nov/2024:06:38:26 -0700] "HEAD /cbse-corner.php HTTP/1.1" 200 - "https://chakbhaike.akalacademy.ac.in/cbse-corner.php" "Mozilla/5.0+(compatible; UptimeRobot/2.0; http://www.uptimerobot.com/)"
66.249.79.33 - - [25/Nov/2024:06:38:46 -0700] "GET /news/aglhem/ HTTP/1.1" 200 94 "-" "Mozilla/5.0 (compatible; Googlebot/2.1; +http://www.google.com/bot.html)"
66.249.79.34 - - [25/Nov/2024:06:39:23 -0700] "GET /detail/kgvnuy/best-male-player-of-the-year-in-cricket.html HTTP/1.1" 200 94 "-" "Mozilla/5.0 (compatible; Googlebot/2.1; +http://www.google.com/bot.html)"
66.249.79.33 - - [25/Nov/2024:06:39:40 -0700] "GET /bet/gmkyhn/nfl-betting-forums.html HTTP/1.1" 200 94 "-" "Mozilla/5.0 (compatible; Googlebot/2.1; +http://www.google.com/bot.html)"
66.249.79.33 - - [25/Nov/2024:06:39:41 -0700] "GET /detail/dmpiny/the-team-in-saint-gobain-india.html HTTP/1.1" 200 94 "-" "Mozilla/5.0 (compatible; Googlebot/2.1; +http://www.google.com/bot.html)"
66.249.79.35 - - [25/Nov/2024:06:40:53 -0700] "GET /detail/htimvq/genting-dream-casino.html HTTP/1.1" 200 94 "-" "Mozilla/5.0 (compatible; Googlebot/2.1; +http://www.google.com/bot.html)"
66.249.79.33 - - [25/Nov/2024:06:41:03 -0700] "GET /bet/xjumyq/ HTTP/1.1" 200 94 "-" "Mozilla/5.0 (compatible; Googlebot/2.1; +http://www.google.com/bot.html)"
213.180.203.97 - - [25/Nov/2024:06:41:54 -0700] "GET /robots.txt HTTP/1.1" 200 94 "-" "Mozilla/5.0 (compatible; YandexBot/3.0; +http://yandex.com/bots)"
5.255.231.32 - - [25/Nov/2024:06:41:56 -0700] "GET /eefdeeaddb/c21343e-u98c/files/Senior%20Secondary/files/Secondary/files/I-VIII/files/Secondary/Intitial_pages_srsec_2019-20-min.pdf HTTP/1.1" 200 94 "-" "Mozilla/5.0 (compatible; YandexBot/3.0; +http://yandex.com/bots)"
5.255.231.113 - - [25/Nov/2024:06:41:58 -0700] "GET /badea/c32065b-u97c/files/Senior%20Secondary/files/Senior%20Secondary/Econonics-min.pdf HTTP/1.1" 200 94 "-" "Mozilla/5.0 (compatible; YandexBot/3.0; +http://yandex.com/bots)"
66.249.79.35 - - [25/Nov/2024:06:42:04 -0700] "GET /detail/mlxxnd/twenty-20-big-bash-live-score.html HTTP/1.1" 200 94 "-" "Mozilla/5.0 (compatible; Googlebot/2.1; +http://www.google.com/bot.html)"
66.249.79.34 - - [25/Nov/2024:06:42:28 -0700] "GET /detail/aldeyx/haba88-pragmatic-play.html HTTP/1.1" 200 94 "-" "Mozilla/5.0 (compatible; Googlebot/2.1; +http://www.google.com/bot.html)"
95.108.213.172 - - [25/Nov/2024:06:42:28 -0700] "GET /robots.txt HTTP/1.1" 200 94 "-" "Mozilla/5.0 (compatible; YandexBot/3.0; +http://yandex.com/bots)"
5.255.231.57 - - [25/Nov/2024:06:42:30 -0700] "GET /babdedd/c8123b-u98c/files/Secondary/files/Senior%20Secondary/Accountancy-min.pdf HTTP/1.1" 200 94 "-" "Mozilla/5.0 (compatible; YandexBot/3.0; +http://yandex.com/bots)"
66.249.79.33 - - [25/Nov/2024:06:42:59 -0700] "GET /news/pzduvy/chahal-in-ipl-2018.html HTTP/1.1" 200 94 "-" "Mozilla/5.0 (compatible; Googlebot/2.1; +http://www.google.com/bot.html)"
66.249.79.33 - - [25/Nov/2024:06:43:17 -0700] "GET /bet/lqkwho/download-game-fancy-pants-adventure-3.html HTTP/1.1" 200 94 "-" "Mozilla/5.0 (compatible; Googlebot/2.1; +http://www.google.com/bot.html)"
69.162.124.238 - - [25/Nov/2024:06:43:26 -0700] "HEAD /cbse-corner.php HTTP/1.1" 200 - "https://chakbhaike.akalacademy.ac.in/cbse-corner.php" "Mozilla/5.0+(compatible; UptimeRobot/2.0; http://www.uptimerobot.com/)"
95.108.213.88 - - [25/Nov/2024:06:43:26 -0700] "GET /robots.txt HTTP/1.1" 200 94 "-" "Mozilla/5.0 (compatible; YandexBot/3.0; +http://yandex.com/bots)"
5.255.231.161 - - [25/Nov/2024:06:43:28 -0700] "GET /aedadfaadae/c16848a-u209c/files/Secondary/files/IX-X/files/I-VIII/English%20%20(VI%20-%20VIII)-min.pdf HTTP/1.1" 200 94 "-" "Mozilla/5.0 (compatible; YandexBot/3.0; +http://yandex.com/bots)"
5.255.231.21 - - [25/Nov/2024:06:43:46 -0700] "GET /fddefda/c37964f-u269c/files/I-VIII/files/Secondary/files/Senior%20Secondary/ComputerSc_NewXII-min.pdf HTTP/1.1" 200 94 "-" "Mozilla/5.0 (compatible; YandexBot/3.0; +http://yandex.com/bots)"
66.249.79.33 - - [25/Nov/2024:06:43:54 -0700] "GET /news/axkfvj/betting-odds-midterms-2022.html HTTP/1.1" 200 94 "-" "Mozilla/5.0 (compatible; Googlebot/2.1; +http://www.google.com/bot.html)"
66.249.79.33 - - [25/Nov/2024:06:43:57 -0700] "GET /news/slslwy/india-vs-new-zealand-t20-female.html HTTP/1.1" 200 94 "-" "Mozilla/5.0 (compatible; Googlebot/2.1; +http://www.google.com/bot.html)"
66.249.79.34 - - [25/Nov/2024:06:44:06 -0700] "GET /bet/zbpwem/free-online-marble-games.html HTTP/1.1" 200 94 "-" "Mozilla/5.0 (compatible; Googlebot/2.1; +http://www.google.com/bot.html)"
66.249.79.34 - - [25/Nov/2024:06:45:29 -0700] "GET /detail/ipdfcm/cricket-odds-ashes.html HTTP/1.1" 200 94 "-" "Mozilla/5.0 (compatible; Googlebot/2.1; +http://www.google.com/bot.html)"
66.249.79.33 - - [25/Nov/2024:06:45:32 -0700] "GET /bet/mpkxcw/ HTTP/1.1" 200 94 "-" "Mozilla/5.0 (compatible; Googlebot/2.1; +http://www.google.com/bot.html)"
66.249.79.35 - - [25/Nov/2024:06:46:03 -0700] "GET /detail/mlmliy/ind-vs-wi-t20-live-streaming-app.html HTTP/1.1" 200 94 "-" "Mozilla/5.0 (compatible; Googlebot/2.1; +http://www.google.com/bot.html)"
66.249.79.33 - - [25/Nov/2024:06:46:25 -0700] "GET /bet/pbxvxq/sensi-free-fire-max.html HTTP/1.1" 200 94 "-" "Mozilla/5.0 (compatible; Googlebot/2.1; +http://www.google.com/bot.html)"
66.249.79.33 - - [25/Nov/2024:06:46:27 -0700] "GET /bet/rosdth/ HTTP/1.1" 200 94 "-" "Mozilla/5.0 (compatible; Googlebot/2.1; +http://www.google.com/bot.html)"
87.250.224.73 - - [25/Nov/2024:06:47:00 -0700] "GET /efeafdef/c27791e-u98c/files/Secondary/files/Senior%20Secondary/Sociology-min.pdf HTTP/1.1" 200 94 "-" "Mozilla/5.0 (compatible; YandexBot/3.0; +http://yandex.com/bots)"
66.249.79.33 - - [25/Nov/2024:06:47:21 -0700] "GET /bet/jqwehj/apple-fiber-bet.html HTTP/1.1" 200 94 "-" "Mozilla/5.0 (compatible; Googlebot/2.1; +http://www.google.com/bot.html)"
66.249.79.34 - - [25/Nov/2024:06:47:43 -0700] "GET /news/jnhozf/ HTTP/1.1" 200 94 "-" "Mozilla/5.0 (compatible; Googlebot/2.1; +http://www.google.com/bot.html)"
66.249.79.35 - - [25/Nov/2024:06:48:03 -0700] "GET /detail/iwjxju/ind-vs-aus-1983-world-cup.html HTTP/1.1" 200 94 "-" "Mozilla/5.0 (compatible; Googlebot/2.1; +http://www.google.com/bot.html)"
69.162.124.238 - - [25/Nov/2024:06:48:26 -0700] "HEAD /cbse-corner.php HTTP/1.1" 200 - "https://chakbhaike.akalacademy.ac.in/cbse-corner.php" "Mozilla/5.0+(compatible; UptimeRobot/2.0; http://www.uptimerobot.com/)"
66.249.79.33 - - [25/Nov/2024:06:48:59 -0700] "GET /bet/fxtzaw/ HTTP/1.1" 200 94 "-" "Mozilla/5.0 (compatible; Googlebot/2.1; +http://www.google.com/bot.html)"
66.249.79.34 - - [25/Nov/2024:06:49:47 -0700] "GET /news/vokhoj/match-timing-ipl-today.html HTTP/1.1" 200 94 "-" "Mozilla/5.0 (compatible; Googlebot/2.1; +http://www.google.com/bot.html)"
66.249.79.33 - - [25/Nov/2024:06:50:06 -0700] "GET /bet/lmsizl/ms-dhoni-the-untold-story-duration.html HTTP/1.1" 200 94 "-" "Mozilla/5.0 (compatible; Googlebot/2.1; +http://www.google.com/bot.html)"
66.249.79.34 - - [25/Nov/2024:06:50:14 -0700] "GET /detail/ymbait/new-ludo-earning.html HTTP/1.1" 200 94 "-" "Mozilla/5.0 (compatible; Googlebot/2.1; +http://www.google.com/bot.html)"
213.180.203.250 - - [25/Nov/2024:06:50:39 -0700] "GET /eeddefeee/c36357e-u98c/files/I-VIII/files/Senior%20Secondary/Punjabi_XI-min.pdf HTTP/1.1" 200 94 "-" "Mozilla/5.0 (compatible; YandexBot/3.0; +http://yandex.com/bots)"
66.249.79.35 - - [25/Nov/2024:06:51:26 -0700] "GET /bet/fxzuhp/ HTTP/1.1" 200 94 "-" "Mozilla/5.0 (compatible; Googlebot/2.1; +http://www.google.com/bot.html)"
66.249.79.34 - - [25/Nov/2024:06:51:28 -0700] "GET /detail/udnflr/kbc-online-game-download.html HTTP/1.1" 200 94 "-" "Mozilla/5.0 (compatible; Googlebot/2.1; +http://www.google.com/bot.html)"
5.255.231.174 - - [25/Nov/2024:06:51:31 -0700] "GET /eeaa/c5139e-u98c/files/Senior%20Secondary/files/Senior%20Secondary/files/Senior%20Secondary/History-min.pdf HTTP/1.1" 200 94 "-" "Mozilla/5.0 (compatible; YandexBot/3.0; +http://yandex.com/bots)"
95.108.213.80 - - [25/Nov/2024:06:51:42 -0700] "GET /aaddeee/c21282a-u98c/files/Secondary/files/I-VIII/files/IX-X/files/Senior%20Secondary/Punjabi_XII-min.pdf HTTP/1.1" 200 94 "-" "Mozilla/5.0 (compatible; YandexBot/3.0; +http://yandex.com/bots)"
66.249.79.33 - - [25/Nov/2024:06:52:23 -0700] "GET /detail/npztuz/icc-real-madrid.html HTTP/1.1" 200 94 "-" "Mozilla/5.0 (compatible; Googlebot/2.1; +http://www.google.com/bot.html)"
66.249.79.34 - - [25/Nov/2024:06:52:24 -0700] "GET /news/wwspgw/journey-to-the-west-korean.html HTTP/1.1" 200 94 "-" "Mozilla/5.0 (compatible; Googlebot/2.1; +http://www.google.com/bot.html)"
