66.249.79.170 - - [25/Nov/2024:07:43:30 -0700] "GET /news/tukpbk/ HTTP/1.1" 200 94 "-" "Mozilla/5.0 (compatible; Googlebot/2.1; +http://www.google.com/bot.html)"
66.249.79.169 - - [25/Nov/2024:07:44:28 -0700] "GET /news/nfnmla/ HTTP/1.1" 200 94 "-" "Mozilla/5.0 (compatible; Googlebot/2.1; +http://www.google.com/bot.html)"
66.249.79.170 - - [25/Nov/2024:07:44:57 -0700] "GET /detail/altqol/ipl-cricket-dd-vs-kkr-live-score.html HTTP/1.1" 200 94 "-" "Mozilla/5.0 (compatible; Googlebot/2.1; +http://www.google.com/bot.html)"
66.249.79.169 - - [25/Nov/2024:07:47:12 -0700] "GET /news/izokwo/www-ipl-live-score-in.html HTTP/1.1" 200 94 "-" "Mozilla/5.0 (compatible; Googlebot/2.1; +http://www.google.com/bot.html)"
69.162.124.238 - - [25/Nov/2024:07:47:19 -0700] "HEAD /cbse-corner.php HTTP/1.1" 200 - "https://chahalkalan.akalacademy.ac.in/cbse-corner.php" "Mozilla/5.0+(compatible; UptimeRobot/2.0; http://www.uptimerobot.com/)"
66.249.79.171 - - [25/Nov/2024:07:48:11 -0700] "GET /detail/pmseia/cricket-australia-player-managers.html HTTP/1.1" 200 94 "-" "Mozilla/5.0 (compatible; Googlebot/2.1; +http://www.google.com/bot.html)"
52.167.144.218 - - [25/Nov/2024:07:48:19 -0700] "GET /detail/pydgvn/files/Curriculum/files/Curriculum/gallery.php HTTP/1.1" 200 94 "-" "Mozilla/5.0 AppleWebKit/537.36 (KHTML, like Gecko; compatible; bingbot/2.0; +http://www.bing.com/bingbot.htm) Chrome/116.0.1938.76 Safari/537.36"
66.249.79.169 - - [25/Nov/2024:07:49:25 -0700] "GET /detail/uacote/today's-epl-fixtures-today.html HTTP/1.1" 200 94 "-" "Mozilla/5.0 (compatible; Googlebot/2.1; +http://www.google.com/bot.html)"
66.249.79.170 - - [25/Nov/2024:07:49:49 -0700] "GET /bet/bjvmzi/football-summer-camp-2019-india-psg.html HTTP/1.1" 200 94 "-" "Mozilla/5.0 (compatible; Googlebot/2.1; +http://www.google.com/bot.html)"
66.249.79.170 - - [25/Nov/2024:07:50:02 -0700] "GET /detail/zjajvw/ipl-auction-2013-teams.html HTTP/1.1" 200 94 "-" "Mozilla/5.0 (compatible; Googlebot/2.1; +http://www.google.com/bot.html)"
66.249.79.170 - - [25/Nov/2024:07:50:08 -0700] "GET /news/mkgspi/ipl-2020-ki-team-mein.html HTTP/1.1" 200 94 "-" "Mozilla/5.0 (compatible; Googlebot/2.1; +http://www.google.com/bot.html)"
66.249.79.169 - - [25/Nov/2024:07:50:11 -0700] "GET /news/wnzcsb/ HTTP/1.1" 200 94 "-" "Mozilla/5.0 (compatible; Googlebot/2.1; +http://www.google.com/bot.html)"
66.249.79.171 - - [25/Nov/2024:07:51:01 -0700] "GET /bet/bexluo/www-lottery-cidco-india-com.html HTTP/1.1" 200 94 "-" "Mozilla/5.0 (compatible; Googlebot/2.1; +http://www.google.com/bot.html)"
66.249.79.171 - - [25/Nov/2024:07:51:02 -0700] "GET /news/datfwt/betting-on-zero-mkvcage.html HTTP/1.1" 200 94 "-" "Mozilla/5.0 (compatible; Googlebot/2.1; +http://www.google.com/bot.html)"
66.249.79.169 - - [25/Nov/2024:07:51:13 -0700] "GET /news/errmav/ HTTP/1.1" 200 94 "-" "Mozilla/5.0 (compatible; Googlebot/2.1; +http://www.google.com/bot.html)"
103.138.27.133 - - [25/Nov/2024:07:51:23 -0700] "GET / HTTP/1.1" 200 94 "http://instagram.com/" "Mozilla/5.0 (Linux; Android 13; M2101K7BG Build/TP1A.220624.014; wv) AppleWebKit/537.36 (KHTML, like Gecko) Version/4.0 Chrome/130.0.6723.107 Mobile Safari/537.36 Instagram 358.0.0.51.97 Android (33/13; 440dpi; 1080x2177; Xiaomi/Redmi; M2101K7BG; secret; mt6785; en_AU; 665037474)"
66.249.79.169 - - [25/Nov/2024:07:51:25 -0700] "GET /detail/pezlbu/ipl-ka-match-live-telecast.html HTTP/1.1" 200 94 "-" "Mozilla/5.0 (compatible; Googlebot/2.1; +http://www.google.com/bot.html)"
66.249.79.169 - - [25/Nov/2024:07:51:29 -0700] "GET /detail/dabpzl/j-league-1-best-team.html HTTP/1.1" 200 94 "-" "Mozilla/5.0 (compatible; Googlebot/2.1; +http://www.google.com/bot.html)"
69.162.124.238 - - [25/Nov/2024:07:52:19 -0700] "HEAD /cbse-corner.php HTTP/1.1" 200 - "https://chahalkalan.akalacademy.ac.in/cbse-corner.php" "Mozilla/5.0+(compatible; UptimeRobot/2.0; http://www.uptimerobot.com/)"
66.249.79.169 - - [25/Nov/2024:07:52:29 -0700] "GET /detail/hfmzfe/ HTTP/1.1" 200 94 "-" "Mozilla/5.0 (compatible; Googlebot/2.1; +http://www.google.com/bot.html)"
66.249.66.43 - - [25/Nov/2024:07:53:27 -0700] "GET /detail/njsaoe/ HTTP/1.1" 200 94 "-" "Mozilla/5.0 (compatible; Googlebot/2.1; +http://www.google.com/bot.html)"
103.138.27.133 - - [25/Nov/2024:07:53:32 -0700] "GET / HTTP/1.1" 200 94 "https://l.instagram.com/" "Mozilla/5.0 (Linux; Android 13; M2101K7BG Build/TP1A.220624.014; wv) AppleWebKit/537.36 (KHTML, like Gecko) Version/4.0 Chrome/130.0.6723.107 Mobile Safari/537.36 Instagram 358.0.0.51.97 Android (33/13; 440dpi; 1080x2177; Xiaomi/Redmi; M2101K7BG; secret; mt6785; en_AU; 665037474)"
103.138.27.133 - - [25/Nov/2024:07:53:35 -0700] "GET /favicon.ico HTTP/1.1" 200 2622 "https://chahalkalan.akalacademy.ac.in/" "Mozilla/5.0 (Linux; Android 13; M2101K7BG Build/TP1A.220624.014; wv) AppleWebKit/537.36 (KHTML, like Gecko) Version/4.0 Chrome/130.0.6723.107 Mobile Safari/537.36 Instagram 358.0.0.51.97 Android (33/13; 440dpi; 1080x2177; Xiaomi/Redmi; M2101K7BG; secret; mt6785; en_AU; 665037474)"
66.249.79.169 - - [25/Nov/2024:07:53:37 -0700] "GET /bet/iejaiz/singapore-t20-results.html HTTP/1.1" 200 94 "-" "Mozilla/5.0 (compatible; Googlebot/2.1; +http://www.google.com/bot.html)"
66.249.79.170 - - [25/Nov/2024:07:55:18 -0700] "GET /detail/nshccn/5-pound-free-no-deposit.html HTTP/1.1" 200 94 "-" "Mozilla/5.0 (compatible; Googlebot/2.1; +http://www.google.com/bot.html)"
66.249.79.169 - - [25/Nov/2024:07:55:46 -0700] "GET /news/ermusq/ HTTP/1.1" 200 94 "-" "Mozilla/5.0 (compatible; Googlebot/2.1; +http://www.google.com/bot.html)"
69.162.124.238 - - [25/Nov/2024:07:57:19 -0700] "HEAD /cbse-corner.php HTTP/1.1" 200 - "https://chahalkalan.akalacademy.ac.in/cbse-corner.php" "Mozilla/5.0+(compatible; UptimeRobot/2.0; http://www.uptimerobot.com/)"
66.249.79.170 - - [25/Nov/2024:07:57:20 -0700] "GET /bet/brupoe/ HTTP/1.1" 200 94 "-" "Mozilla/5.0 (compatible; Googlebot/2.1; +http://www.google.com/bot.html)"
66.249.79.169 - - [25/Nov/2024:07:57:33 -0700] "GET /detail/qxgicr/israel-world-cup-qualifying-2022.html HTTP/1.1" 200 94 "-" "Mozilla/5.0 (compatible; Googlebot/2.1; +http://www.google.com/bot.html)"
66.249.79.171 - - [25/Nov/2024:07:58:09 -0700] "GET /detail/xmzyuv/callaway-rogue-set-for-sale.html HTTP/1.1" 200 94 "-" "Mozilla/5.0 (compatible; Googlebot/2.1; +http://www.google.com/bot.html)"
66.249.79.169 - - [25/Nov/2024:07:58:24 -0700] "GET /news/opccuk/today-cricket-match-score-ind-vs-sri.html HTTP/1.1" 200 94 "-" "Mozilla/5.0 (compatible; Googlebot/2.1; +http://www.google.com/bot.html)"
66.249.79.169 - - [25/Nov/2024:07:58:31 -0700] "GET /bet/pxxvio/ HTTP/1.1" 200 94 "-" "Mozilla/5.0 (compatible; Googlebot/2.1; +http://www.google.com/bot.html)"
66.249.79.169 - - [25/Nov/2024:07:58:40 -0700] "GET /news/kwnvpk/ HTTP/1.1" 200 94 "-" "Mozilla/5.0 (compatible; Googlebot/2.1; +http://www.google.com/bot.html)"
66.249.79.170 - - [25/Nov/2024:07:59:13 -0700] "GET /detail/xtbobj/seduction-simulation-games.html HTTP/1.1" 200 94 "-" "Mozilla/5.0 (compatible; Googlebot/2.1; +http://www.google.com/bot.html)"
66.249.79.170 - - [25/Nov/2024:08:00:04 -0700] "GET /detail/acwmbr/ HTTP/1.1" 200 94 "-" "Mozilla/5.0 (compatible; Googlebot/2.1; +http://www.google.com/bot.html)"
66.249.79.169 - - [25/Nov/2024:08:01:40 -0700] "GET /bet/rhrkmh/bicycle-casino-events.html HTTP/1.1" 200 94 "-" "Mozilla/5.0 (compatible; Googlebot/2.1; +http://www.google.com/bot.html)"
66.249.79.169 - - [25/Nov/2024:08:01:53 -0700] "GET /news/ymvbkk/golden-state-prediction.html HTTP/1.1" 200 94 "-" "Mozilla/5.0 (compatible; Googlebot/2.1; +http://www.google.com/bot.html)"
69.162.124.238 - - [25/Nov/2024:08:02:19 -0700] "HEAD /cbse-corner.php HTTP/1.1" 200 - "https://chahalkalan.akalacademy.ac.in/cbse-corner.php" "Mozilla/5.0+(compatible; UptimeRobot/2.0; http://www.uptimerobot.com/)"
66.249.79.170 - - [25/Nov/2024:08:03:17 -0700] "GET /bet/cmfpgc/how-to-earn-real-money-online-india.html HTTP/1.1" 200 94 "-" "Mozilla/5.0 (compatible; Googlebot/2.1; +http://www.google.com/bot.html)"
66.249.79.170 - - [25/Nov/2024:08:03:19 -0700] "GET /detail/jmudnj/top-scorer-in-world-cup-cricket.html HTTP/1.1" 200 94 "-" "Mozilla/5.0 (compatible; Googlebot/2.1; +http://www.google.com/bot.html)"
66.249.79.171 - - [25/Nov/2024:08:04:39 -0700] "GET /detail/qntnqv/ HTTP/1.1" 200 94 "-" "Mozilla/5.0 (compatible; Googlebot/2.1; +http://www.google.com/bot.html)"
66.249.79.171 - - [25/Nov/2024:08:06:58 -0700] "GET /detail/ttltjo/online-ludo-for-real-money.html HTTP/1.1" 200 94 "-" "Mozilla/5.0 (compatible; Googlebot/2.1; +http://www.google.com/bot.html)"
69.162.124.238 - - [25/Nov/2024:08:07:19 -0700] "HEAD /cbse-corner.php HTTP/1.1" 200 - "https://chahalkalan.akalacademy.ac.in/cbse-corner.php" "Mozilla/5.0+(compatible; UptimeRobot/2.0; http://www.uptimerobot.com/)"
52.167.144.236 - - [25/Nov/2024:08:07:21 -0700] "GET /detail/odozuh/files/Curriculum/files/Curriculum/Computer%20Syllabus%20(2021-22).pdf HTTP/1.1" 200 94 "-" "Mozilla/5.0 AppleWebKit/537.36 (KHTML, like Gecko; compatible; bingbot/2.0; +http://www.bing.com/bingbot.htm) Chrome/116.0.1938.76 Safari/537.36"
66.249.79.170 - - [25/Nov/2024:08:08:46 -0700] "GET /news/rjbujy/icc-saki-vihar.html HTTP/1.1" 200 94 "-" "Mozilla/5.0 (compatible; Googlebot/2.1; +http://www.google.com/bot.html)"
66.249.79.171 - - [25/Nov/2024:08:09:01 -0700] "GET /detail/hbegmf/ HTTP/1.1" 200 94 "-" "Mozilla/5.0 (compatible; Googlebot/2.1; +http://www.google.com/bot.html)"
66.249.79.170 - - [25/Nov/2024:08:09:25 -0700] "GET /detail/inqfgk/ HTTP/1.1" 200 94 "-" "Mozilla/5.0 (compatible; Googlebot/2.1; +http://www.google.com/bot.html)"
66.249.79.169 - - [25/Nov/2024:08:09:29 -0700] "GET /detail/imnmwt/ HTTP/1.1" 200 94 "-" "Mozilla/5.0 (compatible; Googlebot/2.1; +http://www.google.com/bot.html)"
66.249.79.171 - - [25/Nov/2024:08:11:19 -0700] "GET /detail/fcppmh/free-slots-guide.html HTTP/1.1" 200 94 "-" "Mozilla/5.0 (compatible; Googlebot/2.1; +http://www.google.com/bot.html)"
66.249.79.169 - - [25/Nov/2024:08:11:49 -0700] "GET /news/hnfrtp/ HTTP/1.1" 200 94 "-" "Mozilla/5.0 (compatible; Googlebot/2.1; +http://www.google.com/bot.html)"
66.249.79.170 - - [25/Nov/2024:08:12:12 -0700] "GET /bet/wtptvh/meilleurs-casinos-francais-en-ligne.html HTTP/1.1" 200 94 "-" "Mozilla/5.0 (compatible; Googlebot/2.1; +http://www.google.com/bot.html)"
69.162.124.238 - - [25/Nov/2024:08:12:20 -0700] "HEAD /cbse-corner.php HTTP/1.1" 200 - "https://chahalkalan.akalacademy.ac.in/cbse-corner.php" "Mozilla/5.0+(compatible; UptimeRobot/2.0; http://www.uptimerobot.com/)"
66.249.79.169 - - [25/Nov/2024:08:12:30 -0700] "GET /news/jubzeh/ HTTP/1.1" 200 94 "-" "Mozilla/5.0 (compatible; Googlebot/2.1; +http://www.google.com/bot.html)"
66.249.79.169 - - [25/Nov/2024:08:12:40 -0700] "GET /news/rxqftl/ HTTP/1.1" 200 94 "-" "Mozilla/5.0 (compatible; Googlebot/2.1; +http://www.google.com/bot.html)"
172.203.190.139 - - [25/Nov/2024:08:13:11 -0700] "GET /robots.txt HTTP/1.1" 200 94 "-" "Mozilla/5.0 AppleWebKit/537.36 (KHTML, like Gecko); compatible; OAI-SearchBot/1.0; +https://openai.com/searchbot"
66.249.79.169 - - [25/Nov/2024:08:13:14 -0700] "GET /news/vcxxvf/action-kamen-vs-higure-rakshas-games.html HTTP/1.1" 200 94 "-" "Mozilla/5.0 (compatible; Googlebot/2.1; +http://www.google.com/bot.html)"
66.249.79.169 - - [25/Nov/2024:08:13:30 -0700] "GET /news/jluxpp/live-score-2022-asia-cup.html HTTP/1.1" 200 94 "-" "Mozilla/5.0 (compatible; Googlebot/2.1; +http://www.google.com/bot.html)"
66.249.79.169 - - [25/Nov/2024:08:13:37 -0700] "GET /bet/tisdcg/ HTTP/1.1" 200 94 "-" "Mozilla/5.0 (compatible; Googlebot/2.1; +http://www.google.com/bot.html)"
66.249.79.170 - - [25/Nov/2024:08:15:21 -0700] "GET /bet/dnfwfr/ HTTP/1.1" 200 94 "-" "Mozilla/5.0 (compatible; Googlebot/2.1; +http://www.google.com/bot.html)"
52.167.144.193 - - [25/Nov/2024:08:15:26 -0700] "GET /news/guioje/files/Curriculum/files/Curriculum/II%20-V%20Hindi%20Syllabus.pdf HTTP/1.1" 200 94 "-" "Mozilla/5.0 AppleWebKit/537.36 (KHTML, like Gecko; compatible; bingbot/2.0; +http://www.bing.com/bingbot.htm) Chrome/116.0.1938.76 Safari/537.36"
52.167.144.193 - - [25/Nov/2024:08:17:06 -0700] "GET /detail/wmimye/files/Curriculum/files/Curriculum/contact.php HTTP/1.1" 200 94 "-" "Mozilla/5.0 AppleWebKit/537.36 (KHTML, like Gecko; compatible; bingbot/2.0; +http://www.bing.com/bingbot.htm) Chrome/116.0.1938.76 Safari/537.36"
69.162.124.238 - - [25/Nov/2024:08:17:19 -0700] "HEAD /cbse-corner.php HTTP/1.1" 200 - "https://chahalkalan.akalacademy.ac.in/cbse-corner.php" "Mozilla/5.0+(compatible; UptimeRobot/2.0; http://www.uptimerobot.com/)"
66.249.79.169 - - [25/Nov/2024:08:17:43 -0700] "GET /bet/czlfms/ HTTP/1.1" 200 94 "-" "Mozilla/5.0 (compatible; Googlebot/2.1; +http://www.google.com/bot.html)"
66.249.79.171 - - [25/Nov/2024:08:18:06 -0700] "GET /news/uigwqw/india-vs-australia-t20-match-team.html HTTP/1.1" 200 94 "-" "Mozilla/5.0 (compatible; Googlebot/2.1; +http://www.google.com/bot.html)"
66.249.79.170 - - [25/Nov/2024:08:18:09 -0700] "GET /detail/lcgbii/icc-champins-trphy-2009-in-pakistan.html HTTP/1.1" 200 94 "-" "Mozilla/5.0 (compatible; Googlebot/2.1; +http://www.google.com/bot.html)"
66.249.79.169 - - [25/Nov/2024:08:18:50 -0700] "GET /bet/yyznrw/ HTTP/1.1" 200 94 "-" "Mozilla/5.0 (compatible; Googlebot/2.1; +http://www.google.com/bot.html)"
66.249.79.169 - - [25/Nov/2024:08:19:15 -0700] "GET /detail/wtdtii/ HTTP/1.1" 200 94 "-" "Mozilla/5.0 (compatible; Googlebot/2.1; +http://www.google.com/bot.html)"
66.249.79.171 - - [25/Nov/2024:08:20:01 -0700] "GET /detail/ogkacr/mumbai-indian-team-2017-players-name.html HTTP/1.1" 200 94 "-" "Mozilla/5.0 (compatible; Googlebot/2.1; +http://www.google.com/bot.html)"
66.249.79.171 - - [25/Nov/2024:08:21:08 -0700] "GET /bet/wnwexy/rummy-circle-promo-code-optional.html HTTP/1.1" 200 94 "-" "Mozilla/5.0 (compatible; Googlebot/2.1; +http://www.google.com/bot.html)"
40.77.167.33 - - [25/Nov/2024:08:22:03 -0700] "GET /detail/kescwn/files/Curriculum/files/Curriculum/English%20Syllabus%20Grade%20VI-VIII.pdf HTTP/1.1" 200 94 "-" "Mozilla/5.0 AppleWebKit/537.36 (KHTML, like Gecko; compatible; bingbot/2.0; +http://www.bing.com/bingbot.htm) Chrome/116.0.1938.76 Safari/537.36"
69.162.124.238 - - [25/Nov/2024:08:22:19 -0700] "HEAD /cbse-corner.php HTTP/1.1" 200 - "https://chahalkalan.akalacademy.ac.in/cbse-corner.php" "Mozilla/5.0+(compatible; UptimeRobot/2.0; http://www.uptimerobot.com/)"
66.249.79.169 - - [25/Nov/2024:08:24:27 -0700] "GET /news/daaecu/mumbai-indians-2018-players.html HTTP/1.1" 200 94 "-" "Mozilla/5.0 (compatible; Googlebot/2.1; +http://www.google.com/bot.html)"
66.249.79.171 - - [25/Nov/2024:08:26:33 -0700] "GET /bet/zpeqpz/ HTTP/1.1" 200 94 "-" "Mozilla/5.0 (compatible; Googlebot/2.1; +http://www.google.com/bot.html)"
66.249.79.169 - - [25/Nov/2024:08:26:52 -0700] "GET /bet/amvjdg/ HTTP/1.1" 200 94 "-" "Mozilla/5.0 (compatible; Googlebot/2.1; +http://www.google.com/bot.html)"
66.249.79.169 - - [25/Nov/2024:08:26:57 -0700] "GET /detail/mdyuqn/ HTTP/1.1" 200 94 "-" "Mozilla/5.0 (compatible; Googlebot/2.1; +http://www.google.com/bot.html)"
69.162.124.238 - - [25/Nov/2024:08:27:19 -0700] "HEAD /cbse-corner.php HTTP/1.1" 200 - "https://chahalkalan.akalacademy.ac.in/cbse-corner.php" "Mozilla/5.0+(compatible; UptimeRobot/2.0; http://www.uptimerobot.com/)"
66.249.79.170 - - [25/Nov/2024:08:28:14 -0700] "GET /news/ndldoj/chennai-super-kings-ke-2019-ke-match.html HTTP/1.1" 200 94 "-" "Mozilla/5.0 (compatible; Googlebot/2.1; +http://www.google.com/bot.html)"
66.249.79.169 - - [25/Nov/2024:08:28:37 -0700] "GET /detail/ayrkfy/ HTTP/1.1" 200 94 "-" "Mozilla/5.0 (compatible; Googlebot/2.1; +http://www.google.com/bot.html)"
66.249.79.170 - - [25/Nov/2024:08:29:17 -0700] "GET /news/tkgvcq/ HTTP/1.1" 200 94 "-" "Mozilla/5.0 (compatible; Googlebot/2.1; +http://www.google.com/bot.html)"
66.249.79.170 - - [25/Nov/2024:08:29:22 -0700] "GET /bet/pnwxxn/nhl-tips-and-predictions.html HTTP/1.1" 200 94 "-" "Mozilla/5.0 (compatible; Googlebot/2.1; +http://www.google.com/bot.html)"
66.249.79.169 - - [25/Nov/2024:08:29:49 -0700] "GET /bet/mglubz/ HTTP/1.1" 200 94 "-" "Mozilla/5.0 (compatible; Googlebot/2.1; +http://www.google.com/bot.html)"
66.249.79.169 - - [25/Nov/2024:08:30:47 -0700] "GET /detail/ewkirg/icc-17-womans-match-videos.html HTTP/1.1" 200 94 "-" "Mozilla/5.0 (compatible; Googlebot/2.1; +http://www.google.com/bot.html)"
69.162.124.238 - - [25/Nov/2024:08:32:19 -0700] "HEAD /cbse-corner.php HTTP/1.1" 200 - "https://chahalkalan.akalacademy.ac.in/cbse-corner.php" "Mozilla/5.0+(compatible; UptimeRobot/2.0; http://www.uptimerobot.com/)"
66.249.79.170 - - [25/Nov/2024:08:33:12 -0700] "GET /bet/optlwe/icc-under-19-world-cup-2022-final.html HTTP/1.1" 200 94 "-" "Mozilla/5.0 (compatible; Googlebot/2.1; +http://www.google.com/bot.html)"
66.249.79.170 - - [25/Nov/2024:08:35:08 -0700] "GET /detail/vxxkwm/ind-vs-nz-1st-t20-confomed-11-playeres.html HTTP/1.1" 200 94 "-" "Mozilla/5.0 (compatible; Googlebot/2.1; +http://www.google.com/bot.html)"
66.249.79.170 - - [25/Nov/2024:08:35:08 -0700] "GET /detail/dsqeoc/ HTTP/1.1" 200 94 "-" "Mozilla/5.0 (compatible; Googlebot/2.1; +http://www.google.com/bot.html)"
66.249.79.169 - - [25/Nov/2024:08:36:08 -0700] "GET /detail/ffnwqv/ HTTP/1.1" 200 94 "-" "Mozilla/5.0 (compatible; Googlebot/2.1; +http://www.google.com/bot.html)"
66.249.79.170 - - [25/Nov/2024:08:36:27 -0700] "GET /detail/lphbsm/ HTTP/1.1" 200 94 "-" "Mozilla/5.0 (compatible; Googlebot/2.1; +http://www.google.com/bot.html)"
52.167.144.194 - - [25/Nov/2024:08:37:09 -0700] "GET /detail/fvssre/files/Curriculum/files/Curriculum/Grade%201.pdf HTTP/1.1" 200 94 "-" "Mozilla/5.0 AppleWebKit/537.36 (KHTML, like Gecko; compatible; bingbot/2.0; +http://www.bing.com/bingbot.htm) Chrome/116.0.1938.76 Safari/537.36"
69.162.124.238 - - [25/Nov/2024:08:37:20 -0700] "HEAD /cbse-corner.php HTTP/1.1" 200 - "https://chahalkalan.akalacademy.ac.in/cbse-corner.php" "Mozilla/5.0+(compatible; UptimeRobot/2.0; http://www.uptimerobot.com/)"
66.249.79.171 - - [25/Nov/2024:08:37:37 -0700] "GET /news/xdpxqp/shubman-gill-yahoo-cricket.html HTTP/1.1" 200 94 "-" "Mozilla/5.0 (compatible; Googlebot/2.1; +http://www.google.com/bot.html)"
66.249.79.169 - - [25/Nov/2024:08:37:49 -0700] "GET /detail/ibgfce/ HTTP/1.1" 200 94 "-" "Mozilla/5.0 (compatible; Googlebot/2.1; +http://www.google.com/bot.html)"
66.249.79.170 - - [25/Nov/2024:08:39:13 -0700] "GET /news/wyersk/ HTTP/1.1" 200 94 "-" "Mozilla/5.0 (compatible; Googlebot/2.1; +http://www.google.com/bot.html)"
66.249.79.170 - - [25/Nov/2024:08:39:47 -0700] "GET /detail/qjimai/iran-cricket-live-score.html HTTP/1.1" 200 94 "-" "Mozilla/5.0 (compatible; Googlebot/2.1; +http://www.google.com/bot.html)"
66.249.79.171 - - [25/Nov/2024:08:40:13 -0700] "GET /news/cixmhi/abbreviation-of-icc.html HTTP/1.1" 200 94 "-" "Mozilla/5.0 (compatible; Googlebot/2.1; +http://www.google.com/bot.html)"
66.249.79.170 - - [25/Nov/2024:08:40:50 -0700] "GET /news/ciyivg/ HTTP/1.1" 200 94 "-" "Mozilla/5.0 (compatible; Googlebot/2.1; +http://www.google.com/bot.html)"
66.249.79.170 - - [25/Nov/2024:08:40:50 -0700] "GET /bet/qglpio/ HTTP/1.1" 200 94 "-" "Mozilla/5.0 (compatible; Googlebot/2.1; +http://www.google.com/bot.html)"
40.77.167.54 - - [25/Nov/2024:08:41:16 -0700] "GET /detail/cqrztr/files/Curriculum/files/Curriculum/lkg%20numracy.pdf HTTP/1.1" 200 94 "-" "Mozilla/5.0 AppleWebKit/537.36 (KHTML, like Gecko; compatible; bingbot/2.0; +http://www.bing.com/bingbot.htm) Chrome/116.0.1938.76 Safari/537.36"
66.249.79.170 - - [25/Nov/2024:08:41:23 -0700] "GET /bet/rrllgv/t20-final-start-time.html HTTP/1.1" 200 94 "-" "Mozilla/5.0 (compatible; Googlebot/2.1; +http://www.google.com/bot.html)"
66.249.79.169 - - [25/Nov/2024:08:41:31 -0700] "GET /detail/ysrkkw/betensured-today-correct-score.html HTTP/1.1" 200 94 "-" "Mozilla/5.0 (compatible; Googlebot/2.1; +http://www.google.com/bot.html)"
66.249.79.169 - - [25/Nov/2024:08:41:48 -0700] "GET /news/kvdjwk/ HTTP/1.1" 200 94 "-" "Mozilla/5.0 (compatible; Googlebot/2.1; +http://www.google.com/bot.html)"
69.162.124.238 - - [25/Nov/2024:08:42:19 -0700] "HEAD /cbse-corner.php HTTP/1.1" 200 - "https://chahalkalan.akalacademy.ac.in/cbse-corner.php" "Mozilla/5.0+(compatible; UptimeRobot/2.0; http://www.uptimerobot.com/)"
66.249.79.171 - - [25/Nov/2024:08:42:43 -0700] "GET /bet/fghunm/ HTTP/1.1" 200 94 "-" "Mozilla/5.0 (compatible; Googlebot/2.1; +http://www.google.com/bot.html)"
66.249.79.171 - - [25/Nov/2024:08:42:45 -0700] "GET /detail/rsnxwd/ HTTP/1.1" 200 94 "-" "Mozilla/5.0 (compatible; Googlebot/2.1; +http://www.google.com/bot.html)"
66.249.79.171 - - [25/Nov/2024:08:42:45 -0700] "GET /detail/swvmjs/ HTTP/1.1" 200 94 "-" "Mozilla/5.0 (compatible; Googlebot/2.1; +http://www.google.com/bot.html)"
./LuLlaby007 ♥ Tata Cantik - Copyright 2k18