Cylul007 Webshell
Server :
Linux ip-148-66-134-25.ip.secureserver.net 3.10.0-1160.119.1.el7.tuxcare.els10.x86_64 #1 SMP Fri Oct 11 21:40:41 UTC 2024 x86_64
php :
8.0.30
on
cgi-fcgi
Time
25 Nov 2024 15:47:27
Current Directory :
/
home
/
amvm
/
access-logs
/
Upload File :
Mass Deface
Home
Bypass Passwd
Current File : /home/amvm/access-logs/chahalkalan.akalacademy.ac.in-ssl_log
69.162.124.238 - - [25/Nov/2024:05:11:09 -0700] "HEAD /cbse-corner.php HTTP/1.1" 200 - "https://chahalkalan.akalacademy.ac.in/cbse-corner.php" "Mozilla/5.0+(compatible; UptimeRobot/2.0; http://www.uptimerobot.com/)"
66.249.79.169 - - [25/Nov/2024:05:11:14 -0700] "GET /detail/uwzrna/motown-show-las-vegas.html HTTP/1.1" 200 94 "-" "Mozilla/5.0 (compatible; Googlebot/2.1; +http://www.google.com/bot.html)"
66.249.79.169 - - [25/Nov/2024:05:12:26 -0700] "GET /detail/nuazbm/ HTTP/1.1" 200 94 "-" "Mozilla/5.0 (compatible; Googlebot/2.1; +http://www.google.com/bot.html)"
66.249.79.170 - - [25/Nov/2024:05:12:48 -0700] "GET /news/bvnnkt/jackpot.html HTTP/1.1" 200 94 "-" "Mozilla/5.0 (compatible; Googlebot/2.1; +http://www.google.com/bot.html)"
66.249.79.170 - - [25/Nov/2024:05:15:48 -0700] "GET /detail/fhhlqx/icc-odi-team-of-the-decade.html HTTP/1.1" 200 94 "-" "Mozilla/5.0 (compatible; Googlebot/2.1; +http://www.google.com/bot.html)"
66.249.79.169 - - [25/Nov/2024:05:16:00 -0700] "GET /news/yjezag/cricket-captain-2017-free-game-download.html HTTP/1.1" 200 94 "-" "Mozilla/5.0 (compatible; Googlebot/2.1; +http://www.google.com/bot.html)"
69.162.124.238 - - [25/Nov/2024:05:16:09 -0700] "HEAD /cbse-corner.php HTTP/1.1" 200 - "https://chahalkalan.akalacademy.ac.in/cbse-corner.php" "Mozilla/5.0+(compatible; UptimeRobot/2.0; http://www.uptimerobot.com/)"
66.249.79.169 - - [25/Nov/2024:05:16:10 -0700] "GET /bet/tpwfke/ HTTP/1.1" 200 94 "-" "Mozilla/5.0 (compatible; Googlebot/2.1; +http://www.google.com/bot.html)"
66.249.79.169 - - [25/Nov/2024:05:16:10 -0700] "GET /bet/tpwfke/ HTTP/1.1" 200 94 "-" "Mozilla/5.0 (compatible; Googlebot/2.1; +http://www.google.com/bot.html)"
66.249.79.169 - - [25/Nov/2024:05:16:21 -0700] "GET /news/vqztmx/overs-bowling-by-siddharth-kaul-in-ipl.html HTTP/1.1" 200 94 "-" "Mozilla/5.0 (compatible; Googlebot/2.1; +http://www.google.com/bot.html)"
66.249.79.171 - - [25/Nov/2024:05:17:07 -0700] "GET /bet/pwpuip/ HTTP/1.1" 200 94 "-" "Mozilla/5.0 (compatible; Googlebot/2.1; +http://www.google.com/bot.html)"
18.119.213.65 - - [25/Nov/2024:05:17:19 -0700] "GET /myadmin/cbse/files/Curriculum/fonts/icomoon/css/images/school%20(9).jpg HTTP/1.1" 200 94 "-" "Mozilla/5.0 AppleWebKit/537.36 (KHTML, like Gecko; compatible; ClaudeBot/1.0; +claudebot@anthropic.com)"
66.249.79.170 - - [25/Nov/2024:05:17:22 -0700] "GET /bet/kbtabo/ HTTP/1.1" 200 94 "-" "Mozilla/5.0 (compatible; Googlebot/2.1; +http://www.google.com/bot.html)"
66.249.79.169 - - [25/Nov/2024:05:17:28 -0700] "GET /news/gtznzk/all-cricket-channel-online.html HTTP/1.1" 200 94 "-" "Mozilla/5.0 (compatible; Googlebot/2.1; +http://www.google.com/bot.html)"
66.249.79.169 - - [25/Nov/2024:05:17:56 -0700] "GET /detail/fvqqrt/ HTTP/1.1" 200 94 "-" "Mozilla/5.0 (compatible; Googlebot/2.1; +http://www.google.com/bot.html)"
66.249.79.169 - - [25/Nov/2024:05:17:58 -0700] "GET /detail/njtsvq/ HTTP/1.1" 200 94 "-" "Mozilla/5.0 (compatible; Googlebot/2.1; +http://www.google.com/bot.html)"
40.77.167.22 - - [25/Nov/2024:05:18:09 -0700] "GET /detail/chlvxb/files/Curriculum/files/Curriculum/Social%20Science%20VI-VIII.pdf HTTP/1.1" 200 94 "-" "Mozilla/5.0 AppleWebKit/537.36 (KHTML, like Gecko; compatible; bingbot/2.0; +http://www.bing.com/bingbot.htm) Chrome/116.0.1938.76 Safari/537.36"
52.167.144.181 - - [25/Nov/2024:05:18:20 -0700] "GET /bet/fgpjao/files/Curriculum/files/Curriculum/English%20Syllabus%20Grade%20VI-VIII.pdf HTTP/1.1" 200 94 "-" "Mozilla/5.0 AppleWebKit/537.36 (KHTML, like Gecko; compatible; bingbot/2.0; +http://www.bing.com/bingbot.htm) Chrome/116.0.1938.76 Safari/537.36"
66.249.79.169 - - [25/Nov/2024:05:18:34 -0700] "GET /detail/tqiuoc/ HTTP/1.1" 200 94 "-" "Mozilla/5.0 (compatible; Googlebot/2.1; +http://www.google.com/bot.html)"
66.249.79.170 - - [25/Nov/2024:05:18:46 -0700] "GET /detail/seryuu/ HTTP/1.1" 200 94 "-" "Mozilla/5.0 (compatible; Googlebot/2.1; +http://www.google.com/bot.html)"
66.249.79.169 - - [25/Nov/2024:05:20:26 -0700] "GET /detail/sbbcpu/ HTTP/1.1" 200 94 "-" "Mozilla/5.0 (compatible; Googlebot/2.1; +http://www.google.com/bot.html)"
66.249.79.169 - - [25/Nov/2024:05:20:29 -0700] "GET /news/zhxiap/rbc-canadian-open-odds-2022.html HTTP/1.1" 200 94 "-" "Mozilla/5.0 (compatible; Googlebot/2.1; +http://www.google.com/bot.html)"
69.162.124.238 - - [25/Nov/2024:05:21:09 -0700] "HEAD /cbse-corner.php HTTP/1.1" 200 - "https://chahalkalan.akalacademy.ac.in/cbse-corner.php" "Mozilla/5.0+(compatible; UptimeRobot/2.0; http://www.uptimerobot.com/)"
66.249.79.170 - - [25/Nov/2024:05:21:43 -0700] "GET /bet/cjrchc/cleveland-casino-jobs.html HTTP/1.1" 200 94 "-" "Mozilla/5.0 (compatible; Googlebot/2.1; +http://www.google.com/bot.html)"
66.249.79.171 - - [25/Nov/2024:05:22:20 -0700] "GET /bet/ikxzwj/tt-esport-gaming-chair-chenai.html HTTP/1.1" 200 94 "-" "Mozilla/5.0 (compatible; Googlebot/2.1; +http://www.google.com/bot.html)"
66.249.79.170 - - [25/Nov/2024:05:22:45 -0700] "GET /bet/pbhhmt/best-mobile-card-games-2019-reddit.html HTTP/1.1" 200 94 "-" "Mozilla/5.0 (compatible; Googlebot/2.1; +http://www.google.com/bot.html)"
66.249.79.170 - - [25/Nov/2024:05:23:47 -0700] "GET /detail/wxsouc/t20-international-india-in-2019.html HTTP/1.1" 200 94 "-" "Mozilla/5.0 (compatible; Googlebot/2.1; +http://www.google.com/bot.html)"
66.249.79.170 - - [25/Nov/2024:05:24:35 -0700] "GET /detail/yrswbk/yugioh-games-with-egyptian-god-cards.html HTTP/1.1" 200 94 "-" "Mozilla/5.0 (compatible; Googlebot/2.1; +http://www.google.com/bot.html)"
40.77.167.22 - - [25/Nov/2024:05:24:39 -0700] "GET /detail/pswbrn/files/Curriculum/files/Curriculum/Grade%20V.pdf HTTP/1.1" 200 94 "-" "Mozilla/5.0 AppleWebKit/537.36 (KHTML, like Gecko; compatible; bingbot/2.0; +http://www.bing.com/bingbot.htm) Chrome/116.0.1938.76 Safari/537.36"
66.249.79.169 - - [25/Nov/2024:05:25:03 -0700] "GET /detail/mvspld/ HTTP/1.1" 200 94 "-" "Mozilla/5.0 (compatible; Googlebot/2.1; +http://www.google.com/bot.html)"
69.162.124.238 - - [25/Nov/2024:05:26:09 -0700] "HEAD /cbse-corner.php HTTP/1.1" 200 - "https://chahalkalan.akalacademy.ac.in/cbse-corner.php" "Mozilla/5.0+(compatible; UptimeRobot/2.0; http://www.uptimerobot.com/)"
66.249.79.171 - - [25/Nov/2024:05:27:03 -0700] "GET /detail/ewfuax/cricket-score-wordpress-theme.html HTTP/1.1" 200 94 "-" "Mozilla/5.0 (compatible; Googlebot/2.1; +http://www.google.com/bot.html)"
66.249.79.169 - - [25/Nov/2024:05:27:38 -0700] "GET /news/rlgjle/icc-cricket-world-cup-2011-final-results.html HTTP/1.1" 200 94 "-" "Mozilla/5.0 (compatible; Googlebot/2.1; +http://www.google.com/bot.html)"
66.249.79.169 - - [25/Nov/2024:05:27:57 -0700] "GET /news/qzymng/tonight-jackpot-mega-millions.html HTTP/1.1" 200 94 "-" "Mozilla/5.0 (compatible; Googlebot/2.1; +http://www.google.com/bot.html)"
66.249.79.169 - - [25/Nov/2024:05:27:58 -0700] "GET /bet/cgnfmc/ HTTP/1.1" 200 94 "-" "Mozilla/5.0 (compatible; Googlebot/2.1; +http://www.google.com/bot.html)"
40.77.167.116 - - [25/Nov/2024:05:27:59 -0700] "GET /detail/vqiaur/files/Curriculum/files/Curriculum/Grade%20II.pdf HTTP/1.1" 200 94 "-" "Mozilla/5.0 AppleWebKit/537.36 (KHTML, like Gecko; compatible; bingbot/2.0; +http://www.bing.com/bingbot.htm) Chrome/116.0.1938.76 Safari/537.36"
66.249.79.170 - - [25/Nov/2024:05:28:39 -0700] "GET /bet/psayzw/cricket-match-ka-score-bataye.html HTTP/1.1" 200 94 "-" "Mozilla/5.0 (compatible; Googlebot/2.1; +http://www.google.com/bot.html)"
66.249.79.170 - - [25/Nov/2024:05:29:05 -0700] "GET /bet/wmjqja/playing-cards-games-list-in-india.html HTTP/1.1" 200 94 "-" "Mozilla/5.0 (compatible; Googlebot/2.1; +http://www.google.com/bot.html)"
66.249.79.171 - - [25/Nov/2024:05:30:55 -0700] "GET /detail/rssitw/ HTTP/1.1" 200 94 "-" "Mozilla/5.0 (compatible; Googlebot/2.1; +http://www.google.com/bot.html)"
69.162.124.238 - - [25/Nov/2024:05:31:10 -0700] "HEAD /cbse-corner.php HTTP/1.1" 200 - "https://chahalkalan.akalacademy.ac.in/cbse-corner.php" "Mozilla/5.0+(compatible; UptimeRobot/2.0; http://www.uptimerobot.com/)"
66.249.79.171 - - [25/Nov/2024:05:34:39 -0700] "GET /bet/fydtbv/bbl-11th-match-prediction.html HTTP/1.1" 200 94 "-" "Mozilla/5.0 (compatible; Googlebot/2.1; +http://www.google.com/bot.html)"
40.77.167.64 - - [25/Nov/2024:05:34:41 -0700] "GET /news/mhzwlq/files/Curriculum/files/Curriculum/English%20Syllabus%20Grade%20VI-VIII.pdf HTTP/1.1" 200 94 "-" "Mozilla/5.0 AppleWebKit/537.36 (KHTML, like Gecko; compatible; bingbot/2.0; +http://www.bing.com/bingbot.htm) Chrome/116.0.1938.76 Safari/537.36"
66.249.79.170 - - [25/Nov/2024:05:35:38 -0700] "GET /detail/xaesox/playwin-lottery-sikkim.html HTTP/1.1" 200 94 "-" "Mozilla/5.0 (compatible; Googlebot/2.1; +http://www.google.com/bot.html)"
66.249.79.169 - - [25/Nov/2024:05:35:41 -0700] "GET /bet/jatybz/ HTTP/1.1" 200 94 "-" "Mozilla/5.0 (compatible; Googlebot/2.1; +http://www.google.com/bot.html)"
66.249.79.169 - - [25/Nov/2024:05:35:42 -0700] "GET /bet/bnstgc/ HTTP/1.1" 200 94 "-" "Mozilla/5.0 (compatible; Googlebot/2.1; +http://www.google.com/bot.html)"
66.249.79.169 - - [25/Nov/2024:05:35:55 -0700] "GET /bet/lbtucz/ HTTP/1.1" 200 94 "-" "Mozilla/5.0 (compatible; Googlebot/2.1; +http://www.google.com/bot.html)"
66.249.79.170 - - [25/Nov/2024:05:36:02 -0700] "GET /bet/dwtapt/president-cup-t20-live-score.html HTTP/1.1" 200 94 "-" "Mozilla/5.0 (compatible; Googlebot/2.1; +http://www.google.com/bot.html)"
69.162.124.238 - - [25/Nov/2024:05:36:09 -0700] "HEAD /cbse-corner.php HTTP/1.1" 200 - "https://chahalkalan.akalacademy.ac.in/cbse-corner.php" "Mozilla/5.0+(compatible; UptimeRobot/2.0; http://www.uptimerobot.com/)"
66.249.79.170 - - [25/Nov/2024:05:36:14 -0700] "GET /detail/ekqlpu/bet-365-bet-10-get-50.html HTTP/1.1" 200 94 "-" "Mozilla/5.0 (compatible; Googlebot/2.1; +http://www.google.com/bot.html)"
66.249.79.169 - - [25/Nov/2024:05:36:37 -0700] "GET /news/vdhkgm/ HTTP/1.1" 200 94 "-" "Mozilla/5.0 (compatible; Googlebot/2.1; +http://www.google.com/bot.html)"
66.249.79.171 - - [25/Nov/2024:05:37:11 -0700] "GET /bet/pktfih/cricket-quiz-games-2016.html HTTP/1.1" 200 94 "-" "Mozilla/5.0 (compatible; Googlebot/2.1; +http://www.google.com/bot.html)"
66.249.79.170 - - [25/Nov/2024:05:37:35 -0700] "GET /detail/xujpow/ HTTP/1.1" 200 94 "-" "Mozilla/5.0 (compatible; Googlebot/2.1; +http://www.google.com/bot.html)"
40.77.167.64 - - [25/Nov/2024:05:37:40 -0700] "GET /news/sdsnej/cbse-corner.php HTTP/1.1" 200 94 "-" "Mozilla/5.0 AppleWebKit/537.36 (KHTML, like Gecko; compatible; bingbot/2.0; +http://www.bing.com/bingbot.htm) Chrome/116.0.1938.76 Safari/537.36"
66.249.79.170 - - [25/Nov/2024:05:38:13 -0700] "GET /news/yttvrw/free-sure-football-tips.html HTTP/1.1" 200 94 "-" "Mozilla/5.0 (compatible; Googlebot/2.1; +http://www.google.com/bot.html)"
66.249.79.169 - - [25/Nov/2024:05:38:26 -0700] "GET /bet/vjffvf/ndtv-online-live-cricket.html HTTP/1.1" 200 94 "-" "Mozilla/5.0 (compatible; Googlebot/2.1; +http://www.google.com/bot.html)"
3.15.240.181 - - [25/Nov/2024:05:38:42 -0700] "GET /myadmin/cbse/files/Curriculum/fonts/icomoon/css/images/principal.jpg HTTP/1.1" 200 94 "-" "Mozilla/5.0 AppleWebKit/537.36 (KHTML, like Gecko; compatible; ClaudeBot/1.0; +claudebot@anthropic.com)"
66.249.79.169 - - [25/Nov/2024:05:38:49 -0700] "GET /detail/bjvnnd/game-of-thrones-s1-e3-watch-online.html HTTP/1.1" 200 94 "-" "Mozilla/5.0 (compatible; Googlebot/2.1; +http://www.google.com/bot.html)"
66.249.79.171 - - [25/Nov/2024:05:39:58 -0700] "GET /news/nrqoqs/les-10-meilleurs-casinos.html HTTP/1.1" 200 94 "-" "Mozilla/5.0 (compatible; Googlebot/2.1; +http://www.google.com/bot.html)"
66.249.79.169 - - [25/Nov/2024:05:40:10 -0700] "GET /bet/vyjekz/sam-bahadur-vicky-kaushal.html HTTP/1.1" 200 94 "-" "Mozilla/5.0 (compatible; Googlebot/2.1; +http://www.google.com/bot.html)"
69.162.124.238 - - [25/Nov/2024:05:41:09 -0700] "HEAD /cbse-corner.php HTTP/1.1" 200 - "https://chahalkalan.akalacademy.ac.in/cbse-corner.php" "Mozilla/5.0+(compatible; UptimeRobot/2.0; http://www.uptimerobot.com/)"
66.249.79.170 - - [25/Nov/2024:05:42:32 -0700] "GET /bet/flptsi/ HTTP/1.1" 200 94 "-" "Mozilla/5.0 (compatible; Googlebot/2.1; +http://www.google.com/bot.html)"
66.249.79.170 - - [25/Nov/2024:05:42:54 -0700] "GET /detail/xkejvf/ HTTP/1.1" 200 94 "-" "Mozilla/5.0 (compatible; Googlebot/2.1; +http://www.google.com/bot.html)"
66.249.79.169 - - [25/Nov/2024:05:43:28 -0700] "GET /detail/gwhogd/ HTTP/1.1" 200 94 "-" "Mozilla/5.0 (compatible; Googlebot/2.1; +http://www.google.com/bot.html)"
66.249.79.171 - - [25/Nov/2024:05:44:27 -0700] "GET /detail/whbtem/is-kardar-jadvathis-world-cup-2019.html HTTP/1.1" 200 94 "-" "Mozilla/5.0 (compatible; Googlebot/2.1; +http://www.google.com/bot.html)"
66.249.79.170 - - [25/Nov/2024:05:44:37 -0700] "GET /news/oxtqki/rtp-slot-gacor-pragmatic.html HTTP/1.1" 200 94 "-" "Mozilla/5.0 (compatible; Googlebot/2.1; +http://www.google.com/bot.html)"
66.249.79.171 - - [25/Nov/2024:05:45:34 -0700] "GET /news/xdfeae/ HTTP/1.1" 200 94 "-" "Mozilla/5.0 (compatible; Googlebot/2.1; +http://www.google.com/bot.html)"
40.77.167.55 - - [25/Nov/2024:05:45:55 -0700] "GET /bet/fgpjao/files/Curriculum/files/Curriculum/academic.php HTTP/1.1" 200 94 "-" "Mozilla/5.0 AppleWebKit/537.36 (KHTML, like Gecko; compatible; bingbot/2.0; +http://www.bing.com/bingbot.htm) Chrome/116.0.1938.76 Safari/537.36"
66.249.79.169 - - [25/Nov/2024:05:46:27 -0700] "GET /news/zdnlnj/400-million-lottery-winner.html HTTP/1.1" 200 94 "-" "Mozilla/5.0 (compatible; Googlebot/2.1; +http://www.google.com/bot.html)"
69.162.124.238 - - [25/Nov/2024:05:47:19 -0700] "HEAD /cbse-corner.php HTTP/1.1" 200 - "https://chahalkalan.akalacademy.ac.in/cbse-corner.php" "Mozilla/5.0+(compatible; UptimeRobot/2.0; http://www.uptimerobot.com/)"
66.249.79.171 - - [25/Nov/2024:05:48:11 -0700] "GET /news/czkgrp/ HTTP/1.1" 200 94 "-" "Mozilla/5.0 (compatible; Googlebot/2.1; +http://www.google.com/bot.html)"
66.249.79.170 - - [25/Nov/2024:05:48:47 -0700] "GET /detail/wmjmnh/hubli-cricket-ground-average-score.html HTTP/1.1" 200 94 "-" "Mozilla/5.0 (compatible; Googlebot/2.1; +http://www.google.com/bot.html)"
66.249.79.170 - - [25/Nov/2024:05:49:50 -0700] "GET /bet/abxqoa/online-casino-automaten.html HTTP/1.1" 200 94 "-" "Mozilla/5.0 (compatible; Googlebot/2.1; +http://www.google.com/bot.html)"
66.249.79.169 - - [25/Nov/2024:05:49:57 -0700] "GET /bet/gmdkct/first-woman-world-cup-football.html HTTP/1.1" 200 94 "-" "Mozilla/5.0 (compatible; Googlebot/2.1; +http://www.google.com/bot.html)"
66.249.79.171 - - [25/Nov/2024:05:50:09 -0700] "GET /detail/ndekms/ HTTP/1.1" 200 94 "-" "Mozilla/5.0 (compatible; Googlebot/2.1; +http://www.google.com/bot.html)"
66.249.79.169 - - [25/Nov/2024:05:50:15 -0700] "GET /bet/aomhhr/ HTTP/1.1" 200 94 "-" "Mozilla/5.0 (compatible; Googlebot/2.1; +http://www.google.com/bot.html)"
66.249.79.169 - - [25/Nov/2024:05:50:26 -0700] "GET /news/gndmpz/ HTTP/1.1" 200 94 "-" "Mozilla/5.0 (compatible; Googlebot/2.1; +http://www.google.com/bot.html)"
66.249.79.169 - - [25/Nov/2024:05:52:08 -0700] "GET /bet/giqbtl/ HTTP/1.1" 200 94 "-" "Mozilla/5.0 (compatible; Googlebot/2.1; +http://www.google.com/bot.html)"
69.162.124.238 - - [25/Nov/2024:05:52:19 -0700] "HEAD /cbse-corner.php HTTP/1.1" 200 - "https://chahalkalan.akalacademy.ac.in/cbse-corner.php" "Mozilla/5.0+(compatible; UptimeRobot/2.0; http://www.uptimerobot.com/)"
66.249.79.169 - - [25/Nov/2024:05:53:27 -0700] "GET /detail/ybpeyx/odds-and-lines-betting.html HTTP/1.1" 200 94 "-" "Mozilla/5.0 (compatible; Googlebot/2.1; +http://www.google.com/bot.html)"
66.249.79.169 - - [25/Nov/2024:05:53:49 -0700] "GET /detail/kytbso/europa-casino-aams.html HTTP/1.1" 200 94 "-" "Mozilla/5.0 (compatible; Googlebot/2.1; +http://www.google.com/bot.html)"
66.249.79.169 - - [25/Nov/2024:05:53:52 -0700] "GET /detail/lnrxjy/ HTTP/1.1" 200 94 "-" "Mozilla/5.0 (compatible; Googlebot/2.1; +http://www.google.com/bot.html)"
66.249.79.169 - - [25/Nov/2024:05:53:53 -0700] "GET /news/josjfg/3gp-cricket-games-download-free.html HTTP/1.1" 200 94 "-" "Mozilla/5.0 (compatible; Googlebot/2.1; +http://www.google.com/bot.html)"
66.249.79.169 - - [25/Nov/2024:05:54:48 -0700] "GET /detail/cdahsh/ HTTP/1.1" 200 94 "-" "Mozilla/5.0 (compatible; Googlebot/2.1; +http://www.google.com/bot.html)"
66.249.79.169 - - [25/Nov/2024:05:54:51 -0700] "GET /bet/hsmqae/ HTTP/1.1" 200 94 "-" "Mozilla/5.0 (compatible; Googlebot/2.1; +http://www.google.com/bot.html)"
66.249.79.170 - - [25/Nov/2024:05:54:52 -0700] "GET /news/ssgkxo/latest-australia-cricket-score.html HTTP/1.1" 200 94 "-" "Mozilla/5.0 (compatible; Googlebot/2.1; +http://www.google.com/bot.html)"
152.59.102.185 - - [25/Nov/2024:05:56:18 -0700] "GET /files/Curriculum/Grade%201.pdf HTTP/1.1" 200 1729684 "-" "Mozilla/5.0 (Linux; Android 13; 23028RN4DI Build/TP1A.220624.014) AppleWebKit/537.36 (KHTML, like Gecko) Chrome/130.0.6723.107 Mobile Safari/537.36"
152.59.102.185 - - [25/Nov/2024:05:56:23 -0700] "GET /files/Curriculum/Grade%201.pdf HTTP/1.1" 200 1729684 "-" "com.google.android.apps.searchlite/1005775 (Linux; U; Android 13; en_IN; 23028RN4DI; Build/TP1A.220624.014; Cronet/131.0.6738.0)"
66.249.79.170 - - [25/Nov/2024:05:56:51 -0700] "GET /detail/dvtpdo/ HTTP/1.1" 200 94 "-" "Mozilla/5.0 (compatible; Googlebot/2.1; +http://www.google.com/bot.html)"
66.249.79.169 - - [25/Nov/2024:05:56:59 -0700] "GET /detail/ktmygg/ HTTP/1.1" 200 94 "-" "Mozilla/5.0 (compatible; Googlebot/2.1; +http://www.google.com/bot.html)"
69.162.124.238 - - [25/Nov/2024:05:57:19 -0700] "HEAD /cbse-corner.php HTTP/1.1" 200 - "https://chahalkalan.akalacademy.ac.in/cbse-corner.php" "Mozilla/5.0+(compatible; UptimeRobot/2.0; http://www.uptimerobot.com/)"
66.249.79.171 - - [25/Nov/2024:05:58:30 -0700] "GET /bet/cbmxqk/which-is-best-casino-in-goa.html HTTP/1.1" 200 94 "-" "Mozilla/5.0 (compatible; Googlebot/2.1; +http://www.google.com/bot.html)"
66.249.79.169 - - [25/Nov/2024:05:58:41 -0700] "GET /detail/boelot/ HTTP/1.1" 200 94 "-" "Mozilla/5.0 (compatible; Googlebot/2.1; +http://www.google.com/bot.html)"
66.249.79.171 - - [25/Nov/2024:05:59:14 -0700] "GET /detail/japlif/vitibet-3-days.html HTTP/1.1" 200 94 "-" "Mozilla/5.0 (compatible; Googlebot/2.1; +http://www.google.com/bot.html)"
66.249.79.169 - - [25/Nov/2024:05:59:47 -0700] "GET /news/dbixsn/india-vs-new-zealand-live-2019-world-cup.html HTTP/1.1" 200 94 "-" "Mozilla/5.0 (compatible; Googlebot/2.1; +http://www.google.com/bot.html)"
3.15.240.181 - - [25/Nov/2024:06:00:10 -0700] "GET /robots.txt HTTP/1.1" 200 94 "-" "Mozilla/5.0 AppleWebKit/537.36 (KHTML, like Gecko; compatible; ClaudeBot/1.0; +claudebot@anthropic.com)"
3.15.240.181 - - [25/Nov/2024:06:00:11 -0700] "GET /myadmin/cbse/files/Curriculum/fonts/icomoon/css/images/Tree%20(1).png HTTP/1.1" 200 94 "-" "Mozilla/5.0 AppleWebKit/537.36 (KHTML, like Gecko; compatible; ClaudeBot/1.0; +claudebot@anthropic.com)"
66.249.79.169 - - [25/Nov/2024:06:00:11 -0700] "GET /bet/ikzoha/ HTTP/1.1" 200 94 "-" "Mozilla/5.0 (compatible; Googlebot/2.1; +http://www.google.com/bot.html)"
3.15.240.181 - - [25/Nov/2024:06:00:11 -0700] "GET /myadmin/cbse/files/Curriculum/fonts/icomoon/css/images/Dr-Veer-Ji1.jpg HTTP/1.1" 200 94 "-" "Mozilla/5.0 AppleWebKit/537.36 (KHTML, like Gecko; compatible; ClaudeBot/1.0; +claudebot@anthropic.com)"
66.249.79.171 - - [25/Nov/2024:06:01:13 -0700] "GET /bet/jnnqhm/ HTTP/1.1" 200 94 "-" "Mozilla/5.0 (compatible; Googlebot/2.1; +http://www.google.com/bot.html)"
66.249.79.169 - - [25/Nov/2024:06:01:48 -0700] "GET /detail/lqnqkv/most-tackle-points-in-pkl-all-season.html HTTP/1.1" 200 94 "-" "Mozilla/5.0 (compatible; Googlebot/2.1; +http://www.google.com/bot.html)"
69.162.124.238 - - [25/Nov/2024:06:02:20 -0700] "HEAD /cbse-corner.php HTTP/1.1" 200 - "https://chahalkalan.akalacademy.ac.in/cbse-corner.php" "Mozilla/5.0+(compatible; UptimeRobot/2.0; http://www.uptimerobot.com/)"
66.249.79.170 - - [25/Nov/2024:06:03:41 -0700] "GET /detail/hrkdgt/ HTTP/1.1" 200 94 "-" "Mozilla/5.0 (compatible; Googlebot/2.1; +http://www.google.com/bot.html)"
66.249.79.170 - - [25/Nov/2024:06:03:55 -0700] "GET /bet/xpoxli/ HTTP/1.1" 200 94 "-" "Mozilla/5.0 (compatible; Googlebot/2.1; +http://www.google.com/bot.html)"
66.249.79.169 - - [25/Nov/2024:06:04:00 -0700] "GET /detail/bmltkp/sign-up-bonuns-on-rummy-site.html HTTP/1.1" 200 94 "-" "Mozilla/5.0 (compatible; Googlebot/2.1; +http://www.google.com/bot.html)"
66.249.79.169 - - [25/Nov/2024:06:04:25 -0700] "GET /detail/rashqx/ HTTP/1.1" 200 94 "-" "Mozilla/5.0 (compatible; Googlebot/2.1; +http://www.google.com/bot.html)"
66.249.79.169 - - [25/Nov/2024:06:05:02 -0700] "GET /news/mpndog/ HTTP/1.1" 200 94 "-" "Mozilla/5.0 (compatible; Googlebot/2.1; +http://www.google.com/bot.html)"
66.249.79.170 - - [25/Nov/2024:06:05:03 -0700] "GET /news/vkejth/ HTTP/1.1" 200 94 "-" "Mozilla/5.0 (compatible; Googlebot/2.1; +http://www.google.com/bot.html)"
66.249.79.169 - - [25/Nov/2024:06:05:53 -0700] "GET /detail/nzwhec/ HTTP/1.1" 200 94 "-" "Mozilla/5.0 (compatible; Googlebot/2.1; +http://www.google.com/bot.html)"
66.249.79.170 - - [25/Nov/2024:06:07:12 -0700] "GET /detail/oljsgc/ HTTP/1.1" 200 94 "-" "Mozilla/5.0 (compatible; Googlebot/2.1; +http://www.google.com/bot.html)"
69.162.124.238 - - [25/Nov/2024:06:07:19 -0700] "HEAD /cbse-corner.php HTTP/1.1" 200 - "https://chahalkalan.akalacademy.ac.in/cbse-corner.php" "Mozilla/5.0+(compatible; UptimeRobot/2.0; http://www.uptimerobot.com/)"
66.249.79.170 - - [25/Nov/2024:06:09:03 -0700] "GET /news/eteabc/cricket-player-in-live-ahmedabad.html HTTP/1.1" 200 94 "-" "Mozilla/5.0 (compatible; Googlebot/2.1; +http://www.google.com/bot.html)"
66.249.79.170 - - [25/Nov/2024:06:09:03 -0700] "GET /bet/twuvdz/ HTTP/1.1" 200 94 "-" "Mozilla/5.0 (compatible; Googlebot/2.1; +http://www.google.com/bot.html)"
216.244.66.233 - - [25/Nov/2024:06:09:21 -0700] "GET /robots.txt HTTP/1.1" 200 94 "-" "Mozilla/5.0 (compatible; DotBot/1.2; +https://opensiteexplorer.org/dotbot; help@moz.com)"
66.249.79.170 - - [25/Nov/2024:06:09:38 -0700] "GET /bet/zxaqjk/about-indian-cricket-team-coach.html HTTP/1.1" 200 94 "-" "Mozilla/5.0 (compatible; Googlebot/2.1; +http://www.google.com/bot.html)"
40.77.167.154 - - [25/Nov/2024:06:11:46 -0700] "GET /data/files/Curriculum/files/Curriculum/Lkg%20Punjabi%20,%20Divinity%20and%20Music.pdf HTTP/1.1" 200 94 "-" "Mozilla/5.0 AppleWebKit/537.36 (KHTML, like Gecko; compatible; bingbot/2.0; +http://www.bing.com/bingbot.htm) Chrome/116.0.1938.76 Safari/537.36"
69.162.124.238 - - [25/Nov/2024:06:12:20 -0700] "HEAD /cbse-corner.php HTTP/1.1" 200 - "https://chahalkalan.akalacademy.ac.in/cbse-corner.php" "Mozilla/5.0+(compatible; UptimeRobot/2.0; http://www.uptimerobot.com/)"
66.249.79.171 - - [25/Nov/2024:06:12:36 -0700] "GET /news/usmduv/ HTTP/1.1" 200 94 "-" "Mozilla/5.0 (compatible; Googlebot/2.1; +http://www.google.com/bot.html)"
66.249.79.169 - - [25/Nov/2024:06:12:52 -0700] "GET /detail/pzbvvx/ HTTP/1.1" 200 94 "-" "Mozilla/5.0 (compatible; Googlebot/2.1; +http://www.google.com/bot.html)"
66.249.79.170 - - [25/Nov/2024:06:12:53 -0700] "GET /news/olkjuf/ HTTP/1.1" 200 94 "-" "Mozilla/5.0 (compatible; Googlebot/2.1; +http://www.google.com/bot.html)"
66.249.79.169 - - [25/Nov/2024:06:13:10 -0700] "GET /bet/vfocmz/jos-buttler-in-test.html HTTP/1.1" 200 94 "-" "Mozilla/5.0 (compatible; Googlebot/2.1; +http://www.google.com/bot.html)"
66.249.79.170 - - [25/Nov/2024:06:13:15 -0700] "GET /news/qvwcso/roulette-tips-dragon-quest-11.html HTTP/1.1" 200 94 "-" "Mozilla/5.0 (compatible; Googlebot/2.1; +http://www.google.com/bot.html)"
66.249.79.169 - - [25/Nov/2024:06:13:30 -0700] "GET /bet/xlepcf/ HTTP/1.1" 200 94 "-" "Mozilla/5.0 (compatible; Googlebot/2.1; +http://www.google.com/bot.html)"
40.77.167.154 - - [25/Nov/2024:06:14:59 -0700] "GET /detail/chlvxb/files/Curriculum/files/Curriculum/Divinity%20Syllabus.pdf HTTP/1.1" 200 94 "-" "Mozilla/5.0 AppleWebKit/537.36 (KHTML, like Gecko; compatible; bingbot/2.0; +http://www.bing.com/bingbot.htm) Chrome/116.0.1938.76 Safari/537.36"
66.249.79.170 - - [25/Nov/2024:06:15:32 -0700] "GET /news/oszzgr/women's-workout-clothes-clearance.html HTTP/1.1" 200 94 "-" "Mozilla/5.0 (compatible; Googlebot/2.1; +http://www.google.com/bot.html)"
66.249.79.169 - - [25/Nov/2024:06:15:40 -0700] "GET /bet/fjkcwa/ HTTP/1.1" 200 94 "-" "Mozilla/5.0 (compatible; Googlebot/2.1; +http://www.google.com/bot.html)"
66.249.79.169 - - [25/Nov/2024:06:15:55 -0700] "GET /detail/lfbojm/noorpur-bet.html HTTP/1.1" 200 94 "-" "Mozilla/5.0 (compatible; Googlebot/2.1; +http://www.google.com/bot.html)"
66.249.79.170 - - [25/Nov/2024:06:16:22 -0700] "GET /news/wcqjmj/ HTTP/1.1" 200 94 "-" "Mozilla/5.0 (compatible; Googlebot/2.1; +http://www.google.com/bot.html)"
69.162.124.238 - - [25/Nov/2024:06:17:19 -0700] "HEAD /cbse-corner.php HTTP/1.1" 200 - "https://chahalkalan.akalacademy.ac.in/cbse-corner.php" "Mozilla/5.0+(compatible; UptimeRobot/2.0; http://www.uptimerobot.com/)"
66.249.79.169 - - [25/Nov/2024:06:20:06 -0700] "GET /bet/lfplju/ HTTP/1.1" 200 94 "-" "Mozilla/5.0 (compatible; Googlebot/2.1; +http://www.google.com/bot.html)"
66.249.79.169 - - [25/Nov/2024:06:20:59 -0700] "GET /detail/rnbfvo/ HTTP/1.1" 200 94 "-" "Mozilla/5.0 (compatible; Googlebot/2.1; +http://www.google.com/bot.html)"
69.162.124.238 - - [25/Nov/2024:06:22:19 -0700] "HEAD /cbse-corner.php HTTP/1.1" 200 - "https://chahalkalan.akalacademy.ac.in/cbse-corner.php" "Mozilla/5.0+(compatible; UptimeRobot/2.0; http://www.uptimerobot.com/)"
66.249.79.170 - - [25/Nov/2024:06:22:53 -0700] "GET /bet/peofjk/most-150+-scores-in-odi-cricket-list.html HTTP/1.1" 200 94 "-" "Mozilla/5.0 (compatible; Googlebot/2.1; +http://www.google.com/bot.html)"
66.249.79.171 - - [25/Nov/2024:06:23:52 -0700] "GET /news/ozvdei/ HTTP/1.1" 200 94 "-" "Mozilla/5.0 (compatible; Googlebot/2.1; +http://www.google.com/bot.html)"
66.249.79.170 - - [25/Nov/2024:06:24:32 -0700] "GET /detail/hppiib/singapore-vs-nepal-t20-live-streaming.html HTTP/1.1" 200 94 "-" "Mozilla/5.0 (compatible; Googlebot/2.1; +http://www.google.com/bot.html)"
66.249.79.170 - - [25/Nov/2024:06:24:33 -0700] "GET /bet/emerjv/ HTTP/1.1" 200 94 "-" "Mozilla/5.0 (compatible; Googlebot/2.1; +http://www.google.com/bot.html)"
216.244.66.233 - - [25/Nov/2024:06:24:34 -0700] "GET /bet/files/Curriculum/Divinity%20Syllabus.pdf HTTP/1.1" 200 94 "-" "Mozilla/5.0 (compatible; DotBot/1.2; +https://opensiteexplorer.org/dotbot; help@moz.com)"
69.162.124.238 - - [25/Nov/2024:06:27:19 -0700] "HEAD /cbse-corner.php HTTP/1.1" 200 - "https://chahalkalan.akalacademy.ac.in/cbse-corner.php" "Mozilla/5.0+(compatible; UptimeRobot/2.0; http://www.uptimerobot.com/)"
66.249.79.170 - - [25/Nov/2024:06:27:58 -0700] "GET /detail/zcmswd/free-online-games-for-all-ages.html HTTP/1.1" 200 94 "-" "Mozilla/5.0 (compatible; Googlebot/2.1; +http://www.google.com/bot.html)"
66.249.79.171 - - [25/Nov/2024:06:28:11 -0700] "GET /bet/lvbyhz/live-cricket-now-score.html HTTP/1.1" 200 94 "-" "Mozilla/5.0 (compatible; Googlebot/2.1; +http://www.google.com/bot.html)"
66.249.79.169 - - [25/Nov/2024:06:28:31 -0700] "GET /news/aapems/ HTTP/1.1" 200 94 "-" "Mozilla/5.0 (compatible; Googlebot/2.1; +http://www.google.com/bot.html)"
66.249.79.169 - - [25/Nov/2024:06:28:34 -0700] "GET /bet/azofvf/ HTTP/1.1" 200 94 "-" "Mozilla/5.0 (compatible; Googlebot/2.1; +http://www.google.com/bot.html)"
66.249.79.169 - - [25/Nov/2024:06:29:23 -0700] "GET /news/uotyik/india-team-new-dress.html HTTP/1.1" 200 94 "-" "Mozilla/5.0 (compatible; Googlebot/2.1; +http://www.google.com/bot.html)"
66.249.79.169 - - [25/Nov/2024:06:29:35 -0700] "GET /bet/okgpqu/ HTTP/1.1" 200 94 "-" "Mozilla/5.0 (compatible; Googlebot/2.1; +http://www.google.com/bot.html)"
66.249.79.170 - - [25/Nov/2024:06:30:34 -0700] "GET /bet/lgpjtp/play-chip-rummy.html HTTP/1.1" 200 94 "-" "Mozilla/5.0 (compatible; Googlebot/2.1; +http://www.google.com/bot.html)"
52.167.144.145 - - [25/Nov/2024:06:30:56 -0700] "GET /news/bdiiho/files/Curriculum/files/Curriculum/Lkg%20Skills,%20Art%20and%20Craft%20And%20seeds.pdf HTTP/1.1" 200 94 "-" "Mozilla/5.0 AppleWebKit/537.36 (KHTML, like Gecko; compatible; bingbot/2.0; +http://www.bing.com/bingbot.htm) Chrome/116.0.1938.76 Safari/537.36"
66.249.79.170 - - [25/Nov/2024:06:31:05 -0700] "GET /detail/gkykuk/a-list-of-football-teams.html HTTP/1.1" 200 94 "-" "Mozilla/5.0 (compatible; Googlebot/2.1; +http://www.google.com/bot.html)"
66.249.79.169 - - [25/Nov/2024:06:31:28 -0700] "GET /detail/zfdaza/ HTTP/1.1" 200 94 "-" "Mozilla/5.0 (compatible; Googlebot/2.1; +http://www.google.com/bot.html)"
66.249.79.169 - - [25/Nov/2024:06:31:35 -0700] "GET /news/okezvc/ HTTP/1.1" 200 94 "-" "Mozilla/5.0 (compatible; Googlebot/2.1; +http://www.google.com/bot.html)"
114.119.155.118 - - [25/Nov/2024:06:31:37 -0700] "GET /bet/tpagei/images/santattar1.jpg HTTP/1.1" 200 94 "https://chahalkalan.akalacademy.ac.in/bet/tpagei/watch-bbl-live-streaming.html?lopkni/" "Mozilla/5.0 (Linux; Android 7.0;) AppleWebKit/537.36 (KHTML, like Gecko) Mobile Safari/537.36 (compatible; PetalBot;+https://webmaster.petalsearch.com/site/petalbot)"
114.119.138.214 - - [25/Nov/2024:06:32:18 -0700] "GET /bet/tpagei/images/Tree%20(1).png HTTP/1.1" 200 94 "https://chahalkalan.akalacademy.ac.in/bet/tpagei/watch-bbl-live-streaming.html?lopkni/" "Mozilla/5.0 (Linux; Android 7.0;) AppleWebKit/537.36 (KHTML, like Gecko) Mobile Safari/537.36 (compatible; PetalBot;+https://webmaster.petalsearch.com/site/petalbot)"
69.162.124.238 - - [25/Nov/2024:06:32:19 -0700] "HEAD /cbse-corner.php HTTP/1.1" 200 - "https://chahalkalan.akalacademy.ac.in/cbse-corner.php" "Mozilla/5.0+(compatible; UptimeRobot/2.0; http://www.uptimerobot.com/)"
66.249.79.169 - - [25/Nov/2024:06:33:12 -0700] "GET /detail/nxeaef/ HTTP/1.1" 200 94 "-" "Mozilla/5.0 (compatible; Googlebot/2.1; +http://www.google.com/bot.html)"
52.167.144.209 - - [25/Nov/2024:06:33:31 -0700] "GET /news/sdsnej/files/Curriculum/files/Curriculum/English%20Syllabus%20Grade%20VI-VIII.pdf HTTP/1.1" 200 94 "-" "Mozilla/5.0 AppleWebKit/537.36 (KHTML, like Gecko; compatible; bingbot/2.0; +http://www.bing.com/bingbot.htm) Chrome/116.0.1938.76 Safari/537.36"
52.167.144.209 - - [25/Nov/2024:06:33:52 -0700] "GET /news/sdsnej/files/Curriculum/academic.php HTTP/1.1" 200 94 "-" "Mozilla/5.0 AppleWebKit/537.36 (KHTML, like Gecko; compatible; bingbot/2.0; +http://www.bing.com/bingbot.htm) Chrome/116.0.1938.76 Safari/537.36"
66.249.79.170 - - [25/Nov/2024:06:34:08 -0700] "GET /bet/sruhrr/deccan-rummy-cheats.html HTTP/1.1" 200 94 "-" "Mozilla/5.0 (compatible; Googlebot/2.1; +http://www.google.com/bot.html)"
66.249.79.170 - - [25/Nov/2024:06:34:59 -0700] "GET /news/kqkdwk/bigo-live-hot-russian.html HTTP/1.1" 200 94 "-" "Mozilla/5.0 (compatible; Googlebot/2.1; +http://www.google.com/bot.html)"
52.167.144.209 - - [25/Nov/2024:06:35:23 -0700] "GET /detail/dcjfoh/files/Curriculum/files/Curriculum/Punjabi%20II.pdf HTTP/1.1" 200 94 "-" "Mozilla/5.0 AppleWebKit/537.36 (KHTML, like Gecko; compatible; bingbot/2.0; +http://www.bing.com/bingbot.htm) Chrome/116.0.1938.76 Safari/537.36"
66.249.79.171 - - [25/Nov/2024:06:36:34 -0700] "GET /news/jhwgyp/ HTTP/1.1" 200 94 "-" "Mozilla/5.0 (compatible; Googlebot/2.1; +http://www.google.com/bot.html)"
66.249.79.169 - - [25/Nov/2024:06:36:45 -0700] "GET /detail/rvtklk/ HTTP/1.1" 200 94 "-" "Mozilla/5.0 (compatible; Googlebot/2.1; +http://www.google.com/bot.html)"
69.162.124.238 - - [25/Nov/2024:06:37:19 -0700] "HEAD /cbse-corner.php HTTP/1.1" 200 - "https://chahalkalan.akalacademy.ac.in/cbse-corner.php" "Mozilla/5.0+(compatible; UptimeRobot/2.0; http://www.uptimerobot.com/)"
66.249.79.170 - - [25/Nov/2024:06:37:37 -0700] "GET /news/ljzycg/1975-final-world.cup.html HTTP/1.1" 200 94 "-" "Mozilla/5.0 (compatible; Googlebot/2.1; +http://www.google.com/bot.html)"
66.249.79.169 - - [25/Nov/2024:06:37:38 -0700] "GET /detail/xloijs/ HTTP/1.1" 200 94 "-" "Mozilla/5.0 (compatible; Googlebot/2.1; +http://www.google.com/bot.html)"
40.77.167.24 - - [25/Nov/2024:06:38:04 -0700] "GET /detail/rfgwwx/files/Curriculum/files/Curriculum/Lkg%20Skills,%20Art%20and%20Craft%20And%20seeds.pdf HTTP/1.1" 200 94 "-" "Mozilla/5.0 AppleWebKit/537.36 (KHTML, like Gecko; compatible; bingbot/2.0; +http://www.bing.com/bingbot.htm) Chrome/116.0.1938.76 Safari/537.36"
66.249.79.171 - - [25/Nov/2024:06:38:05 -0700] "GET /news/smpsoz/ HTTP/1.1" 200 94 "-" "Mozilla/5.0 (compatible; Googlebot/2.1; +http://www.google.com/bot.html)"
66.249.79.169 - - [25/Nov/2024:06:38:11 -0700] "GET /news/hlaucf/ HTTP/1.1" 200 94 "-" "Mozilla/5.0 (compatible; Googlebot/2.1; +http://www.google.com/bot.html)"
66.249.79.169 - - [25/Nov/2024:06:38:20 -0700] "GET /news/kxestc/england-football-world-cup-fixtures.html HTTP/1.1" 200 94 "-" "Mozilla/5.0 (compatible; Googlebot/2.1; +http://www.google.com/bot.html)"
66.249.79.169 - - [25/Nov/2024:06:38:39 -0700] "GET /detail/bxclkv/easy-betting-apps-in-india-Medium.html HTTP/1.1" 200 94 "-" "Mozilla/5.0 (compatible; Googlebot/2.1; +http://www.google.com/bot.html)"
66.249.79.171 - - [25/Nov/2024:06:40:40 -0700] "GET /news/qcrvtc/ipl-live-tv-online-play.html HTTP/1.1" 200 94 "-" "Mozilla/5.0 (compatible; Googlebot/2.1; +http://www.google.com/bot.html)"
66.249.79.171 - - [25/Nov/2024:06:41:06 -0700] "GET /bet/bmdcag/cricket-world-cup-chronology.html HTTP/1.1" 200 94 "-" "Mozilla/5.0 (compatible; Googlebot/2.1; +http://www.google.com/bot.html)"
69.162.124.238 - - [25/Nov/2024:06:42:19 -0700] "HEAD /cbse-corner.php HTTP/1.1" 200 - "https://chahalkalan.akalacademy.ac.in/cbse-corner.php" "Mozilla/5.0+(compatible; UptimeRobot/2.0; http://www.uptimerobot.com/)"
66.249.79.171 - - [25/Nov/2024:06:42:53 -0700] "GET /bet/lembhf/ HTTP/1.1" 200 94 "-" "Mozilla/5.0 (compatible; Googlebot/2.1; +http://www.google.com/bot.html)"
66.249.79.171 - - [25/Nov/2024:06:42:55 -0700] "GET /detail/cyolxd/jasprit-bumrah-bowling-mumbai-indians.html HTTP/1.1" 200 94 "-" "Mozilla/5.0 (compatible; Googlebot/2.1; +http://www.google.com/bot.html)"
66.249.79.169 - - [25/Nov/2024:06:43:04 -0700] "GET /detail/rbtehk/ HTTP/1.1" 200 94 "-" "Mozilla/5.0 (compatible; Googlebot/2.1; +http://www.google.com/bot.html)"
66.249.79.169 - - [25/Nov/2024:06:43:11 -0700] "GET /news/cvpsrz/ HTTP/1.1" 200 94 "-" "Mozilla/5.0 (compatible; Googlebot/2.1; +http://www.google.com/bot.html)"
66.249.79.169 - - [25/Nov/2024:06:44:26 -0700] "GET /detail/vrtokv/england-women-vs-saw-3rd-t20.html HTTP/1.1" 200 94 "-" "Mozilla/5.0 (compatible; Googlebot/2.1; +http://www.google.com/bot.html)"
66.249.79.171 - - [25/Nov/2024:06:45:09 -0700] "GET /bet/ijagwc/luckyzon.html HTTP/1.1" 200 94 "-" "Mozilla/5.0 (compatible; Googlebot/2.1; +http://www.google.com/bot.html)"
66.249.79.171 - - [25/Nov/2024:06:46:18 -0700] "GET /detail/cguygo/ HTTP/1.1" 200 94 "-" "Mozilla/5.0 (compatible; Googlebot/2.1; +http://www.google.com/bot.html)"
66.249.79.170 - - [25/Nov/2024:06:46:26 -0700] "GET /news/hrsgsp/ HTTP/1.1" 200 94 "-" "Mozilla/5.0 (compatible; Googlebot/2.1; +http://www.google.com/bot.html)"
66.249.79.169 - - [25/Nov/2024:06:46:57 -0700] "GET /bet/vmbnbb/ HTTP/1.1" 200 94 "-" "Mozilla/5.0 (compatible; Googlebot/2.1; +http://www.google.com/bot.html)"
69.162.124.238 - - [25/Nov/2024:06:47:19 -0700] "HEAD /cbse-corner.php HTTP/1.1" 200 - "https://chahalkalan.akalacademy.ac.in/cbse-corner.php" "Mozilla/5.0+(compatible; UptimeRobot/2.0; http://www.uptimerobot.com/)"
66.249.79.169 - - [25/Nov/2024:06:47:53 -0700] "GET /bet/bofuop/betting-account-offers-cheltenham.html HTTP/1.1" 200 94 "-" "Mozilla/5.0 (compatible; Googlebot/2.1; +http://www.google.com/bot.html)"
66.249.79.171 - - [25/Nov/2024:06:50:42 -0700] "GET /bet/eumufo/ HTTP/1.1" 200 94 "-" "Mozilla/5.0 (compatible; Googlebot/2.1; +http://www.google.com/bot.html)"
66.249.79.171 - - [25/Nov/2024:06:50:42 -0700] "GET /detail/najusi/women's-hockey-asia-cup-tournament.html HTTP/1.1" 200 94 "-" "Mozilla/5.0 (compatible; Googlebot/2.1; +http://www.google.com/bot.html)"
66.249.79.169 - - [25/Nov/2024:06:51:36 -0700] "GET /bet/uxtqfx/ HTTP/1.1" 200 94 "-" "Mozilla/5.0 (compatible; Googlebot/2.1; +http://www.google.com/bot.html)"
66.249.79.170 - - [25/Nov/2024:06:51:45 -0700] "GET /files/Curriculum/Punjabi%20%20III.pdf HTTP/1.1" 200 294771 "-" "Mozilla/5.0 AppleWebKit/537.36 (KHTML, like Gecko; compatible; GoogleOther) Chrome/131.0.6778.69 Safari/537.36"
66.249.79.169 - - [25/Nov/2024:06:51:51 -0700] "GET /bet/lnrqtb/ HTTP/1.1" 200 94 "-" "Mozilla/5.0 (compatible; Googlebot/2.1; +http://www.google.com/bot.html)"
69.162.124.238 - - [25/Nov/2024:06:52:19 -0700] "HEAD /cbse-corner.php HTTP/1.1" 200 - "https://chahalkalan.akalacademy.ac.in/cbse-corner.php" "Mozilla/5.0+(compatible; UptimeRobot/2.0; http://www.uptimerobot.com/)"
66.249.79.170 - - [25/Nov/2024:06:52:53 -0700] "GET /news/oyaqkt/glenn-maxwell-vini-raman.html HTTP/1.1" 200 94 "-" "Mozilla/5.0 (compatible; Googlebot/2.1; +http://www.google.com/bot.html)"
66.249.79.171 - - [25/Nov/2024:06:55:31 -0700] "GET /detail/snstta/ HTTP/1.1" 200 94 "-" "Mozilla/5.0 (compatible; Googlebot/2.1; +http://www.google.com/bot.html)"
69.162.124.238 - - [25/Nov/2024:06:57:19 -0700] "HEAD /cbse-corner.php HTTP/1.1" 200 - "https://chahalkalan.akalacademy.ac.in/cbse-corner.php" "Mozilla/5.0+(compatible; UptimeRobot/2.0; http://www.uptimerobot.com/)"
66.249.79.170 - - [25/Nov/2024:06:57:28 -0700] "GET /bet/skggdv/erling-haaland-age.html HTTP/1.1" 200 94 "-" "Mozilla/5.0 (compatible; Googlebot/2.1; +http://www.google.com/bot.html)"
66.249.79.171 - - [25/Nov/2024:06:58:34 -0700] "GET /detail/fdpzkw/ HTTP/1.1" 200 94 "-" "Mozilla/5.0 (compatible; Googlebot/2.1; +http://www.google.com/bot.html)"
66.249.79.169 - - [25/Nov/2024:06:58:40 -0700] "GET /bet/nlgohw/ HTTP/1.1" 200 94 "-" "Mozilla/5.0 (compatible; Googlebot/2.1; +http://www.google.com/bot.html)"
66.249.79.170 - - [25/Nov/2024:06:58:43 -0700] "GET /news/hxdqgc/free-fire-new-game.html HTTP/1.1" 200 94 "-" "Mozilla/5.0 (compatible; Googlebot/2.1; +http://www.google.com/bot.html)"
66.249.79.170 - - [25/Nov/2024:06:59:13 -0700] "GET /news/sptpkd/ HTTP/1.1" 200 94 "-" "Mozilla/5.0 (compatible; Googlebot/2.1; +http://www.google.com/bot.html)"
66.249.79.169 - - [25/Nov/2024:06:59:38 -0700] "GET /detail/hlkdum/icc-cricket-board-chairman.html HTTP/1.1" 200 94 "-" "Mozilla/5.0 (compatible; Googlebot/2.1; +http://www.google.com/bot.html)"
66.249.79.169 - - [25/Nov/2024:07:00:07 -0700] "GET /bet/zmhknu/ HTTP/1.1" 200 94 "-" "Mozilla/5.0 (compatible; Googlebot/2.1; +http://www.google.com/bot.html)"
66.249.79.170 - - [25/Nov/2024:07:00:21 -0700] "GET /bet/hxczhv/online-blackjack-pennsylvania.html HTTP/1.1" 200 94 "-" "Mozilla/5.0 (compatible; Googlebot/2.1; +http://www.google.com/bot.html)"
66.249.79.169 - - [25/Nov/2024:07:00:21 -0700] "GET /bet/lajjly/mohsin-khan-hyderabad.html HTTP/1.1" 200 94 "-" "Mozilla/5.0 (compatible; Googlebot/2.1; +http://www.google.com/bot.html)"
66.249.79.169 - - [25/Nov/2024:07:00:56 -0700] "GET /detail/jxbmeh/under-19-world-cup-fixtures-2020.html HTTP/1.1" 200 94 "-" "Mozilla/5.0 (compatible; Googlebot/2.1; +http://www.google.com/bot.html)"
66.249.79.171 - - [25/Nov/2024:07:01:27 -0700] "GET /detail/ekvfvh/ HTTP/1.1" 200 94 "-" "Mozilla/5.0 (compatible; Googlebot/2.1; +http://www.google.com/bot.html)"
66.249.79.169 - - [25/Nov/2024:07:02:08 -0700] "GET /news/vyzwrb/ HTTP/1.1" 200 94 "-" "Mozilla/5.0 (compatible; Googlebot/2.1; +http://www.google.com/bot.html)"
69.162.124.238 - - [25/Nov/2024:07:02:19 -0700] "HEAD /cbse-corner.php HTTP/1.1" 200 - "https://chahalkalan.akalacademy.ac.in/cbse-corner.php" "Mozilla/5.0+(compatible; UptimeRobot/2.0; http://www.uptimerobot.com/)"
66.249.79.169 - - [25/Nov/2024:07:03:22 -0700] "GET /detail/rsbbld/ HTTP/1.1" 200 94 "-" "Mozilla/5.0 (compatible; Googlebot/2.1; +http://www.google.com/bot.html)"
66.249.79.170 - - [25/Nov/2024:07:03:34 -0700] "GET /detail/epvkle/nitish-rana-retired-hurt-news.html HTTP/1.1" 200 94 "-" "Mozilla/5.0 (compatible; Googlebot/2.1; +http://www.google.com/bot.html)"
66.249.79.169 - - [25/Nov/2024:07:06:08 -0700] "GET /detail/vigqiy/ind-vs-aus-2nd-t20-live.html HTTP/1.1" 200 94 "-" "Mozilla/5.0 (compatible; Googlebot/2.1; +http://www.google.com/bot.html)"
69.162.124.238 - - [25/Nov/2024:07:07:19 -0700] "HEAD /cbse-corner.php HTTP/1.1" 200 - "https://chahalkalan.akalacademy.ac.in/cbse-corner.php" "Mozilla/5.0+(compatible; UptimeRobot/2.0; http://www.uptimerobot.com/)"
66.249.79.171 - - [25/Nov/2024:07:07:46 -0700] "GET /news/rdcmfh/ HTTP/1.1" 200 94 "-" "Mozilla/5.0 (compatible; Googlebot/2.1; +http://www.google.com/bot.html)"
66.249.79.171 - - [25/Nov/2024:07:08:13 -0700] "GET /news/dhnylf/football-world-cup-2019-winner-team.html HTTP/1.1" 200 94 "-" "Mozilla/5.0 (compatible; Googlebot/2.1; +http://www.google.com/bot.html)"
66.249.79.169 - - [25/Nov/2024:07:08:33 -0700] "GET /news/nutodc/ HTTP/1.1" 200 94 "-" "Mozilla/5.0 (compatible; Googlebot/2.1; +http://www.google.com/bot.html)"
66.249.79.169 - - [25/Nov/2024:07:08:42 -0700] "GET /news/jendah/ HTTP/1.1" 200 94 "-" "Mozilla/5.0 (compatible; Googlebot/2.1; +http://www.google.com/bot.html)"
66.249.79.169 - - [25/Nov/2024:07:08:44 -0700] "GET /bet/eoulbu/ HTTP/1.1" 200 94 "-" "Mozilla/5.0 (compatible; Googlebot/2.1; +http://www.google.com/bot.html)"
66.249.79.170 - - [25/Nov/2024:07:09:07 -0700] "GET /detail/bfghve/ HTTP/1.1" 200 94 "-" "Mozilla/5.0 (compatible; Googlebot/2.1; +http://www.google.com/bot.html)"
66.249.79.169 - - [25/Nov/2024:07:09:30 -0700] "GET /detail/trtzkl/skrill-cricket-betting-sites.html HTTP/1.1" 200 94 "-" "Mozilla/5.0 (compatible; Googlebot/2.1; +http://www.google.com/bot.html)"
66.249.79.169 - - [25/Nov/2024:07:09:59 -0700] "GET /news/dpnkjo/ HTTP/1.1" 200 94 "-" "Mozilla/5.0 (compatible; Googlebot/2.1; +http://www.google.com/bot.html)"
66.249.79.171 - - [25/Nov/2024:07:10:20 -0700] "GET /detail/mfuigw/boat-casino-in-goa.html HTTP/1.1" 200 94 "-" "Mozilla/5.0 (compatible; Googlebot/2.1; +http://www.google.com/bot.html)"
66.249.79.171 - - [25/Nov/2024:07:11:07 -0700] "GET /news/nvrekn/remy-martin-cognac-baccarat.html HTTP/1.1" 200 94 "-" "Mozilla/5.0 (compatible; Googlebot/2.1; +http://www.google.com/bot.html)"
66.249.79.170 - - [25/Nov/2024:07:11:43 -0700] "GET /detail/jcdwnt/ HTTP/1.1" 200 94 "-" "Mozilla/5.0 (compatible; Googlebot/2.1; +http://www.google.com/bot.html)"
66.249.79.169 - - [25/Nov/2024:07:11:44 -0700] "GET /detail/mygsbs/cricket-betting-app-india.html HTTP/1.1" 200 94 "-" "Mozilla/5.0 (compatible; Googlebot/2.1; +http://www.google.com/bot.html)"
66.249.79.169 - - [25/Nov/2024:07:11:58 -0700] "GET /news/pbkfvh/ HTTP/1.1" 200 94 "-" "Mozilla/5.0 (compatible; Googlebot/2.1; +http://www.google.com/bot.html)"
69.162.124.238 - - [25/Nov/2024:07:12:19 -0700] "HEAD /cbse-corner.php HTTP/1.1" 200 - "https://chahalkalan.akalacademy.ac.in/cbse-corner.php" "Mozilla/5.0+(compatible; UptimeRobot/2.0; http://www.uptimerobot.com/)"
66.249.79.170 - - [25/Nov/2024:07:14:05 -0700] "GET /news/wuclun/my-talking-tom-game-online-play.html HTTP/1.1" 200 94 "-" "Mozilla/5.0 (compatible; Googlebot/2.1; +http://www.google.com/bot.html)"
66.249.79.169 - - [25/Nov/2024:07:14:46 -0700] "GET /news/dcaeie/ HTTP/1.1" 200 94 "-" "Mozilla/5.0 (compatible; Googlebot/2.1; +http://www.google.com/bot.html)"
66.249.79.171 - - [25/Nov/2024:07:15:43 -0700] "GET /bet/gqojpu/which-team-won-ipl-2023.html HTTP/1.1" 200 94 "-" "Mozilla/5.0 (compatible; Googlebot/2.1; +http://www.google.com/bot.html)"
69.162.124.238 - - [25/Nov/2024:07:17:19 -0700] "HEAD /cbse-corner.php HTTP/1.1" 200 - "https://chahalkalan.akalacademy.ac.in/cbse-corner.php" "Mozilla/5.0+(compatible; UptimeRobot/2.0; http://www.uptimerobot.com/)"
66.249.79.169 - - [25/Nov/2024:07:17:34 -0700] "GET /detail/gwgajh/ HTTP/1.1" 200 94 "-" "Mozilla/5.0 (compatible; Googlebot/2.1; +http://www.google.com/bot.html)"
66.249.79.170 - - [25/Nov/2024:07:17:45 -0700] "GET /news/pccplj/ HTTP/1.1" 200 94 "-" "Mozilla/5.0 (compatible; Googlebot/2.1; +http://www.google.com/bot.html)"
66.249.79.170 - - [25/Nov/2024:07:18:50 -0700] "GET /detail/vjfzrv/fodbold-betting-sider.html HTTP/1.1" 200 94 "-" "Mozilla/5.0 (compatible; Googlebot/2.1; +http://www.google.com/bot.html)"
66.249.79.170 - - [25/Nov/2024:07:19:12 -0700] "GET /bet/bjdzyg/asia-cup-team-india-player-list.html HTTP/1.1" 200 94 "-" "Mozilla/5.0 (compatible; Googlebot/2.1; +http://www.google.com/bot.html)"
66.249.79.170 - - [25/Nov/2024:07:20:17 -0700] "GET /detail/cvwyfa/icc-india-upcoming-matches.html HTTP/1.1" 200 94 "-" "Mozilla/5.0 (compatible; Googlebot/2.1; +http://www.google.com/bot.html)"
66.249.79.170 - - [25/Nov/2024:07:22:12 -0700] "GET /detail/ijvqtl/rajbets.com.html HTTP/1.1" 200 94 "-" "Mozilla/5.0 (compatible; Googlebot/2.1; +http://www.google.com/bot.html)"
69.162.124.238 - - [25/Nov/2024:07:22:19 -0700] "HEAD /cbse-corner.php HTTP/1.1" 200 - "https://chahalkalan.akalacademy.ac.in/cbse-corner.php" "Mozilla/5.0+(compatible; UptimeRobot/2.0; http://www.uptimerobot.com/)"
66.249.79.169 - - [25/Nov/2024:07:22:49 -0700] "GET /news/uutstt/ HTTP/1.1" 200 94 "-" "Mozilla/5.0 (compatible; Googlebot/2.1; +http://www.google.com/bot.html)"
66.249.79.169 - - [25/Nov/2024:07:24:16 -0700] "GET /detail/fvhems/adidas-2018-world-cup-football.html HTTP/1.1" 200 94 "-" "Mozilla/5.0 (compatible; Googlebot/2.1; +http://www.google.com/bot.html)"
66.249.79.169 - - [25/Nov/2024:07:24:28 -0700] "GET /news/tyihrn/ HTTP/1.1" 200 94 "-" "Mozilla/5.0 (compatible; Googlebot/2.1; +http://www.google.com/bot.html)"
66.249.79.169 - - [25/Nov/2024:07:24:32 -0700] "GET /news/shfzuz/ HTTP/1.1" 200 94 "-" "Mozilla/5.0 (compatible; Googlebot/2.1; +http://www.google.com/bot.html)"
40.77.167.19 - - [25/Nov/2024:07:24:55 -0700] "GET /news/akpxas/files/Curriculum/files/Curriculum/Science%20VI-VIII%20(1).pdf HTTP/1.1" 200 94 "-" "Mozilla/5.0 AppleWebKit/537.36 (KHTML, like Gecko; compatible; bingbot/2.0; +http://www.bing.com/bingbot.htm) Chrome/116.0.1938.76 Safari/537.36"
66.249.79.171 - - [25/Nov/2024:07:25:33 -0700] "GET /bet/dcueuq/ HTTP/1.1" 200 94 "-" "Mozilla/5.0 (compatible; Googlebot/2.1; +http://www.google.com/bot.html)"
66.249.79.170 - - [25/Nov/2024:07:26:35 -0700] "GET /news/yhvovd/new-naruto-online-game.html HTTP/1.1" 200 94 "-" "Mozilla/5.0 (compatible; Googlebot/2.1; +http://www.google.com/bot.html)"
69.162.124.238 - - [25/Nov/2024:07:27:20 -0700] "HEAD /cbse-corner.php HTTP/1.1" 200 - "https://chahalkalan.akalacademy.ac.in/cbse-corner.php" "Mozilla/5.0+(compatible; UptimeRobot/2.0; http://www.uptimerobot.com/)"
66.249.79.169 - - [25/Nov/2024:07:27:40 -0700] "GET /news/pnfvux/top-card-games-steam.html HTTP/1.1" 200 94 "-" "Mozilla/5.0 (compatible; Googlebot/2.1; +http://www.google.com/bot.html)"
66.249.79.170 - - [25/Nov/2024:07:28:24 -0700] "GET /bet/levgvi/ HTTP/1.1" 200 94 "-" "Mozilla/5.0 (compatible; Googlebot/2.1; +http://www.google.com/bot.html)"
66.249.79.169 - - [25/Nov/2024:07:28:59 -0700] "GET /news/uwbbzh/ HTTP/1.1" 200 94 "-" "Mozilla/5.0 (compatible; Googlebot/2.1; +http://www.google.com/bot.html)"
66.249.79.170 - - [25/Nov/2024:07:29:35 -0700] "GET /bet/nfpjzg/ HTTP/1.1" 200 94 "-" "Mozilla/5.0 (compatible; Googlebot/2.1; +http://www.google.com/bot.html)"
66.249.79.171 - - [25/Nov/2024:07:30:08 -0700] "GET /detail/esqoau/icc-20-cricket.html HTTP/1.1" 200 94 "-" "Mozilla/5.0 (compatible; Googlebot/2.1; +http://www.google.com/bot.html)"
66.249.79.169 - - [25/Nov/2024:07:31:47 -0700] "GET /bet/gcnaki/ HTTP/1.1" 200 94 "-" "Mozilla/5.0 (compatible; Googlebot/2.1; +http://www.google.com/bot.html)"
66.249.79.171 - - [25/Nov/2024:07:32:09 -0700] "GET /news/njyyjc/world-cup-country-wise-team-list-2019.html HTTP/1.1" 200 94 "-" "Mozilla/5.0 (compatible; Googlebot/2.1; +http://www.google.com/bot.html)"
69.162.124.238 - - [25/Nov/2024:07:32:19 -0700] "HEAD /cbse-corner.php HTTP/1.1" 200 - "https://chahalkalan.akalacademy.ac.in/cbse-corner.php" "Mozilla/5.0+(compatible; UptimeRobot/2.0; http://www.uptimerobot.com/)"
69.162.124.238 - - [25/Nov/2024:07:37:19 -0700] "HEAD /cbse-corner.php HTTP/1.1" 200 - "https://chahalkalan.akalacademy.ac.in/cbse-corner.php" "Mozilla/5.0+(compatible; UptimeRobot/2.0; http://www.uptimerobot.com/)"
66.249.79.170 - - [25/Nov/2024:07:37:43 -0700] "GET /detail/kfmwxk/andar-ki-bahar.html HTTP/1.1" 200 94 "-" "Mozilla/5.0 (compatible; Googlebot/2.1; +http://www.google.com/bot.html)"
66.249.79.169 - - [25/Nov/2024:07:37:58 -0700] "GET /detail/pasymx/ HTTP/1.1" 200 94 "-" "Mozilla/5.0 (compatible; Googlebot/2.1; +http://www.google.com/bot.html)"
66.249.79.169 - - [25/Nov/2024:07:40:45 -0700] "GET /news/avtsvc/french-league-result.html HTTP/1.1" 200 94 "-" "Mozilla/5.0 (compatible; Googlebot/2.1; +http://www.google.com/bot.html)"
69.162.124.238 - - [25/Nov/2024:07:42:19 -0700] "HEAD /cbse-corner.php HTTP/1.1" 200 - "https://chahalkalan.akalacademy.ac.in/cbse-corner.php" "Mozilla/5.0+(compatible; UptimeRobot/2.0; http://www.uptimerobot.com/)"
66.249.79.170 - - [25/Nov/2024:07:42:50 -0700] "GET /bet/kqrfrt/punjab-king-sangrur.html HTTP/1.1" 200 94 "-" "Mozilla/5.0 (compatible; Googlebot/2.1; +http://www.google.com/bot.html)"
66.249.79.171 - - [25/Nov/2024:07:43:06 -0700] "GET /news/blrlia/ambani-ipl-team.html HTTP/1.1" 200 94 "-" "Mozilla/5.0 (compatible; Googlebot/2.1; +http://www.google.com/bot.html)"
66.249.79.171 - - [25/Nov/2024:07:43:09 -0700] "GET /news/uqkldl/online-poker-australia-latest-news.html HTTP/1.1" 200 94 "-" "Mozilla/5.0 (compatible; Googlebot/2.1; +http://www.google.com/bot.html)"
66.249.79.170 - - [25/Nov/2024:07:43:28 -0700] "GET /news/dqctjy/arceus-legends.html HTTP/1.1" 200 94 "-" "Mozilla/5.0 (compatible; Googlebot/2.1; +http://www.google.com/bot.html)"
