Cylul007 Webshell
Server :
Linux ip-148-66-134-25.ip.secureserver.net 3.10.0-1160.119.1.el7.tuxcare.els10.x86_64 #1 SMP Fri Oct 11 21:40:41 UTC 2024 x86_64
php :
8.0.30
on
cgi-fcgi
Time
25 Nov 2024 15:13:06
Current Directory :
/
home
/
amvm
/
access-logs
/
Upload File :
Mass Deface
Home
Bypass Passwd
Current File : /home/amvm/access-logs/boparaikalan.akalacademy.ac.in-ssl_log
66.249.79.32 - - [25/Nov/2024:05:10:42 -0700] "GET /bet/uztyap/score-point-of-world-cup-2018.html HTTP/1.1" 200 94 "-" "Mozilla/5.0 (compatible; Googlebot/2.1; +http://www.google.com/bot.html)"
69.162.124.238 - - [25/Nov/2024:05:10:46 -0700] "HEAD /cbse-corner.php HTTP/1.1" 200 - "https://boparaikalan.akalacademy.ac.in/cbse-corner.php" "Mozilla/5.0+(compatible; UptimeRobot/2.0; http://www.uptimerobot.com/)"
66.249.79.33 - - [25/Nov/2024:05:10:49 -0700] "GET /bet/mybinv/ HTTP/1.1" 200 94 "-" "Mozilla/5.0 (compatible; Googlebot/2.1; +http://www.google.com/bot.html)"
213.180.203.252 - - [25/Nov/2024:05:11:26 -0700] "GET /is7sttshh/files/Senior%20Secondary/Eng.Core-min.pdf HTTP/1.1" 200 94 "-" "Mozilla/5.0 (compatible; YandexBot/3.0; +http://yandex.com/bots)"
66.249.79.34 - - [25/Nov/2024:05:12:40 -0700] "GET /bet/wvmcks/pro-kabaddi-2019-live-today.html HTTP/1.1" 200 94 "-" "Mozilla/5.0 (compatible; Googlebot/2.1; +http://www.google.com/bot.html)"
213.180.203.173 - - [25/Nov/2024:05:12:45 -0700] "GET /niersSuL2/files/Senior%20Secondary/files/I-VIII/Maths%20(I%20to%20VIII)-min.pdf HTTP/1.1" 200 94 "-" "Mozilla/5.0 (compatible; YandexBot/3.0; +http://yandex.com/bots)"
66.249.68.6 - - [25/Nov/2024:05:13:26 -0700] "GET /news/uaxadg/giochi-casino-gratis-slot-3d.html HTTP/1.1" 200 94 "-" "Mozilla/5.0 (compatible; Googlebot/2.1; +http://www.google.com/bot.html)"
66.249.79.33 - - [25/Nov/2024:05:14:25 -0700] "GET /bet/qawrax/ HTTP/1.1" 200 94 "-" "Mozilla/5.0 (compatible; Googlebot/2.1; +http://www.google.com/bot.html)"
69.162.124.238 - - [25/Nov/2024:05:15:46 -0700] "HEAD /cbse-corner.php HTTP/1.1" 200 - "https://boparaikalan.akalacademy.ac.in/cbse-corner.php" "Mozilla/5.0+(compatible; UptimeRobot/2.0; http://www.uptimerobot.com/)"
66.249.79.34 - - [25/Nov/2024:05:16:55 -0700] "GET /bet/sovelo/ HTTP/1.1" 200 94 "-" "Mozilla/5.0 (compatible; Googlebot/2.1; +http://www.google.com/bot.html)"
66.249.79.34 - - [25/Nov/2024:05:19:39 -0700] "GET /bet/nahnfo/ HTTP/1.1" 200 94 "-" "Mozilla/5.0 (compatible; Googlebot/2.1; +http://www.google.com/bot.html)"
66.249.79.33 - - [25/Nov/2024:05:20:25 -0700] "GET /detail/cpvwcc/ HTTP/1.1" 200 94 "-" "Mozilla/5.0 (compatible; Googlebot/2.1; +http://www.google.com/bot.html)"
69.162.124.238 - - [25/Nov/2024:05:20:46 -0700] "HEAD /cbse-corner.php HTTP/1.1" 200 - "https://boparaikalan.akalacademy.ac.in/cbse-corner.php" "Mozilla/5.0+(compatible; UptimeRobot/2.0; http://www.uptimerobot.com/)"
66.249.68.7 - - [25/Nov/2024:05:21:43 -0700] "GET /news/hiaggr/sa-vs-sl-t20-dream11-prediction.html HTTP/1.1" 200 94 "-" "Mozilla/5.0 (compatible; Googlebot/2.1; +http://www.google.com/bot.html)"
66.249.79.34 - - [25/Nov/2024:05:22:30 -0700] "GET /news/owulgy/big-bet-on-tiger-to-win-masters.html HTTP/1.1" 200 94 "-" "Mozilla/5.0 (compatible; Googlebot/2.1; +http://www.google.com/bot.html)"
66.249.79.34 - - [25/Nov/2024:05:23:18 -0700] "GET /bet/ufsoys/aruba-casinos.html HTTP/1.1" 200 94 "-" "Mozilla/5.0 (compatible; Googlebot/2.1; +http://www.google.com/bot.html)"
66.249.79.33 - - [25/Nov/2024:05:23:21 -0700] "GET /detail/rdiead/world-cup-final.html HTTP/1.1" 200 94 "-" "Mozilla/5.0 (compatible; Googlebot/2.1; +http://www.google.com/bot.html)"
66.249.79.34 - - [25/Nov/2024:05:24:03 -0700] "GET /news/tufaoh/ HTTP/1.1" 200 94 "-" "Mozilla/5.0 (compatible; Googlebot/2.1; +http://www.google.com/bot.html)"
66.249.79.33 - - [25/Nov/2024:05:24:35 -0700] "GET /detail/fhpgsc/ HTTP/1.1" 200 94 "-" "Mozilla/5.0 (compatible; Googlebot/2.1; +http://www.google.com/bot.html)"
66.249.79.33 - - [25/Nov/2024:05:25:21 -0700] "GET /detail/?kitzcd/ HTTP/1.1" 200 94 "-" "Mozilla/5.0 (compatible; Googlebot/2.1; +http://www.google.com/bot.html)"
66.249.79.32 - - [25/Nov/2024:05:25:41 -0700] "GET /detail/jrzujb/ HTTP/1.1" 200 94 "-" "Mozilla/5.0 (compatible; Googlebot/2.1; +http://www.google.com/bot.html)"
69.162.124.238 - - [25/Nov/2024:05:25:46 -0700] "HEAD /cbse-corner.php HTTP/1.1" 200 - "https://boparaikalan.akalacademy.ac.in/cbse-corner.php" "Mozilla/5.0+(compatible; UptimeRobot/2.0; http://www.uptimerobot.com/)"
66.249.79.34 - - [25/Nov/2024:05:26:23 -0700] "GET /detail/sjvhzh/superbowl-sunday-2022-bets.html HTTP/1.1" 200 94 "-" "Mozilla/5.0 (compatible; Googlebot/2.1; +http://www.google.com/bot.html)"
66.249.79.32 - - [25/Nov/2024:05:26:31 -0700] "GET /bet/kxymsi/ HTTP/1.1" 200 94 "-" "Mozilla/5.0 (compatible; Googlebot/2.1; +http://www.google.com/bot.html)"
66.249.79.32 - - [25/Nov/2024:05:27:01 -0700] "GET /bet/sxbzzd/ HTTP/1.1" 200 94 "-" "Mozilla/5.0 (compatible; Googlebot/2.1; +http://www.google.com/bot.html)"
66.249.79.32 - - [25/Nov/2024:05:27:46 -0700] "GET /bet/wdikbz/ HTTP/1.1" 200 94 "-" "Mozilla/5.0 (compatible; Googlebot/2.1; +http://www.google.com/bot.html)"
87.250.224.84 - - [25/Nov/2024:05:29:16 -0700] "GET /mentiies9/files/I-VIII/Maths%20(I%20to%20VIII)-min.pdf HTTP/1.1" 200 94 "-" "Mozilla/5.0 (compatible; YandexBot/3.0; +http://yandex.com/bots)"
95.108.213.227 - - [25/Nov/2024:05:29:18 -0700] "GET /oei0dv4pn/files/Secondary/files/Senior%20Secondary/files/Senior%20Secondary/about.php HTTP/1.1" 200 94 "-" "Mozilla/5.0 (compatible; YandexBot/3.0; +http://yandex.com/bots)"
66.249.79.34 - - [25/Nov/2024:05:29:27 -0700] "GET /bet/pirszn/ HTTP/1.1" 200 94 "-" "Mozilla/5.0 (compatible; Googlebot/2.1; +http://www.google.com/bot.html)"
66.249.79.32 - - [25/Nov/2024:05:29:34 -0700] "GET /news/kookam/women-cricket-asia-cup-2022.html HTTP/1.1" 200 94 "-" "Mozilla/5.0 (compatible; Googlebot/2.1; +http://www.google.com/bot.html)"
66.249.79.33 - - [25/Nov/2024:05:29:37 -0700] "GET /news/xrwkgv/ HTTP/1.1" 200 94 "-" "Mozilla/5.0 (compatible; Googlebot/2.1; +http://www.google.com/bot.html)"
87.250.224.213 - - [25/Nov/2024:05:29:50 -0700] "GET /files/Senior%20Secondary/files/Senior%20Secondary/ComputerSc_NewXII-min.pdf HTTP/1.1" 200 94 "-" "Mozilla/5.0 (compatible; YandexBot/3.0; +http://yandex.com/bots)"
213.180.203.72 - - [25/Nov/2024:05:30:08 -0700] "GET /k0srvlcvo/files/Secondary/files/Secondary/files/I-VIII/files/Senior%20Secondary/PoliticalScience-min.pdf HTTP/1.1" 200 94 "-" "Mozilla/5.0 (compatible; YandexBot/3.0; +http://yandex.com/bots)"
66.249.79.32 - - [25/Nov/2024:05:30:22 -0700] "GET /detail/qskjls/aldi-purchase-online.html HTTP/1.1" 200 94 "-" "Mozilla/5.0 (compatible; Googlebot/2.1; +http://www.google.com/bot.html)"
213.180.203.91 - - [25/Nov/2024:05:30:42 -0700] "GET /vbm3ul4mi/files/IX-X/files/Senior%20Secondary/files/Senior%20Secondary/files/Secondary/English_Sec_2019-20-min.pdf HTTP/1.1" 200 94 "-" "Mozilla/5.0 (compatible; YandexBot/3.0; +http://yandex.com/bots)"
69.162.124.238 - - [25/Nov/2024:05:30:47 -0700] "HEAD /cbse-corner.php HTTP/1.1" 200 - "https://boparaikalan.akalacademy.ac.in/cbse-corner.php" "Mozilla/5.0+(compatible; UptimeRobot/2.0; http://www.uptimerobot.com/)"
85.208.96.206 - - [25/Nov/2024:05:31:44 -0700] "GET /robots.txt HTTP/1.1" 200 94 "-" "Mozilla/5.0 (compatible; SemrushBot/7~bl; +http://www.semrush.com/bot.html)"
185.191.171.1 - - [25/Nov/2024:05:31:45 -0700] "GET /myadmin/gallery/02-02-54_c2Nob29sXzcuanBn HTTP/1.1" 200 72798 "-" "Mozilla/5.0 (compatible; SemrushBot/7~bl; +http://www.semrush.com/bot.html)"
66.249.79.32 - - [25/Nov/2024:05:32:47 -0700] "GET /detail/yrbjtq/ HTTP/1.1" 200 94 "-" "Mozilla/5.0 (compatible; Googlebot/2.1; +http://www.google.com/bot.html)"
66.249.79.34 - - [25/Nov/2024:05:33:42 -0700] "GET /news/mwqtrq/ HTTP/1.1" 200 94 "-" "Mozilla/5.0 (compatible; Googlebot/2.1; +http://www.google.com/bot.html)"
66.249.79.32 - - [25/Nov/2024:05:35:05 -0700] "GET /bet/hfifyd/ HTTP/1.1" 200 94 "-" "Mozilla/5.0 (compatible; Googlebot/2.1; +http://www.google.com/bot.html)"
69.162.124.238 - - [25/Nov/2024:05:35:46 -0700] "HEAD /cbse-corner.php HTTP/1.1" 200 - "https://boparaikalan.akalacademy.ac.in/cbse-corner.php" "Mozilla/5.0+(compatible; UptimeRobot/2.0; http://www.uptimerobot.com/)"
66.249.79.33 - - [25/Nov/2024:05:36:04 -0700] "GET /detail/aghvjs/ranking-ipl-team.html HTTP/1.1" 200 94 "-" "Mozilla/5.0 (compatible; Googlebot/2.1; +http://www.google.com/bot.html)"
185.191.171.19 - - [25/Nov/2024:05:36:05 -0700] "GET /myadmin/gallery/11-59-46_MTY1MzEwMTU2Ni5qcGc= HTTP/1.1" 200 37655 "-" "Mozilla/5.0 (compatible; SemrushBot/7~bl; +http://www.semrush.com/bot.html)"
66.249.79.32 - - [25/Nov/2024:05:36:24 -0700] "GET /bet/tnalug/ HTTP/1.1" 200 94 "-" "Mozilla/5.0 (compatible; Googlebot/2.1; +http://www.google.com/bot.html)"
66.249.79.32 - - [25/Nov/2024:05:36:28 -0700] "GET /news/ugzyos/bonusmaniac-no-deposit-bonus.html HTTP/1.1" 200 94 "-" "Mozilla/5.0 (compatible; Googlebot/2.1; +http://www.google.com/bot.html)"
66.249.79.32 - - [25/Nov/2024:05:36:58 -0700] "GET /news/vmdsqn/ HTTP/1.1" 200 94 "-" "Mozilla/5.0 (compatible; Googlebot/2.1; +http://www.google.com/bot.html)"
5.255.231.142 - - [25/Nov/2024:05:37:09 -0700] "GET /avy1re3f-/files/Senior%20Secondary/files/Secondary/files/IX-X/Grade%20(X)-min.pdf HTTP/1.1" 200 94 "-" "Mozilla/5.0 (compatible; YandexBot/3.0; +http://yandex.com/bots)"
66.249.79.33 - - [25/Nov/2024:05:37:55 -0700] "GET /news/qccxli/top-10-ipl-teams-2019.html HTTP/1.1" 200 94 "-" "Mozilla/5.0 (compatible; Googlebot/2.1; +http://www.google.com/bot.html)"
66.249.79.32 - - [25/Nov/2024:05:38:09 -0700] "GET /detail/wplhdx/games-like-adventure-capitalist-2017.html HTTP/1.1" 200 94 "-" "Mozilla/5.0 (compatible; Googlebot/2.1; +http://www.google.com/bot.html)"
66.249.79.33 - - [25/Nov/2024:05:38:42 -0700] "GET /detail/uljbxp/cricket-live-score-road-safety.html HTTP/1.1" 200 94 "-" "Mozilla/5.0 (compatible; Googlebot/2.1; +http://www.google.com/bot.html)"
66.249.79.33 - - [25/Nov/2024:05:39:13 -0700] "GET /detail/mbbofw/ HTTP/1.1" 200 94 "-" "Mozilla/5.0 (compatible; Googlebot/2.1; +http://www.google.com/bot.html)"
69.162.124.238 - - [25/Nov/2024:05:40:46 -0700] "HEAD /cbse-corner.php HTTP/1.1" 200 - "https://boparaikalan.akalacademy.ac.in/cbse-corner.php" "Mozilla/5.0+(compatible; UptimeRobot/2.0; http://www.uptimerobot.com/)"
66.249.79.32 - - [25/Nov/2024:05:40:59 -0700] "GET /news/lbqzoh/cricket-java-game-download-128x160.html HTTP/1.1" 200 94 "-" "Mozilla/5.0 (compatible; Googlebot/2.1; +http://www.google.com/bot.html)"
66.249.79.32 - - [25/Nov/2024:05:41:07 -0700] "GET /news/nnioww/ HTTP/1.1" 200 94 "-" "Mozilla/5.0 (compatible; Googlebot/2.1; +http://www.google.com/bot.html)"
66.249.79.34 - - [25/Nov/2024:05:41:10 -0700] "GET /news/nxhsmd/ladbrokes-lucky-7-bingo-bet.html HTTP/1.1" 200 94 "-" "Mozilla/5.0 (compatible; Googlebot/2.1; +http://www.google.com/bot.html)"
66.249.79.33 - - [25/Nov/2024:05:41:16 -0700] "GET /bet/dembec/games-khopcha-price-list-2017-slot.html HTTP/1.1" 200 94 "-" "Mozilla/5.0 (compatible; Googlebot/2.1; +http://www.google.com/bot.html)"
66.249.79.32 - - [25/Nov/2024:05:41:33 -0700] "GET /detail/ocegvc/ HTTP/1.1" 200 94 "-" "Mozilla/5.0 (compatible; Googlebot/2.1; +http://www.google.com/bot.html)"
66.249.79.34 - - [25/Nov/2024:05:42:43 -0700] "GET /news/bjvasp/ HTTP/1.1" 200 94 "-" "Mozilla/5.0 (compatible; Googlebot/2.1; +http://www.google.com/bot.html)"
66.249.79.34 - - [25/Nov/2024:05:43:53 -0700] "GET /detail/uymurk/fifa-world-cup-2006-stadiums.html HTTP/1.1" 200 94 "-" "Mozilla/5.0 (compatible; Googlebot/2.1; +http://www.google.com/bot.html)"
66.249.79.32 - - [25/Nov/2024:05:43:53 -0700] "GET /bet/mnevxp/indian-cricket-schedule-after-world-cup.html HTTP/1.1" 200 94 "-" "Mozilla/5.0 (compatible; Googlebot/2.1; +http://www.google.com/bot.html)"
66.249.79.32 - - [25/Nov/2024:05:43:57 -0700] "GET /detail/gfqfdp/chennai-super-kings-team-players-2008.html HTTP/1.1" 200 94 "-" "Mozilla/5.0 (compatible; Googlebot/2.1; +http://www.google.com/bot.html)"
5.255.231.86 - - [25/Nov/2024:05:44:15 -0700] "GET /zpm0eb4ca/files/Secondary/files/Senior%20Secondary/files/Secondary/417-FAQ-min.pdf HTTP/1.1" 200 94 "-" "Mozilla/5.0 (compatible; YandexBot/3.0; +http://yandex.com/bots)"
66.249.79.32 - - [25/Nov/2024:05:44:24 -0700] "GET /detail/efiugy/women-under-19-world-cup.html HTTP/1.1" 200 94 "-" "Mozilla/5.0 (compatible; Googlebot/2.1; +http://www.google.com/bot.html)"
66.249.79.32 - - [25/Nov/2024:05:44:42 -0700] "GET /bet/vtaqnv/bet-prediction-today-matches.html HTTP/1.1" 200 94 "-" "Mozilla/5.0 (compatible; Googlebot/2.1; +http://www.google.com/bot.html)"
66.249.79.34 - - [25/Nov/2024:05:45:17 -0700] "GET /news/kljgsb/ HTTP/1.1" 200 94 "-" "Mozilla/5.0 (compatible; Googlebot/2.1; +http://www.google.com/bot.html)"
66.249.79.33 - - [25/Nov/2024:05:45:50 -0700] "GET /news/tcblnb/how-to-keep-score-in-spades-card-game.html HTTP/1.1" 200 94 "-" "Mozilla/5.0 (compatible; Googlebot/2.1; +http://www.google.com/bot.html)"
66.249.79.33 - - [25/Nov/2024:05:46:12 -0700] "GET /detail/ubghwa/india-newzealand-5th-t20-live.html HTTP/1.1" 200 94 "-" "Mozilla/5.0 (compatible; Googlebot/2.1; +http://www.google.com/bot.html)"
66.249.79.33 - - [25/Nov/2024:05:46:49 -0700] "GET /news/maoebm/goa-casino-job-vacancy-2019.html HTTP/1.1" 200 94 "-" "Mozilla/5.0 (compatible; Googlebot/2.1; +http://www.google.com/bot.html)"
66.249.79.34 - - [25/Nov/2024:05:47:21 -0700] "GET /detail/xlwfuk/ HTTP/1.1" 200 94 "-" "Mozilla/5.0 (compatible; Googlebot/2.1; +http://www.google.com/bot.html)"
66.249.79.32 - - [25/Nov/2024:05:47:30 -0700] "GET /bet/iensrs/life-evolution-simulation-game.html HTTP/1.1" 200 94 "-" "Mozilla/5.0 (compatible; Googlebot/2.1; +http://www.google.com/bot.html)"
66.249.79.34 - - [25/Nov/2024:05:48:11 -0700] "GET /detail/wjahdm/ HTTP/1.1" 200 94 "-" "Mozilla/5.0 (compatible; Googlebot/2.1; +http://www.google.com/bot.html)"
66.249.79.33 - - [25/Nov/2024:05:48:38 -0700] "GET /news/yxdthw/ HTTP/1.1" 200 94 "-" "Mozilla/5.0 (compatible; Googlebot/2.1; +http://www.google.com/bot.html)"
66.249.79.32 - - [25/Nov/2024:05:48:47 -0700] "GET /bet/dtwjgl/ HTTP/1.1" 200 94 "-" "Mozilla/5.0 (compatible; Googlebot/2.1; +http://www.google.com/bot.html)"
66.249.79.33 - - [25/Nov/2024:05:49:58 -0700] "GET /bet/faoxcw/ HTTP/1.1" 200 94 "-" "Mozilla/5.0 (compatible; Googlebot/2.1; +http://www.google.com/bot.html)"
66.249.79.33 - - [25/Nov/2024:05:50:30 -0700] "GET /detail/mcbiey/world-cup-of-india-team-time-table.html HTTP/1.1" 200 94 "-" "Mozilla/5.0 (compatible; Googlebot/2.1; +http://www.google.com/bot.html)"
69.162.124.238 - - [25/Nov/2024:05:50:31 -0700] "HEAD /cbse-corner.php HTTP/1.1" 200 - "https://boparaikalan.akalacademy.ac.in/cbse-corner.php" "Mozilla/5.0+(compatible; UptimeRobot/2.0; http://www.uptimerobot.com/)"
66.249.79.32 - - [25/Nov/2024:05:50:33 -0700] "GET /news/axvxqd/icc-men's-t20-player-of-the-year.html HTTP/1.1" 200 94 "-" "Mozilla/5.0 (compatible; Googlebot/2.1; +http://www.google.com/bot.html)"
66.249.79.32 - - [25/Nov/2024:05:50:47 -0700] "GET /bet/xjdtkq/ HTTP/1.1" 200 94 "-" "Mozilla/5.0 (compatible; Googlebot/2.1; +http://www.google.com/bot.html)"
213.180.203.13 - - [25/Nov/2024:05:51:03 -0700] "GET /drm5ae6mm/files/I-VIII/files/Senior%20Secondary/files/Senior%20Secondary/Accountancy-min.pdf HTTP/1.1" 200 94 "-" "Mozilla/5.0 (compatible; YandexBot/3.0; +http://yandex.com/bots)"
66.249.79.34 - - [25/Nov/2024:05:51:15 -0700] "GET /detail/mroatl/nippon-paints-chennai-super-kings.html HTTP/1.1" 200 94 "-" "Mozilla/5.0 (compatible; Googlebot/2.1; +http://www.google.com/bot.html)"
66.249.79.32 - - [25/Nov/2024:05:51:31 -0700] "GET /detail/tobvvi/rummy-circle-play-online.html HTTP/1.1" 200 94 "-" "Mozilla/5.0 (compatible; Googlebot/2.1; +http://www.google.com/bot.html)"
66.249.79.32 - - [25/Nov/2024:05:51:43 -0700] "GET /news/hhczlr/ HTTP/1.1" 200 94 "-" "Mozilla/5.0 (compatible; Googlebot/2.1; +http://www.google.com/bot.html)"
87.250.224.224 - - [25/Nov/2024:05:52:43 -0700] "GET /ze9adcgie/files/I-VIII/files/Senior%20Secondary/files/Senior%20Secondary/Physics-min.pdf HTTP/1.1" 200 94 "-" "Mozilla/5.0 (compatible; YandexBot/3.0; +http://yandex.com/bots)"
66.249.79.33 - - [25/Nov/2024:05:53:29 -0700] "GET /news/pblogx/ HTTP/1.1" 200 94 "-" "Mozilla/5.0 (compatible; Googlebot/2.1; +http://www.google.com/bot.html)"
69.162.124.238 - - [25/Nov/2024:05:55:31 -0700] "HEAD /cbse-corner.php HTTP/1.1" 200 - "https://boparaikalan.akalacademy.ac.in/cbse-corner.php" "Mozilla/5.0+(compatible; UptimeRobot/2.0; http://www.uptimerobot.com/)"
66.249.79.33 - - [25/Nov/2024:05:55:45 -0700] "GET /news/ptmmhn/today-dream11-team-world-cup-2019.html HTTP/1.1" 200 94 "-" "Mozilla/5.0 (compatible; Googlebot/2.1; +http://www.google.com/bot.html)"
66.249.79.32 - - [25/Nov/2024:05:55:55 -0700] "GET /bet/qxqhab/wcc2-game-play-online.html HTTP/1.1" 200 94 "-" "Mozilla/5.0 (compatible; Googlebot/2.1; +http://www.google.com/bot.html)"
66.249.79.33 - - [25/Nov/2024:05:56:58 -0700] "GET /news/fqmqfk/2027-cricket-world-cup-kaha-hoga.html HTTP/1.1" 200 94 "-" "Mozilla/5.0 (compatible; Googlebot/2.1; +http://www.google.com/bot.html)"
66.249.79.33 - - [25/Nov/2024:05:58:13 -0700] "GET /bet/phfyby/world-cup-2015-streaming-free.html HTTP/1.1" 200 94 "-" "Mozilla/5.0 (compatible; Googlebot/2.1; +http://www.google.com/bot.html)"
66.249.79.33 - - [25/Nov/2024:05:58:24 -0700] "GET /news/otbppi/pgi-poker-chips.html HTTP/1.1" 200 94 "-" "Mozilla/5.0 (compatible; Googlebot/2.1; +http://www.google.com/bot.html)"
66.249.79.33 - - [25/Nov/2024:05:59:14 -0700] "GET /detail/gmydem/ HTTP/1.1" 200 94 "-" "Mozilla/5.0 (compatible; Googlebot/2.1; +http://www.google.com/bot.html)"
66.249.79.33 - - [25/Nov/2024:05:59:18 -0700] "GET /news/jrgnkt/next-set-piece-bet365.html HTTP/1.1" 200 94 "-" "Mozilla/5.0 (compatible; Googlebot/2.1; +http://www.google.com/bot.html)"
66.249.79.32 - - [25/Nov/2024:05:59:51 -0700] "GET /detail/gtwfft/portable-poker-chips.html HTTP/1.1" 200 94 "-" "Mozilla/5.0 (compatible; Googlebot/2.1; +http://www.google.com/bot.html)"
69.162.124.238 - - [25/Nov/2024:06:00:31 -0700] "HEAD /cbse-corner.php HTTP/1.1" 200 - "https://boparaikalan.akalacademy.ac.in/cbse-corner.php" "Mozilla/5.0+(compatible; UptimeRobot/2.0; http://www.uptimerobot.com/)"
66.249.79.32 - - [25/Nov/2024:06:00:40 -0700] "GET /news/qajlsj/betonline-blackjack-free.html HTTP/1.1" 200 94 "-" "Mozilla/5.0 (compatible; Googlebot/2.1; +http://www.google.com/bot.html)"
66.249.79.32 - - [25/Nov/2024:06:01:07 -0700] "GET /news/juhqgz/ HTTP/1.1" 200 94 "-" "Mozilla/5.0 (compatible; Googlebot/2.1; +http://www.google.com/bot.html)"
66.249.79.32 - - [25/Nov/2024:06:01:15 -0700] "GET /bet/dcbwjo/ HTTP/1.1" 200 94 "-" "Mozilla/5.0 (compatible; Googlebot/2.1; +http://www.google.com/bot.html)"
66.249.79.32 - - [25/Nov/2024:06:01:26 -0700] "GET /bet/bbmmgz/ HTTP/1.1" 200 94 "-" "Mozilla/5.0 (compatible; Googlebot/2.1; +http://www.google.com/bot.html)"
66.249.79.32 - - [25/Nov/2024:06:02:59 -0700] "GET /news/gdumha/delhi-capitals-ipl-2018.html HTTP/1.1" 200 94 "-" "Mozilla/5.0 (compatible; Googlebot/2.1; +http://www.google.com/bot.html)"
66.249.79.33 - - [25/Nov/2024:06:03:37 -0700] "GET /bet/dvnnta/ HTTP/1.1" 200 94 "-" "Mozilla/5.0 (compatible; Googlebot/2.1; +http://www.google.com/bot.html)"
66.249.79.32 - - [25/Nov/2024:06:03:44 -0700] "GET /detail/gdofnw/ HTTP/1.1" 200 94 "-" "Mozilla/5.0 (compatible; Googlebot/2.1; +http://www.google.com/bot.html)"
66.249.79.32 - - [25/Nov/2024:06:04:06 -0700] "GET /bet/ixdwyk/ HTTP/1.1" 200 94 "-" "Mozilla/5.0 (compatible; Googlebot/2.1; +http://www.google.com/bot.html)"
66.249.79.33 - - [25/Nov/2024:06:04:31 -0700] "GET /news/tapxbc/ HTTP/1.1" 200 94 "-" "Mozilla/5.0 (compatible; Googlebot/2.1; +http://www.google.com/bot.html)"
66.249.79.32 - - [25/Nov/2024:06:04:45 -0700] "GET /news/xyncns/best-clear-cricket-score-book-pdf.html HTTP/1.1" 200 94 "-" "Mozilla/5.0 (compatible; Googlebot/2.1; +http://www.google.com/bot.html)"
69.162.124.238 - - [25/Nov/2024:06:05:31 -0700] "HEAD /cbse-corner.php HTTP/1.1" 200 - "https://boparaikalan.akalacademy.ac.in/cbse-corner.php" "Mozilla/5.0+(compatible; UptimeRobot/2.0; http://www.uptimerobot.com/)"
66.249.79.33 - - [25/Nov/2024:06:06:01 -0700] "GET /detail/qpoqwh/ HTTP/1.1" 200 94 "-" "Mozilla/5.0 (compatible; Googlebot/2.1; +http://www.google.com/bot.html)"
66.249.79.32 - - [25/Nov/2024:06:06:34 -0700] "GET /news/abfvct/ HTTP/1.1" 200 94 "-" "Mozilla/5.0 (compatible; Googlebot/2.1; +http://www.google.com/bot.html)"
66.249.79.32 - - [25/Nov/2024:06:06:46 -0700] "GET /detail/cghgvg/kkr-vs-rcb-ipl-live-score.html HTTP/1.1" 200 94 "-" "Mozilla/5.0 (compatible; Googlebot/2.1; +http://www.google.com/bot.html)"
87.250.224.39 - - [25/Nov/2024:06:07:03 -0700] "GET /robots.txt HTTP/1.1" 200 94 "-" "Mozilla/5.0 (compatible; YandexBot/3.0; +http://yandex.com/bots)"
95.108.213.152 - - [25/Nov/2024:06:07:05 -0700] "GET /ege1cd4gdr.ramekin HTTP/1.1" 200 94 "-" "Mozilla/5.0 (compatible; YandexBot/3.0; +http://yandex.com/bots)"
66.249.74.98 - - [25/Nov/2024:06:07:38 -0700] "GET /bet/rgfqql/most-successful-team-in-hockey-world-cup.html HTTP/1.1" 200 94 "-" "Mozilla/5.0 (compatible; Googlebot/2.1; +http://www.google.com/bot.html)"
66.249.79.33 - - [25/Nov/2024:06:08:42 -0700] "GET /news/nbusjh/ HTTP/1.1" 200 94 "-" "Mozilla/5.0 (compatible; Googlebot/2.1; +http://www.google.com/bot.html)"
66.249.79.32 - - [25/Nov/2024:06:08:58 -0700] "GET /news/jepkdv/ambiance-casino.html HTTP/1.1" 200 94 "-" "Mozilla/5.0 (compatible; Googlebot/2.1; +http://www.google.com/bot.html)"
216.244.66.233 - - [25/Nov/2024:06:09:21 -0700] "GET /robots.txt HTTP/1.1" 200 94 "-" "Mozilla/5.0 (compatible; DotBot/1.2; +https://opensiteexplorer.org/dotbot; help@moz.com)"
66.249.79.33 - - [25/Nov/2024:06:10:26 -0700] "GET /news/?txxdhs/llr-slot-apply-online-ap.html HTTP/1.1" 200 94 "-" "Mozilla/5.0 (compatible; Googlebot/2.1; +http://www.google.com/bot.html)"
69.162.124.238 - - [25/Nov/2024:06:10:31 -0700] "HEAD /cbse-corner.php HTTP/1.1" 200 - "https://boparaikalan.akalacademy.ac.in/cbse-corner.php" "Mozilla/5.0+(compatible; UptimeRobot/2.0; http://www.uptimerobot.com/)"
66.249.79.32 - - [25/Nov/2024:06:10:39 -0700] "GET /bet/mwlbjw/ HTTP/1.1" 200 94 "-" "Mozilla/5.0 (compatible; Googlebot/2.1; +http://www.google.com/bot.html)"
66.249.79.32 - - [25/Nov/2024:06:10:59 -0700] "GET /bet/tyukjk/ HTTP/1.1" 200 94 "-" "Mozilla/5.0 (compatible; Googlebot/2.1; +http://www.google.com/bot.html)"
66.249.79.32 - - [25/Nov/2024:06:12:06 -0700] "GET /bet/qihney/ HTTP/1.1" 200 94 "-" "Mozilla/5.0 (compatible; Googlebot/2.1; +http://www.google.com/bot.html)"
66.249.79.33 - - [25/Nov/2024:06:12:33 -0700] "GET /detail/nzbcca/new-online-casinos-no-deposit-2022.html HTTP/1.1" 200 94 "-" "Mozilla/5.0 (compatible; Googlebot/2.1; +http://www.google.com/bot.html)"
66.249.79.32 - - [25/Nov/2024:06:12:50 -0700] "GET /detail/yjssih/2016-icc-women's-world-twenty20.html HTTP/1.1" 200 94 "-" "Mozilla/5.0 (compatible; Googlebot/2.1; +http://www.google.com/bot.html)"
66.249.79.32 - - [25/Nov/2024:06:12:58 -0700] "GET /bet/?cysjfy/ HTTP/1.1" 200 94 "-" "Mozilla/5.0 (compatible; Googlebot/2.1; +http://www.google.com/bot.html)"
69.162.124.238 - - [25/Nov/2024:06:15:31 -0700] "HEAD /cbse-corner.php HTTP/1.1" 200 - "https://boparaikalan.akalacademy.ac.in/cbse-corner.php" "Mozilla/5.0+(compatible; UptimeRobot/2.0; http://www.uptimerobot.com/)"
66.249.79.33 - - [25/Nov/2024:06:16:20 -0700] "GET /detail/sieeyf/link-slot-starlight-princess.html HTTP/1.1" 200 94 "-" "Mozilla/5.0 (compatible; Googlebot/2.1; +http://www.google.com/bot.html)"
66.249.79.33 - - [25/Nov/2024:06:16:21 -0700] "GET /bet/nwilvn/st-croix-casino-hertel.html HTTP/1.1" 200 94 "-" "Mozilla/5.0 (compatible; Googlebot/2.1; +http://www.google.com/bot.html)"
66.249.79.33 - - [25/Nov/2024:06:16:30 -0700] "GET /detail/ykykrg/ HTTP/1.1" 200 94 "-" "Mozilla/5.0 (compatible; Googlebot/2.1; +http://www.google.com/bot.html)"
66.249.79.34 - - [25/Nov/2024:06:17:43 -0700] "GET /detail/jgidrq/ HTTP/1.1" 200 94 "-" "Mozilla/5.0 (compatible; Googlebot/2.1; +http://www.google.com/bot.html)"
66.249.79.34 - - [25/Nov/2024:06:17:43 -0700] "GET /news/cslhbm/ HTTP/1.1" 200 94 "-" "Mozilla/5.0 (compatible; Googlebot/2.1; +http://www.google.com/bot.html)"
66.249.79.34 - - [25/Nov/2024:06:18:36 -0700] "GET /news/vkmmuv/ HTTP/1.1" 200 94 "-" "Mozilla/5.0 (compatible; Googlebot/2.1; +http://www.google.com/bot.html)"
87.250.224.234 - - [25/Nov/2024:06:18:36 -0700] "GET /robots.txt HTTP/1.1" 200 94 "-" "Mozilla/5.0 (compatible; YandexBot/3.0; +http://yandex.com/bots)"
87.250.224.15 - - [25/Nov/2024:06:18:37 -0700] "GET /r7hcraehr/files/Senior%20Secondary/files/Senior%20Secondary/14_Circular_2019ANX2-min.pdf HTTP/1.1" 200 94 "-" "Mozilla/5.0 (compatible; YandexBot/3.0; +http://yandex.com/bots)"
66.249.79.32 - - [25/Nov/2024:06:18:43 -0700] "GET /detail/nedcid/ HTTP/1.1" 200 94 "-" "Mozilla/5.0 (compatible; Googlebot/2.1; +http://www.google.com/bot.html)"
66.249.79.33 - - [25/Nov/2024:06:19:20 -0700] "GET /bet/njdfae/ HTTP/1.1" 200 94 "-" "Mozilla/5.0 (compatible; Googlebot/2.1; +http://www.google.com/bot.html)"
66.249.79.32 - - [25/Nov/2024:06:19:33 -0700] "GET /news/vycvhu/live-khushi-kabaddi-match.html HTTP/1.1" 200 94 "-" "Mozilla/5.0 (compatible; Googlebot/2.1; +http://www.google.com/bot.html)"
213.180.203.102 - - [25/Nov/2024:06:19:55 -0700] "GET /cyj5de4wo/files/Senior%20Secondary/files/I-VIII/files/Secondary/417-IX-min.pdf HTTP/1.1" 200 94 "-" "Mozilla/5.0 (compatible; YandexBot/3.0; +http://yandex.com/bots)"
69.162.124.238 - - [25/Nov/2024:06:20:31 -0700] "HEAD /cbse-corner.php HTTP/1.1" 200 - "https://boparaikalan.akalacademy.ac.in/cbse-corner.php" "Mozilla/5.0+(compatible; UptimeRobot/2.0; http://www.uptimerobot.com/)"
66.249.79.34 - - [25/Nov/2024:06:21:35 -0700] "GET /bet/uojedn/kla-mo-ya-casino-jobs.html HTTP/1.1" 200 94 "-" "Mozilla/5.0 (compatible; Googlebot/2.1; +http://www.google.com/bot.html)"
95.108.213.90 - - [25/Nov/2024:06:21:38 -0700] "GET /ux2ogbecn/files/I-VIII/files/Secondary/Punjabi_Sec_2019-20-min.pdf HTTP/1.1" 200 94 "-" "Mozilla/5.0 (compatible; YandexBot/3.0; +http://yandex.com/bots)"
66.249.79.32 - - [25/Nov/2024:06:21:52 -0700] "GET /news/hjmifl/ HTTP/1.1" 200 94 "-" "Mozilla/5.0 (compatible; Googlebot/2.1; +http://www.google.com/bot.html)"
87.250.224.202 - - [25/Nov/2024:06:21:58 -0700] "GET /k0srvlcvo/files/IX-X/files/Senior%20Secondary/index.php HTTP/1.1" 200 94 "-" "Mozilla/5.0 (compatible; YandexBot/3.0; +http://yandex.com/bots)"
95.108.213.78 - - [25/Nov/2024:06:22:36 -0700] "GET /niersSuL2/files/Senior%20Secondary/files/I-VIII/VI-XII%20Divinity%20Syl.%20for%20Other%20Aca.-min.pdf HTTP/1.1" 200 94 "-" "Mozilla/5.0 (compatible; YandexBot/3.0; +http://yandex.com/bots)"
5.255.231.146 - - [25/Nov/2024:06:22:49 -0700] "GET /te1criitj/files/Secondary/Science_Sec_2019-20-min.pdf HTTP/1.1" 200 94 "-" "Mozilla/5.0 (compatible; YandexBot/3.0; +http://yandex.com/bots)"
66.249.79.34 - - [25/Nov/2024:06:23:25 -0700] "GET /news/shcihf/ HTTP/1.1" 200 94 "-" "Mozilla/5.0 (compatible; Googlebot/2.1; +http://www.google.com/bot.html)"
52.167.144.145 - - [25/Nov/2024:06:23:29 -0700] "GET /news/ltzbmb/files/I-VIII/files/Secondary/417-FAQ-min.pdf HTTP/1.1" 200 94 "-" "Mozilla/5.0 AppleWebKit/537.36 (KHTML, like Gecko; compatible; bingbot/2.0; +http://www.bing.com/bingbot.htm) Chrome/116.0.1938.76 Safari/537.36"
66.249.79.32 - - [25/Nov/2024:06:24:50 -0700] "GET /bet/enfyik/creepy-games-to-play-online.html HTTP/1.1" 200 94 "-" "Mozilla/5.0 (compatible; Googlebot/2.1; +http://www.google.com/bot.html)"
69.162.124.238 - - [25/Nov/2024:06:25:31 -0700] "HEAD /cbse-corner.php HTTP/1.1" 200 - "https://boparaikalan.akalacademy.ac.in/cbse-corner.php" "Mozilla/5.0+(compatible; UptimeRobot/2.0; http://www.uptimerobot.com/)"
66.249.79.34 - - [25/Nov/2024:06:25:39 -0700] "GET /bet/zdzkwe/icc-inspector-test.html HTTP/1.1" 200 94 "-" "Mozilla/5.0 (compatible; Googlebot/2.1; +http://www.google.com/bot.html)"
66.249.79.32 - - [25/Nov/2024:06:25:59 -0700] "GET /detail/ocljzb/ HTTP/1.1" 200 94 "-" "Mozilla/5.0 (compatible; Googlebot/2.1; +http://www.google.com/bot.html)"
66.249.79.32 - - [25/Nov/2024:06:26:06 -0700] "GET /bet/?dicxnw/ HTTP/1.1" 200 94 "-" "Mozilla/5.0 (compatible; Googlebot/2.1; +http://www.google.com/bot.html)"
66.249.79.32 - - [25/Nov/2024:06:26:25 -0700] "GET /detail/zymqlq/ HTTP/1.1" 200 94 "-" "Mozilla/5.0 (compatible; Googlebot/2.1; +http://www.google.com/bot.html)"
66.249.79.32 - - [25/Nov/2024:06:26:30 -0700] "GET /detail/arxtlm/e502-l3.html HTTP/1.1" 200 94 "-" "Mozilla/5.0 (compatible; Googlebot/2.1; +http://www.google.com/bot.html)"
66.249.79.34 - - [25/Nov/2024:06:27:09 -0700] "GET /bet/nutjqb/digital-pr-agency.html HTTP/1.1" 200 94 "-" "Mozilla/5.0 (compatible; Googlebot/2.1; +http://www.google.com/bot.html)"
213.180.203.19 - - [25/Nov/2024:06:27:13 -0700] "GET /oy6otwabn/files/Senior%20Secondary/ComputerSc_NewXII-min.pdf HTTP/1.1" 200 94 "-" "Mozilla/5.0 (compatible; YandexBot/3.0; +http://yandex.com/bots)"
66.249.79.32 - - [25/Nov/2024:06:27:19 -0700] "GET /news/ueypff/ HTTP/1.1" 200 94 "-" "Mozilla/5.0 (compatible; Googlebot/2.1; +http://www.google.com/bot.html)"
66.249.79.32 - - [25/Nov/2024:06:27:41 -0700] "GET /bet/kuglno/ HTTP/1.1" 200 94 "-" "Mozilla/5.0 (compatible; Googlebot/2.1; +http://www.google.com/bot.html)"
66.249.79.34 - - [25/Nov/2024:06:28:45 -0700] "GET /news/ayqkfk/india-vs-netherlands-t20-live.html HTTP/1.1" 200 94 "-" "Mozilla/5.0 (compatible; Googlebot/2.1; +http://www.google.com/bot.html)"
66.249.79.32 - - [25/Nov/2024:06:29:14 -0700] "GET /bet/apcqcy/icc-current-ranking-in-odi.html HTTP/1.1" 200 94 "-" "Mozilla/5.0 (compatible; Googlebot/2.1; +http://www.google.com/bot.html)"
69.162.124.238 - - [25/Nov/2024:06:30:31 -0700] "HEAD /cbse-corner.php HTTP/1.1" 200 - "https://boparaikalan.akalacademy.ac.in/cbse-corner.php" "Mozilla/5.0+(compatible; UptimeRobot/2.0; http://www.uptimerobot.com/)"
66.249.79.34 - - [25/Nov/2024:06:30:57 -0700] "GET /detail/exqups/play-free-online-cid-games.html HTTP/1.1" 200 94 "-" "Mozilla/5.0 (compatible; Googlebot/2.1; +http://www.google.com/bot.html)"
66.249.79.34 - - [25/Nov/2024:06:31:02 -0700] "GET /bet/jvobry/wurm-online-to-make-real-money.html HTTP/1.1" 200 94 "-" "Mozilla/5.0 (compatible; Googlebot/2.1; +http://www.google.com/bot.html)"
66.249.79.33 - - [25/Nov/2024:06:31:15 -0700] "GET /news/rmewad/ HTTP/1.1" 200 94 "-" "Mozilla/5.0 (compatible; Googlebot/2.1; +http://www.google.com/bot.html)"
66.249.79.33 - - [25/Nov/2024:06:32:13 -0700] "GET /bet/?itftms/ HTTP/1.1" 200 94 "-" "Mozilla/5.0 (compatible; Googlebot/2.1; +http://www.google.com/bot.html)"
66.249.79.33 - - [25/Nov/2024:06:32:14 -0700] "GET /bet/iblycj/football-live-stream.html HTTP/1.1" 200 94 "-" "Mozilla/5.0 (compatible; Googlebot/2.1; +http://www.google.com/bot.html)"
66.249.79.32 - - [25/Nov/2024:06:32:28 -0700] "GET /detail/cxjgfc/icc-world-cup-fixtures-calendar.html HTTP/1.1" 200 94 "-" "Mozilla/5.0 (compatible; Googlebot/2.1; +http://www.google.com/bot.html)"
66.249.79.33 - - [25/Nov/2024:06:33:18 -0700] "GET /detail/mxgdmj/watch-live-india-vs-bangladesh-asia-cup.html HTTP/1.1" 200 94 "-" "Mozilla/5.0 (compatible; Googlebot/2.1; +http://www.google.com/bot.html)"
216.244.66.233 - - [25/Nov/2024:06:33:45 -0700] "GET /bet/pedagogy.php HTTP/1.1" 200 94 "-" "Mozilla/5.0 (compatible; DotBot/1.2; +https://opensiteexplorer.org/dotbot; help@moz.com)"
66.249.79.32 - - [25/Nov/2024:06:34:00 -0700] "GET /bet/sjcmxr/mi-players-list-2023.html HTTP/1.1" 200 94 "-" "Mozilla/5.0 (compatible; Googlebot/2.1; +http://www.google.com/bot.html)"
66.249.79.32 - - [25/Nov/2024:06:34:09 -0700] "GET /news/imezby/ HTTP/1.1" 200 94 "-" "Mozilla/5.0 (compatible; Googlebot/2.1; +http://www.google.com/bot.html)"
66.249.79.32 - - [25/Nov/2024:06:34:44 -0700] "GET /detail/pfbhen/ HTTP/1.1" 200 94 "-" "Mozilla/5.0 (compatible; Googlebot/2.1; +http://www.google.com/bot.html)"
69.162.124.238 - - [25/Nov/2024:06:35:31 -0700] "HEAD /cbse-corner.php HTTP/1.1" 200 - "https://boparaikalan.akalacademy.ac.in/cbse-corner.php" "Mozilla/5.0+(compatible; UptimeRobot/2.0; http://www.uptimerobot.com/)"
66.249.79.32 - - [25/Nov/2024:06:35:37 -0700] "GET /news/vhqeeg/ HTTP/1.1" 200 94 "-" "Mozilla/5.0 (compatible; Googlebot/2.1; +http://www.google.com/bot.html)"
66.249.79.33 - - [25/Nov/2024:06:37:55 -0700] "GET /news/dmaxmp/delhi-capitals-all-players-name.html HTTP/1.1" 200 94 "-" "Mozilla/5.0 (compatible; Googlebot/2.1; +http://www.google.com/bot.html)"
66.249.79.34 - - [25/Nov/2024:06:38:06 -0700] "GET /bet/lyttcd/ HTTP/1.1" 200 94 "-" "Mozilla/5.0 (compatible; Googlebot/2.1; +http://www.google.com/bot.html)"
66.249.79.32 - - [25/Nov/2024:06:38:31 -0700] "GET /detail/mfyspy/ HTTP/1.1" 200 94 "-" "Mozilla/5.0 (compatible; Googlebot/2.1; +http://www.google.com/bot.html)"
216.244.66.233 - - [25/Nov/2024:06:39:04 -0700] "GET /detail/20-questions-card-game.html HTTP/1.1" 200 94 "-" "Mozilla/5.0 (compatible; DotBot/1.2; +https://opensiteexplorer.org/dotbot; help@moz.com)"
216.244.66.233 - - [25/Nov/2024:06:39:06 -0700] "GET /detail/after-auction-ipl-teams-2022.html HTTP/1.1" 200 94 "-" "Mozilla/5.0 (compatible; DotBot/1.2; +https://opensiteexplorer.org/dotbot; help@moz.com)"
216.244.66.233 - - [25/Nov/2024:06:39:08 -0700] "GET /detail/cricket-world-cup-world-cup.html HTTP/1.1" 200 94 "-" "Mozilla/5.0 (compatible; DotBot/1.2; +https://opensiteexplorer.org/dotbot; help@moz.com)"
216.244.66.233 - - [25/Nov/2024:06:39:10 -0700] "GET /detail/deep-miners-idle-download.html HTTP/1.1" 200 94 "-" "Mozilla/5.0 (compatible; DotBot/1.2; +https://opensiteexplorer.org/dotbot; help@moz.com)"
216.244.66.233 - - [25/Nov/2024:06:39:14 -0700] "GET /detail/first-online-fps-game.html HTTP/1.1" 200 94 "-" "Mozilla/5.0 (compatible; DotBot/1.2; +https://opensiteexplorer.org/dotbot; help@moz.com)"
66.249.79.32 - - [25/Nov/2024:06:39:15 -0700] "GET /detail/pqcxpi/win-real-money-and-prizes.html HTTP/1.1" 200 94 "-" "Mozilla/5.0 (compatible; Googlebot/2.1; +http://www.google.com/bot.html)"
216.244.66.233 - - [25/Nov/2024:06:39:19 -0700] "GET /detail/flash-cricket-game-npower.html HTTP/1.1" 200 94 "-" "Mozilla/5.0 (compatible; DotBot/1.2; +https://opensiteexplorer.org/dotbot; help@moz.com)"
216.244.66.233 - - [25/Nov/2024:06:39:23 -0700] "GET /detail/icc-world-cup-winners-history.html HTTP/1.1" 200 94 "-" "Mozilla/5.0 (compatible; DotBot/1.2; +https://opensiteexplorer.org/dotbot; help@moz.com)"
216.244.66.233 - - [25/Nov/2024:06:39:26 -0700] "GET /detail/indian-cricket-team-national-anthem.html HTTP/1.1" 200 94 "-" "Mozilla/5.0 (compatible; DotBot/1.2; +https://opensiteexplorer.org/dotbot; help@moz.com)"
216.244.66.233 - - [25/Nov/2024:06:39:30 -0700] "GET /detail/my-virtual-pet.html HTTP/1.1" 200 94 "-" "Mozilla/5.0 (compatible; DotBot/1.2; +https://opensiteexplorer.org/dotbot; help@moz.com)"
216.244.66.233 - - [25/Nov/2024:06:39:33 -0700] "GET /detail/play-online-card-game-callbreak.html HTTP/1.1" 200 94 "-" "Mozilla/5.0 (compatible; DotBot/1.2; +https://opensiteexplorer.org/dotbot; help@moz.com)"
216.244.66.233 - - [25/Nov/2024:06:39:36 -0700] "GET /detail/poker-online-top-10.html HTTP/1.1" 200 94 "-" "Mozilla/5.0 (compatible; DotBot/1.2; +https://opensiteexplorer.org/dotbot; help@moz.com)"
95.108.213.79 - - [25/Nov/2024:06:39:57 -0700] "GET /robots.txt HTTP/1.1" 200 94 "-" "Mozilla/5.0 (compatible; YandexBot/3.0; +http://yandex.com/bots)"
213.180.203.220 - - [25/Nov/2024:06:39:59 -0700] "GET /yui6xe8ar/files/Senior%20Secondary/Mathematics-min.pdf HTTP/1.1" 200 94 "-" "Mozilla/5.0 (compatible; YandexBot/3.0; +http://yandex.com/bots)"
5.255.231.118 - - [25/Nov/2024:06:40:01 -0700] "GET /g2uyuznav/files/I-VIII/files/Senior%20Secondary/files/Secondary/417-VIII-min.pdf HTTP/1.1" 200 94 "-" "Mozilla/5.0 (compatible; YandexBot/3.0; +http://yandex.com/bots)"
95.108.213.202 - - [25/Nov/2024:06:40:13 -0700] "GET /sly4diupi/files/Secondary/417-VIII-min.pdf HTTP/1.1" 200 94 "-" "Mozilla/5.0 (compatible; YandexBot/3.0; +http://yandex.com/bots)"
69.162.124.238 - - [25/Nov/2024:06:40:31 -0700] "HEAD /cbse-corner.php HTTP/1.1" 200 - "https://boparaikalan.akalacademy.ac.in/cbse-corner.php" "Mozilla/5.0+(compatible; UptimeRobot/2.0; http://www.uptimerobot.com/)"
5.255.231.148 - - [25/Nov/2024:06:40:37 -0700] "GET /files/I-VIII/files/Senior%20Secondary/BusinessStudies-min.pdf HTTP/1.1" 200 94 "-" "Mozilla/5.0 (compatible; YandexBot/3.0; +http://yandex.com/bots)"
66.249.79.34 - - [25/Nov/2024:06:40:41 -0700] "GET /detail/vugcuf/ HTTP/1.1" 200 94 "-" "Mozilla/5.0 (compatible; Googlebot/2.1; +http://www.google.com/bot.html)"
52.167.144.215 - - [25/Nov/2024:06:40:44 -0700] "GET /news/ltzbmb/files/Secondary/files/Senior%20Secondary/BusinessStudies-min.pdf HTTP/1.1" 200 94 "-" "Mozilla/5.0 AppleWebKit/537.36 (KHTML, like Gecko; compatible; bingbot/2.0; +http://www.bing.com/bingbot.htm) Chrome/116.0.1938.76 Safari/537.36"
66.249.79.33 - - [25/Nov/2024:06:41:04 -0700] "GET /news/tjkwcx/ HTTP/1.1" 200 94 "-" "Mozilla/5.0 (compatible; Googlebot/2.1; +http://www.google.com/bot.html)"
66.249.79.33 - - [25/Nov/2024:06:41:13 -0700] "GET /detail/tdhftv/ HTTP/1.1" 200 94 "-" "Mozilla/5.0 (compatible; Googlebot/2.1; +http://www.google.com/bot.html)"
66.249.79.34 - - [25/Nov/2024:06:42:09 -0700] "GET /bet/glbdxk/top-20-bookmakers.html HTTP/1.1" 200 94 "-" "Mozilla/5.0 (compatible; Googlebot/2.1; +http://www.google.com/bot.html)"
66.249.79.33 - - [25/Nov/2024:06:42:20 -0700] "GET /news/sadxth/ HTTP/1.1" 200 94 "-" "Mozilla/5.0 (compatible; Googlebot/2.1; +http://www.google.com/bot.html)"
66.249.79.32 - - [25/Nov/2024:06:42:27 -0700] "GET /detail/hfxsvn/build-your-own-village-games.html HTTP/1.1" 200 94 "-" "Mozilla/5.0 (compatible; Googlebot/2.1; +http://www.google.com/bot.html)"
66.249.79.32 - - [25/Nov/2024:06:42:42 -0700] "GET /bet/cbjwxh/ HTTP/1.1" 200 94 "-" "Mozilla/5.0 (compatible; Googlebot/2.1; +http://www.google.com/bot.html)"
66.249.79.33 - - [25/Nov/2024:06:43:03 -0700] "GET /news/blswjz/sonsofslots-casino-bonus.html HTTP/1.1" 200 94 "-" "Mozilla/5.0 (compatible; Googlebot/2.1; +http://www.google.com/bot.html)"
66.249.79.33 - - [25/Nov/2024:06:43:24 -0700] "GET /bet/xneppl/london-pound-to-usd.html HTTP/1.1" 200 94 "-" "Mozilla/5.0 (compatible; Googlebot/2.1; +http://www.google.com/bot.html)"
69.162.124.238 - - [25/Nov/2024:06:45:31 -0700] "HEAD /cbse-corner.php HTTP/1.1" 200 - "https://boparaikalan.akalacademy.ac.in/cbse-corner.php" "Mozilla/5.0+(compatible; UptimeRobot/2.0; http://www.uptimerobot.com/)"
66.249.79.34 - - [25/Nov/2024:06:47:28 -0700] "GET /bet/qkcjlc/ HTTP/1.1" 200 94 "-" "Mozilla/5.0 (compatible; Googlebot/2.1; +http://www.google.com/bot.html)"
95.108.213.152 - - [25/Nov/2024:06:47:39 -0700] "GET /robots.txt HTTP/1.1" 200 94 "-" "Mozilla/5.0 (compatible; YandexBot/3.0; +http://yandex.com/bots)"
95.108.213.250 - - [25/Nov/2024:06:47:40 -0700] "GET /vk9ssemer/files/Senior%20Secondary/files/Senior%20Secondary/Psychology-min.pdf HTTP/1.1" 200 94 "-" "Mozilla/5.0 (compatible; YandexBot/3.0; +http://yandex.com/bots)"
66.249.79.33 - - [25/Nov/2024:06:47:47 -0700] "GET /detail/cbddna/tpc-sawgrass-2022-tournament.html HTTP/1.1" 200 94 "-" "Mozilla/5.0 (compatible; Googlebot/2.1; +http://www.google.com/bot.html)"
66.249.79.34 - - [25/Nov/2024:06:48:07 -0700] "GET /detail/rguuop/wold-cup-football-2018-time-table.html HTTP/1.1" 200 94 "-" "Mozilla/5.0 (compatible; Googlebot/2.1; +http://www.google.com/bot.html)"
66.249.79.32 - - [25/Nov/2024:06:48:18 -0700] "GET /news/eerczt/ HTTP/1.1" 200 94 "-" "Mozilla/5.0 (compatible; Googlebot/2.1; +http://www.google.com/bot.html)"
95.108.213.197 - - [25/Nov/2024:06:48:50 -0700] "GET /k0srvlcvo/files/Senior%20Secondary/files/Secondary/files/IX-X/files/Senior%20Secondary/Psychology-min.pdf HTTP/1.1" 200 94 "-" "Mozilla/5.0 (compatible; YandexBot/3.0; +http://yandex.com/bots)"
66.249.79.34 - - [25/Nov/2024:06:49:16 -0700] "GET /news/afiuet/ HTTP/1.1" 200 94 "-" "Mozilla/5.0 (compatible; Googlebot/2.1; +http://www.google.com/bot.html)"
66.249.79.33 - - [25/Nov/2024:06:49:28 -0700] "GET /bet/bfluxu/download-riot-client-mac.html HTTP/1.1" 200 94 "-" "Mozilla/5.0 (compatible; Googlebot/2.1; +http://www.google.com/bot.html)"
95.108.213.147 - - [25/Nov/2024:06:49:35 -0700] "GET /vga4dr4Wr/files/Senior%20Secondary/files/Secondary/files/Senior%20Secondary/Accountancy-min.pdf HTTP/1.1" 200 94 "-" "Mozilla/5.0 (compatible; YandexBot/3.0; +http://yandex.com/bots)"
69.162.124.238 - - [25/Nov/2024:06:50:31 -0700] "HEAD /cbse-corner.php HTTP/1.1" 200 - "https://boparaikalan.akalacademy.ac.in/cbse-corner.php" "Mozilla/5.0+(compatible; UptimeRobot/2.0; http://www.uptimerobot.com/)"
66.249.79.32 - - [25/Nov/2024:06:51:10 -0700] "GET /bet/?ockwnb/live-score-cricket-2022-ipl.html HTTP/1.1" 200 94 "-" "Mozilla/5.0 (compatible; Googlebot/2.1; +http://www.google.com/bot.html)"
66.249.79.33 - - [25/Nov/2024:06:51:29 -0700] "GET /detail/mykghv/ HTTP/1.1" 200 94 "-" "Mozilla/5.0 (compatible; Googlebot/2.1; +http://www.google.com/bot.html)"
66.249.79.32 - - [25/Nov/2024:06:51:37 -0700] "GET /bet/pikuqc/ HTTP/1.1" 200 94 "-" "Mozilla/5.0 (compatible; Googlebot/2.1; +http://www.google.com/bot.html)"
66.249.79.34 - - [25/Nov/2024:06:54:32 -0700] "GET /news/yhmeto/acheavement-of-india-in-t20.html HTTP/1.1" 200 94 "-" "Mozilla/5.0 (compatible; Googlebot/2.1; +http://www.google.com/bot.html)"
66.249.79.33 - - [25/Nov/2024:06:55:09 -0700] "GET /detail/xeesxk/ HTTP/1.1" 200 94 "-" "Mozilla/5.0 (compatible; Googlebot/2.1; +http://www.google.com/bot.html)"
66.249.79.33 - - [25/Nov/2024:06:55:29 -0700] "GET /detail/ypttsi/cricket-2017-full-game-download-for-pc.html HTTP/1.1" 200 94 "-" "Mozilla/5.0 (compatible; Googlebot/2.1; +http://www.google.com/bot.html)"
69.162.124.238 - - [25/Nov/2024:06:55:31 -0700] "HEAD /cbse-corner.php HTTP/1.1" 200 - "https://boparaikalan.akalacademy.ac.in/cbse-corner.php" "Mozilla/5.0+(compatible; UptimeRobot/2.0; http://www.uptimerobot.com/)"
66.249.79.32 - - [25/Nov/2024:06:55:43 -0700] "GET /news/tjzuyl/ HTTP/1.1" 200 94 "-" "Mozilla/5.0 (compatible; Googlebot/2.1; +http://www.google.com/bot.html)"
66.249.79.32 - - [25/Nov/2024:06:55:49 -0700] "GET /news/lnmadn/ipl-srh-matcb-today.html HTTP/1.1" 200 94 "-" "Mozilla/5.0 (compatible; Googlebot/2.1; +http://www.google.com/bot.html)"
66.249.79.34 - - [25/Nov/2024:06:56:47 -0700] "GET /detail/yawwfq/ransher-singh-manhas-india-football.html HTTP/1.1" 200 94 "-" "Mozilla/5.0 (compatible; Googlebot/2.1; +http://www.google.com/bot.html)"
5.255.231.194 - - [25/Nov/2024:06:57:12 -0700] "GET /r7hcraehr/files/Senior%20Secondary/files/Secondary/417-IX-min.pdf HTTP/1.1" 200 94 "-" "Mozilla/5.0 (compatible; YandexBot/3.0; +http://yandex.com/bots)"
95.108.213.203 - - [25/Nov/2024:06:57:40 -0700] "GET /es7qdilRi/files/Senior%20Secondary/files/I-VIII/files/Senior%20Secondary/PhysicalEducation-min.pdf HTTP/1.1" 200 94 "-" "Mozilla/5.0 (compatible; YandexBot/3.0; +http://yandex.com/bots)"
95.108.213.204 - - [25/Nov/2024:06:57:40 -0700] "GET /vbm3ul4mi/files/IX-X/files/Senior%20Secondary/files/Secondary/files/Secondary/Social_Science_Sec_2019-20-min.pdf HTTP/1.1" 200 94 "-" "Mozilla/5.0 (compatible; YandexBot/3.0; +http://yandex.com/bots)"
5.255.231.80 - - [25/Nov/2024:06:57:41 -0700] "GET /3lnzgimz7/files/Secondary/files/Secondary/files/Secondary/Science_Sec_2019-20-min.pdf HTTP/1.1" 200 94 "-" "Mozilla/5.0 (compatible; YandexBot/3.0; +http://yandex.com/bots)"
95.108.213.155 - - [25/Nov/2024:06:58:07 -0700] "GET /k0srvlcvo/files/I-VIII/files/I-VIII/files/Senior%20Secondary/PoliticalScience-min.pdf HTTP/1.1" 200 94 "-" "Mozilla/5.0 (compatible; YandexBot/3.0; +http://yandex.com/bots)"
95.108.213.156 - - [25/Nov/2024:06:58:08 -0700] "GET /cke1-s4mr/files/Senior%20Secondary/files/Senior%20Secondary/Physics-min.pdf HTTP/1.1" 200 94 "-" "Mozilla/5.0 (compatible; YandexBot/3.0; +http://yandex.com/bots)"
66.249.79.33 - - [25/Nov/2024:06:58:12 -0700] "GET /bet/nuypff/chennai-ipl-logo.html HTTP/1.1" 200 94 "-" "Mozilla/5.0 (compatible; Googlebot/2.1; +http://www.google.com/bot.html)"
95.108.213.95 - - [25/Nov/2024:06:59:04 -0700] "GET /veenei9ui/files/I-VIII/English%20%20(VI%20-%20VIII)-min.pdf HTTP/1.1" 200 94 "-" "Mozilla/5.0 (compatible; YandexBot/3.0; +http://yandex.com/bots)"
66.249.79.34 - - [25/Nov/2024:06:59:25 -0700] "GET /news/dqonln/creative-digital-banners.html HTTP/1.1" 200 94 "-" "Mozilla/5.0 (compatible; Googlebot/2.1; +http://www.google.com/bot.html)"
66.249.79.32 - - [25/Nov/2024:06:59:31 -0700] "GET /detail/camhis/ HTTP/1.1" 200 94 "-" "Mozilla/5.0 (compatible; Googlebot/2.1; +http://www.google.com/bot.html)"
95.108.213.168 - - [25/Nov/2024:07:00:24 -0700] "GET /1tenmbat0/favicon.ico HTTP/1.1" 200 94 "-" "Mozilla/5.0 (compatible; YandexFavicons/1.0; +http://yandex.com/bots)"
69.162.124.238 - - [25/Nov/2024:07:00:31 -0700] "HEAD /cbse-corner.php HTTP/1.1" 200 - "https://boparaikalan.akalacademy.ac.in/cbse-corner.php" "Mozilla/5.0+(compatible; UptimeRobot/2.0; http://www.uptimerobot.com/)"
66.249.79.34 - - [25/Nov/2024:07:01:01 -0700] "GET /detail/satiim/gurjar-cricketer-in-india-team.html HTTP/1.1" 200 94 "-" "Mozilla/5.0 (compatible; Googlebot/2.1; +http://www.google.com/bot.html)"
66.249.79.32 - - [25/Nov/2024:07:01:36 -0700] "GET /bet/icuaba/ HTTP/1.1" 200 94 "-" "Mozilla/5.0 (compatible; Googlebot/2.1; +http://www.google.com/bot.html)"
66.249.79.33 - - [25/Nov/2024:07:02:50 -0700] "GET /news/ezypkk/middleton-bingo-hall.html HTTP/1.1" 200 94 "-" "Mozilla/5.0 (compatible; Googlebot/2.1; +http://www.google.com/bot.html)"
66.249.79.34 - - [25/Nov/2024:07:03:32 -0700] "GET /detail/klxgly/ HTTP/1.1" 200 94 "-" "Mozilla/5.0 (compatible; Googlebot/2.1; +http://www.google.com/bot.html)"
66.249.79.34 - - [25/Nov/2024:07:04:29 -0700] "GET /news/qjqfvw/free-shows-in-las-vegas.html HTTP/1.1" 200 94 "-" "Mozilla/5.0 (compatible; Googlebot/2.1; +http://www.google.com/bot.html)"
216.244.66.233 - - [25/Nov/2024:07:04:33 -0700] "GET /robots.txt HTTP/1.1" 200 94 "-" "Mozilla/5.0 (compatible; DotBot/1.2; +https://opensiteexplorer.org/dotbot; help@moz.com)"
66.249.79.33 - - [25/Nov/2024:07:04:42 -0700] "GET /news/keraoq/t20-womens-indiavs-southafrica-hotstar.html HTTP/1.1" 200 94 "-" "Mozilla/5.0 (compatible; Googlebot/2.1; +http://www.google.com/bot.html)"
66.249.79.34 - - [25/Nov/2024:07:05:18 -0700] "GET /news/ndevsx/ HTTP/1.1" 200 94 "-" "Mozilla/5.0 (compatible; Googlebot/2.1; +http://www.google.com/bot.html)"
69.162.124.238 - - [25/Nov/2024:07:05:31 -0700] "HEAD /cbse-corner.php HTTP/1.1" 200 - "https://boparaikalan.akalacademy.ac.in/cbse-corner.php" "Mozilla/5.0+(compatible; UptimeRobot/2.0; http://www.uptimerobot.com/)"
66.249.79.33 - - [25/Nov/2024:07:05:33 -0700] "GET /bet/xgmykq/download-pc-action-games-for-windows-10.html HTTP/1.1" 200 94 "-" "Mozilla/5.0 (compatible; Googlebot/2.1; +http://www.google.com/bot.html)"
66.249.79.32 - - [25/Nov/2024:07:05:58 -0700] "GET /bet/nyjxji/betting-ufc-271.html HTTP/1.1" 200 94 "-" "Mozilla/5.0 (compatible; Googlebot/2.1; +http://www.google.com/bot.html)"
66.249.79.33 - - [25/Nov/2024:07:06:47 -0700] "GET /detail/uaqroj/poker-cash-game-course.html HTTP/1.1" 200 94 "-" "Mozilla/5.0 (compatible; Googlebot/2.1; +http://www.google.com/bot.html)"
66.249.79.32 - - [25/Nov/2024:07:06:54 -0700] "GET /bet/ozqfhv/ HTTP/1.1" 200 94 "-" "Mozilla/5.0 (compatible; Googlebot/2.1; +http://www.google.com/bot.html)"
66.249.79.32 - - [25/Nov/2024:07:07:47 -0700] "GET /bet/ebuvzb/ HTTP/1.1" 200 94 "-" "Mozilla/5.0 (compatible; Googlebot/2.1; +http://www.google.com/bot.html)"
66.249.79.34 - - [25/Nov/2024:07:08:02 -0700] "GET /detail/xhwdvr/ HTTP/1.1" 200 94 "-" "Mozilla/5.0 (compatible; Googlebot/2.1; +http://www.google.com/bot.html)"
66.249.79.32 - - [25/Nov/2024:07:08:30 -0700] "GET /news/wtsfnl/ HTTP/1.1" 200 94 "-" "Mozilla/5.0 (compatible; Googlebot/2.1; +http://www.google.com/bot.html)"
66.249.79.32 - - [25/Nov/2024:07:08:48 -0700] "GET /news/shhjfv/ HTTP/1.1" 200 94 "-" "Mozilla/5.0 (compatible; Googlebot/2.1; +http://www.google.com/bot.html)"
69.162.124.238 - - [25/Nov/2024:07:10:31 -0700] "HEAD /cbse-corner.php HTTP/1.1" 200 - "https://boparaikalan.akalacademy.ac.in/cbse-corner.php" "Mozilla/5.0+(compatible; UptimeRobot/2.0; http://www.uptimerobot.com/)"
66.249.79.33 - - [25/Nov/2024:07:11:45 -0700] "GET /detail/imrqem/ HTTP/1.1" 200 94 "-" "Mozilla/5.0 (compatible; Googlebot/2.1; +http://www.google.com/bot.html)"
66.249.79.34 - - [25/Nov/2024:07:12:05 -0700] "GET /detail/rcyduj/ HTTP/1.1" 200 94 "-" "Mozilla/5.0 (compatible; Googlebot/2.1; +http://www.google.com/bot.html)"
66.249.79.33 - - [25/Nov/2024:07:12:37 -0700] "GET /detail/gdfpkj/live-cricket-score-android-examples.html HTTP/1.1" 200 94 "-" "Mozilla/5.0 (compatible; Googlebot/2.1; +http://www.google.com/bot.html)"
66.249.79.32 - - [25/Nov/2024:07:13:34 -0700] "GET /bet/hdagyc/srh-shikhar-dhawan-news.html HTTP/1.1" 200 94 "-" "Mozilla/5.0 (compatible; Googlebot/2.1; +http://www.google.com/bot.html)"
66.249.79.33 - - [25/Nov/2024:07:13:41 -0700] "GET /detail/qvyfyf/ HTTP/1.1" 200 94 "-" "Mozilla/5.0 (compatible; Googlebot/2.1; +http://www.google.com/bot.html)"
66.249.79.32 - - [25/Nov/2024:07:14:05 -0700] "GET /news/vhkoin/android-football-world-cup-game.html HTTP/1.1" 200 94 "-" "Mozilla/5.0 (compatible; Googlebot/2.1; +http://www.google.com/bot.html)"
66.249.79.32 - - [25/Nov/2024:07:14:45 -0700] "GET /news/gxhhro/kurtis-patterson-bbl-stats.html HTTP/1.1" 200 94 "-" "Mozilla/5.0 (compatible; Googlebot/2.1; +http://www.google.com/bot.html)"
69.162.124.238 - - [25/Nov/2024:07:15:31 -0700] "HEAD /cbse-corner.php HTTP/1.1" 200 - "https://boparaikalan.akalacademy.ac.in/cbse-corner.php" "Mozilla/5.0+(compatible; UptimeRobot/2.0; http://www.uptimerobot.com/)"
66.249.79.34 - - [25/Nov/2024:07:15:47 -0700] "GET /detail/njablj/1xbet-friday-bonus-rules.html HTTP/1.1" 200 94 "-" "Mozilla/5.0 (compatible; Googlebot/2.1; +http://www.google.com/bot.html)"
