3.133.125.232 - - [25/Nov/2024:07:05:35 -0700] "GET /myadmin/cbse/fonts/flaticon/font/files/IX-X/css/images/Tree%20(1).png HTTP/1.1" 200 94 "-" "Mozilla/5.0 AppleWebKit/537.36 (KHTML, like Gecko; compatible; ClaudeBot/1.0; +claudebot@anthropic.com)"
66.249.68.1 - - [25/Nov/2024:07:05:40 -0700] "GET /bet/khknhb/ HTTP/1.1" 200 94 "-" "Mozilla/5.0 (compatible; Googlebot/2.1; +http://www.google.com/bot.html)"
66.249.68.2 - - [25/Nov/2024:07:06:16 -0700] "GET /detail/nhabve/sorcery-saga.html HTTP/1.1" 200 94 "-" "Mozilla/5.0 (compatible; Googlebot/2.1; +http://www.google.com/bot.html)"
3.144.38.254 - - [25/Nov/2024:07:06:39 -0700] "GET /myadmin/cbse/fonts/icomoon/files/Senior%20Secondary/css/images/Tree%20(1).png HTTP/1.1" 200 94 "-" "Mozilla/5.0 AppleWebKit/537.36 (KHTML, like Gecko; compatible; ClaudeBot/1.0; +claudebot@anthropic.com)"
69.162.124.238 - - [25/Nov/2024:07:07:08 -0700] "HEAD /cbse-corner.php HTTP/1.1" 200 - "https://bnsingh.akalacademy.ac.in/cbse-corner.php" "Mozilla/5.0+(compatible; UptimeRobot/2.0; http://www.uptimerobot.com/)"
66.249.68.2 - - [25/Nov/2024:07:07:17 -0700] "GET /detail/djkydo/ HTTP/1.1" 200 94 "-" "Mozilla/5.0 (compatible; Googlebot/2.1; +http://www.google.com/bot.html)"
66.249.68.3 - - [25/Nov/2024:07:07:17 -0700] "GET /bet/dangkn/ HTTP/1.1" 200 94 "-" "Mozilla/5.0 (compatible; Googlebot/2.1; +http://www.google.com/bot.html)"
66.249.68.1 - - [25/Nov/2024:07:07:46 -0700] "GET /news/crgpef/ind-vs-australia-u19-world-cup-live.html HTTP/1.1" 200 94 "-" "Mozilla/5.0 (compatible; Googlebot/2.1; +http://www.google.com/bot.html)"
3.16.48.167 - - [25/Nov/2024:07:07:57 -0700] "GET /myadmin/cbse/fonts/flaticon/font/css/files/I-VIII/images/Tree%20(1).png HTTP/1.1" 200 94 "-" "Mozilla/5.0 AppleWebKit/537.36 (KHTML, like Gecko; compatible; ClaudeBot/1.0; +claudebot@anthropic.com)"
3.16.48.167 - - [25/Nov/2024:07:07:57 -0700] "GET /myadmin/cbse/fonts/flaticon/font/css/files/I-VIII/images/santattar1.jpg HTTP/1.1" 200 94 "-" "Mozilla/5.0 AppleWebKit/537.36 (KHTML, like Gecko; compatible; ClaudeBot/1.0; +claudebot@anthropic.com)"
3.16.48.167 - - [25/Nov/2024:07:07:57 -0700] "GET /myadmin/cbse/fonts/flaticon/font/css/files/I-VIII/images/school%20(9).jpg HTTP/1.1" 200 94 "-" "Mozilla/5.0 AppleWebKit/537.36 (KHTML, like Gecko; compatible; ClaudeBot/1.0; +claudebot@anthropic.com)"
66.249.68.2 - - [25/Nov/2024:07:08:21 -0700] "GET /bet/dpandp/casino-sites-2017.html HTTP/1.1" 200 94 "-" "Mozilla/5.0 (compatible; Googlebot/2.1; +http://www.google.com/bot.html)"
66.249.68.2 - - [25/Nov/2024:07:09:55 -0700] "GET /detail/ovtgwz/casino-dealer-jobs-london.html HTTP/1.1" 200 94 "-" "Mozilla/5.0 (compatible; Googlebot/2.1; +http://www.google.com/bot.html)"
18.117.74.109 - - [25/Nov/2024:07:10:59 -0700] "GET /myadmin/cbse/fonts/icomoon/files/Senior%20Secondary/css/images/principal.jpg HTTP/1.1" 200 94 "-" "Mozilla/5.0 AppleWebKit/537.36 (KHTML, like Gecko; compatible; ClaudeBot/1.0; +claudebot@anthropic.com)"
3.144.38.254 - - [25/Nov/2024:07:11:03 -0700] "GET /myadmin/cbse/fonts/flaticon/font/images/css/images/school%20(9).jpg HTTP/1.1" 200 94 "-" "Mozilla/5.0 AppleWebKit/537.36 (KHTML, like Gecko; compatible; ClaudeBot/1.0; +claudebot@anthropic.com)"
66.249.68.3 - - [25/Nov/2024:07:11:55 -0700] "GET /detail/qpfgzx/penalty-shootout-in-fifa-world-cup.html HTTP/1.1" 200 94 "-" "Mozilla/5.0 (compatible; Googlebot/2.1; +http://www.google.com/bot.html)"
3.145.57.41 - - [25/Nov/2024:07:12:07 -0700] "GET /myadmin/cbse/images/fonts/icomoon/css/files/Senior%20Secondary/History-min.pdf HTTP/1.1" 200 94 "-" "Mozilla/5.0 AppleWebKit/537.36 (KHTML, like Gecko; compatible; ClaudeBot/1.0; +claudebot@anthropic.com)"
69.162.124.238 - - [25/Nov/2024:07:12:08 -0700] "HEAD /cbse-corner.php HTTP/1.1" 200 - "https://bnsingh.akalacademy.ac.in/cbse-corner.php" "Mozilla/5.0+(compatible; UptimeRobot/2.0; http://www.uptimerobot.com/)"
3.137.215.145 - - [25/Nov/2024:07:12:09 -0700] "GET /myadmin/cbse/fonts/icomoon/css/files/IX-X/images/Tree%20(1).png HTTP/1.1" 200 94 "-" "Mozilla/5.0 AppleWebKit/537.36 (KHTML, like Gecko; compatible; ClaudeBot/1.0; +claudebot@anthropic.com)"
66.249.68.3 - - [25/Nov/2024:07:13:02 -0700] "GET /bet/nnjluy/zynga-poker-watch-video-for-free-chips.html HTTP/1.1" 200 94 "-" "Mozilla/5.0 (compatible; Googlebot/2.1; +http://www.google.com/bot.html)"
66.249.68.3 - - [25/Nov/2024:07:13:04 -0700] "GET /bet/yqtkzd/ HTTP/1.1" 200 94 "-" "Mozilla/5.0 (compatible; Googlebot/2.1; +http://www.google.com/bot.html)"
66.249.68.2 - - [25/Nov/2024:07:14:01 -0700] "GET /news/rlomvq/slc-t20-league-2021.html HTTP/1.1" 200 94 "-" "Mozilla/5.0 (compatible; Googlebot/2.1; +http://www.google.com/bot.html)"
66.249.68.1 - - [25/Nov/2024:07:14:38 -0700] "GET /bet/fwgben/www-gin-rummy.html HTTP/1.1" 200 94 "-" "Mozilla/5.0 (compatible; Googlebot/2.1; +http://www.google.com/bot.html)"
66.249.68.1 - - [25/Nov/2024:07:14:54 -0700] "GET /bet/plevhh/ HTTP/1.1" 200 94 "-" "Mozilla/5.0 (compatible; Googlebot/2.1; +http://www.google.com/bot.html)"
66.249.68.1 - - [25/Nov/2024:07:15:09 -0700] "GET /bet/aclrmc/ HTTP/1.1" 200 94 "-" "Mozilla/5.0 (compatible; Googlebot/2.1; +http://www.google.com/bot.html)"
18.226.248.88 - - [25/Nov/2024:07:16:20 -0700] "GET /myadmin/cbse/css/css/images/files/Senior%20Secondary/ComputerSc_NewXI-min.pdf HTTP/1.1" 200 94 "-" "Mozilla/5.0 AppleWebKit/537.36 (KHTML, like Gecko; compatible; ClaudeBot/1.0; +claudebot@anthropic.com)"
66.249.68.2 - - [25/Nov/2024:07:16:25 -0700] "GET /detail/ybcous/zynga-poker-chips-hack-2018.html HTTP/1.1" 200 94 "-" "Mozilla/5.0 (compatible; Googlebot/2.1; +http://www.google.com/bot.html)"
66.249.68.2 - - [25/Nov/2024:07:16:29 -0700] "GET /bet/atwcrd/ HTTP/1.1" 200 94 "-" "Mozilla/5.0 (compatible; Googlebot/2.1; +http://www.google.com/bot.html)"
66.249.68.2 - - [25/Nov/2024:07:16:33 -0700] "GET /bet/upmcqy/kings-xi-punjab-vs-rcb-playing-11.html HTTP/1.1" 200 94 "-" "Mozilla/5.0 (compatible; Googlebot/2.1; +http://www.google.com/bot.html)"
66.249.68.1 - - [25/Nov/2024:07:16:56 -0700] "GET /detail/sdrzht/ HTTP/1.1" 200 94 "-" "Mozilla/5.0 (compatible; Googlebot/2.1; +http://www.google.com/bot.html)"
69.162.124.238 - - [25/Nov/2024:07:17:08 -0700] "HEAD /cbse-corner.php HTTP/1.1" 200 - "https://bnsingh.akalacademy.ac.in/cbse-corner.php" "Mozilla/5.0+(compatible; UptimeRobot/2.0; http://www.uptimerobot.com/)"
3.138.105.25 - - [25/Nov/2024:07:17:23 -0700] "GET /myadmin/cbse/fonts/flaticon/font/files/Secondary/css/images/Dr-Veer-Ji1.jpg HTTP/1.1" 200 94 "-" "Mozilla/5.0 AppleWebKit/537.36 (KHTML, like Gecko; compatible; ClaudeBot/1.0; +claudebot@anthropic.com)"
66.249.68.3 - - [25/Nov/2024:07:18:58 -0700] "GET /detail/cdjrbx/ HTTP/1.1" 200 94 "-" "Mozilla/5.0 (compatible; Googlebot/2.1; +http://www.google.com/bot.html)"
66.249.68.2 - - [25/Nov/2024:07:19:04 -0700] "GET /news/ijlwpo/fiba-women's-asia-cup-2019.html HTTP/1.1" 200 94 "-" "Mozilla/5.0 (compatible; Googlebot/2.1; +http://www.google.com/bot.html)"
3.142.98.103 - - [25/Nov/2024:07:19:27 -0700] "GET /myadmin/cbse/fonts/flaticon/font/css/files/I-VIII/images/principal.jpg HTTP/1.1" 200 94 "-" "Mozilla/5.0 AppleWebKit/537.36 (KHTML, like Gecko; compatible; ClaudeBot/1.0; +claudebot@anthropic.com)"
66.249.68.1 - - [25/Nov/2024:07:19:35 -0700] "GET /news/pfcfil/ HTTP/1.1" 200 94 "-" "Mozilla/5.0 (compatible; Googlebot/2.1; +http://www.google.com/bot.html)"
66.249.68.2 - - [25/Nov/2024:07:20:43 -0700] "GET /detail/himste/high-school-love-games-free-online.html HTTP/1.1" 200 94 "-" "Mozilla/5.0 (compatible; Googlebot/2.1; +http://www.google.com/bot.html)"
66.249.68.1 - - [25/Nov/2024:07:20:44 -0700] "GET /bet/ttsvsa/fun-online-puzzle-and-skill-games.html HTTP/1.1" 200 94 "-" "Mozilla/5.0 (compatible; Googlebot/2.1; +http://www.google.com/bot.html)"
66.249.68.1 - - [25/Nov/2024:07:21:23 -0700] "GET /detail/youzxr/icc-test-championship-rankings-table.html HTTP/1.1" 200 94 "-" "Mozilla/5.0 (compatible; Googlebot/2.1; +http://www.google.com/bot.html)"
69.162.124.238 - - [25/Nov/2024:07:22:08 -0700] "HEAD /cbse-corner.php HTTP/1.1" 200 - "https://bnsingh.akalacademy.ac.in/cbse-corner.php" "Mozilla/5.0+(compatible; UptimeRobot/2.0; http://www.uptimerobot.com/)"
66.249.68.1 - - [25/Nov/2024:07:22:38 -0700] "GET /bet/lxxwwp/ HTTP/1.1" 200 94 "-" "Mozilla/5.0 (compatible; Googlebot/2.1; +http://www.google.com/bot.html)"
66.249.68.2 - - [25/Nov/2024:07:22:53 -0700] "GET /detail/?fvxwkh/zimbabwe-india-cricket-score.html HTTP/1.1" 200 94 "-" "Mozilla/5.0 (compatible; Googlebot/2.1; +http://www.google.com/bot.html)"
66.249.68.3 - - [25/Nov/2024:07:23:23 -0700] "GET /news/vtynql/ HTTP/1.1" 200 94 "-" "Mozilla/5.0 (compatible; Googlebot/2.1; +http://www.google.com/bot.html)"
66.249.68.2 - - [25/Nov/2024:07:23:32 -0700] "GET /detail/iiryrr/ HTTP/1.1" 200 94 "-" "Mozilla/5.0 (compatible; Googlebot/2.1; +http://www.google.com/bot.html)"
66.249.68.1 - - [25/Nov/2024:07:23:50 -0700] "GET /detail/xulrjl/ HTTP/1.1" 200 94 "-" "Mozilla/5.0 (compatible; Googlebot/2.1; +http://www.google.com/bot.html)"
66.249.68.2 - - [25/Nov/2024:07:24:28 -0700] "GET /bet/byhgky/india-versus-newzealand-2nd-t20.html HTTP/1.1" 200 94 "-" "Mozilla/5.0 (compatible; Googlebot/2.1; +http://www.google.com/bot.html)"
66.249.68.2 - - [25/Nov/2024:07:25:21 -0700] "GET /detail/twaigx/ HTTP/1.1" 200 94 "-" "Mozilla/5.0 (compatible; Googlebot/2.1; +http://www.google.com/bot.html)"
18.191.132.147 - - [25/Nov/2024:07:25:59 -0700] "GET /myadmin/cbse/fonts/flaticon/font/css/files/I-VIII/images/Dr-Veer-Ji1.jpg HTTP/1.1" 200 94 "-" "Mozilla/5.0 AppleWebKit/537.36 (KHTML, like Gecko; compatible; ClaudeBot/1.0; +claudebot@anthropic.com)"
3.15.240.181 - - [25/Nov/2024:07:26:21 -0700] "GET /myadmin/cbse/fonts/flaticon/font/css/files/Senior%20Secondary/images/principal.jpg HTTP/1.1" 200 94 "-" "Mozilla/5.0 AppleWebKit/537.36 (KHTML, like Gecko; compatible; ClaudeBot/1.0; +claudebot@anthropic.com)"
66.249.68.3 - - [25/Nov/2024:07:26:38 -0700] "GET /detail/aqyads/ HTTP/1.1" 200 94 "-" "Mozilla/5.0 (compatible; Googlebot/2.1; +http://www.google.com/bot.html)"
69.162.124.238 - - [25/Nov/2024:07:27:10 -0700] "HEAD /cbse-corner.php HTTP/1.1" 200 - "https://bnsingh.akalacademy.ac.in/cbse-corner.php" "Mozilla/5.0+(compatible; UptimeRobot/2.0; http://www.uptimerobot.com/)"
66.249.68.1 - - [25/Nov/2024:07:27:29 -0700] "GET /bet/ygecau/ HTTP/1.1" 200 94 "-" "Mozilla/5.0 (compatible; Googlebot/2.1; +http://www.google.com/bot.html)"
3.15.235.239 - - [25/Nov/2024:07:28:07 -0700] "GET /myadmin/cbse/fonts/flaticon/font/files/I-VIII/css/images/Tree%20(1).png HTTP/1.1" 200 94 "-" "Mozilla/5.0 AppleWebKit/537.36 (KHTML, like Gecko; compatible; ClaudeBot/1.0; +claudebot@anthropic.com)"
3.15.235.239 - - [25/Nov/2024:07:28:07 -0700] "GET /myadmin/cbse/fonts/flaticon/font/files/I-VIII/css/images/principal.jpg HTTP/1.1" 200 94 "-" "Mozilla/5.0 AppleWebKit/537.36 (KHTML, like Gecko; compatible; ClaudeBot/1.0; +claudebot@anthropic.com)"
3.15.235.239 - - [25/Nov/2024:07:28:08 -0700] "GET /myadmin/cbse/fonts/flaticon/font/files/I-VIII/css/images/santattar1.jpg HTTP/1.1" 200 94 "-" "Mozilla/5.0 AppleWebKit/537.36 (KHTML, like Gecko; compatible; ClaudeBot/1.0; +claudebot@anthropic.com)"
3.15.235.239 - - [25/Nov/2024:07:28:08 -0700] "GET /myadmin/cbse/fonts/flaticon/font/files/I-VIII/css/images/Dr-Veer-Ji1.jpg HTTP/1.1" 200 94 "-" "Mozilla/5.0 AppleWebKit/537.36 (KHTML, like Gecko; compatible; ClaudeBot/1.0; +claudebot@anthropic.com)"
66.249.68.3 - - [25/Nov/2024:07:28:51 -0700] "GET /news/jaqpkh/ HTTP/1.1" 200 94 "-" "Mozilla/5.0 (compatible; Googlebot/2.1; +http://www.google.com/bot.html)"
66.249.68.1 - - [25/Nov/2024:07:29:11 -0700] "GET /bet/groiet/world-cup-draw-date.html HTTP/1.1" 200 94 "-" "Mozilla/5.0 (compatible; Googlebot/2.1; +http://www.google.com/bot.html)"
66.249.68.1 - - [25/Nov/2024:07:29:22 -0700] "GET /bet/bynzlc/bets-phone-to-buy-betweem-10-to-15k.html HTTP/1.1" 200 94 "-" "Mozilla/5.0 (compatible; Googlebot/2.1; +http://www.google.com/bot.html)"
85.208.96.195 - - [25/Nov/2024:07:29:25 -0700] "GET /myadmin/gallery/11-42-27_c2Nob29sICg3NykuanBn HTTP/1.1" 200 364341 "-" "Mozilla/5.0 (compatible; SemrushBot/7~bl; +http://www.semrush.com/bot.html)"
66.249.68.1 - - [25/Nov/2024:07:29:41 -0700] "GET /news/nqlxdw/ HTTP/1.1" 200 94 "-" "Mozilla/5.0 (compatible; Googlebot/2.1; +http://www.google.com/bot.html)"
3.149.253.112 - - [25/Nov/2024:07:30:04 -0700] "GET /myadmin/cbse/fonts/icomoon/css/files/IX-X/images/school%20(9).jpg HTTP/1.1" 200 94 "-" "Mozilla/5.0 AppleWebKit/537.36 (KHTML, like Gecko; compatible; ClaudeBot/1.0; +claudebot@anthropic.com)"
3.149.253.112 - - [25/Nov/2024:07:30:05 -0700] "GET /myadmin/cbse/fonts/icomoon/css/files/IX-X/images/Dr-Veer-Ji1.jpg HTTP/1.1" 200 94 "-" "Mozilla/5.0 AppleWebKit/537.36 (KHTML, like Gecko; compatible; ClaudeBot/1.0; +claudebot@anthropic.com)"
66.249.68.1 - - [25/Nov/2024:07:30:46 -0700] "GET /bet/ogzgyc/ HTTP/1.1" 200 94 "-" "Mozilla/5.0 (compatible; Googlebot/2.1; +http://www.google.com/bot.html)"
18.221.46.234 - - [25/Nov/2024:07:30:52 -0700] "GET /myadmin/cbse/fonts/flaticon/font/files/IX-X/css/images/school%20(9).jpg HTTP/1.1" 200 94 "-" "Mozilla/5.0 AppleWebKit/537.36 (KHTML, like Gecko; compatible; ClaudeBot/1.0; +claudebot@anthropic.com)"
66.249.68.1 - - [25/Nov/2024:07:31:30 -0700] "GET /news/ejtrxt/ind-vs-nz-betting-odds.html HTTP/1.1" 200 94 "-" "Mozilla/5.0 (compatible; Googlebot/2.1; +http://www.google.com/bot.html)"
69.162.124.238 - - [25/Nov/2024:07:32:08 -0700] "HEAD /cbse-corner.php HTTP/1.1" 200 - "https://bnsingh.akalacademy.ac.in/cbse-corner.php" "Mozilla/5.0+(compatible; UptimeRobot/2.0; http://www.uptimerobot.com/)"
66.249.68.1 - - [25/Nov/2024:07:32:15 -0700] "GET /news/weyjmt/ HTTP/1.1" 200 94 "-" "Mozilla/5.0 (compatible; Googlebot/2.1; +http://www.google.com/bot.html)"
66.249.68.1 - - [25/Nov/2024:07:32:34 -0700] "GET /bet/scxwmb/who-is-the-best-player-in-cricket-2019.html HTTP/1.1" 200 94 "-" "Mozilla/5.0 (compatible; Googlebot/2.1; +http://www.google.com/bot.html)"
66.249.68.1 - - [25/Nov/2024:07:32:54 -0700] "GET /detail/ylafye/ HTTP/1.1" 200 94 "-" "Mozilla/5.0 (compatible; Googlebot/2.1; +http://www.google.com/bot.html)"
66.249.68.1 - - [25/Nov/2024:07:33:14 -0700] "GET /bet/ycdrzm/ HTTP/1.1" 200 94 "-" "Mozilla/5.0 (compatible; Googlebot/2.1; +http://www.google.com/bot.html)"
66.249.68.2 - - [25/Nov/2024:07:33:27 -0700] "GET /bet/ffhtli/highest-sixes-in-ipl-2021.html HTTP/1.1" 200 94 "-" "Mozilla/5.0 (compatible; Googlebot/2.1; +http://www.google.com/bot.html)"
85.208.96.211 - - [25/Nov/2024:07:33:28 -0700] "GET /myadmin/gallery/11-36-57_c2Nob29sICg1OSkuanBn HTTP/1.1" 200 455187 "-" "Mozilla/5.0 (compatible; SemrushBot/7~bl; +http://www.semrush.com/bot.html)"
3.142.54.48 - - [25/Nov/2024:07:33:51 -0700] "GET /myadmin/cbse/fonts/icomoon/files/Secondary/css/images/Tree%20(1).png HTTP/1.1" 200 94 "-" "Mozilla/5.0 AppleWebKit/537.36 (KHTML, like Gecko; compatible; ClaudeBot/1.0; +claudebot@anthropic.com)"
3.142.54.48 - - [25/Nov/2024:07:33:51 -0700] "GET /myadmin/cbse/fonts/icomoon/files/Secondary/css/images/principal.jpg HTTP/1.1" 200 94 "-" "Mozilla/5.0 AppleWebKit/537.36 (KHTML, like Gecko; compatible; ClaudeBot/1.0; +claudebot@anthropic.com)"
3.142.54.48 - - [25/Nov/2024:07:33:51 -0700] "GET /myadmin/cbse/fonts/icomoon/files/Secondary/css/images/Dr-Veer-Ji1.jpg HTTP/1.1" 200 94 "-" "Mozilla/5.0 AppleWebKit/537.36 (KHTML, like Gecko; compatible; ClaudeBot/1.0; +claudebot@anthropic.com)"
66.249.68.3 - - [25/Nov/2024:07:35:16 -0700] "GET /bet/vprkzo/royalvegascasino-com.html HTTP/1.1" 200 94 "-" "Mozilla/5.0 (compatible; Googlebot/2.1; +http://www.google.com/bot.html)"
66.249.68.2 - - [25/Nov/2024:07:35:20 -0700] "GET /detail/dgbtnx/list-of-bus-simulator-games-for-pc.html HTTP/1.1" 200 94 "-" "Mozilla/5.0 (compatible; Googlebot/2.1; +http://www.google.com/bot.html)"
66.249.68.1 - - [25/Nov/2024:07:35:29 -0700] "GET /detail/zqmrgt/ HTTP/1.1" 200 94 "-" "Mozilla/5.0 (compatible; Googlebot/2.1; +http://www.google.com/bot.html)"
66.249.68.1 - - [25/Nov/2024:07:35:57 -0700] "GET /bet/nanbgy/ HTTP/1.1" 200 94 "-" "Mozilla/5.0 (compatible; Googlebot/2.1; +http://www.google.com/bot.html)"
66.249.68.2 - - [25/Nov/2024:07:36:06 -0700] "GET /news/hbhqup/today-match-ipl-2018-team-of-both-teams.html HTTP/1.1" 200 94 "-" "Mozilla/5.0 (compatible; Googlebot/2.1; +http://www.google.com/bot.html)"
66.249.68.1 - - [25/Nov/2024:07:36:51 -0700] "GET /news/fwfjjc/ HTTP/1.1" 200 94 "-" "Mozilla/5.0 (compatible; Googlebot/2.1; +http://www.google.com/bot.html)"
69.162.124.238 - - [25/Nov/2024:07:37:09 -0700] "HEAD /cbse-corner.php HTTP/1.1" 200 - "https://bnsingh.akalacademy.ac.in/cbse-corner.php" "Mozilla/5.0+(compatible; UptimeRobot/2.0; http://www.uptimerobot.com/)"
18.191.215.199 - - [25/Nov/2024:07:38:22 -0700] "GET /myadmin/cbse/fonts/flaticon/font/files/Senior%20Secondary/css/images/principal.jpg HTTP/1.1" 200 94 "-" "Mozilla/5.0 AppleWebKit/537.36 (KHTML, like Gecko; compatible; ClaudeBot/1.0; +claudebot@anthropic.com)"
18.191.215.199 - - [25/Nov/2024:07:38:22 -0700] "GET /myadmin/cbse/fonts/flaticon/font/files/Senior%20Secondary/css/images/santattar1.jpg HTTP/1.1" 200 94 "-" "Mozilla/5.0 AppleWebKit/537.36 (KHTML, like Gecko; compatible; ClaudeBot/1.0; +claudebot@anthropic.com)"
66.249.68.2 - - [25/Nov/2024:07:38:29 -0700] "GET /detail/rrepra/axar-patel-ipl-2020-auction.html HTTP/1.1" 200 94 "-" "Mozilla/5.0 (compatible; Googlebot/2.1; +http://www.google.com/bot.html)"
66.249.68.1 - - [25/Nov/2024:07:38:58 -0700] "GET /bet/yzpxvk/icc-t20-world-cup-2016-winner.html HTTP/1.1" 200 94 "-" "Mozilla/5.0 (compatible; Googlebot/2.1; +http://www.google.com/bot.html)"
66.249.68.2 - - [25/Nov/2024:07:39:33 -0700] "GET /bet/duocwk/truck-games-free.html HTTP/1.1" 200 94 "-" "Mozilla/5.0 (compatible; Googlebot/2.1; +http://www.google.com/bot.html)"
66.249.68.1 - - [25/Nov/2024:07:39:36 -0700] "GET /news/vwbocw/esports-logo-shop.html HTTP/1.1" 200 94 "-" "Mozilla/5.0 (compatible; Googlebot/2.1; +http://www.google.com/bot.html)"
66.249.68.2 - - [25/Nov/2024:07:39:36 -0700] "GET /bet/xamynk/ HTTP/1.1" 200 94 "-" "Mozilla/5.0 (compatible; Googlebot/2.1; +http://www.google.com/bot.html)"
66.249.68.2 - - [25/Nov/2024:07:40:25 -0700] "GET /detail/nhbgki/180-bbl-vacuum-trailer-for-sale.html HTTP/1.1" 200 94 "-" "Mozilla/5.0 (compatible; Googlebot/2.1; +http://www.google.com/bot.html)"
66.249.68.2 - - [25/Nov/2024:07:40:38 -0700] "GET /bet/bbekdo/2018-icc-cricket-world-cup-qualifiers.html HTTP/1.1" 200 94 "-" "Mozilla/5.0 (compatible; Googlebot/2.1; +http://www.google.com/bot.html)"
66.249.68.1 - - [25/Nov/2024:07:41:04 -0700] "GET /news/ruvard/casino-clay-poker-chips.html HTTP/1.1" 200 94 "-" "Mozilla/5.0 (compatible; Googlebot/2.1; +http://www.google.com/bot.html)"
66.249.68.2 - - [25/Nov/2024:07:41:35 -0700] "GET /news/hhfxsl/slot-games-for-android-Medium.html HTTP/1.1" 200 94 "-" "Mozilla/5.0 (compatible; Googlebot/2.1; +http://www.google.com/bot.html)"
69.162.124.238 - - [25/Nov/2024:07:42:08 -0700] "HEAD /cbse-corner.php HTTP/1.1" 200 - "https://bnsingh.akalacademy.ac.in/cbse-corner.php" "Mozilla/5.0+(compatible; UptimeRobot/2.0; http://www.uptimerobot.com/)"
185.191.171.17 - - [25/Nov/2024:07:42:08 -0700] "GET /myadmin/gallery/11-23-17_c2Nob29sICgzNSkuanBn HTTP/1.1" 200 404796 "-" "Mozilla/5.0 (compatible; SemrushBot/7~bl; +http://www.semrush.com/bot.html)"
66.249.68.2 - - [25/Nov/2024:07:42:51 -0700] "GET /bet/nszhlk/anbernic-rg505-shopee.html HTTP/1.1" 200 94 "-" "Mozilla/5.0 (compatible; Googlebot/2.1; +http://www.google.com/bot.html)"
66.249.68.1 - - [25/Nov/2024:07:44:17 -0700] "GET /news/wneimr/ HTTP/1.1" 200 94 "-" "Mozilla/5.0 (compatible; Googlebot/2.1; +http://www.google.com/bot.html)"
3.142.131.2 - - [25/Nov/2024:07:44:40 -0700] "GET /myadmin/cbse/fonts/icomoon/files/I-VIII/files/Secondary/images/principal.jpg HTTP/1.1" 200 94 "-" "Mozilla/5.0 AppleWebKit/537.36 (KHTML, like Gecko; compatible; ClaudeBot/1.0; +claudebot@anthropic.com)"
66.249.68.1 - - [25/Nov/2024:07:44:54 -0700] "GET /detail/wyybjz/ HTTP/1.1" 200 94 "-" "Mozilla/5.0 (compatible; Googlebot/2.1; +http://www.google.com/bot.html)"
18.117.102.103 - - [25/Nov/2024:07:45:10 -0700] "GET /myadmin/cbse/fonts/flaticon/font/files/IX-X/files/Senior%20Secondary/images/principal.jpg HTTP/1.1" 200 94 "-" "Mozilla/5.0 AppleWebKit/537.36 (KHTML, like Gecko; compatible; ClaudeBot/1.0; +claudebot@anthropic.com)"
66.249.68.1 - - [25/Nov/2024:07:45:27 -0700] "GET /news/uwhyyg/pokestops-near-me-app.html HTTP/1.1" 200 94 "-" "Mozilla/5.0 (compatible; Googlebot/2.1; +http://www.google.com/bot.html)"
66.249.68.2 - - [25/Nov/2024:07:45:50 -0700] "GET /bet/ptdsml/ HTTP/1.1" 200 94 "-" "Mozilla/5.0 (compatible; Googlebot/2.1; +http://www.google.com/bot.html)"
66.249.68.1 - - [25/Nov/2024:07:46:48 -0700] "GET /detail/xrnxtn/ HTTP/1.1" 200 94 "-" "Mozilla/5.0 (compatible; Googlebot/2.1; +http://www.google.com/bot.html)"
69.162.124.238 - - [25/Nov/2024:07:47:08 -0700] "HEAD /cbse-corner.php HTTP/1.1" 200 - "https://bnsingh.akalacademy.ac.in/cbse-corner.php" "Mozilla/5.0+(compatible; UptimeRobot/2.0; http://www.uptimerobot.com/)"
85.208.96.207 - - [25/Nov/2024:07:47:12 -0700] "GET /myadmin/gallery/11-32-23_c2Nob29sICg0NikuanBn HTTP/1.1" 200 344005 "-" "Mozilla/5.0 (compatible; SemrushBot/7~bl; +http://www.semrush.com/bot.html)"
66.249.68.2 - - [25/Nov/2024:07:47:31 -0700] "GET /bet/vckeql/ HTTP/1.1" 200 94 "-" "Mozilla/5.0 (compatible; Googlebot/2.1; +http://www.google.com/bot.html)"
66.249.68.1 - - [25/Nov/2024:07:47:36 -0700] "GET /bet/kfjxvj/ HTTP/1.1" 200 94 "-" "Mozilla/5.0 (compatible; Googlebot/2.1; +http://www.google.com/bot.html)"
66.249.68.3 - - [25/Nov/2024:07:48:34 -0700] "GET /detail/umnivq/ HTTP/1.1" 200 94 "-" "Mozilla/5.0 (compatible; Googlebot/2.1; +http://www.google.com/bot.html)"
66.249.68.2 - - [25/Nov/2024:07:49:42 -0700] "GET /detail/glfnpt/ HTTP/1.1" 200 94 "-" "Mozilla/5.0 (compatible; Googlebot/2.1; +http://www.google.com/bot.html)"
66.249.68.3 - - [25/Nov/2024:07:50:46 -0700] "GET /bet/iewzap/ HTTP/1.1" 200 94 "-" "Mozilla/5.0 (compatible; Googlebot/2.1; +http://www.google.com/bot.html)"
66.249.68.2 - - [25/Nov/2024:07:51:08 -0700] "GET /detail/wivfkt/ HTTP/1.1" 200 94 "-" "Mozilla/5.0 (compatible; Googlebot/2.1; +http://www.google.com/bot.html)"
66.249.68.2 - - [25/Nov/2024:07:51:12 -0700] "GET /news/pjfuej/ HTTP/1.1" 200 94 "-" "Mozilla/5.0 (compatible; Googlebot/2.1; +http://www.google.com/bot.html)"
66.249.68.1 - - [25/Nov/2024:07:51:28 -0700] "GET /bet/spuuqt/is-football-america's-national-sport.html HTTP/1.1" 200 94 "-" "Mozilla/5.0 (compatible; Googlebot/2.1; +http://www.google.com/bot.html)"
66.249.68.1 - - [25/Nov/2024:07:51:44 -0700] "GET /news/mdzynf/famous-cricket-players-2017.html HTTP/1.1" 200 94 "-" "Mozilla/5.0 (compatible; Googlebot/2.1; +http://www.google.com/bot.html)"
66.249.68.1 - - [25/Nov/2024:07:51:46 -0700] "GET /detail/whzzuz/ HTTP/1.1" 200 94 "-" "Mozilla/5.0 (compatible; Googlebot/2.1; +http://www.google.com/bot.html)"
69.162.124.238 - - [25/Nov/2024:07:52:08 -0700] "HEAD /cbse-corner.php HTTP/1.1" 200 - "https://bnsingh.akalacademy.ac.in/cbse-corner.php" "Mozilla/5.0+(compatible; UptimeRobot/2.0; http://www.uptimerobot.com/)"
18.221.46.234 - - [25/Nov/2024:07:53:38 -0700] "GET /myadmin/cbse/fonts/icomoon/files/I-VIII/files/Senior%20Secondary/images/Tree%20(1).png HTTP/1.1" 200 94 "-" "Mozilla/5.0 AppleWebKit/537.36 (KHTML, like Gecko; compatible; ClaudeBot/1.0; +claudebot@anthropic.com)"
66.249.68.2 - - [25/Nov/2024:07:53:38 -0700] "GET /bet/gotzhb/team-of-ipl-today-match.html HTTP/1.1" 200 94 "-" "Mozilla/5.0 (compatible; Googlebot/2.1; +http://www.google.com/bot.html)"
66.249.68.3 - - [25/Nov/2024:07:54:26 -0700] "GET /news/?ymraet/interactive-fiction-for-adults.html HTTP/1.1" 200 94 "-" "Mozilla/5.0 (compatible; Googlebot/2.1; +http://www.google.com/bot.html)"
66.249.68.1 - - [25/Nov/2024:07:54:41 -0700] "GET /bet/stoatc/ HTTP/1.1" 200 94 "-" "Mozilla/5.0 (compatible; Googlebot/2.1; +http://www.google.com/bot.html)"
213.180.203.164 - - [25/Nov/2024:07:55:07 -0700] "GET /robots.txt HTTP/1.1" 200 94 "-" "Mozilla/5.0 (compatible; YandexBot/3.0; +http://yandex.com/bots)"
66.249.68.1 - - [25/Nov/2024:07:55:35 -0700] "GET /bet/hfaoms/world-cup-live-2019-status.html HTTP/1.1" 200 94 "-" "Mozilla/5.0 (compatible; Googlebot/2.1; +http://www.google.com/bot.html)"
66.249.68.1 - - [25/Nov/2024:07:55:42 -0700] "GET /bet/ooywqe/ HTTP/1.1" 200 94 "-" "Mozilla/5.0 (compatible; Googlebot/2.1; +http://www.google.com/bot.html)"
66.249.68.2 - - [25/Nov/2024:07:56:15 -0700] "GET /news/tjcgdt/forex-trading-practice-account.html HTTP/1.1" 200 94 "-" "Mozilla/5.0 (compatible; Googlebot/2.1; +http://www.google.com/bot.html)"
66.249.68.3 - - [25/Nov/2024:07:57:01 -0700] "GET /detail/ugoehp/ HTTP/1.1" 200 94 "-" "Mozilla/5.0 (compatible; Googlebot/2.1; +http://www.google.com/bot.html)"
69.162.124.238 - - [25/Nov/2024:07:57:08 -0700] "HEAD /cbse-corner.php HTTP/1.1" 200 - "https://bnsingh.akalacademy.ac.in/cbse-corner.php" "Mozilla/5.0+(compatible; UptimeRobot/2.0; http://www.uptimerobot.com/)"
18.191.132.147 - - [25/Nov/2024:07:57:12 -0700] "GET /myadmin/cbse/fonts/icomoon/files/IX-X/images/images/principal.jpg HTTP/1.1" 200 94 "-" "Mozilla/5.0 AppleWebKit/537.36 (KHTML, like Gecko; compatible; ClaudeBot/1.0; +claudebot@anthropic.com)"
66.249.68.2 - - [25/Nov/2024:07:57:13 -0700] "GET /detail/wdcrdo/the-sun-arena.html HTTP/1.1" 200 94 "-" "Mozilla/5.0 (compatible; Googlebot/2.1; +http://www.google.com/bot.html)"
3.15.240.181 - - [25/Nov/2024:07:58:10 -0700] "GET /myadmin/cbse/fonts/icomoon/images/files/IX-X/images/principal.jpg HTTP/1.1" 200 94 "-" "Mozilla/5.0 AppleWebKit/537.36 (KHTML, like Gecko; compatible; ClaudeBot/1.0; +claudebot@anthropic.com)"
66.249.68.3 - - [25/Nov/2024:07:58:45 -0700] "GET /bet/otmdox/ HTTP/1.1" 200 94 "-" "Mozilla/5.0 (compatible; Googlebot/2.1; +http://www.google.com/bot.html)"
66.249.68.1 - - [25/Nov/2024:08:00:17 -0700] "GET /news/ccwnfy/ HTTP/1.1" 200 94 "-" "Mozilla/5.0 (compatible; Googlebot/2.1; +http://www.google.com/bot.html)"
3.133.136.112 - - [25/Nov/2024:08:00:18 -0700] "GET /myadmin/cbse/fonts/icomoon/files/IX-X/css/images/Dr-Veer-Ji1.jpg HTTP/1.1" 200 94 "-" "Mozilla/5.0 AppleWebKit/537.36 (KHTML, like Gecko; compatible; ClaudeBot/1.0; +claudebot@anthropic.com)"
66.249.68.2 - - [25/Nov/2024:08:00:28 -0700] "GET /detail/rvqdsz/week-11-nfl-betting-lines.html HTTP/1.1" 200 94 "-" "Mozilla/5.0 (compatible; Googlebot/2.1; +http://www.google.com/bot.html)"
66.249.68.1 - - [25/Nov/2024:08:00:55 -0700] "GET /bet/ormmml/casino-affiliate-in-asia.html HTTP/1.1" 200 94 "-" "Mozilla/5.0 (compatible; Googlebot/2.1; +http://www.google.com/bot.html)"
69.162.124.238 - - [25/Nov/2024:08:02:08 -0700] "HEAD /cbse-corner.php HTTP/1.1" 200 - "https://bnsingh.akalacademy.ac.in/cbse-corner.php" "Mozilla/5.0+(compatible; UptimeRobot/2.0; http://www.uptimerobot.com/)"
66.249.68.1 - - [25/Nov/2024:08:02:18 -0700] "GET /bet/jlhfxc/idle-racing-games.html HTTP/1.1" 200 94 "-" "Mozilla/5.0 (compatible; Googlebot/2.1; +http://www.google.com/bot.html)"
66.249.68.2 - - [25/Nov/2024:08:02:22 -0700] "GET /detail/nhridb/ HTTP/1.1" 200 94 "-" "Mozilla/5.0 (compatible; Googlebot/2.1; +http://www.google.com/bot.html)"
66.249.68.1 - - [25/Nov/2024:08:02:35 -0700] "GET /bet/lqhnhr/icc-pro-cricket-2015-aptoide.html HTTP/1.1" 200 94 "-" "Mozilla/5.0 (compatible; Googlebot/2.1; +http://www.google.com/bot.html)"
66.249.68.1 - - [25/Nov/2024:08:02:44 -0700] "GET /bet/rerhtb/ HTTP/1.1" 200 94 "-" "Mozilla/5.0 (compatible; Googlebot/2.1; +http://www.google.com/bot.html)"
66.249.68.1 - - [25/Nov/2024:08:03:01 -0700] "GET /bet/cnvppg/todays-ipl-match-of-kkr-score.html HTTP/1.1" 200 94 "-" "Mozilla/5.0 (compatible; Googlebot/2.1; +http://www.google.com/bot.html)"
66.249.68.2 - - [25/Nov/2024:08:03:04 -0700] "GET /news/pimijy/ HTTP/1.1" 200 94 "-" "Mozilla/5.0 (compatible; Googlebot/2.1; +http://www.google.com/bot.html)"
66.249.68.2 - - [25/Nov/2024:08:03:16 -0700] "GET /news/bwgrbx/ HTTP/1.1" 200 94 "-" "Mozilla/5.0 (compatible; Googlebot/2.1; +http://www.google.com/bot.html)"
85.208.96.196 - - [25/Nov/2024:08:03:51 -0700] "GET /robots.txt HTTP/1.1" 200 94 "-" "Mozilla/5.0 (compatible; SemrushBot/7~bl; +http://www.semrush.com/bot.html)"
85.208.96.201 - - [25/Nov/2024:08:03:53 -0700] "GET /myadmin/gallery/11-23-18_c2Nob29sICgzNykuanBn HTTP/1.1" 200 507365 "-" "Mozilla/5.0 (compatible; SemrushBot/7~bl; +http://www.semrush.com/bot.html)"
66.249.68.2 - - [25/Nov/2024:08:04:05 -0700] "GET /bet/ltsfza/is-england-win-cricket-world-cup.html HTTP/1.1" 200 94 "-" "Mozilla/5.0 (compatible; Googlebot/2.1; +http://www.google.com/bot.html)"
66.249.68.1 - - [25/Nov/2024:08:04:12 -0700] "GET /detail/hbsenh/clicker-heroes-2-free.html HTTP/1.1" 200 94 "-" "Mozilla/5.0 (compatible; Googlebot/2.1; +http://www.google.com/bot.html)"
66.249.68.2 - - [25/Nov/2024:08:06:02 -0700] "GET /bet/ebrasl/ HTTP/1.1" 200 94 "-" "Mozilla/5.0 (compatible; Googlebot/2.1; +http://www.google.com/bot.html)"
3.145.58.90 - - [25/Nov/2024:08:06:28 -0700] "GET /robots.txt HTTP/1.1" 200 94 "-" "Mozilla/5.0 AppleWebKit/537.36 (KHTML, like Gecko; compatible; ClaudeBot/1.0; +claudebot@anthropic.com)"
3.145.58.90 - - [25/Nov/2024:08:06:29 -0700] "GET /myadmin/cbse/images/fonts/flaticon/font/files/I-VIII/files/IX-X/theschool.php HTTP/1.1" 200 94 "-" "Mozilla/5.0 AppleWebKit/537.36 (KHTML, like Gecko; compatible; ClaudeBot/1.0; +claudebot@anthropic.com)"
69.162.124.238 - - [25/Nov/2024:08:07:08 -0700] "HEAD /cbse-corner.php HTTP/1.1" 200 - "https://bnsingh.akalacademy.ac.in/cbse-corner.php" "Mozilla/5.0+(compatible; UptimeRobot/2.0; http://www.uptimerobot.com/)"
66.249.68.1 - - [25/Nov/2024:08:07:29 -0700] "GET /bet/aucrlw/ HTTP/1.1" 200 94 "-" "Mozilla/5.0 (compatible; Googlebot/2.1; +http://www.google.com/bot.html)"
66.249.68.3 - - [25/Nov/2024:08:08:13 -0700] "GET /bet/usibgo/ HTTP/1.1" 200 94 "-" "Mozilla/5.0 (compatible; Googlebot/2.1; +http://www.google.com/bot.html)"
3.15.240.181 - - [25/Nov/2024:08:08:57 -0700] "GET /myadmin/cbse/fonts/icomoon/files/IX-X/css/images/principal.jpg HTTP/1.1" 200 94 "-" "Mozilla/5.0 AppleWebKit/537.36 (KHTML, like Gecko; compatible; ClaudeBot/1.0; +claudebot@anthropic.com)"
3.15.240.181 - - [25/Nov/2024:08:08:58 -0700] "GET /myadmin/cbse/fonts/icomoon/files/IX-X/css/images/school%20(9).jpg HTTP/1.1" 200 94 "-" "Mozilla/5.0 AppleWebKit/537.36 (KHTML, like Gecko; compatible; ClaudeBot/1.0; +claudebot@anthropic.com)"
3.15.240.181 - - [25/Nov/2024:08:08:58 -0700] "GET /myadmin/cbse/fonts/icomoon/files/I-VIII/css/images/Tree%20(1).png HTTP/1.1" 200 94 "-" "Mozilla/5.0 AppleWebKit/537.36 (KHTML, like Gecko; compatible; ClaudeBot/1.0; +claudebot@anthropic.com)"
3.15.240.181 - - [25/Nov/2024:08:08:58 -0700] "GET /myadmin/cbse/fonts/icomoon/files/I-VIII/css/images/santattar1.jpg HTTP/1.1" 200 94 "-" "Mozilla/5.0 AppleWebKit/537.36 (KHTML, like Gecko; compatible; ClaudeBot/1.0; +claudebot@anthropic.com)"
3.15.228.178 - - [25/Nov/2024:08:09:54 -0700] "GET /myadmin/cbse/fonts/flaticon/font/files/Senior%20Secondary/css/images/school%20(9).jpg HTTP/1.1" 200 94 "-" "Mozilla/5.0 AppleWebKit/537.36 (KHTML, like Gecko; compatible; ClaudeBot/1.0; +claudebot@anthropic.com)"
66.249.68.2 - - [25/Nov/2024:08:11:10 -0700] "GET /news/dikpzi/rummy-circle-app-install.html HTTP/1.1" 200 94 "-" "Mozilla/5.0 (compatible; Googlebot/2.1; +http://www.google.com/bot.html)"
66.249.68.1 - - [25/Nov/2024:08:11:41 -0700] "GET /bet/jxsifv/fifa-mobile-online-generator-app.html HTTP/1.1" 200 94 "-" "Mozilla/5.0 (compatible; Googlebot/2.1; +http://www.google.com/bot.html)"
69.162.124.238 - - [25/Nov/2024:08:12:09 -0700] "HEAD /cbse-corner.php HTTP/1.1" 200 - "https://bnsingh.akalacademy.ac.in/cbse-corner.php" "Mozilla/5.0+(compatible; UptimeRobot/2.0; http://www.uptimerobot.com/)"
66.249.68.3 - - [25/Nov/2024:08:12:32 -0700] "GET /detail/qlxvie/ HTTP/1.1" 200 94 "-" "Mozilla/5.0 (compatible; Googlebot/2.1; +http://www.google.com/bot.html)"
66.249.68.2 - - [25/Nov/2024:08:12:53 -0700] "GET /news/hzgtwr/ HTTP/1.1" 200 94 "-" "Mozilla/5.0 (compatible; Googlebot/2.1; +http://www.google.com/bot.html)"
66.249.68.3 - - [25/Nov/2024:08:14:14 -0700] "GET /bet/dmucbd/cricket-player-animation-js-with.html HTTP/1.1" 200 94 "-" "Mozilla/5.0 (compatible; Googlebot/2.1; +http://www.google.com/bot.html)"
18.116.85.218 - - [25/Nov/2024:08:14:21 -0700] "GET /myadmin/cbse/fonts/icomoon/files/I-VIII/files/Senior%20Secondary/images/principal.jpg HTTP/1.1" 200 94 "-" "Mozilla/5.0 AppleWebKit/537.36 (KHTML, like Gecko; compatible; ClaudeBot/1.0; +claudebot@anthropic.com)"
66.249.68.2 - - [25/Nov/2024:08:14:52 -0700] "GET /detail/frsziw/ HTTP/1.1" 200 94 "-" "Mozilla/5.0 (compatible; Googlebot/2.1; +http://www.google.com/bot.html)"
66.249.68.1 - - [25/Nov/2024:08:14:57 -0700] "GET /detail/tkaljv/ HTTP/1.1" 200 94 "-" "Mozilla/5.0 (compatible; Googlebot/2.1; +http://www.google.com/bot.html)"
66.249.68.3 - - [25/Nov/2024:08:15:30 -0700] "GET /bet/rtkiwr/ipl-live-links.html HTTP/1.1" 200 94 "-" "Mozilla/5.0 (compatible; Googlebot/2.1; +http://www.google.com/bot.html)"
66.249.68.2 - - [25/Nov/2024:08:15:31 -0700] "GET /bet/paztgk/ HTTP/1.1" 200 94 "-" "Mozilla/5.0 (compatible; Googlebot/2.1; +http://www.google.com/bot.html)"
66.249.68.2 - - [25/Nov/2024:08:15:31 -0700] "GET /news/gudrlb/stick-cricket-super-sixes-online.html HTTP/1.1" 200 94 "-" "Mozilla/5.0 (compatible; Googlebot/2.1; +http://www.google.com/bot.html)"
66.249.68.2 - - [25/Nov/2024:08:15:58 -0700] "GET /news/iyswfr/ HTTP/1.1" 200 94 "-" "Mozilla/5.0 (compatible; Googlebot/2.1; +http://www.google.com/bot.html)"
66.249.68.2 - - [25/Nov/2024:08:16:19 -0700] "GET /news/xdxvto/t20-ind-vs-s.a-match-time.html HTTP/1.1" 200 94 "-" "Mozilla/5.0 (compatible; Googlebot/2.1; +http://www.google.com/bot.html)"
66.249.68.2 - - [25/Nov/2024:08:16:28 -0700] "GET /bet/wdfadj/ HTTP/1.1" 200 94 "-" "Mozilla/5.0 (compatible; Googlebot/2.1; +http://www.google.com/bot.html)"
66.249.68.1 - - [25/Nov/2024:08:16:47 -0700] "GET /detail/ntcqrf/ HTTP/1.1" 200 94 "-" "Mozilla/5.0 (compatible; Googlebot/2.1; +http://www.google.com/bot.html)"
69.162.124.238 - - [25/Nov/2024:08:17:09 -0700] "HEAD /cbse-corner.php HTTP/1.1" 200 - "https://bnsingh.akalacademy.ac.in/cbse-corner.php" "Mozilla/5.0+(compatible; UptimeRobot/2.0; http://www.uptimerobot.com/)"
95.108.213.202 - - [25/Nov/2024:08:18:09 -0700] "GET /robots.txt HTTP/1.1" 200 94 "-" "Mozilla/5.0 (compatible; YandexBot/3.0; +http://yandex.com/bots)"
87.250.224.27 - - [25/Nov/2024:08:18:10 -0700] "GET /nroa8rug/files/Secondary/Science_Sec_2019-20-min.pdf HTTP/1.1" 200 94 "-" "Mozilla/5.0 (compatible; YandexBot/3.0; +http://yandex.com/bots)"
95.108.213.131 - - [25/Nov/2024:08:18:16 -0700] "GET /et7omrnh/files/Senior%20Secondary/files/Secondary/files/IX-X/files/Secondary/Punjabi_Sec_2019-20-min.pdf HTTP/1.1" 200 94 "-" "Mozilla/5.0 (compatible; YandexBot/3.0; +http://yandex.com/bots)"
5.255.231.69 - - [25/Nov/2024:08:18:17 -0700] "GET /lchl8dae/files/Secondary/files/Secondary/417-IX-min.pdf HTTP/1.1" 200 94 "-" "Mozilla/5.0 (compatible; YandexBot/3.0; +http://yandex.com/bots)"
66.249.68.1 - - [25/Nov/2024:08:18:57 -0700] "GET /detail/ksvryz/ HTTP/1.1" 200 94 "-" "Mozilla/5.0 (compatible; Googlebot/2.1; +http://www.google.com/bot.html)"
66.249.68.2 - - [25/Nov/2024:08:19:22 -0700] "GET /bet/wzwihb/ HTTP/1.1" 200 94 "-" "Mozilla/5.0 (compatible; Googlebot/2.1; +http://www.google.com/bot.html)"
66.249.68.1 - - [25/Nov/2024:08:19:46 -0700] "GET /detail/?oheyaa/ HTTP/1.1" 200 94 "-" "Mozilla/5.0 (compatible; Googlebot/2.1; +http://www.google.com/bot.html)"
87.250.224.41 - - [25/Nov/2024:08:19:48 -0700] "GET /alom1hut/files/IX-X/files/Senior%20Secondary/ComputerSc_NewXII-min.pdf HTTP/1.1" 200 94 "-" "Mozilla/5.0 (compatible; YandexBot/3.0; +http://yandex.com/bots)"
213.180.203.177 - - [25/Nov/2024:08:19:50 -0700] "GET /we-idztd/files/Senior%20Secondary/files/I-VIII/VI-XII%20Divinity%20Syl.%20for%20Other%20Aca.-min.pdf HTTP/1.1" 200 94 "-" "Mozilla/5.0 (compatible; YandexBot/3.0; +http://yandex.com/bots)"
5.255.231.67 - - [25/Nov/2024:08:19:50 -0700] "GET /rrotw3at/files/Secondary/files/Secondary/English_Sec_2019-20-min.pdf HTTP/1.1" 200 94 "-" "Mozilla/5.0 (compatible; YandexBot/3.0; +http://yandex.com/bots)"
5.255.231.96 - - [25/Nov/2024:08:19:50 -0700] "GET /htoau6cg/files/I-VIII/files/Secondary/files/Senior%20Secondary/files/I-VIII/Science%20%20(III%20to%20VIII)-min.pdf HTTP/1.1" 200 94 "-" "Mozilla/5.0 (compatible; YandexBot/3.0; +http://yandex.com/bots)"
95.108.213.116 - - [25/Nov/2024:08:19:59 -0700] "GET /nreatrna/files/Secondary/files/Secondary/Intitial_pages_srsec_2019-20-min.pdf HTTP/1.1" 200 94 "-" "Mozilla/5.0 (compatible; YandexBot/3.0; +http://yandex.com/bots)"
3.137.215.145 - - [25/Nov/2024:08:20:03 -0700] "GET /myadmin/cbse/fonts/flaticon/font/files/IX-X/files/Senior%20Secondary/images/santattar1.jpg HTTP/1.1" 200 94 "-" "Mozilla/5.0 AppleWebKit/537.36 (KHTML, like Gecko; compatible; ClaudeBot/1.0; +claudebot@anthropic.com)"
66.249.68.2 - - [25/Nov/2024:08:20:10 -0700] "GET /detail/vmrdkb/epl-standing-table-2022.html HTTP/1.1" 200 94 "-" "Mozilla/5.0 (compatible; Googlebot/2.1; +http://www.google.com/bot.html)"
213.180.203.37 - - [25/Nov/2024:08:21:52 -0700] "GET /aatukcib/files/Secondary/files/Senior%20Secondary/files/Senior%20Secondary/Chemistry-min.pdf HTTP/1.1" 200 94 "-" "Mozilla/5.0 (compatible; YandexBot/3.0; +http://yandex.com/bots)"
5.255.231.179 - - [25/Nov/2024:08:21:54 -0700] "GET /et7omrnh/files/Senior%20Secondary/files/Secondary/files/IX-X/files/Secondary/images/school%20(9).jpg HTTP/1.1" 200 94 "-" "Mozilla/5.0 (compatible; YandexImages/3.0; +http://yandex.com/bots)"
95.108.213.133 - - [25/Nov/2024:08:21:54 -0700] "GET /et7omrnh/files/Senior%20Secondary/files/Secondary/files/IX-X/files/Secondary/images/santattar1.jpg HTTP/1.1" 200 94 "-" "Mozilla/5.0 (compatible; YandexImages/3.0; +http://yandex.com/bots)"
5.255.231.61 - - [25/Nov/2024:08:21:55 -0700] "GET /et7omrnh/files/Senior%20Secondary/files/Secondary/files/IX-X/files/Secondary/images/principal.jpg HTTP/1.1" 200 94 "-" "Mozilla/5.0 (compatible; YandexImages/3.0; +http://yandex.com/bots)"
69.162.124.238 - - [25/Nov/2024:08:22:08 -0700] "HEAD /cbse-corner.php HTTP/1.1" 200 - "https://bnsingh.akalacademy.ac.in/cbse-corner.php" "Mozilla/5.0+(compatible; UptimeRobot/2.0; http://www.uptimerobot.com/)"
./LuLlaby007 ♥ Tata Cantik - Copyright 2k18