Cylul007 Webshell
Server :
Linux ip-148-66-134-25.ip.secureserver.net 3.10.0-1160.119.1.el7.tuxcare.els10.x86_64 #1 SMP Fri Oct 11 21:40:41 UTC 2024 x86_64
php :
8.0.30
on
cgi-fcgi
Time
25 Nov 2024 15:43:28
Current Directory :
/
home
/
amvm
/
access-logs
/
Upload File :
Mass Deface
Home
Bypass Passwd
Current File : /home/amvm/access-logs/bilga.akalacademy.ac.in-ssl_log
66.249.79.165 - - [25/Nov/2024:05:10:03 -0700] "POST /api/census/RecordHit HTTP/1.1" 200 94 "https://bilga.akalacademy.ac.in/images/journey/server-gacor/?abong=GOSLOT-ALTERNATIF" "Mozilla/5.0 (Linux; Android 6.0.1; Nexus 5X Build/MMB29P) AppleWebKit/537.36 (KHTML, like Gecko) Chrome/131.0.6778.69 Mobile Safari/537.36 (compatible; Googlebot/2.1; +http://www.google.com/bot.html)"
51.222.253.16 - - [25/Nov/2024:05:10:56 -0700] "GET /cbse-corner.php?pageno=1 HTTP/1.1" 200 25838 "-" "Mozilla/5.0 (compatible; AhrefsBot/7.0; +http://ahrefs.com/robot/)"
66.249.79.165 - - [25/Nov/2024:05:11:09 -0700] "GET /news/cuijvx/taka-convert.html HTTP/1.1" 200 94 "-" "Mozilla/5.0 (compatible; Googlebot/2.1; +http://www.google.com/bot.html)"
69.162.124.238 - - [25/Nov/2024:05:11:12 -0700] "HEAD /cbse-corner.php HTTP/1.1" 200 - "https://bilga.akalacademy.ac.in/cbse-corner.php" "Mozilla/5.0+(compatible; UptimeRobot/2.0; http://www.uptimerobot.com/)"
66.249.79.165 - - [25/Nov/2024:05:11:50 -0700] "GET /news/slwdpn/maximum-wicket-taker-in-world-cup-2019.html HTTP/1.1" 200 94 "-" "Mozilla/5.0 (compatible; Googlebot/2.1; +http://www.google.com/bot.html)"
66.249.79.166 - - [25/Nov/2024:05:12:30 -0700] "GET /news/letcxa/ HTTP/1.1" 200 94 "-" "Mozilla/5.0 (compatible; Googlebot/2.1; +http://www.google.com/bot.html)"
191.101.118.128 - - [25/Nov/2024:05:12:32 -0700] "GET /images/journey/server-gacor/?abong=LATO99-ALTERNATIF HTTP/1.1" 200 116301 "-" "Mozilla/5.0 (Macintosh; Intel Mac OS X 12_5) AppleWebKit/537.36 (KHTML, like Gecko) Chrome/114.0.0.0 Safari/537.36 Vivaldi/5.3.2679.68"
191.101.118.128 - - [25/Nov/2024:05:12:42 -0700] "GET /images/journey/server-gacor/?abong=LATO99-ALTERNATIF HTTP/1.1" 200 116301 "https://bilga.akalacademy.ac.in/images/journey/server-gacor/?abong=LATO99-ALTERNATIF" "Mozilla/5.0 (Macintosh; Intel Mac OS X 12_5) AppleWebKit/537.36 (KHTML, like Gecko) Chrome/114.0.0.0 Safari/537.36 Vivaldi/5.3.2679.68"
216.244.66.233 - - [25/Nov/2024:05:13:04 -0700] "GET /robots.txt HTTP/1.1" 200 94 "-" "Mozilla/5.0 (compatible; DotBot/1.2; +https://opensiteexplorer.org/dotbot; help@moz.com)"
45.148.235.126 - - [25/Nov/2024:05:13:46 -0700] "GET /images/journey/server-gacor/?abong=LATO99-ALTERNATIF HTTP/1.1" 200 116301 "-" "Mozilla/5.0 (Windows NT 10.0; WOW64) AppleWebKit/537.36 (KHTML, like Gecko) Chrome/114.0.0.0 YaBrowser/22.7.0 Yowser/2.5 Safari/537.36"
45.148.235.126 - - [25/Nov/2024:05:13:49 -0700] "GET /images/journey/server-gacor/?abong=LATO99-ALTERNATIF HTTP/1.1" 200 116301 "https://bilga.akalacademy.ac.in/images/journey/server-gacor/?abong=LATO99-ALTERNATIF" "Mozilla/5.0 (Windows NT 10.0; WOW64) AppleWebKit/537.36 (KHTML, like Gecko) Chrome/114.0.0.0 YaBrowser/22.7.0 Yowser/2.5 Safari/537.36"
5.255.231.158 - - [25/Nov/2024:05:14:34 -0700] "GET /robots.txt HTTP/1.1" 200 94 "-" "Mozilla/5.0 (compatible; YandexBot/3.0; +http://yandex.com/bots)"
95.108.213.111 - - [25/Nov/2024:05:14:36 -0700] "GET /kuT2ramd8ssi.unperpendicular HTTP/1.1" 200 94 "-" "Mozilla/5.0 (compatible; YandexBot/3.0; +http://yandex.com/bots)"
66.249.79.166 - - [25/Nov/2024:05:15:35 -0700] "GET /detail/oluuiy/ HTTP/1.1" 200 94 "-" "Mozilla/5.0 (compatible; Googlebot/2.1; +http://www.google.com/bot.html)"
66.249.79.165 - - [25/Nov/2024:05:15:37 -0700] "GET /news/phzrmw/ HTTP/1.1" 200 94 "-" "Mozilla/5.0 (compatible; Googlebot/2.1; +http://www.google.com/bot.html)"
66.249.79.165 - - [25/Nov/2024:05:15:39 -0700] "GET /images/journey/server-gacor/?abong=KUDETABET98-DAFTAR HTTP/1.1" 200 116351 "-" "Mozilla/5.0 (Linux; Android 6.0.1; Nexus 5X Build/MMB29P) AppleWebKit/537.36 (KHTML, like Gecko) Chrome/131.0.6778.69 Mobile Safari/537.36 (compatible; Googlebot/2.1; +http://www.google.com/bot.html)"
66.249.79.165 - - [25/Nov/2024:05:15:46 -0700] "GET /news/?xweerb/ HTTP/1.1" 200 94 "-" "Mozilla/5.0 (compatible; Googlebot/2.1; +http://www.google.com/bot.html)"
66.249.79.165 - - [25/Nov/2024:05:15:48 -0700] "GET /detail/gsufwo/oklahoma-casino-online.html HTTP/1.1" 200 94 "-" "Mozilla/5.0 (compatible; Googlebot/2.1; +http://www.google.com/bot.html)"
66.249.79.165 - - [25/Nov/2024:05:15:52 -0700] "GET /news/bwutzj/junglee-rummy-referral-code.html HTTP/1.1" 200 94 "-" "Mozilla/5.0 (compatible; Googlebot/2.1; +http://www.google.com/bot.html)"
69.162.124.238 - - [25/Nov/2024:05:16:11 -0700] "HEAD /cbse-corner.php HTTP/1.1" 200 - "https://bilga.akalacademy.ac.in/cbse-corner.php" "Mozilla/5.0+(compatible; UptimeRobot/2.0; http://www.uptimerobot.com/)"
66.249.79.166 - - [25/Nov/2024:05:17:18 -0700] "GET /news/xzmedb/golden-nugget-casino-las-vegas-nevada.html HTTP/1.1" 200 94 "-" "Mozilla/5.0 (compatible; Googlebot/2.1; +http://www.google.com/bot.html)"
95.108.213.196 - - [25/Nov/2024:05:17:25 -0700] "GET /umlsg2iodlur1axnd.unperpendicular HTTP/1.1" 200 94 "-" "Mozilla/5.0 (compatible; YandexBot/3.0; +http://yandex.com/bots)"
66.249.79.166 - - [25/Nov/2024:05:17:58 -0700] "GET /bet/vziavr/ HTTP/1.1" 200 94 "-" "Mozilla/5.0 (compatible; Googlebot/2.1; +http://www.google.com/bot.html)"
66.249.79.165 - - [25/Nov/2024:05:18:01 -0700] "GET /news/tgkwgi/ HTTP/1.1" 200 94 "-" "Mozilla/5.0 (compatible; Googlebot/2.1; +http://www.google.com/bot.html)"
66.249.79.165 - - [25/Nov/2024:05:18:13 -0700] "GET /detail/zytymv/ HTTP/1.1" 200 94 "-" "Mozilla/5.0 (compatible; Googlebot/2.1; +http://www.google.com/bot.html)"
107.152.46.252 - - [25/Nov/2024:05:18:25 -0700] "GET /images/journey/server-gacor/?abong=LATO99-ALTERNATIF HTTP/1.1" 200 116301 "https://bilga.akalacademy.ac.in/" "Mozilla/5.0 (X11; Linux i686; rv:114.0) Gecko/20100101 Firefox/114.0"
66.249.79.165 - - [25/Nov/2024:05:19:18 -0700] "GET /bet/pkyamx/t20-ind-nzl-timings.html HTTP/1.1" 200 94 "-" "Mozilla/5.0 (compatible; Googlebot/2.1; +http://www.google.com/bot.html)"
3.142.252.171 - - [25/Nov/2024:05:20:57 -0700] "GET /robots.txt HTTP/1.1" 200 94 "-" "Mozilla/5.0 AppleWebKit/537.36 (KHTML, like Gecko; compatible; ClaudeBot/1.0; +claudebot@anthropic.com)"
3.142.252.171 - - [25/Nov/2024:05:20:57 -0700] "GET /myadmin/gallery/files/Senior%20Secondary/fonts/icomoon/css/images/school%20(9).jpg HTTP/1.1" 200 94 "-" "Mozilla/5.0 AppleWebKit/537.36 (KHTML, like Gecko; compatible; ClaudeBot/1.0; +claudebot@anthropic.com)"
3.142.252.171 - - [25/Nov/2024:05:20:58 -0700] "GET /myadmin/gallery/files/Senior%20Secondary/fonts/icomoon/css/images/Dr-Veer-Ji1.jpg HTTP/1.1" 200 94 "-" "Mozilla/5.0 AppleWebKit/537.36 (KHTML, like Gecko; compatible; ClaudeBot/1.0; +claudebot@anthropic.com)"
66.249.79.166 - - [25/Nov/2024:05:21:09 -0700] "GET /news/hcfyve/ HTTP/1.1" 200 94 "-" "Mozilla/5.0 (compatible; Googlebot/2.1; +http://www.google.com/bot.html)"
69.162.124.238 - - [25/Nov/2024:05:21:11 -0700] "HEAD /cbse-corner.php HTTP/1.1" 200 - "https://bilga.akalacademy.ac.in/cbse-corner.php" "Mozilla/5.0+(compatible; UptimeRobot/2.0; http://www.uptimerobot.com/)"
66.249.79.166 - - [25/Nov/2024:05:21:37 -0700] "GET /detail/ayaxdb/ HTTP/1.1" 200 94 "-" "Mozilla/5.0 (compatible; Googlebot/2.1; +http://www.google.com/bot.html)"
66.249.79.165 - - [25/Nov/2024:05:21:57 -0700] "GET /news/pikqkm/dasist-casino.html HTTP/1.1" 200 94 "-" "Mozilla/5.0 (compatible; Googlebot/2.1; +http://www.google.com/bot.html)"
66.249.79.166 - - [25/Nov/2024:05:22:06 -0700] "GET /detail/zlzpip/india-vs-england-2nd-t20.html HTTP/1.1" 200 94 "-" "Mozilla/5.0 (compatible; Googlebot/2.1; +http://www.google.com/bot.html)"
66.249.79.165 - - [25/Nov/2024:05:22:20 -0700] "GET /detail/fybmte/ HTTP/1.1" 200 94 "-" "Mozilla/5.0 (compatible; Googlebot/2.1; +http://www.google.com/bot.html)"
66.249.79.165 - - [25/Nov/2024:05:22:29 -0700] "GET /css/naik/?ipo=J99SLOT HTTP/1.1" 200 96947 "-" "Mozilla/5.0 (Linux; Android 6.0.1; Nexus 5X Build/MMB29P) AppleWebKit/537.36 (KHTML, like Gecko) Chrome/131.0.6778.69 Mobile Safari/537.36 (compatible; Googlebot/2.1; +http://www.google.com/bot.html)"
66.249.79.165 - - [25/Nov/2024:05:22:30 -0700] "GET /bet/shbuow/ HTTP/1.1" 200 94 "-" "Mozilla/5.0 (compatible; Googlebot/2.1; +http://www.google.com/bot.html)"
103.136.107.99 - - [25/Nov/2024:05:22:59 -0700] "GET /images/journey/server-gacor/?abong=LATO99-ALTERNATIF HTTP/1.1" 200 116301 "-" "Mozilla/5.0 (X11; Ubuntu; Linux i686; rv:114.0) Gecko/20100101 Firefox/114.0"
103.136.107.99 - - [25/Nov/2024:05:23:00 -0700] "GET /images/journey/server-gacor/?abong=LATO99-ALTERNATIF HTTP/1.1" 200 116301 "https://bilga.akalacademy.ac.in/images/journey/server-gacor/?abong=LATO99-ALTERNATIF" "Mozilla/5.0 (X11; Ubuntu; Linux i686; rv:114.0) Gecko/20100101 Firefox/114.0"
216.244.66.233 - - [25/Nov/2024:05:23:09 -0700] "GET /detail/files/I-VIII/VI-X%20Hindi-min.pdf HTTP/1.1" 200 94 "-" "Mozilla/5.0 (compatible; DotBot/1.2; +https://opensiteexplorer.org/dotbot; help@moz.com)"
66.249.79.167 - - [25/Nov/2024:05:23:12 -0700] "GET /news/sgppas/ HTTP/1.1" 200 94 "-" "Mozilla/5.0 (compatible; Googlebot/2.1; +http://www.google.com/bot.html)"
66.249.79.165 - - [25/Nov/2024:05:23:24 -0700] "GET /detail/xglsvm/mumbai-indians-in-2017-ipl.html HTTP/1.1" 200 94 "-" "Mozilla/5.0 (compatible; Googlebot/2.1; +http://www.google.com/bot.html)"
66.249.79.166 - - [25/Nov/2024:05:23:28 -0700] "GET /news/voiqir/ HTTP/1.1" 200 94 "-" "Mozilla/5.0 (compatible; Googlebot/2.1; +http://www.google.com/bot.html)"
66.249.79.165 - - [25/Nov/2024:05:23:49 -0700] "GET /news/gzplkg/mfortune-casino-android-app.html HTTP/1.1" 200 94 "-" "Mozilla/5.0 (compatible; Googlebot/2.1; +http://www.google.com/bot.html)"
66.249.79.165 - - [25/Nov/2024:05:23:51 -0700] "GET /detail/cswjhy/most-runs-in-t20-cricket.html HTTP/1.1" 200 94 "-" "Mozilla/5.0 (compatible; Googlebot/2.1; +http://www.google.com/bot.html)"
66.249.79.165 - - [25/Nov/2024:05:23:53 -0700] "GET /detail/loulrp/ HTTP/1.1" 200 94 "-" "Mozilla/5.0 (compatible; Googlebot/2.1; +http://www.google.com/bot.html)"
66.249.79.167 - - [25/Nov/2024:05:24:20 -0700] "GET /news/vjfhzs/ HTTP/1.1" 200 94 "-" "Mozilla/5.0 (compatible; Googlebot/2.1; +http://www.google.com/bot.html)"
216.244.66.233 - - [25/Nov/2024:05:24:23 -0700] "GET /bo-togel/files/Secondary/videos.php HTTP/1.1" 200 94 "-" "Mozilla/5.0 (compatible; DotBot/1.2; +https://opensiteexplorer.org/dotbot; help@moz.com)"
69.162.124.238 - - [25/Nov/2024:05:26:11 -0700] "HEAD /cbse-corner.php HTTP/1.1" 200 - "https://bilga.akalacademy.ac.in/cbse-corner.php" "Mozilla/5.0+(compatible; UptimeRobot/2.0; http://www.uptimerobot.com/)"
66.249.79.167 - - [25/Nov/2024:05:26:19 -0700] "GET /news/dihpci/ HTTP/1.1" 200 94 "-" "Mozilla/5.0 (compatible; Googlebot/2.1; +http://www.google.com/bot.html)"
66.249.79.167 - - [25/Nov/2024:05:27:33 -0700] "GET /css/naik/?ipo=777AJA HTTP/1.1" 200 96900 "-" "Mozilla/5.0 (Linux; Android 6.0.1; Nexus 5X Build/MMB29P) AppleWebKit/537.36 (KHTML, like Gecko) Chrome/131.0.6778.69 Mobile Safari/537.36 (compatible; Googlebot/2.1; +http://www.google.com/bot.html)"
66.249.79.166 - - [25/Nov/2024:05:27:45 -0700] "GET /bet/vhtsih/ HTTP/1.1" 200 94 "-" "Mozilla/5.0 (compatible; Googlebot/2.1; +http://www.google.com/bot.html)"
52.167.144.186 - - [25/Nov/2024:05:27:49 -0700] "GET / HTTP/1.1" 200 94 "-" "Mozilla/5.0 AppleWebKit/537.36 (KHTML, like Gecko; compatible; bingbot/2.0; +http://www.bing.com/bingbot.htm) Chrome/116.0.1938.76 Safari/537.36"
18.220.162.194 - - [25/Nov/2024:05:27:57 -0700] "GET /myadmin/gallery/files/Senior%20Secondary/fonts/flaticon/font/css/images/principal.jpg HTTP/1.1" 200 94 "-" "Mozilla/5.0 AppleWebKit/537.36 (KHTML, like Gecko; compatible; ClaudeBot/1.0; +claudebot@anthropic.com)"
18.220.162.194 - - [25/Nov/2024:05:27:58 -0700] "GET /myadmin/gallery/files/Senior%20Secondary/fonts/flaticon/font/css/images/santattar1.jpg HTTP/1.1" 200 94 "-" "Mozilla/5.0 AppleWebKit/537.36 (KHTML, like Gecko; compatible; ClaudeBot/1.0; +claudebot@anthropic.com)"
66.249.79.165 - - [25/Nov/2024:05:28:35 -0700] "GET /detail/nbpgen/ HTTP/1.1" 200 94 "-" "Mozilla/5.0 (compatible; Googlebot/2.1; +http://www.google.com/bot.html)"
66.249.79.166 - - [25/Nov/2024:05:28:54 -0700] "GET /bet/iztpve/ HTTP/1.1" 200 94 "-" "Mozilla/5.0 (compatible; Googlebot/2.1; +http://www.google.com/bot.html)"
66.249.79.167 - - [25/Nov/2024:05:29:01 -0700] "GET /bet/pnjoik/nl0010948246.html HTTP/1.1" 200 94 "-" "Mozilla/5.0 (compatible; Googlebot/2.1; +http://www.google.com/bot.html)"
66.249.79.165 - - [25/Nov/2024:05:29:13 -0700] "GET /bet/dcboul/delhi-capital-jersy-lotus-logo.html HTTP/1.1" 200 94 "-" "Mozilla/5.0 (compatible; Googlebot/2.1; +http://www.google.com/bot.html)"
66.249.79.165 - - [25/Nov/2024:05:29:23 -0700] "GET /detail/hoiwdo/ HTTP/1.1" 200 94 "-" "Mozilla/5.0 (compatible; Googlebot/2.1; +http://www.google.com/bot.html)"
66.249.79.165 - - [25/Nov/2024:05:29:28 -0700] "GET /news/pqacnu/winner-ipl-2008.html HTTP/1.1" 200 94 "-" "Mozilla/5.0 (compatible; Googlebot/2.1; +http://www.google.com/bot.html)"
66.249.79.165 - - [25/Nov/2024:05:29:40 -0700] "GET /detail/?mtsrcf/ HTTP/1.1" 200 94 "-" "Mozilla/5.0 (compatible; Googlebot/2.1; +http://www.google.com/bot.html)"
66.249.79.165 - - [25/Nov/2024:05:29:50 -0700] "GET /news/unsvoj/ HTTP/1.1" 200 94 "-" "Mozilla/5.0 (compatible; Googlebot/2.1; +http://www.google.com/bot.html)"
66.249.79.165 - - [25/Nov/2024:05:29:59 -0700] "GET /detail/bxcjgi/ HTTP/1.1" 200 94 "-" "Mozilla/5.0 (compatible; Googlebot/2.1; +http://www.google.com/bot.html)"
4.227.36.77 - - [25/Nov/2024:05:30:32 -0700] "GET /shop-1/p/files/Senior%20Secondary/files/Senior%20Secondary/js/js/js/js/js/images/js/js/fonts/flaticon/font/files/Secondary/files/Secondary/417-IX-min.pdf HTTP/1.1" 200 94 "-" "Mozilla/5.0 AppleWebKit/537.36 (KHTML, like Gecko; compatible; GPTBot/1.2; +https://openai.com/gptbot)"
4.227.36.77 - - [25/Nov/2024:05:30:35 -0700] "GET /shop-1/p/files/Senior%20Secondary/files/Senior%20Secondary/js/js/js/js/js/images/js/js/js/files/Secondary/files/I-VIII/files/IX-X/Grade%20(XI)%20-min.pdf HTTP/1.1" 200 94 "-" "Mozilla/5.0 AppleWebKit/537.36 (KHTML, like Gecko; compatible; GPTBot/1.2; +https://openai.com/gptbot)"
4.227.36.77 - - [25/Nov/2024:05:30:37 -0700] "GET /shop-1/p/files/Senior%20Secondary/files/Senior%20Secondary/js/js/js/js/js/images/js/js/js/files/I-VIII/images/files/Secondary/English_Sec_2019-20-min.pdf HTTP/1.1" 200 94 "-" "Mozilla/5.0 AppleWebKit/537.36 (KHTML, like Gecko; compatible; GPTBot/1.2; +https://openai.com/gptbot)"
4.227.36.77 - - [25/Nov/2024:05:30:40 -0700] "GET /shop-1/p/files/Senior%20Secondary/files/Senior%20Secondary/js/js/js/js/js/images/js/js/files/Senior%20Secondary/files/Secondary/js/jquery.fancybox.min.js HTTP/1.1" 200 94 "-" "Mozilla/5.0 AppleWebKit/537.36 (KHTML, like Gecko; compatible; GPTBot/1.2; +https://openai.com/gptbot)"
4.227.36.77 - - [25/Nov/2024:05:30:42 -0700] "GET /shop-1/p/files/Senior%20Secondary/files/Senior%20Secondary/js/js/js/js/js/images/files/I-VIII/fonts/icomoon/files/I-VIII/S.St%20(III%20to%20VIII)-min.pdf HTTP/1.1" 200 94 "-" "Mozilla/5.0 AppleWebKit/537.36 (KHTML, like Gecko; compatible; GPTBot/1.2; +https://openai.com/gptbot)"
4.227.36.77 - - [25/Nov/2024:05:30:44 -0700] "GET /shop-1/p/files/Senior%20Secondary/files/Senior%20Secondary/js/js/js/js/js/images/js/js/fonts/flaticon/font/files/Secondary/js/jquery-migrate-3.0.1.min.js HTTP/1.1" 200 94 "-" "Mozilla/5.0 AppleWebKit/537.36 (KHTML, like Gecko; compatible; GPTBot/1.2; +https://openai.com/gptbot)"
4.227.36.77 - - [25/Nov/2024:05:30:46 -0700] "GET /shop-1/p/files/Senior%20Secondary/files/Senior%20Secondary/js/js/js/js/js/images/js/js/js/files/Secondary/images/files/Senior%20Secondary/Biology-min.pdf HTTP/1.1" 200 94 "-" "Mozilla/5.0 AppleWebKit/537.36 (KHTML, like Gecko; compatible; GPTBot/1.2; +https://openai.com/gptbot)"
4.227.36.77 - - [25/Nov/2024:05:30:47 -0700] "GET /shop-1/p/files/Senior%20Secondary/files/Senior%20Secondary/js/js/js/js/js/images/js/fonts/flaticon/font/images/files/Senior%20Secondary/Chemistry-min.pdf HTTP/1.1" 200 94 "-" "Mozilla/5.0 AppleWebKit/537.36 (KHTML, like Gecko; compatible; GPTBot/1.2; +https://openai.com/gptbot)"
4.227.36.77 - - [25/Nov/2024:05:30:49 -0700] "GET /shop-1/p/files/Senior%20Secondary/files/Senior%20Secondary/js/js/js/js/js/files/Secondary/files/I-VIII/files/Secondary/Social_Science_Sec_2019-20-min.pdf HTTP/1.1" 200 94 "-" "Mozilla/5.0 AppleWebKit/537.36 (KHTML, like Gecko; compatible; GPTBot/1.2; +https://openai.com/gptbot)"
4.227.36.77 - - [25/Nov/2024:05:30:50 -0700] "GET /shop-1/p/files/Senior%20Secondary/files/Senior%20Secondary/js/js/js/js/js/images/js/js/fonts/flaticon/font/files/Secondary/files/IX-X/Grade%20(X)-min.pdf HTTP/1.1" 200 94 "-" "Mozilla/5.0 AppleWebKit/537.36 (KHTML, like Gecko; compatible; GPTBot/1.2; +https://openai.com/gptbot)"
4.227.36.77 - - [25/Nov/2024:05:30:51 -0700] "GET /shop-1/p/files/Senior%20Secondary/files/Senior%20Secondary/js/js/js/js/js/images/js/js/js/js/js/files/Secondary/files/Senior%20Secondary/js/popper.min.js HTTP/1.1" 200 94 "-" "Mozilla/5.0 AppleWebKit/537.36 (KHTML, like Gecko; compatible; GPTBot/1.2; +https://openai.com/gptbot)"
4.227.36.77 - - [25/Nov/2024:05:30:52 -0700] "GET /shop-1/p/files/Senior%20Secondary/files/Senior%20Secondary/js/js/js/js/js/images/js/js/js/js/js/js/files/I-VIII/fonts/flaticon/font/css/bootstrap.min.css HTTP/1.1" 200 94 "-" "Mozilla/5.0 AppleWebKit/537.36 (KHTML, like Gecko; compatible; GPTBot/1.2; +https://openai.com/gptbot)"
4.227.36.77 - - [25/Nov/2024:05:30:53 -0700] "GET /shop-1/p/files/Senior%20Secondary/files/Senior%20Secondary/js/js/js/js/js/images/js/js/js/js/js/files/IX-X/files/I-VIII/files/I-VIII/VI-X%20Hindi-min.pdf HTTP/1.1" 200 94 "-" "Mozilla/5.0 AppleWebKit/537.36 (KHTML, like Gecko; compatible; GPTBot/1.2; +https://openai.com/gptbot)"
4.227.36.77 - - [25/Nov/2024:05:30:55 -0700] "GET /shop-1/p/files/Senior%20Secondary/files/Senior%20Secondary/js/js/js/js/js/images/js/files/Senior%20Secondary/images/files/Secondary/ART_EDUCATION-min.pdf HTTP/1.1" 200 94 "-" "Mozilla/5.0 AppleWebKit/537.36 (KHTML, like Gecko; compatible; GPTBot/1.2; +https://openai.com/gptbot)"
4.227.36.77 - - [25/Nov/2024:05:30:56 -0700] "GET /shop-1/p/files/Senior%20Secondary/files/Senior%20Secondary/js/js/js/js/js/images/js/js/js/js/files/I-VIII/files/Senior%20Secondary/js/owl.carousel.min.js HTTP/1.1" 200 94 "-" "Mozilla/5.0 AppleWebKit/537.36 (KHTML, like Gecko; compatible; GPTBot/1.2; +https://openai.com/gptbot)"
4.227.36.77 - - [25/Nov/2024:05:30:57 -0700] "GET /shop-1/p/files/Senior%20Secondary/files/Senior%20Secondary/js/js/js/js/js/images/js/js/js/js/js/js/css/fonts/flaticon/font/js/bootstrap-datepicker.min.js HTTP/1.1" 200 94 "-" "Mozilla/5.0 AppleWebKit/537.36 (KHTML, like Gecko; compatible; GPTBot/1.2; +https://openai.com/gptbot)"
4.227.36.77 - - [25/Nov/2024:05:30:58 -0700] "GET /shop-1/p/files/Senior%20Secondary/files/Senior%20Secondary/js/js/js/js/js/images/js/js/js/js/files/Secondary/files/Secondary/css/bootstrap-datepicker.css HTTP/1.1" 200 94 "-" "Mozilla/5.0 AppleWebKit/537.36 (KHTML, like Gecko; compatible; GPTBot/1.2; +https://openai.com/gptbot)"
4.227.36.77 - - [25/Nov/2024:05:30:59 -0700] "GET /shop-1/p/files/Senior%20Secondary/files/Senior%20Secondary/js/js/files/Senior%20Secondary/fonts/icomoon/files/Senior%20Secondary/ComputerSc_NewXI-min.pdf HTTP/1.1" 200 94 "-" "Mozilla/5.0 AppleWebKit/537.36 (KHTML, like Gecko; compatible; GPTBot/1.2; +https://openai.com/gptbot)"
4.227.36.77 - - [25/Nov/2024:05:31:00 -0700] "GET /shop-1/p/files/Senior%20Secondary/files/Senior%20Secondary/js/js/js/images/files/Senior%20Secondary/files/Senior%20Secondary/14_Circular_2019ANX2-min.pdf HTTP/1.1" 200 94 "-" "Mozilla/5.0 AppleWebKit/537.36 (KHTML, like Gecko; compatible; GPTBot/1.2; +https://openai.com/gptbot)"
4.227.36.77 - - [25/Nov/2024:05:31:01 -0700] "GET /shop-1/p/files/Senior%20Secondary/files/Senior%20Secondary/files/Senior%20Secondary/files/Senior%20Secondary/files/Senior%20Secondary/Mathematics-min.pdf HTTP/1.1" 200 94 "-" "Mozilla/5.0 AppleWebKit/537.36 (KHTML, like Gecko; compatible; GPTBot/1.2; +https://openai.com/gptbot)"
4.227.36.77 - - [25/Nov/2024:05:31:02 -0700] "GET /shop-1/p/files/Senior%20Secondary/files/Senior%20Secondary/js/js/js/js/js/images/js/files/Secondary/js/files/Secondary/Social_Science_Sec_2019-20-min.pdf HTTP/1.1" 200 94 "-" "Mozilla/5.0 AppleWebKit/537.36 (KHTML, like Gecko; compatible; GPTBot/1.2; +https://openai.com/gptbot)"
4.227.36.77 - - [25/Nov/2024:05:31:03 -0700] "GET /shop-1/p/files/Senior%20Secondary/files/Senior%20Secondary/js/js/js/js/js/images/js/js/js/js/js/js/js/files/Secondary/fonts/flaticon/font/cbse-corner.php HTTP/1.1" 200 94 "-" "Mozilla/5.0 AppleWebKit/537.36 (KHTML, like Gecko; compatible; GPTBot/1.2; +https://openai.com/gptbot)"
4.227.36.77 - - [25/Nov/2024:05:31:04 -0700] "GET /shop-1/p/files/Senior%20Secondary/files/Senior%20Secondary/js/js/js/js/js/images/js/js/js/fonts/flaticon/font/files/Senior%20Secondary/Punjabi_XI-min.pdf HTTP/1.1" 200 94 "-" "Mozilla/5.0 AppleWebKit/537.36 (KHTML, like Gecko; compatible; GPTBot/1.2; +https://openai.com/gptbot)"
4.227.36.77 - - [25/Nov/2024:05:31:06 -0700] "GET /shop-1/p/files/Senior%20Secondary/files/Senior%20Secondary/js/js/js/js/js/images/js/js/js/js/js/js/js/css/js/files/Senior%20Secondary/Accountancy-min.pdf HTTP/1.1" 200 94 "-" "Mozilla/5.0 AppleWebKit/537.36 (KHTML, like Gecko; compatible; GPTBot/1.2; +https://openai.com/gptbot)"
4.227.36.77 - - [25/Nov/2024:05:31:07 -0700] "GET /shop-1/p/files/Senior%20Secondary/files/Senior%20Secondary/js/js/js/js/js/images/js/js/files/IX-X/files/Senior%20Secondary/js/bootstrap-datepicker.min.js HTTP/1.1" 200 94 "-" "Mozilla/5.0 AppleWebKit/537.36 (KHTML, like Gecko; compatible; GPTBot/1.2; +https://openai.com/gptbot)"
4.227.36.77 - - [25/Nov/2024:05:31:08 -0700] "GET /shop-1/p/files/Senior%20Secondary/files/Senior%20Secondary/js/js/js/js/js/images/js/js/js/js/files/IX-X/css/files/Secondary/Hindi_B_sec%202019-20-min.pdf HTTP/1.1" 200 94 "-" "Mozilla/5.0 AppleWebKit/537.36 (KHTML, like Gecko; compatible; GPTBot/1.2; +https://openai.com/gptbot)"
4.227.36.77 - - [25/Nov/2024:05:31:09 -0700] "GET /shop-1/p/files/Senior%20Secondary/files/Senior%20Secondary/js/js/js/js/js/images/js/js/css/files/IX-X/files/I-VIII/Science%20%20(III%20to%20VIII)-min.pdf HTTP/1.1" 200 94 "-" "Mozilla/5.0 AppleWebKit/537.36 (KHTML, like Gecko; compatible; GPTBot/1.2; +https://openai.com/gptbot)"
4.227.36.77 - - [25/Nov/2024:05:31:10 -0700] "GET /shop-1/p/files/Senior%20Secondary/files/Senior%20Secondary/js/js/js/js/js/images/files/IX-X/files/IX-X/files/Senior%20Secondary/PhysicalEducation-min.pdf HTTP/1.1" 200 94 "-" "Mozilla/5.0 AppleWebKit/537.36 (KHTML, like Gecko; compatible; GPTBot/1.2; +https://openai.com/gptbot)"
4.227.36.77 - - [25/Nov/2024:05:31:11 -0700] "GET /shop-1/p/files/Senior%20Secondary/files/Senior%20Secondary/js/js/js/js/js/images/js/js/js/js/files/Secondary/js/files/Senior%20Secondary/Eng.Core-min.pdf HTTP/1.1" 200 94 "-" "Mozilla/5.0 AppleWebKit/537.36 (KHTML, like Gecko; compatible; GPTBot/1.2; +https://openai.com/gptbot)"
69.162.124.238 - - [25/Nov/2024:05:31:11 -0700] "HEAD /cbse-corner.php HTTP/1.1" 200 - "https://bilga.akalacademy.ac.in/cbse-corner.php" "Mozilla/5.0+(compatible; UptimeRobot/2.0; http://www.uptimerobot.com/)"
4.227.36.77 - - [25/Nov/2024:05:31:12 -0700] "GET /shop-1/p/files/Senior%20Secondary/files/Senior%20Secondary/js/js/js/js/js/images/js/js/js/js/js/js/js/js/images/files/I-VIII/css/bootstrap-datepicker.css HTTP/1.1" 200 94 "-" "Mozilla/5.0 AppleWebKit/537.36 (KHTML, like Gecko; compatible; GPTBot/1.2; +https://openai.com/gptbot)"
4.227.36.77 - - [25/Nov/2024:05:31:13 -0700] "GET /shop-1/p/files/Senior%20Secondary/files/Senior%20Secondary/js/js/js/js/js/images/js/js/js/js/js/js/js/files/I-VIII/fonts/icomoon/js/jquery.stellar.min.js HTTP/1.1" 200 94 "-" "Mozilla/5.0 AppleWebKit/537.36 (KHTML, like Gecko; compatible; GPTBot/1.2; +https://openai.com/gptbot)"
4.227.36.77 - - [25/Nov/2024:05:31:14 -0700] "GET /shop-1/p/files/Senior%20Secondary/files/Senior%20Secondary/js/js/js/js/js/images/js/js/js/js/files/Secondary/files/Senior%20Secondary/Punjabi_XII-min.pdf HTTP/1.1" 200 94 "-" "Mozilla/5.0 AppleWebKit/537.36 (KHTML, like Gecko; compatible; GPTBot/1.2; +https://openai.com/gptbot)"
4.227.36.77 - - [25/Nov/2024:05:31:15 -0700] "GET /shop-1/p/files/Senior%20Secondary/files/Senior%20Secondary/js/js/js/js/js/images/js/js/js/js/js/js/js/js/js/files/Senior%20Secondary/images/css/index.php HTTP/1.1" 200 94 "-" "Mozilla/5.0 AppleWebKit/537.36 (KHTML, like Gecko; compatible; GPTBot/1.2; +https://openai.com/gptbot)"
4.227.36.77 - - [25/Nov/2024:05:31:17 -0700] "GET /shop-1/p/files/Senior%20Secondary/files/Senior%20Secondary/js/js/js/js/js/images/js/js/js/js/js/js/js/js/fonts/flaticon/font/files/I-VIII/cbse-corner.php HTTP/1.1" 200 94 "-" "Mozilla/5.0 AppleWebKit/537.36 (KHTML, like Gecko; compatible; GPTBot/1.2; +https://openai.com/gptbot)"
4.227.36.77 - - [25/Nov/2024:05:31:18 -0700] "GET /shop-1/p/files/Senior%20Secondary/files/Senior%20Secondary/js/js/js/js/js/images/js/js/js/js/js/js/js/js/files/I-VIII/images/css/bootstrap-datepicker.css HTTP/1.1" 200 94 "-" "Mozilla/5.0 AppleWebKit/537.36 (KHTML, like Gecko; compatible; GPTBot/1.2; +https://openai.com/gptbot)"
4.227.36.77 - - [25/Nov/2024:05:31:19 -0700] "GET /shop-1/p/files/Senior%20Secondary/files/Senior%20Secondary/js/js/js/js/js/images/files/I-VIII/fonts/icomoon/files/Secondary/Hindi_B_sec%202019-20-min.pdf HTTP/1.1" 200 94 "-" "Mozilla/5.0 AppleWebKit/537.36 (KHTML, like Gecko; compatible; GPTBot/1.2; +https://openai.com/gptbot)"
4.227.36.77 - - [25/Nov/2024:05:31:20 -0700] "GET /shop-1/p/files/Senior%20Secondary/files/Senior%20Secondary/js/js/js/js/js/images/js/js/js/js/js/js/js/js/js/files/I-VIII/files/IX-X/css/bootstrap.min.css HTTP/1.1" 200 94 "-" "Mozilla/5.0 AppleWebKit/537.36 (KHTML, like Gecko; compatible; GPTBot/1.2; +https://openai.com/gptbot)"
4.227.36.77 - - [25/Nov/2024:05:31:21 -0700] "GET /shop-1/p/files/Senior%20Secondary/files/Senior%20Secondary/files/Senior%20Secondary/files/Senior%20Secondary/files/I-VIII/Maths%20(I%20to%20VIII)-min.pdf HTTP/1.1" 200 94 "-" "Mozilla/5.0 AppleWebKit/537.36 (KHTML, like Gecko; compatible; GPTBot/1.2; +https://openai.com/gptbot)"
4.227.36.77 - - [25/Nov/2024:05:31:22 -0700] "GET /shop-1/p/files/Senior%20Secondary/files/Senior%20Secondary/js/js/js/js/js/images/js/files/Senior%20Secondary/fonts/icomoon/files/IX-X/Grade%20(X)-min.pdf HTTP/1.1" 200 94 "-" "Mozilla/5.0 AppleWebKit/537.36 (KHTML, like Gecko; compatible; GPTBot/1.2; +https://openai.com/gptbot)"
4.227.36.77 - - [25/Nov/2024:05:31:23 -0700] "GET /shop-1/p/files/Senior%20Secondary/files/Senior%20Secondary/js/js/js/js/js/images/js/js/js/js/js/js/js/js/js/files/Senior%20Secondary/js/js/js/css/aos.css HTTP/1.1" 200 94 "-" "Mozilla/5.0 AppleWebKit/537.36 (KHTML, like Gecko; compatible; GPTBot/1.2; +https://openai.com/gptbot)"
4.227.36.77 - - [25/Nov/2024:05:31:24 -0700] "GET /shop-1/p/files/Senior%20Secondary/files/Senior%20Secondary/js/js/js/js/js/images/js/js/js/js/js/js/js/js/js/js/fonts/icomoon/css/bootstrap-datepicker.css HTTP/1.1" 200 94 "-" "Mozilla/5.0 AppleWebKit/537.36 (KHTML, like Gecko; compatible; GPTBot/1.2; +https://openai.com/gptbot)"
4.227.36.77 - - [25/Nov/2024:05:31:25 -0700] "GET /shop-1/p/files/Senior%20Secondary/files/Senior%20Secondary/js/js/js/js/js/images/js/js/js/js/js/js/js/js/js/images/images/files/IX-X/Grade%20(IX)-min.pdf HTTP/1.1" 200 94 "-" "Mozilla/5.0 AppleWebKit/537.36 (KHTML, like Gecko; compatible; GPTBot/1.2; +https://openai.com/gptbot)"
4.227.36.77 - - [25/Nov/2024:05:31:26 -0700] "GET /shop-1/p/files/Senior%20Secondary/files/Senior%20Secondary/js/js/files/Senior%20Secondary/fonts/flaticon/font/files/Senior%20Secondary/Punjabi_XI-min.pdf HTTP/1.1" 200 94 "-" "Mozilla/5.0 AppleWebKit/537.36 (KHTML, like Gecko; compatible; GPTBot/1.2; +https://openai.com/gptbot)"
4.227.36.77 - - [25/Nov/2024:05:31:28 -0700] "GET /shop-1/p/files/Senior%20Secondary/files/Senior%20Secondary/js/js/js/js/js/images/js/js/js/js/js/js/files/Secondary/fonts/icomoon/css/owl.carousel.min.css HTTP/1.1" 200 94 "-" "Mozilla/5.0 AppleWebKit/537.36 (KHTML, like Gecko; compatible; GPTBot/1.2; +https://openai.com/gptbot)"
4.227.36.77 - - [25/Nov/2024:05:31:29 -0700] "GET /shop-1/p/files/Senior%20Secondary/files/Senior%20Secondary/js/js/js/js/js/images/js/js/js/js/js/files/IX-X/js/files/Secondary/English_Sec_2019-20-min.pdf HTTP/1.1" 200 94 "-" "Mozilla/5.0 AppleWebKit/537.36 (KHTML, like Gecko; compatible; GPTBot/1.2; +https://openai.com/gptbot)"
4.227.36.77 - - [25/Nov/2024:05:31:30 -0700] "GET /shop-1/p/files/Senior%20Secondary/files/Senior%20Secondary/js/js/js/js/js/images/images/files/Senior%20Secondary/files/Senior%20Secondary/Biology-min.pdf HTTP/1.1" 200 94 "-" "Mozilla/5.0 AppleWebKit/537.36 (KHTML, like Gecko; compatible; GPTBot/1.2; +https://openai.com/gptbot)"
4.227.36.77 - - [25/Nov/2024:05:31:31 -0700] "GET /shop-1/p/files/Senior%20Secondary/files/Senior%20Secondary/js/js/js/js/js/files/Secondary/fonts/flaticon/font/files/Secondary/English_Sec_2019-20-min.pdf HTTP/1.1" 200 94 "-" "Mozilla/5.0 AppleWebKit/537.36 (KHTML, like Gecko; compatible; GPTBot/1.2; +https://openai.com/gptbot)"
4.227.36.77 - - [25/Nov/2024:05:31:32 -0700] "GET /shop-1/p/files/Senior%20Secondary/files/Senior%20Secondary/js/js/js/js/js/images/js/js/js/js/js/js/js/files/Secondary/images/js/jquery.mb.YTPlayer.min.js HTTP/1.1" 200 94 "-" "Mozilla/5.0 AppleWebKit/537.36 (KHTML, like Gecko; compatible; GPTBot/1.2; +https://openai.com/gptbot)"
4.227.36.77 - - [25/Nov/2024:05:31:33 -0700] "GET /shop-1/p/files/Senior%20Secondary/files/Senior%20Secondary/js/js/js/js/js/images/js/js/js/files/Senior%20Secondary/files/Senior%20Secondary/theschool.php HTTP/1.1" 200 94 "-" "Mozilla/5.0 AppleWebKit/537.36 (KHTML, like Gecko; compatible; GPTBot/1.2; +https://openai.com/gptbot)"
4.227.36.77 - - [25/Nov/2024:05:31:34 -0700] "GET /shop-1/p/files/Senior%20Secondary/files/Senior%20Secondary/js/js/js/js/js/images/js/js/js/js/files/Secondary/files/Secondary/js/jquery.mb.YTPlayer.min.js HTTP/1.1" 200 94 "-" "Mozilla/5.0 AppleWebKit/537.36 (KHTML, like Gecko; compatible; GPTBot/1.2; +https://openai.com/gptbot)"
4.227.36.77 - - [25/Nov/2024:05:31:35 -0700] "GET /shop-1/p/files/Senior%20Secondary/files/Senior%20Secondary/js/js/js/js/js/images/js/js/js/js/files/I-VIII/js/files/Senior%20Secondary/Punjabi_XII-min.pdf HTTP/1.1" 200 94 "-" "Mozilla/5.0 AppleWebKit/537.36 (KHTML, like Gecko; compatible; GPTBot/1.2; +https://openai.com/gptbot)"
4.227.36.77 - - [25/Nov/2024:05:31:36 -0700] "GET /shop-1/p/files/Senior%20Secondary/files/Senior%20Secondary/js/js/js/js/images/files/Senior%20Secondary/files/Secondary/Intitial_pages_sec_2019-20-min.pdf HTTP/1.1" 200 94 "-" "Mozilla/5.0 AppleWebKit/537.36 (KHTML, like Gecko; compatible; GPTBot/1.2; +https://openai.com/gptbot)"
4.227.36.77 - - [25/Nov/2024:05:31:37 -0700] "GET /shop-1/p/files/Senior%20Secondary/files/Senior%20Secondary/js/js/js/js/js/images/js/js/js/js/css/fonts/icomoon/files/Senior%20Secondary/Econonics-min.pdf HTTP/1.1" 200 94 "-" "Mozilla/5.0 AppleWebKit/537.36 (KHTML, like Gecko; compatible; GPTBot/1.2; +https://openai.com/gptbot)"
4.227.36.77 - - [25/Nov/2024:05:31:39 -0700] "GET /shop-1/p/files/Senior%20Secondary/files/Senior%20Secondary/js/js/js/js/js/files/Secondary/fonts/flaticon/font/files/Senior%20Secondary/Punjabi_XI-min.pdf HTTP/1.1" 200 94 "-" "Mozilla/5.0 AppleWebKit/537.36 (KHTML, like Gecko; compatible; GPTBot/1.2; +https://openai.com/gptbot)"
4.227.36.77 - - [25/Nov/2024:05:31:40 -0700] "GET /shop-1/p/files/Senior%20Secondary/files/Senior%20Secondary/js/js/js/js/js/images/css/fonts/flaticon/font/files/Senior%20Secondary/BusinessStudies-min.pdf HTTP/1.1" 200 94 "-" "Mozilla/5.0 AppleWebKit/537.36 (KHTML, like Gecko; compatible; GPTBot/1.2; +https://openai.com/gptbot)"
4.227.36.77 - - [25/Nov/2024:05:31:41 -0700] "GET /shop-1/p/files/Senior%20Secondary/files/Senior%20Secondary/js/js/js/js/js/images/js/js/js/js/js/js/js/images/files/I-VIII/files/Secondary/417-FAQ-min.pdf HTTP/1.1" 200 94 "-" "Mozilla/5.0 AppleWebKit/537.36 (KHTML, like Gecko; compatible; GPTBot/1.2; +https://openai.com/gptbot)"
4.227.36.77 - - [25/Nov/2024:05:31:42 -0700] "GET /shop-1/p/files/Senior%20Secondary/files/Senior%20Secondary/js/js/js/js/js/fonts/flaticon/font/files/Secondary/files/Senior%20Secondary/Psychology-min.pdf HTTP/1.1" 200 94 "-" "Mozilla/5.0 AppleWebKit/537.36 (KHTML, like Gecko; compatible; GPTBot/1.2; +https://openai.com/gptbot)"
4.227.36.77 - - [25/Nov/2024:05:31:43 -0700] "GET /shop-1/p/files/Senior%20Secondary/files/Senior%20Secondary/js/js/js/js/files/Secondary/files/I-VIII/files/Senior%20Secondary/14_Circular_2019ANX2-min.pdf HTTP/1.1" 200 94 "-" "Mozilla/5.0 AppleWebKit/537.36 (KHTML, like Gecko; compatible; GPTBot/1.2; +https://openai.com/gptbot)"
4.227.36.77 - - [25/Nov/2024:05:31:44 -0700] "GET /shop-1/p/files/Senior%20Secondary/files/Senior%20Secondary/js/js/js/js/js/images/js/files/I-VIII/images/files/Senior%20Secondary/ComputerSc_NewXI-min.pdf HTTP/1.1" 200 94 "-" "Mozilla/5.0 AppleWebKit/537.36 (KHTML, like Gecko; compatible; GPTBot/1.2; +https://openai.com/gptbot)"
66.249.79.167 - - [25/Nov/2024:05:31:44 -0700] "GET /news/hphzdc/audi-tt-rs-online-game.html HTTP/1.1" 200 94 "-" "Mozilla/5.0 (compatible; Googlebot/2.1; +http://www.google.com/bot.html)"
4.227.36.77 - - [25/Nov/2024:05:31:45 -0700] "GET /shop-1/p/files/Senior%20Secondary/files/Senior%20Secondary/js/js/js/js/js/images/js/js/js/js/js/js/fonts/flaticon/font/fonts/icomoon/images/principal.jpg HTTP/1.1" 200 94 "-" "Mozilla/5.0 AppleWebKit/537.36 (KHTML, like Gecko; compatible; GPTBot/1.2; +https://openai.com/gptbot)"
4.227.36.77 - - [25/Nov/2024:05:31:46 -0700] "GET /shop-1/p/files/Senior%20Secondary/files/Senior%20Secondary/js/js/js/js/js/images/js/js/js/js/js/js/js/js/images/css/files/Secondary/ART_EDUCATION-min.pdf HTTP/1.1" 200 94 "-" "Mozilla/5.0 AppleWebKit/537.36 (KHTML, like Gecko; compatible; GPTBot/1.2; +https://openai.com/gptbot)"
4.227.36.77 - - [25/Nov/2024:05:31:47 -0700] "GET /shop-1/p/files/Senior%20Secondary/files/Senior%20Secondary/js/js/js/js/js/images/js/js/js/js/js/js/js/js/js/css/css/files/Secondary/ART_EDUCATION-min.pdf HTTP/1.1" 200 94 "-" "Mozilla/5.0 AppleWebKit/537.36 (KHTML, like Gecko; compatible; GPTBot/1.2; +https://openai.com/gptbot)"
4.227.36.77 - - [25/Nov/2024:05:31:48 -0700] "GET /shop-1/p/files/Senior%20Secondary/files/Senior%20Secondary/js/js/js/js/js/images/js/js/js/js/js/files/Secondary/fonts/flaticon/font/images/santattar1.jpg HTTP/1.1" 200 94 "-" "Mozilla/5.0 AppleWebKit/537.36 (KHTML, like Gecko; compatible; GPTBot/1.2; +https://openai.com/gptbot)"
4.227.36.77 - - [25/Nov/2024:05:31:50 -0700] "GET /shop-1/p/files/Senior%20Secondary/files/Senior%20Secondary/js/js/js/js/js/files/Secondary/files/I-VIII/files/Senior%20Secondary/ComputerSc_NewXII-min.pdf HTTP/1.1" 200 94 "-" "Mozilla/5.0 AppleWebKit/537.36 (KHTML, like Gecko; compatible; GPTBot/1.2; +https://openai.com/gptbot)"
4.227.36.77 - - [25/Nov/2024:05:31:51 -0700] "GET /shop-1/p/files/Senior%20Secondary/files/Senior%20Secondary/js/js/js/js/js/images/js/js/js/js/js/js/js/js/js/images/css/files/IX-X/Grade%20(XI)%20-min.pdf HTTP/1.1" 200 94 "-" "Mozilla/5.0 AppleWebKit/537.36 (KHTML, like Gecko; compatible; GPTBot/1.2; +https://openai.com/gptbot)"
4.227.36.77 - - [25/Nov/2024:05:31:52 -0700] "GET /shop-1/p/files/Senior%20Secondary/files/Senior%20Secondary/js/js/js/js/js/images/files/Senior%20Secondary/js/files/Secondary/14_Circular_2019ANX1-min.pdf HTTP/1.1" 200 94 "-" "Mozilla/5.0 AppleWebKit/537.36 (KHTML, like Gecko; compatible; GPTBot/1.2; +https://openai.com/gptbot)"
4.227.36.77 - - [25/Nov/2024:05:31:53 -0700] "GET /shop-1/p/files/Senior%20Secondary/files/Senior%20Secondary/js/js/js/js/js/images/js/js/js/js/files/IX-X/images/files/Senior%20Secondary/Sociology-min.pdf HTTP/1.1" 200 94 "-" "Mozilla/5.0 AppleWebKit/537.36 (KHTML, like Gecko; compatible; GPTBot/1.2; +https://openai.com/gptbot)"
4.227.36.77 - - [25/Nov/2024:05:31:54 -0700] "GET /shop-1/p/files/Senior%20Secondary/files/Senior%20Secondary/js/js/js/js/js/images/js/js/js/js/js/js/css/files/I-VIII/files/Secondary/ART_EDUCATION-min.pdf HTTP/1.1" 200 94 "-" "Mozilla/5.0 AppleWebKit/537.36 (KHTML, like Gecko; compatible; GPTBot/1.2; +https://openai.com/gptbot)"
4.227.36.77 - - [25/Nov/2024:05:31:55 -0700] "GET /shop-1/p/files/Senior%20Secondary/files/Senior%20Secondary/js/js/js/js/js/images/js/js/js/js/js/js/js/js/js/js/fonts/flaticon/font/js/jquery-3.3.1.min.js HTTP/1.1" 200 94 "-" "Mozilla/5.0 AppleWebKit/537.36 (KHTML, like Gecko; compatible; GPTBot/1.2; +https://openai.com/gptbot)"
4.227.36.77 - - [25/Nov/2024:05:31:56 -0700] "GET /shop-1/p/files/Senior%20Secondary/files/Senior%20Secondary/js/js/js/js/js/images/js/js/js/js/js/fonts/icomoon/files/Secondary/Science_Sec_2019-20-min.pdf HTTP/1.1" 200 94 "-" "Mozilla/5.0 AppleWebKit/537.36 (KHTML, like Gecko; compatible; GPTBot/1.2; +https://openai.com/gptbot)"
4.227.36.77 - - [25/Nov/2024:05:31:57 -0700] "GET /shop-1/p/files/Senior%20Secondary/files/Senior%20Secondary/js/js/js/js/js/images/js/js/js/js/js/js/js/js/js/fonts/icomoon/files/IX-X/images/principal.jpg HTTP/1.1" 200 94 "-" "Mozilla/5.0 AppleWebKit/537.36 (KHTML, like Gecko; compatible; GPTBot/1.2; +https://openai.com/gptbot)"
4.227.36.77 - - [25/Nov/2024:05:31:58 -0700] "GET /shop-1/p/files/Senior%20Secondary/files/Senior%20Secondary/js/js/js/js/js/images/js/js/files/I-VIII/files/Secondary/files/Secondary/ART_EDUCATION-min.pdf HTTP/1.1" 200 94 "-" "Mozilla/5.0 AppleWebKit/537.36 (KHTML, like Gecko; compatible; GPTBot/1.2; +https://openai.com/gptbot)"
4.227.36.77 - - [25/Nov/2024:05:31:59 -0700] "GET /shop-1/p/files/Senior%20Secondary/files/Senior%20Secondary/js/files/IX-X/files/I-VIII/files/Senior%20Secondary/Intitial_pages_srsec_2019-20%20(1)-min.pdf HTTP/1.1" 200 94 "-" "Mozilla/5.0 AppleWebKit/537.36 (KHTML, like Gecko; compatible; GPTBot/1.2; +https://openai.com/gptbot)"
4.227.36.77 - - [25/Nov/2024:05:32:01 -0700] "GET /shop-1/p/files/Senior%20Secondary/files/Senior%20Secondary/js/js/js/js/js/images/js/js/js/js/js/files/IX-X/files/Senior%20Secondary/images/santattar1.jpg HTTP/1.1" 200 94 "-" "Mozilla/5.0 AppleWebKit/537.36 (KHTML, like Gecko; compatible; GPTBot/1.2; +https://openai.com/gptbot)"
4.227.36.77 - - [25/Nov/2024:05:32:02 -0700] "GET /shop-1/p/files/Senior%20Secondary/files/Senior%20Secondary/js/js/js/js/js/images/js/js/js/js/js/js/js/js/js/files/Senior%20Secondary/css/images/about.php HTTP/1.1" 200 94 "-" "Mozilla/5.0 AppleWebKit/537.36 (KHTML, like Gecko; compatible; GPTBot/1.2; +https://openai.com/gptbot)"
4.227.36.77 - - [25/Nov/2024:05:32:03 -0700] "GET /shop-1/p/files/Senior%20Secondary/files/Senior%20Secondary/js/js/js/js/js/images/js/js/js/js/images/files/Senior%20Secondary/js/jquery.mb.YTPlayer.min.js HTTP/1.1" 200 94 "-" "Mozilla/5.0 AppleWebKit/537.36 (KHTML, like Gecko; compatible; GPTBot/1.2; +https://openai.com/gptbot)"
4.227.36.77 - - [25/Nov/2024:05:32:04 -0700] "GET /shop-1/p/files/Senior%20Secondary/files/Senior%20Secondary/js/js/files/Senior%20Secondary/files/I-VIII/files/Secondary/Intitial_pages_sec_2019-20-min.pdf HTTP/1.1" 200 94 "-" "Mozilla/5.0 AppleWebKit/537.36 (KHTML, like Gecko; compatible; GPTBot/1.2; +https://openai.com/gptbot)"
4.227.36.77 - - [25/Nov/2024:05:32:05 -0700] "GET /shop-1/p/files/Senior%20Secondary/files/Senior%20Secondary/js/js/js/js/js/images/js/js/js/js/js/js/js/js/js/files/I-VIII/files/Secondary/js/popper.min.js HTTP/1.1" 200 94 "-" "Mozilla/5.0 AppleWebKit/537.36 (KHTML, like Gecko; compatible; GPTBot/1.2; +https://openai.com/gptbot)"
4.227.36.77 - - [25/Nov/2024:05:32:06 -0700] "GET /shop-1/p/files/Senior%20Secondary/files/Senior%20Secondary/js/fonts/icomoon/files/IX-X/files/I-VIII/VI-XII%20Divinity%20Syl.%20for%20Other%20Aca.-min.pdf HTTP/1.1" 200 94 "-" "Mozilla/5.0 AppleWebKit/537.36 (KHTML, like Gecko; compatible; GPTBot/1.2; +https://openai.com/gptbot)"
4.227.36.77 - - [25/Nov/2024:05:32:07 -0700] "GET /shop-1/p/files/Senior%20Secondary/files/Senior%20Secondary/js/js/js/js/js/images/js/js/js/js/js/js/js/js/js/files/Senior%20Secondary/js/js/css/js/main.js HTTP/1.1" 200 94 "-" "Mozilla/5.0 AppleWebKit/537.36 (KHTML, like Gecko; compatible; GPTBot/1.2; +https://openai.com/gptbot)"
4.227.36.77 - - [25/Nov/2024:05:32:08 -0700] "GET /shop-1/p/files/Senior%20Secondary/files/Senior%20Secondary/js/js/js/js/js/images/js/js/files/Senior%20Secondary/css/files/Secondary/402-INFO_TECH-min.pdf HTTP/1.1" 200 94 "-" "Mozilla/5.0 AppleWebKit/537.36 (KHTML, like Gecko; compatible; GPTBot/1.2; +https://openai.com/gptbot)"
4.227.36.77 - - [25/Nov/2024:05:32:09 -0700] "GET /shop-1/p/files/Senior%20Secondary/files/Senior%20Secondary/js/js/js/js/js/images/files/Secondary/files/I-VIII/files/Secondary/English_Sec_2019-20-min.pdf HTTP/1.1" 200 94 "-" "Mozilla/5.0 AppleWebKit/537.36 (KHTML, like Gecko; compatible; GPTBot/1.2; +https://openai.com/gptbot)"
4.227.36.77 - - [25/Nov/2024:05:32:10 -0700] "GET /shop-1/p/files/Senior%20Secondary/files/Senior%20Secondary/js/js/js/js/js/images/js/js/js/files/IX-X/files/Secondary/Intitial_pages_srsec_2019-20-min.pdf HTTP/1.1" 200 94 "-" "Mozilla/5.0 AppleWebKit/537.36 (KHTML, like Gecko; compatible; GPTBot/1.2; +https://openai.com/gptbot)"
4.227.36.77 - - [25/Nov/2024:05:32:12 -0700] "GET /shop-1/p/files/Senior%20Secondary/files/Senior%20Secondary/js/js/js/js/js/images/js/js/js/js/js/js/js/files/Secondary/js/files/Secondary/417-VIII-min.pdf HTTP/1.1" 200 94 "-" "Mozilla/5.0 AppleWebKit/537.36 (KHTML, like Gecko; compatible; GPTBot/1.2; +https://openai.com/gptbot)"
4.227.36.77 - - [25/Nov/2024:05:32:13 -0700] "GET /shop-1/p/files/Senior%20Secondary/files/Senior%20Secondary/js/js/js/js/js/images/js/js/js/images/files/Secondary/files/Senior%20Secondary/Biology-min.pdf HTTP/1.1" 200 94 "-" "Mozilla/5.0 AppleWebKit/537.36 (KHTML, like Gecko; compatible; GPTBot/1.2; +https://openai.com/gptbot)"
4.227.36.77 - - [25/Nov/2024:05:32:14 -0700] "GET /shop-1/p/files/Senior%20Secondary/files/Senior%20Secondary/js/js/js/js/js/images/js/js/js/files/Senior%20Secondary/images/files/Secondary/417-FAQ-min.pdf HTTP/1.1" 200 94 "-" "Mozilla/5.0 AppleWebKit/537.36 (KHTML, like Gecko; compatible; GPTBot/1.2; +https://openai.com/gptbot)"
4.227.36.77 - - [25/Nov/2024:05:32:15 -0700] "GET /shop-1/p/files/Senior%20Secondary/files/Senior%20Secondary/js/js/js/js/js/images/js/js/js/js/js/js/js/js/files/Senior%20Secondary/js/jquery.easing.1.3.js HTTP/1.1" 200 94 "-" "Mozilla/5.0 AppleWebKit/537.36 (KHTML, like Gecko; compatible; GPTBot/1.2; +https://openai.com/gptbot)"
4.227.36.77 - - [25/Nov/2024:05:32:16 -0700] "GET /shop-1/p/files/Senior%20Secondary/files/Senior%20Secondary/js/js/js/js/js/images/files/Secondary/images/files/Senior%20Secondary/ComputerSc_NewXI-min.pdf HTTP/1.1" 200 94 "-" "Mozilla/5.0 AppleWebKit/537.36 (KHTML, like Gecko; compatible; GPTBot/1.2; +https://openai.com/gptbot)"
4.227.36.77 - - [25/Nov/2024:05:32:17 -0700] "GET /shop-1/p/files/Senior%20Secondary/files/Senior%20Secondary/js/js/js/js/js/images/js/js/js/js/js/js/files/Secondary/fonts/icomoon/js/jquery.stellar.min.js HTTP/1.1" 200 94 "-" "Mozilla/5.0 AppleWebKit/537.36 (KHTML, like Gecko; compatible; GPTBot/1.2; +https://openai.com/gptbot)"
4.227.36.77 - - [25/Nov/2024:05:32:18 -0700] "GET /shop-1/p/files/Senior%20Secondary/files/Senior%20Secondary/js/js/js/js/js/images/js/js/js/js/css/files/I-VIII/files/Secondary/Science_Sec_2019-20-min.pdf HTTP/1.1" 200 94 "-" "Mozilla/5.0 AppleWebKit/537.36 (KHTML, like Gecko; compatible; GPTBot/1.2; +https://openai.com/gptbot)"
4.227.36.77 - - [25/Nov/2024:05:32:19 -0700] "GET /shop-1/p/files/Senior%20Secondary/files/Senior%20Secondary/js/js/js/js/js/images/js/js/files/IX-X/fonts/icomoon/files/Senior%20Secondary/Eng.Core-min.pdf HTTP/1.1" 200 94 "-" "Mozilla/5.0 AppleWebKit/537.36 (KHTML, like Gecko; compatible; GPTBot/1.2; +https://openai.com/gptbot)"
4.227.36.77 - - [25/Nov/2024:05:32:20 -0700] "GET /shop-1/p/files/Senior%20Secondary/files/Senior%20Secondary/js/js/js/js/js/images/js/files/IX-X/files/Secondary/files/Senior%20Secondary/Sociology-min.pdf HTTP/1.1" 200 94 "-" "Mozilla/5.0 AppleWebKit/537.36 (KHTML, like Gecko; compatible; GPTBot/1.2; +https://openai.com/gptbot)"
4.227.36.77 - - [25/Nov/2024:05:32:21 -0700] "GET /shop-1/p/files/Senior%20Secondary/files/Senior%20Secondary/js/js/js/js/files/Senior%20Secondary/images/files/Secondary/Social_Science_Sec_2019-20-min.pdf HTTP/1.1" 200 94 "-" "Mozilla/5.0 AppleWebKit/537.36 (KHTML, like Gecko; compatible; GPTBot/1.2; +https://openai.com/gptbot)"
4.227.36.77 - - [25/Nov/2024:05:32:23 -0700] "GET /shop-1/p/files/Senior%20Secondary/files/Senior%20Secondary/js/js/js/js/js/images/js/js/js/js/js/images/images/files/Secondary/English_Sec_2019-20-min.pdf HTTP/1.1" 200 94 "-" "Mozilla/5.0 AppleWebKit/537.36 (KHTML, like Gecko; compatible; GPTBot/1.2; +https://openai.com/gptbot)"
4.227.36.77 - - [25/Nov/2024:05:32:24 -0700] "GET /shop-1/p/files/Senior%20Secondary/files/Senior%20Secondary/js/js/js/js/js/images/js/js/files/IX-X/files/Senior%20Secondary/js/jquery-migrate-3.0.1.min.js HTTP/1.1" 200 94 "-" "Mozilla/5.0 AppleWebKit/537.36 (KHTML, like Gecko; compatible; GPTBot/1.2; +https://openai.com/gptbot)"
18.118.208.19 - - [25/Nov/2024:05:32:24 -0700] "GET /myadmin/gallery/files/Senior%20Secondary/fonts/icomoon/css/images/principal.jpg HTTP/1.1" 200 94 "-" "Mozilla/5.0 AppleWebKit/537.36 (KHTML, like Gecko; compatible; ClaudeBot/1.0; +claudebot@anthropic.com)"
4.227.36.77 - - [25/Nov/2024:05:32:25 -0700] "GET /shop-1/p/files/Senior%20Secondary/files/Senior%20Secondary/js/js/js/js/js/images/js/js/js/js/js/js/files/IX-X/files/Senior%20Secondary/Punjabi_XI-min.pdf HTTP/1.1" 200 94 "-" "Mozilla/5.0 AppleWebKit/537.36 (KHTML, like Gecko; compatible; GPTBot/1.2; +https://openai.com/gptbot)"
4.227.36.77 - - [25/Nov/2024:05:32:26 -0700] "GET /shop-1/p/files/Senior%20Secondary/files/Senior%20Secondary/js/js/js/js/files/IX-X/fonts/flaticon/font/files/I-VIII/Science%20%20(III%20to%20VIII)-min.pdf HTTP/1.1" 200 94 "-" "Mozilla/5.0 AppleWebKit/537.36 (KHTML, like Gecko; compatible; GPTBot/1.2; +https://openai.com/gptbot)"
4.227.36.77 - - [25/Nov/2024:05:32:27 -0700] "GET /shop-1/p/files/Senior%20Secondary/files/Senior%20Secondary/js/js/js/js/js/images/js/js/js/js/js/js/js/js/css/css/files/Senior%20Secondary/History-min.pdf HTTP/1.1" 200 94 "-" "Mozilla/5.0 AppleWebKit/537.36 (KHTML, like Gecko; compatible; GPTBot/1.2; +https://openai.com/gptbot)"
4.227.36.77 - - [25/Nov/2024:05:32:28 -0700] "GET /shop-1/p/files/Senior%20Secondary/files/Senior%20Secondary/js/js/js/js/js/images/js/js/js/js/js/js/js/js/js/files/Secondary/fonts/flaticon/font/about.php HTTP/1.1" 200 94 "-" "Mozilla/5.0 AppleWebKit/537.36 (KHTML, like Gecko; compatible; GPTBot/1.2; +https://openai.com/gptbot)"
4.227.36.77 - - [25/Nov/2024:05:32:29 -0700] "GET /shop-1/p/files/Senior%20Secondary/files/Senior%20Secondary/js/js/js/js/js/images/js/js/js/js/js/fonts/icomoon/files/Secondary/Punjabi_Sec_2019-20-min.pdf HTTP/1.1" 200 94 "-" "Mozilla/5.0 AppleWebKit/537.36 (KHTML, like Gecko; compatible; GPTBot/1.2; +https://openai.com/gptbot)"
4.227.36.77 - - [25/Nov/2024:05:32:30 -0700] "GET /shop-1/p/files/Senior%20Secondary/files/Senior%20Secondary/js/js/js/js/js/images/js/js/js/js/js/js/files/Senior%20Secondary/files/Secondary/css/style.css HTTP/1.1" 200 94 "-" "Mozilla/5.0 AppleWebKit/537.36 (KHTML, like Gecko; compatible; GPTBot/1.2; +https://openai.com/gptbot)"
4.227.36.77 - - [25/Nov/2024:05:32:32 -0700] "GET /shop-1/p/files/Senior%20Secondary/files/Senior%20Secondary/js/js/js/js/js/images/js/js/js/js/js/files/Secondary/files/IX-X/js/bootstrap-datepicker.min.js HTTP/1.1" 200 94 "-" "Mozilla/5.0 AppleWebKit/537.36 (KHTML, like Gecko; compatible; GPTBot/1.2; +https://openai.com/gptbot)"
4.227.36.77 - - [25/Nov/2024:05:32:32 -0700] "GET /shop-1/p/files/Senior%20Secondary/files/Senior%20Secondary/js/js/js/js/js/files/Secondary/fonts/flaticon/font/files/Secondary/Science_Sec_2019-20-min.pdf HTTP/1.1" 200 94 "-" "Mozilla/5.0 AppleWebKit/537.36 (KHTML, like Gecko; compatible; GPTBot/1.2; +https://openai.com/gptbot)"
4.227.36.77 - - [25/Nov/2024:05:32:34 -0700] "GET /shop-1/p/files/Senior%20Secondary/files/Senior%20Secondary/js/js/js/js/js/images/js/js/js/js/js/js/files/Senior%20Secondary/css/js/jquery.fancybox.min.js HTTP/1.1" 200 94 "-" "Mozilla/5.0 AppleWebKit/537.36 (KHTML, like Gecko; compatible; GPTBot/1.2; +https://openai.com/gptbot)"
4.227.36.77 - - [25/Nov/2024:05:32:35 -0700] "GET /shop-1/p/files/Senior%20Secondary/files/Senior%20Secondary/js/js/js/js/js/images/js/js/files/Senior%20Secondary/fonts/flaticon/font/images/Tree%20(1).png HTTP/1.1" 200 94 "-" "Mozilla/5.0 AppleWebKit/537.36 (KHTML, like Gecko; compatible; GPTBot/1.2; +https://openai.com/gptbot)"
4.227.36.77 - - [25/Nov/2024:05:32:36 -0700] "GET /shop-1/p/files/Senior%20Secondary/files/Senior%20Secondary/js/js/js/js/js/images/js/js/js/files/Secondary/css/files/Secondary/Science_Sec_2019-20-min.pdf HTTP/1.1" 200 94 "-" "Mozilla/5.0 AppleWebKit/537.36 (KHTML, like Gecko; compatible; GPTBot/1.2; +https://openai.com/gptbot)"
4.227.36.77 - - [25/Nov/2024:05:32:37 -0700] "GET /shop-1/p/files/Senior%20Secondary/files/Senior%20Secondary/js/js/js/js/js/images/js/js/js/js/js/js/fonts/flaticon/font/files/Senior%20Secondary/js/aos.js HTTP/1.1" 200 94 "-" "Mozilla/5.0 AppleWebKit/537.36 (KHTML, like Gecko; compatible; GPTBot/1.2; +https://openai.com/gptbot)"
66.249.79.165 - - [25/Nov/2024:05:32:37 -0700] "GET /detail/nhbdct/ HTTP/1.1" 200 94 "-" "Mozilla/5.0 (compatible; Googlebot/2.1; +http://www.google.com/bot.html)"
