4.227.36.77 - - [25/Nov/2024:05:37:58 -0700] "GET /shop-1/p/files/Senior%20Secondary/files/Senior%20Secondary/js/js/js/js/js/images/files/Secondary/files/Senior%20Secondary/files/Secondary/417-FAQ-min.pdf HTTP/1.1" 200 94 "-" "Mozilla/5.0 AppleWebKit/537.36 (KHTML, like Gecko; compatible; GPTBot/1.2; +https://openai.com/gptbot)"
4.227.36.77 - - [25/Nov/2024:05:37:59 -0700] "GET /shop-1/p/files/Senior%20Secondary/files/Senior%20Secondary/js/js/js/js/js/images/js/js/css/fonts/icomoon/files/Senior%20Secondary/BusinessStudies-min.pdf HTTP/1.1" 200 94 "-" "Mozilla/5.0 AppleWebKit/537.36 (KHTML, like Gecko; compatible; GPTBot/1.2; +https://openai.com/gptbot)"
4.227.36.77 - - [25/Nov/2024:05:38:00 -0700] "GET /shop-1/p/files/Senior%20Secondary/files/Senior%20Secondary/js/js/js/js/js/images/js/js/js/js/js/js/fonts/icomoon/files/Senior%20Secondary/Physics-min.pdf HTTP/1.1" 200 94 "-" "Mozilla/5.0 AppleWebKit/537.36 (KHTML, like Gecko; compatible; GPTBot/1.2; +https://openai.com/gptbot)"
4.227.36.77 - - [25/Nov/2024:05:38:01 -0700] "GET /shop-1/p/files/Senior%20Secondary/files/Senior%20Secondary/js/js/js/js/js/images/js/js/js/js/css/fonts/icomoon/files/Senior%20Secondary/Chemistry-min.pdf HTTP/1.1" 200 94 "-" "Mozilla/5.0 AppleWebKit/537.36 (KHTML, like Gecko; compatible; GPTBot/1.2; +https://openai.com/gptbot)"
4.227.36.77 - - [25/Nov/2024:05:38:02 -0700] "GET /shop-1/p/files/Senior%20Secondary/files/Senior%20Secondary/js/js/js/js/js/images/js/js/js/js/js/js/files/Secondary/files/Secondary/js/jquery-3.3.1.min.js HTTP/1.1" 200 94 "-" "Mozilla/5.0 AppleWebKit/537.36 (KHTML, like Gecko; compatible; GPTBot/1.2; +https://openai.com/gptbot)"
4.227.36.77 - - [25/Nov/2024:05:38:04 -0700] "GET /shop-1/p/files/Senior%20Secondary/files/Senior%20Secondary/js/js/js/js/js/images/js/js/js/js/images/files/Secondary/files/Secondary/402-INFO_TECH-min.pdf HTTP/1.1" 200 94 "-" "Mozilla/5.0 AppleWebKit/537.36 (KHTML, like Gecko; compatible; GPTBot/1.2; +https://openai.com/gptbot)"
4.227.36.77 - - [25/Nov/2024:05:38:05 -0700] "GET /shop-1/p/files/Senior%20Secondary/files/Senior%20Secondary/js/js/js/js/js/images/js/js/js/js/js/images/fonts/flaticon/font/js/bootstrap-datepicker.min.js HTTP/1.1" 200 94 "-" "Mozilla/5.0 AppleWebKit/537.36 (KHTML, like Gecko; compatible; GPTBot/1.2; +https://openai.com/gptbot)"
4.227.36.77 - - [25/Nov/2024:05:38:06 -0700] "GET /shop-1/p/files/Senior%20Secondary/files/Senior%20Secondary/js/js/js/js/js/images/js/js/js/js/js/js/js/js/files/I-VIII/js/fonts/flaticon/font/flaticon.css HTTP/1.1" 200 94 "-" "Mozilla/5.0 AppleWebKit/537.36 (KHTML, like Gecko; compatible; GPTBot/1.2; +https://openai.com/gptbot)"
4.227.36.77 - - [25/Nov/2024:05:38:07 -0700] "GET /shop-1/p/files/Senior%20Secondary/files/Senior%20Secondary/js/js/js/js/js/images/js/js/js/js/js/files/I-VIII/files/Senior%20Secondary/Punjabi_XII-min.pdf HTTP/1.1" 200 94 "-" "Mozilla/5.0 AppleWebKit/537.36 (KHTML, like Gecko; compatible; GPTBot/1.2; +https://openai.com/gptbot)"
4.227.36.77 - - [25/Nov/2024:05:38:08 -0700] "GET /shop-1/p/files/Senior%20Secondary/files/Senior%20Secondary/js/js/js/js/js/images/js/js/js/js/js/files/Secondary/fonts/flaticon/font/images/Tree%20(1).png HTTP/1.1" 200 94 "-" "Mozilla/5.0 AppleWebKit/537.36 (KHTML, like Gecko; compatible; GPTBot/1.2; +https://openai.com/gptbot)"
4.227.36.77 - - [25/Nov/2024:05:38:09 -0700] "GET /shop-1/p/files/Senior%20Secondary/files/Senior%20Secondary/js/js/js/js/js/images/js/js/js/js/js/files/IX-X/files/Secondary/files/Secondary/417-IX-min.pdf HTTP/1.1" 200 94 "-" "Mozilla/5.0 AppleWebKit/537.36 (KHTML, like Gecko; compatible; GPTBot/1.2; +https://openai.com/gptbot)"
4.227.36.77 - - [25/Nov/2024:05:38:10 -0700] "GET /shop-1/p/files/Senior%20Secondary/files/Senior%20Secondary/js/js/js/js/js/images/js/js/js/js/css/files/IX-X/files/Secondary/Hindi_B_sec%202019-20-min.pdf HTTP/1.1" 200 94 "-" "Mozilla/5.0 AppleWebKit/537.36 (KHTML, like Gecko; compatible; GPTBot/1.2; +https://openai.com/gptbot)"
4.227.36.77 - - [25/Nov/2024:05:38:11 -0700] "GET /shop-1/p/files/Senior%20Secondary/files/Senior%20Secondary/js/js/js/js/js/images/js/js/js/files/Secondary/js/files/Senior%20Secondary/Accountancy-min.pdf HTTP/1.1" 200 94 "-" "Mozilla/5.0 AppleWebKit/537.36 (KHTML, like Gecko; compatible; GPTBot/1.2; +https://openai.com/gptbot)"
4.227.36.77 - - [25/Nov/2024:05:38:12 -0700] "GET /shop-1/p/files/Senior%20Secondary/files/Senior%20Secondary/js/js/js/files/IX-X/images/files/Senior%20Secondary/Intitial_pages_srsec_2019-20%20(1)-min.pdf HTTP/1.1" 200 94 "-" "Mozilla/5.0 AppleWebKit/537.36 (KHTML, like Gecko; compatible; GPTBot/1.2; +https://openai.com/gptbot)"
4.227.36.77 - - [25/Nov/2024:05:38:13 -0700] "GET /shop-1/p/files/Senior%20Secondary/files/Senior%20Secondary/js/js/js/js/js/images/js/js/js/images/files/IX-X/files/Secondary/Hindi_B_sec%202019-20-min.pdf HTTP/1.1" 200 94 "-" "Mozilla/5.0 AppleWebKit/537.36 (KHTML, like Gecko; compatible; GPTBot/1.2; +https://openai.com/gptbot)"
4.227.36.77 - - [25/Nov/2024:05:38:15 -0700] "GET /shop-1/p/files/Senior%20Secondary/files/Senior%20Secondary/js/js/js/js/js/images/js/js/js/js/js/js/js/js/js/files/I-VIII/css/js/jquery.mb.YTPlayer.min.js HTTP/1.1" 200 94 "-" "Mozilla/5.0 AppleWebKit/537.36 (KHTML, like Gecko; compatible; GPTBot/1.2; +https://openai.com/gptbot)"
4.227.36.77 - - [25/Nov/2024:05:38:16 -0700] "GET /shop-1/p/files/Senior%20Secondary/files/Senior%20Secondary/js/js/js/js/js/images/js/js/js/js/js/files/IX-X/files/Secondary/js/bootstrap-datepicker.min.js HTTP/1.1" 200 94 "-" "Mozilla/5.0 AppleWebKit/537.36 (KHTML, like Gecko; compatible; GPTBot/1.2; +https://openai.com/gptbot)"
4.227.36.77 - - [25/Nov/2024:05:38:17 -0700] "GET /shop-1/p/files/Senior%20Secondary/files/Senior%20Secondary/js/js/js/js/js/images/files/IX-X/files/IX-X/files/Secondary/Social_Science_Sec_2019-20-min.pdf HTTP/1.1" 200 94 "-" "Mozilla/5.0 AppleWebKit/537.36 (KHTML, like Gecko; compatible; GPTBot/1.2; +https://openai.com/gptbot)"
4.227.36.77 - - [25/Nov/2024:05:38:18 -0700] "GET /shop-1/p/files/Senior%20Secondary/files/Senior%20Secondary/js/js/js/js/js/images/js/js/js/js/js/js/js/js/files/I-VIII/js/files/Secondary/417-VIII-min.pdf HTTP/1.1" 200 94 "-" "Mozilla/5.0 AppleWebKit/537.36 (KHTML, like Gecko; compatible; GPTBot/1.2; +https://openai.com/gptbot)"
4.227.36.77 - - [25/Nov/2024:05:38:19 -0700] "GET /shop-1/p/files/Senior%20Secondary/files/Senior%20Secondary/js/js/js/js/images/files/Senior%20Secondary/files/Senior%20Secondary/PhysicalEducation-min.pdf HTTP/1.1" 200 94 "-" "Mozilla/5.0 AppleWebKit/537.36 (KHTML, like Gecko; compatible; GPTBot/1.2; +https://openai.com/gptbot)"
4.227.36.77 - - [25/Nov/2024:05:38:20 -0700] "GET /shop-1/p/files/Senior%20Secondary/files/Senior%20Secondary/js/js/js/js/js/images/js/js/js/js/js/js/js/files/Secondary/files/I-VIII/js/jquery-3.3.1.min.js HTTP/1.1" 200 94 "-" "Mozilla/5.0 AppleWebKit/537.36 (KHTML, like Gecko; compatible; GPTBot/1.2; +https://openai.com/gptbot)"
4.227.36.77 - - [25/Nov/2024:05:38:21 -0700] "GET /shop-1/p/files/Senior%20Secondary/files/Senior%20Secondary/js/js/js/js/js/images/js/js/js/js/js/js/js/js/css/files/I-VIII/files/IX-X/Grade%20(IX)-min.pdf HTTP/1.1" 200 94 "-" "Mozilla/5.0 AppleWebKit/537.36 (KHTML, like Gecko; compatible; GPTBot/1.2; +https://openai.com/gptbot)"
4.227.36.77 - - [25/Nov/2024:05:38:22 -0700] "GET /shop-1/p/files/Senior%20Secondary/files/Senior%20Secondary/js/js/js/js/js/images/js/js/js/css/files/IX-X/files/Senior%20Secondary/Econonics%20(1)-min.pdf HTTP/1.1" 200 94 "-" "Mozilla/5.0 AppleWebKit/537.36 (KHTML, like Gecko; compatible; GPTBot/1.2; +https://openai.com/gptbot)"
4.227.36.77 - - [25/Nov/2024:05:38:23 -0700] "GET /shop-1/p/files/Senior%20Secondary/files/Senior%20Secondary/js/js/js/js/js/images/js/js/js/js/js/css/js/files/Secondary/Social_Science_Sec_2019-20-min.pdf HTTP/1.1" 200 94 "-" "Mozilla/5.0 AppleWebKit/537.36 (KHTML, like Gecko; compatible; GPTBot/1.2; +https://openai.com/gptbot)"
4.227.36.77 - - [25/Nov/2024:05:38:24 -0700] "GET /shop-1/p/files/Senior%20Secondary/files/Senior%20Secondary/js/js/js/js/js/images/js/js/js/js/js/js/files/IX-X/files/Senior%20Secondary/Psychology-min.pdf HTTP/1.1" 200 94 "-" "Mozilla/5.0 AppleWebKit/537.36 (KHTML, like Gecko; compatible; GPTBot/1.2; +https://openai.com/gptbot)"
4.227.36.77 - - [25/Nov/2024:05:38:26 -0700] "GET /shop-1/p/files/Senior%20Secondary/files/Senior%20Secondary/js/js/js/js/js/images/js/js/files/IX-X/files/IX-X/files/Senior%20Secondary/Punjabi_XII-min.pdf HTTP/1.1" 200 94 "-" "Mozilla/5.0 AppleWebKit/537.36 (KHTML, like Gecko; compatible; GPTBot/1.2; +https://openai.com/gptbot)"
4.227.36.77 - - [25/Nov/2024:05:38:27 -0700] "GET /shop-1/p/files/Senior%20Secondary/files/Senior%20Secondary/js/js/js/js/js/images/js/js/js/js/js/js/fonts/flaticon/font/files/I-VIII/images/santattar1.jpg HTTP/1.1" 200 94 "-" "Mozilla/5.0 AppleWebKit/537.36 (KHTML, like Gecko; compatible; GPTBot/1.2; +https://openai.com/gptbot)"
4.227.36.77 - - [25/Nov/2024:05:38:28 -0700] "GET /shop-1/p/files/Senior%20Secondary/files/Senior%20Secondary/js/js/js/js/js/images/js/js/js/js/js/js/js/js/js/files/Secondary/files/I-VIII/js/popper.min.js HTTP/1.1" 200 94 "-" "Mozilla/5.0 AppleWebKit/537.36 (KHTML, like Gecko; compatible; GPTBot/1.2; +https://openai.com/gptbot)"
4.227.36.77 - - [25/Nov/2024:05:38:29 -0700] "GET /shop-1/p/files/Senior%20Secondary/files/Senior%20Secondary/js/js/js/js/js/fonts/flaticon/font/files/Secondary/files/Senior%20Secondary/Punjabi_XI-min.pdf HTTP/1.1" 200 94 "-" "Mozilla/5.0 AppleWebKit/537.36 (KHTML, like Gecko; compatible; GPTBot/1.2; +https://openai.com/gptbot)"
4.227.36.77 - - [25/Nov/2024:05:38:30 -0700] "GET /shop-1/p/files/Senior%20Secondary/files/Senior%20Secondary/js/js/js/js/js/images/js/js/files/IX-X/files/I-VIII/files/Senior%20Secondary/Econonics-min.pdf HTTP/1.1" 200 94 "-" "Mozilla/5.0 AppleWebKit/537.36 (KHTML, like Gecko; compatible; GPTBot/1.2; +https://openai.com/gptbot)"
4.227.36.77 - - [25/Nov/2024:05:38:31 -0700] "GET /shop-1/p/files/Senior%20Secondary/files/Senior%20Secondary/js/js/js/js/js/images/js/js/files/IX-X/js/files/Secondary/Intitial_pages_srsec_2019-20-min.pdf HTTP/1.1" 200 94 "-" "Mozilla/5.0 AppleWebKit/537.36 (KHTML, like Gecko; compatible; GPTBot/1.2; +https://openai.com/gptbot)"
4.227.36.77 - - [25/Nov/2024:05:38:32 -0700] "GET /shop-1/p/files/Senior%20Secondary/files/Senior%20Secondary/js/js/js/js/js/images/js/js/js/js/images/files/Senior%20Secondary/css/bootstrap-datepicker.css HTTP/1.1" 200 94 "-" "Mozilla/5.0 AppleWebKit/537.36 (KHTML, like Gecko; compatible; GPTBot/1.2; +https://openai.com/gptbot)"
4.227.36.77 - - [25/Nov/2024:05:38:33 -0700] "GET /shop-1/p/files/Senior%20Secondary/files/Senior%20Secondary/js/js/js/js/js/images/js/js/js/js/files/Senior%20Secondary/files/I-VIII/images/Dr-Veer-Ji1.jpg HTTP/1.1" 200 94 "-" "Mozilla/5.0 AppleWebKit/537.36 (KHTML, like Gecko; compatible; GPTBot/1.2; +https://openai.com/gptbot)"
4.227.36.77 - - [25/Nov/2024:05:38:34 -0700] "GET /shop-1/p/files/Senior%20Secondary/files/Senior%20Secondary/js/js/js/files/Senior%20Secondary/files/Secondary/files/Senior%20Secondary/Mathematics-min.pdf HTTP/1.1" 200 94 "-" "Mozilla/5.0 AppleWebKit/537.36 (KHTML, like Gecko; compatible; GPTBot/1.2; +https://openai.com/gptbot)"
4.227.36.77 - - [25/Nov/2024:05:38:35 -0700] "GET /shop-1/p/files/Senior%20Secondary/files/Senior%20Secondary/js/js/js/js/js/images/js/js/files/Secondary/images/files/Secondary/Punjabi_Sec_2019-20-min.pdf HTTP/1.1" 200 94 "-" "Mozilla/5.0 AppleWebKit/537.36 (KHTML, like Gecko; compatible; GPTBot/1.2; +https://openai.com/gptbot)"
4.227.36.77 - - [25/Nov/2024:05:38:37 -0700] "GET /shop-1/p/files/Senior%20Secondary/files/Senior%20Secondary/js/js/js/js/js/images/js/js/js/js/js/css/css/files/Senior%20Secondary/ComputerSc_NewXI-min.pdf HTTP/1.1" 200 94 "-" "Mozilla/5.0 AppleWebKit/537.36 (KHTML, like Gecko; compatible; GPTBot/1.2; +https://openai.com/gptbot)"
4.227.36.77 - - [25/Nov/2024:05:38:38 -0700] "GET /shop-1/p/files/Senior%20Secondary/files/Senior%20Secondary/js/js/js/js/js/images/js/js/files/Secondary/fonts/flaticon/font/files/Secondary/417-IX-min.pdf HTTP/1.1" 200 94 "-" "Mozilla/5.0 AppleWebKit/537.36 (KHTML, like Gecko; compatible; GPTBot/1.2; +https://openai.com/gptbot)"
66.249.79.166 - - [25/Nov/2024:05:38:38 -0700] "GET /bet/tfwvlx/ HTTP/1.1" 200 94 "-" "Mozilla/5.0 (compatible; Googlebot/2.1; +http://www.google.com/bot.html)"
4.227.36.77 - - [25/Nov/2024:05:38:39 -0700] "GET /shop-1/p/files/Senior%20Secondary/files/Senior%20Secondary/js/js/js/js/js/images/js/js/files/I-VIII/js/files/Secondary/Social_Science_Sec_2019-20-min.pdf HTTP/1.1" 200 94 "-" "Mozilla/5.0 AppleWebKit/537.36 (KHTML, like Gecko; compatible; GPTBot/1.2; +https://openai.com/gptbot)"
4.227.36.77 - - [25/Nov/2024:05:38:40 -0700] "GET /shop-1/p/files/Senior%20Secondary/files/Senior%20Secondary/js/js/js/js/js/images/images/fonts/icomoon/files/I-VIII/Science%20%20(III%20to%20VIII)-min.pdf HTTP/1.1" 200 94 "-" "Mozilla/5.0 AppleWebKit/537.36 (KHTML, like Gecko; compatible; GPTBot/1.2; +https://openai.com/gptbot)"
4.227.36.77 - - [25/Nov/2024:05:38:41 -0700] "GET /shop-1/p/files/Senior%20Secondary/files/Senior%20Secondary/js/js/js/js/js/images/js/js/js/js/css/files/Secondary/files/Senior%20Secondary/Biology-min.pdf HTTP/1.1" 200 94 "-" "Mozilla/5.0 AppleWebKit/537.36 (KHTML, like Gecko; compatible; GPTBot/1.2; +https://openai.com/gptbot)"
4.227.36.77 - - [25/Nov/2024:05:38:42 -0700] "GET /shop-1/p/files/Senior%20Secondary/files/Senior%20Secondary/js/js/js/js/js/images/js/js/js/js/js/files/I-VIII/files/Senior%20Secondary/Accountancy-min.pdf HTTP/1.1" 200 94 "-" "Mozilla/5.0 AppleWebKit/537.36 (KHTML, like Gecko; compatible; GPTBot/1.2; +https://openai.com/gptbot)"
4.227.36.77 - - [25/Nov/2024:05:38:43 -0700] "GET /shop-1/p/files/Senior%20Secondary/files/Senior%20Secondary/js/js/js/js/js/images/js/js/js/js/js/js/files/I-VIII/css/files/Secondary/ART_EDUCATION-min.pdf HTTP/1.1" 200 94 "-" "Mozilla/5.0 AppleWebKit/537.36 (KHTML, like Gecko; compatible; GPTBot/1.2; +https://openai.com/gptbot)"
4.227.36.77 - - [25/Nov/2024:05:38:44 -0700] "GET /shop-1/p/files/Senior%20Secondary/files/Senior%20Secondary/js/js/js/js/js/images/js/js/css/files/Senior%20Secondary/files/Secondary/402-INFO_TECH-min.pdf HTTP/1.1" 200 94 "-" "Mozilla/5.0 AppleWebKit/537.36 (KHTML, like Gecko; compatible; GPTBot/1.2; +https://openai.com/gptbot)"
4.227.36.77 - - [25/Nov/2024:05:38:45 -0700] "GET /shop-1/p/files/Senior%20Secondary/files/Senior%20Secondary/js/js/js/js/js/images/js/js/js/js/js/js/js/js/js/files/Secondary/fonts/icomoon/cbse-corner.php HTTP/1.1" 200 94 "-" "Mozilla/5.0 AppleWebKit/537.36 (KHTML, like Gecko; compatible; GPTBot/1.2; +https://openai.com/gptbot)"
4.227.36.77 - - [25/Nov/2024:05:38:46 -0700] "GET /shop-1/p/files/Senior%20Secondary/files/Senior%20Secondary/js/js/js/js/js/images/js/js/files/Senior%20Secondary/fonts/flaticon/font/css/bootstrap.min.css HTTP/1.1" 200 94 "-" "Mozilla/5.0 AppleWebKit/537.36 (KHTML, like Gecko; compatible; GPTBot/1.2; +https://openai.com/gptbot)"
4.227.36.77 - - [25/Nov/2024:05:38:48 -0700] "GET /shop-1/p/files/Senior%20Secondary/files/Senior%20Secondary/js/js/js/js/js/images/js/files/Senior%20Secondary/js/files/Senior%20Secondary/Eng.Core-min.pdf HTTP/1.1" 200 94 "-" "Mozilla/5.0 AppleWebKit/537.36 (KHTML, like Gecko; compatible; GPTBot/1.2; +https://openai.com/gptbot)"
4.227.36.77 - - [25/Nov/2024:05:38:49 -0700] "GET /shop-1/p/files/Senior%20Secondary/files/Senior%20Secondary/js/js/js/js/js/images/js/js/js/js/js/js/js/js/fonts/icomoon/images/css/jquery.fancybox.min.css HTTP/1.1" 200 94 "-" "Mozilla/5.0 AppleWebKit/537.36 (KHTML, like Gecko; compatible; GPTBot/1.2; +https://openai.com/gptbot)"
4.227.36.77 - - [25/Nov/2024:05:38:50 -0700] "GET /shop-1/p/files/Senior%20Secondary/files/Senior%20Secondary/js/js/js/js/js/images/js/js/js/js/js/files/Senior%20Secondary/files/I-VIII/js/jquery.sticky.js HTTP/1.1" 200 94 "-" "Mozilla/5.0 AppleWebKit/537.36 (KHTML, like Gecko; compatible; GPTBot/1.2; +https://openai.com/gptbot)"
4.227.36.77 - - [25/Nov/2024:05:38:51 -0700] "GET /shop-1/p/files/Senior%20Secondary/files/Senior%20Secondary/js/js/js/js/js/images/js/js/js/js/js/js/js/js/js/images/fonts/flaticon/font/infrastructure.php HTTP/1.1" 200 94 "-" "Mozilla/5.0 AppleWebKit/537.36 (KHTML, like Gecko; compatible; GPTBot/1.2; +https://openai.com/gptbot)"
4.227.36.77 - - [25/Nov/2024:05:38:52 -0700] "GET /shop-1/p/files/Senior%20Secondary/files/Senior%20Secondary/js/js/js/js/js/images/js/js/js/js/js/js/files/I-VIII/files/Senior%20Secondary/images/bilga.png HTTP/1.1" 200 94 "-" "Mozilla/5.0 AppleWebKit/537.36 (KHTML, like Gecko; compatible; GPTBot/1.2; +https://openai.com/gptbot)"
4.227.36.77 - - [25/Nov/2024:05:38:53 -0700] "GET /shop-1/p/files/Senior%20Secondary/files/Senior%20Secondary/js/js/js/js/js/images/js/js/js/js/js/files/Senior%20Secondary/js/css/owl.theme.default.min.css HTTP/1.1" 200 94 "-" "Mozilla/5.0 AppleWebKit/537.36 (KHTML, like Gecko; compatible; GPTBot/1.2; +https://openai.com/gptbot)"
4.227.36.77 - - [25/Nov/2024:05:38:54 -0700] "GET /shop-1/p/files/Senior%20Secondary/files/Senior%20Secondary/js/js/js/js/js/images/js/js/js/js/js/js/js/js/js/files/I-VIII/files/I-VIII/js/jquery.sticky.js HTTP/1.1" 200 94 "-" "Mozilla/5.0 AppleWebKit/537.36 (KHTML, like Gecko; compatible; GPTBot/1.2; +https://openai.com/gptbot)"
4.227.36.77 - - [25/Nov/2024:05:38:55 -0700] "GET /shop-1/p/files/Senior%20Secondary/files/Senior%20Secondary/js/js/js/js/js/images/js/js/js/js/js/js/fonts/flaticon/font/files/Secondary/infrastructure.php HTTP/1.1" 200 94 "-" "Mozilla/5.0 AppleWebKit/537.36 (KHTML, like Gecko; compatible; GPTBot/1.2; +https://openai.com/gptbot)"
4.227.36.77 - - [25/Nov/2024:05:38:56 -0700] "GET /shop-1/p/files/Senior%20Secondary/files/Senior%20Secondary/js/js/js/js/js/images/js/js/js/js/js/js/js/js/js/fonts/icomoon/js/js/jquery.mb.YTPlayer.min.js HTTP/1.1" 200 94 "-" "Mozilla/5.0 AppleWebKit/537.36 (KHTML, like Gecko; compatible; GPTBot/1.2; +https://openai.com/gptbot)"
4.227.36.77 - - [25/Nov/2024:05:38:57 -0700] "GET /shop-1/p/files/Senior%20Secondary/files/Senior%20Secondary/js/js/js/js/js/images/js/js/js/js/js/js/js/js/images/files/IX-X/js/bootstrap-datepicker.min.js HTTP/1.1" 200 94 "-" "Mozilla/5.0 AppleWebKit/537.36 (KHTML, like Gecko; compatible; GPTBot/1.2; +https://openai.com/gptbot)"
4.227.36.77 - - [25/Nov/2024:05:38:59 -0700] "GET /shop-1/p/files/Senior%20Secondary/files/Senior%20Secondary/js/js/js/js/js/images/js/js/js/js/js/js/js/css/css/files/Senior%20Secondary/Psychology-min.pdf HTTP/1.1" 200 94 "-" "Mozilla/5.0 AppleWebKit/537.36 (KHTML, like Gecko; compatible; GPTBot/1.2; +https://openai.com/gptbot)"
4.227.36.77 - - [25/Nov/2024:05:39:00 -0700] "GET /shop-1/p/files/Senior%20Secondary/files/Senior%20Secondary/js/js/js/js/js/images/js/js/js/js/js/js/css/images/files/Secondary/English_Sec_2019-20-min.pdf HTTP/1.1" 200 94 "-" "Mozilla/5.0 AppleWebKit/537.36 (KHTML, like Gecko; compatible; GPTBot/1.2; +https://openai.com/gptbot)"
4.227.36.77 - - [25/Nov/2024:05:39:01 -0700] "GET /shop-1/p/files/Senior%20Secondary/files/Senior%20Secondary/js/js/js/js/js/images/js/js/js/js/files/Senior%20Secondary/fonts/icomoon/images/santattar1.jpg HTTP/1.1" 200 94 "-" "Mozilla/5.0 AppleWebKit/537.36 (KHTML, like Gecko; compatible; GPTBot/1.2; +https://openai.com/gptbot)"
4.227.36.77 - - [25/Nov/2024:05:39:02 -0700] "GET /shop-1/p/files/Senior%20Secondary/files/Senior%20Secondary/js/js/js/js/js/images/js/js/js/js/js/js/js/js/js/fonts/icomoon/files/IX-X/Grade%20(IX)-min.pdf HTTP/1.1" 200 94 "-" "Mozilla/5.0 AppleWebKit/537.36 (KHTML, like Gecko; compatible; GPTBot/1.2; +https://openai.com/gptbot)"
4.227.36.77 - - [25/Nov/2024:05:39:03 -0700] "GET /shop-1/p/files/Senior%20Secondary/files/Senior%20Secondary/js/js/js/js/js/images/js/js/js/js/js/css/css/files/Senior%20Secondary/PoliticalScience-min.pdf HTTP/1.1" 200 94 "-" "Mozilla/5.0 AppleWebKit/537.36 (KHTML, like Gecko; compatible; GPTBot/1.2; +https://openai.com/gptbot)"
4.227.36.77 - - [25/Nov/2024:05:39:04 -0700] "GET /shop-1/p/files/Senior%20Secondary/files/Senior%20Secondary/js/js/js/js/js/images/js/js/js/files/I-VIII/files/I-VIII/files/Secondary/402-INFO_TECH-min.pdf HTTP/1.1" 200 94 "-" "Mozilla/5.0 AppleWebKit/537.36 (KHTML, like Gecko; compatible; GPTBot/1.2; +https://openai.com/gptbot)"
4.227.36.77 - - [25/Nov/2024:05:39:05 -0700] "GET /shop-1/p/files/Senior%20Secondary/files/Senior%20Secondary/js/js/js/js/js/images/js/js/fonts/flaticon/font/js/files/Secondary/Science_Sec_2019-20-min.pdf HTTP/1.1" 200 94 "-" "Mozilla/5.0 AppleWebKit/537.36 (KHTML, like Gecko; compatible; GPTBot/1.2; +https://openai.com/gptbot)"
4.227.36.77 - - [25/Nov/2024:05:39:06 -0700] "GET /shop-1/p/files/Senior%20Secondary/files/Senior%20Secondary/js/js/js/js/js/images/js/js/js/js/js/js/js/files/I-VIII/images/files/Secondary/417-FAQ-min.pdf HTTP/1.1" 200 94 "-" "Mozilla/5.0 AppleWebKit/537.36 (KHTML, like Gecko; compatible; GPTBot/1.2; +https://openai.com/gptbot)"
4.227.36.77 - - [25/Nov/2024:05:39:07 -0700] "GET /shop-1/p/files/Senior%20Secondary/files/Senior%20Secondary/js/js/js/js/js/images/js/js/js/js/js/js/js/js/js/css/files/IX-X/js/bootstrap-datepicker.min.js HTTP/1.1" 200 94 "-" "Mozilla/5.0 AppleWebKit/537.36 (KHTML, like Gecko; compatible; GPTBot/1.2; +https://openai.com/gptbot)"
4.227.36.77 - - [25/Nov/2024:05:39:08 -0700] "GET /shop-1/p/files/Senior%20Secondary/files/Senior%20Secondary/js/js/js/js/js/images/js/js/js/js/js/files/Senior%20Secondary/css/css/bootstrap-datepicker.css HTTP/1.1" 200 94 "-" "Mozilla/5.0 AppleWebKit/537.36 (KHTML, like Gecko; compatible; GPTBot/1.2; +https://openai.com/gptbot)"
4.227.36.77 - - [25/Nov/2024:05:39:10 -0700] "GET /shop-1/p/files/Senior%20Secondary/files/Senior%20Secondary/js/js/js/js/js/images/js/js/js/js/js/js/js/js/js/files/I-VIII/files/I-VIII/js/bootstrap.min.js HTTP/1.1" 200 94 "-" "Mozilla/5.0 AppleWebKit/537.36 (KHTML, like Gecko; compatible; GPTBot/1.2; +https://openai.com/gptbot)"
4.227.36.77 - - [25/Nov/2024:05:39:11 -0700] "GET /shop-1/p/files/Senior%20Secondary/files/Senior%20Secondary/js/js/files/Senior%20Secondary/files/I-VIII/files/Senior%20Secondary/ComputerSc_NewXII-min.pdf HTTP/1.1" 200 94 "-" "Mozilla/5.0 AppleWebKit/537.36 (KHTML, like Gecko; compatible; GPTBot/1.2; +https://openai.com/gptbot)"
4.227.36.77 - - [25/Nov/2024:05:39:12 -0700] "GET /shop-1/p/files/Senior%20Secondary/files/Senior%20Secondary/js/js/js/js/js/images/js/js/js/js/js/js/css/fonts/flaticon/font/files/IX-X/Grade%20(X)-min.pdf HTTP/1.1" 200 94 "-" "Mozilla/5.0 AppleWebKit/537.36 (KHTML, like Gecko; compatible; GPTBot/1.2; +https://openai.com/gptbot)"
4.227.36.77 - - [25/Nov/2024:05:39:13 -0700] "GET /shop-1/p/files/Senior%20Secondary/files/Senior%20Secondary/js/js/js/js/js/images/js/js/js/js/js/images/fonts/flaticon/font/files/IX-X/Grade%20(X)-min.pdf HTTP/1.1" 200 94 "-" "Mozilla/5.0 AppleWebKit/537.36 (KHTML, like Gecko; compatible; GPTBot/1.2; +https://openai.com/gptbot)"
4.227.36.77 - - [25/Nov/2024:05:39:14 -0700] "GET /shop-1/p/files/Senior%20Secondary/files/Senior%20Secondary/js/js/js/js/files/Senior%20Secondary/fonts/icomoon/files/Secondary/Science_Sec_2019-20-min.pdf HTTP/1.1" 200 94 "-" "Mozilla/5.0 AppleWebKit/537.36 (KHTML, like Gecko; compatible; GPTBot/1.2; +https://openai.com/gptbot)"
4.227.36.77 - - [25/Nov/2024:05:39:15 -0700] "GET /shop-1/p/files/Senior%20Secondary/files/Senior%20Secondary/js/js/js/js/js/images/js/files/Senior%20Secondary/files/Senior%20Secondary/js/jquery.sticky.js HTTP/1.1" 200 94 "-" "Mozilla/5.0 AppleWebKit/537.36 (KHTML, like Gecko; compatible; GPTBot/1.2; +https://openai.com/gptbot)"
4.227.36.77 - - [25/Nov/2024:05:39:16 -0700] "GET /shop-1/p/files/Senior%20Secondary/files/Senior%20Secondary/js/js/js/js/js/images/js/js/js/js/js/js/js/js/files/Secondary/files/IX-X/images/Tree%20(1).png HTTP/1.1" 200 94 "-" "Mozilla/5.0 AppleWebKit/537.36 (KHTML, like Gecko; compatible; GPTBot/1.2; +https://openai.com/gptbot)"
66.249.79.165 - - [25/Nov/2024:05:39:16 -0700] "GET /bet/obbxwj/ HTTP/1.1" 200 94 "-" "Mozilla/5.0 (compatible; Googlebot/2.1; +http://www.google.com/bot.html)"
4.227.36.77 - - [25/Nov/2024:05:39:17 -0700] "GET /shop-1/p/files/Senior%20Secondary/files/Senior%20Secondary/js/js/js/js/js/images/js/images/files/Senior%20Secondary/files/Secondary/ART_EDUCATION-min.pdf HTTP/1.1" 200 94 "-" "Mozilla/5.0 AppleWebKit/537.36 (KHTML, like Gecko; compatible; GPTBot/1.2; +https://openai.com/gptbot)"
4.227.36.77 - - [25/Nov/2024:05:39:18 -0700] "GET /shop-1/p/files/Senior%20Secondary/files/Senior%20Secondary/js/js/js/js/js/images/js/js/js/js/js/images/fonts/flaticon/font/css/jquery.mb.YTPlayer.min.css HTTP/1.1" 200 94 "-" "Mozilla/5.0 AppleWebKit/537.36 (KHTML, like Gecko; compatible; GPTBot/1.2; +https://openai.com/gptbot)"
4.227.36.77 - - [25/Nov/2024:05:39:19 -0700] "GET /shop-1/p/files/Senior%20Secondary/files/Senior%20Secondary/js/js/js/js/js/images/js/js/files/Secondary/files/IX-X/files/Secondary/402-INFO_TECH_X-min.pdf HTTP/1.1" 200 94 "-" "Mozilla/5.0 AppleWebKit/537.36 (KHTML, like Gecko; compatible; GPTBot/1.2; +https://openai.com/gptbot)"
4.227.36.77 - - [25/Nov/2024:05:39:21 -0700] "GET /shop-1/p/files/Senior%20Secondary/files/Senior%20Secondary/js/js/js/js/js/images/js/js/js/js/js/js/js/files/Secondary/css/files/IX-X/Grade%20(IX)-min.pdf HTTP/1.1" 200 94 "-" "Mozilla/5.0 AppleWebKit/537.36 (KHTML, like Gecko; compatible; GPTBot/1.2; +https://openai.com/gptbot)"
4.227.36.77 - - [25/Nov/2024:05:39:22 -0700] "GET /shop-1/p/files/Senior%20Secondary/files/Senior%20Secondary/js/js/js/js/js/images/js/js/files/IX-X/files/IX-X/files/I-VIII/Maths%20(I%20to%20VIII)-min.pdf HTTP/1.1" 200 94 "-" "Mozilla/5.0 AppleWebKit/537.36 (KHTML, like Gecko; compatible; GPTBot/1.2; +https://openai.com/gptbot)"
4.227.36.77 - - [25/Nov/2024:05:39:23 -0700] "GET /shop-1/p/files/Senior%20Secondary/files/Senior%20Secondary/js/js/js/js/js/images/js/js/js/css/files/IX-X/files/Senior%20Secondary/BusinessStudies-min.pdf HTTP/1.1" 200 94 "-" "Mozilla/5.0 AppleWebKit/537.36 (KHTML, like Gecko; compatible; GPTBot/1.2; +https://openai.com/gptbot)"
4.227.36.77 - - [25/Nov/2024:05:39:24 -0700] "GET /shop-1/p/files/Senior%20Secondary/files/Senior%20Secondary/js/js/js/js/js/images/js/js/js/js/js/js/js/css/fonts/flaticon/font/css/jquery.fancybox.min.css HTTP/1.1" 200 94 "-" "Mozilla/5.0 AppleWebKit/537.36 (KHTML, like Gecko; compatible; GPTBot/1.2; +https://openai.com/gptbot)"
4.227.36.77 - - [25/Nov/2024:05:39:25 -0700] "GET /shop-1/p/files/Senior%20Secondary/files/Senior%20Secondary/js/js/js/js/js/images/js/js/js/js/js/js/files/I-VIII/files/IX-X/css/jquery.mb.YTPlayer.min.css HTTP/1.1" 200 94 "-" "Mozilla/5.0 AppleWebKit/537.36 (KHTML, like Gecko; compatible; GPTBot/1.2; +https://openai.com/gptbot)"
4.227.36.77 - - [25/Nov/2024:05:39:26 -0700] "GET /shop-1/p/files/Senior%20Secondary/files/Senior%20Secondary/js/js/js/js/js/images/js/js/files/Secondary/fonts/flaticon/font/css/jquery.mb.YTPlayer.min.css HTTP/1.1" 200 94 "-" "Mozilla/5.0 AppleWebKit/537.36 (KHTML, like Gecko; compatible; GPTBot/1.2; +https://openai.com/gptbot)"
4.227.36.77 - - [25/Nov/2024:05:39:27 -0700] "GET /shop-1/p/files/Senior%20Secondary/files/Senior%20Secondary/js/js/js/js/js/images/js/js/js/js/js/js/js/js/files/Secondary/js/css/owl.theme.default.min.css HTTP/1.1" 200 94 "-" "Mozilla/5.0 AppleWebKit/537.36 (KHTML, like Gecko; compatible; GPTBot/1.2; +https://openai.com/gptbot)"
4.227.36.77 - - [25/Nov/2024:05:39:28 -0700] "GET /shop-1/p/files/Senior%20Secondary/files/Senior%20Secondary/js/js/js/js/js/images/files/Senior%20Secondary/files/Senior%20Secondary/images/Dr-Veer-Ji1.jpg HTTP/1.1" 200 94 "-" "Mozilla/5.0 AppleWebKit/537.36 (KHTML, like Gecko; compatible; GPTBot/1.2; +https://openai.com/gptbot)"
4.227.36.77 - - [25/Nov/2024:05:39:29 -0700] "GET /shop-1/p/files/Senior%20Secondary/files/Senior%20Secondary/files/Senior%20Secondary/files/Senior%20Secondary/files/Secondary/14_Circular_2019ANX1-min.pdf HTTP/1.1" 200 94 "-" "Mozilla/5.0 AppleWebKit/537.36 (KHTML, like Gecko; compatible; GPTBot/1.2; +https://openai.com/gptbot)"
4.227.36.77 - - [25/Nov/2024:05:39:30 -0700] "GET /shop-1/p/files/Senior%20Secondary/files/Senior%20Secondary/js/js/js/js/js/images/js/js/js/js/js/js/js/js/js/css/files/I-VIII/js/jquery.mb.YTPlayer.min.js HTTP/1.1" 200 94 "-" "Mozilla/5.0 AppleWebKit/537.36 (KHTML, like Gecko; compatible; GPTBot/1.2; +https://openai.com/gptbot)"
4.227.36.77 - - [25/Nov/2024:05:39:32 -0700] "GET /shop-1/p/files/Senior%20Secondary/files/Senior%20Secondary/js/js/js/js/js/images/js/js/css/files/Senior%20Secondary/files/Secondary/ART_EDUCATION-min.pdf HTTP/1.1" 200 94 "-" "Mozilla/5.0 AppleWebKit/537.36 (KHTML, like Gecko; compatible; GPTBot/1.2; +https://openai.com/gptbot)"
52.167.144.214 - - [25/Nov/2024:05:39:32 -0700] "GET /news/dpvshz/files/Senior%20Secondary/files/Secondary/Intitial_pages_sec_2019-20-min.pdf HTTP/1.1" 200 94 "-" "Mozilla/5.0 AppleWebKit/537.36 (KHTML, like Gecko; compatible; bingbot/2.0; +http://www.bing.com/bingbot.htm) Chrome/116.0.1938.76 Safari/537.36"
4.227.36.77 - - [25/Nov/2024:05:39:33 -0700] "GET /shop-1/p/files/Senior%20Secondary/files/Senior%20Secondary/js/js/js/js/js/images/js/js/js/js/js/js/js/css/images/files/Senior%20Secondary/History-min.pdf HTTP/1.1" 200 94 "-" "Mozilla/5.0 AppleWebKit/537.36 (KHTML, like Gecko; compatible; GPTBot/1.2; +https://openai.com/gptbot)"
4.227.36.77 - - [25/Nov/2024:05:39:34 -0700] "GET /shop-1/p/files/Senior%20Secondary/files/Senior%20Secondary/js/js/js/js/js/images/js/js/js/js/js/files/Secondary/files/Secondary/js/jquery.fancybox.min.js HTTP/1.1" 200 94 "-" "Mozilla/5.0 AppleWebKit/537.36 (KHTML, like Gecko; compatible; GPTBot/1.2; +https://openai.com/gptbot)"
4.227.36.77 - - [25/Nov/2024:05:39:35 -0700] "GET /shop-1/p/files/Senior%20Secondary/files/Senior%20Secondary/js/js/files/IX-X/files/Senior%20Secondary/files/Secondary/Intitial_pages_srsec_2019-20-min.pdf HTTP/1.1" 200 94 "-" "Mozilla/5.0 AppleWebKit/537.36 (KHTML, like Gecko; compatible; GPTBot/1.2; +https://openai.com/gptbot)"
4.227.36.77 - - [25/Nov/2024:05:39:36 -0700] "GET /shop-1/p/files/Senior%20Secondary/files/Senior%20Secondary/js/js/js/js/js/images/files/IX-X/files/Secondary/files/Secondary/Hindi_B_sec%202019-20-min.pdf HTTP/1.1" 200 94 "-" "Mozilla/5.0 AppleWebKit/537.36 (KHTML, like Gecko; compatible; GPTBot/1.2; +https://openai.com/gptbot)"
4.227.36.77 - - [25/Nov/2024:05:39:37 -0700] "GET /shop-1/p/files/Senior%20Secondary/files/Senior%20Secondary/js/js/js/js/js/images/js/js/js/js/js/files/Secondary/fonts/icomoon/css/jquery.fancybox.min.css HTTP/1.1" 200 94 "-" "Mozilla/5.0 AppleWebKit/537.36 (KHTML, like Gecko; compatible; GPTBot/1.2; +https://openai.com/gptbot)"
4.227.36.77 - - [25/Nov/2024:05:39:38 -0700] "GET /shop-1/p/files/Senior%20Secondary/files/Senior%20Secondary/js/js/js/js/js/images/js/js/js/js/js/js/files/Secondary/images/files/IX-X/Grade%20(IX)-min.pdf HTTP/1.1" 200 94 "-" "Mozilla/5.0 AppleWebKit/537.36 (KHTML, like Gecko; compatible; GPTBot/1.2; +https://openai.com/gptbot)"
4.227.36.77 - - [25/Nov/2024:05:39:39 -0700] "GET /shop-1/p/files/Senior%20Secondary/files/Senior%20Secondary/js/js/js/js/js/images/js/js/js/js/js/css/fonts/icomoon/files/Secondary/402-INFO_TECH_X-min.pdf HTTP/1.1" 200 94 "-" "Mozilla/5.0 AppleWebKit/537.36 (KHTML, like Gecko; compatible; GPTBot/1.2; +https://openai.com/gptbot)"
4.227.36.77 - - [25/Nov/2024:05:39:40 -0700] "GET /shop-1/p/files/Senior%20Secondary/files/Senior%20Secondary/js/js/js/js/files/Senior%20Secondary/fonts/flaticon/font/files/Secondary/ART_EDUCATION-min.pdf HTTP/1.1" 200 94 "-" "Mozilla/5.0 AppleWebKit/537.36 (KHTML, like Gecko; compatible; GPTBot/1.2; +https://openai.com/gptbot)"
4.227.36.77 - - [25/Nov/2024:05:39:41 -0700] "GET /shop-1/p/files/Senior%20Secondary/files/Senior%20Secondary/js/js/js/js/js/images/js/js/js/js/js/js/js/js/css/fonts/flaticon/font/js/jquery.stellar.min.js HTTP/1.1" 200 94 "-" "Mozilla/5.0 AppleWebKit/537.36 (KHTML, like Gecko; compatible; GPTBot/1.2; +https://openai.com/gptbot)"
4.227.36.77 - - [25/Nov/2024:05:39:43 -0700] "GET /shop-1/p/files/Senior%20Secondary/files/Senior%20Secondary/js/js/js/js/js/images/js/js/js/js/js/js/js/js/js/images/fonts/icomoon/css/owl.carousel.min.css HTTP/1.1" 200 94 "-" "Mozilla/5.0 AppleWebKit/537.36 (KHTML, like Gecko; compatible; GPTBot/1.2; +https://openai.com/gptbot)"
4.227.36.77 - - [25/Nov/2024:05:39:44 -0700] "GET /shop-1/p/files/Senior%20Secondary/files/Senior%20Secondary/js/js/js/js/js/images/js/js/js/js/css/fonts/icomoon/files/Senior%20Secondary/Sociology-min.pdf HTTP/1.1" 200 94 "-" "Mozilla/5.0 AppleWebKit/537.36 (KHTML, like Gecko; compatible; GPTBot/1.2; +https://openai.com/gptbot)"
4.227.36.77 - - [25/Nov/2024:05:39:45 -0700] "GET /shop-1/p/files/Senior%20Secondary/files/Senior%20Secondary/js/js/js/js/js/images/js/js/js/js/js/js/js/js/files/Senior%20Secondary/images/school%20(9).jpg HTTP/1.1" 200 94 "-" "Mozilla/5.0 AppleWebKit/537.36 (KHTML, like Gecko; compatible; GPTBot/1.2; +https://openai.com/gptbot)"
66.249.79.167 - - [25/Nov/2024:05:40:07 -0700] "GET /detail/zcsgan/ HTTP/1.1" 200 94 "-" "Mozilla/5.0 (compatible; Googlebot/2.1; +http://www.google.com/bot.html)"
66.249.79.166 - - [25/Nov/2024:05:40:11 -0700] "GET /news/cbofch/ HTTP/1.1" 200 94 "-" "Mozilla/5.0 (compatible; Googlebot/2.1; +http://www.google.com/bot.html)"
69.162.124.238 - - [25/Nov/2024:05:41:12 -0700] "HEAD /cbse-corner.php HTTP/1.1" 200 - "https://bilga.akalacademy.ac.in/cbse-corner.php" "Mozilla/5.0+(compatible; UptimeRobot/2.0; http://www.uptimerobot.com/)"
107.152.35.249 - - [25/Nov/2024:05:42:10 -0700] "GET /images/journey/server-gacor/?abong=LATO99-ALTERNATIF HTTP/1.1" 200 116301 "-" "Mozilla/5.0 (Macintosh; Intel Mac OS X 12_5) AppleWebKit/537.36 (KHTML, like Gecko) Chrome/114.0.0.0 Safari/537.36 Vivaldi/5.3.2679.68"
66.249.79.165 - - [25/Nov/2024:05:43:13 -0700] "GET /detail/?cpbyux/goonies-game-online.html HTTP/1.1" 200 94 "-" "Mozilla/5.0 (compatible; Googlebot/2.1; +http://www.google.com/bot.html)"
66.249.79.167 - - [25/Nov/2024:05:44:23 -0700] "GET /detail/pzsepc/ HTTP/1.1" 200 94 "-" "Mozilla/5.0 (compatible; Googlebot/2.1; +http://www.google.com/bot.html)"
66.249.79.166 - - [25/Nov/2024:05:44:23 -0700] "GET /detail/pzsepc/ HTTP/1.1" 200 94 "-" "Mozilla/5.0 (compatible; Googlebot/2.1; +http://www.google.com/bot.html)"
66.249.79.166 - - [25/Nov/2024:05:44:31 -0700] "GET /bet/qzumez/real-cricket-play-online-free.html HTTP/1.1" 200 94 "-" "Mozilla/5.0 (compatible; Googlebot/2.1; +http://www.google.com/bot.html)"
66.249.79.165 - - [25/Nov/2024:05:44:43 -0700] "GET /detail/icsiml/latest-news-world-slasher-cup-2015.html HTTP/1.1" 200 94 "-" "Mozilla/5.0 (compatible; Googlebot/2.1; +http://www.google.com/bot.html)"
104.223.105.196 - - [25/Nov/2024:05:44:43 -0700] "GET /images/journey/server-gacor/?abong=LATO99-ALTERNATIF HTTP/1.1" 200 116301 "-" "Mozilla/5.0 (X11; Linux i686; rv:114.0) Gecko/20100101 Firefox/114.0"
104.223.105.196 - - [25/Nov/2024:05:44:55 -0700] "GET /images/journey/server-gacor/?abong=LATO99-ALTERNATIF HTTP/1.1" 200 116301 "https://bilga.akalacademy.ac.in/images/journey/server-gacor/?abong=LATO99-ALTERNATIF" "Mozilla/5.0 (X11; Linux i686; rv:114.0) Gecko/20100101 Firefox/114.0"
66.249.79.166 - - [25/Nov/2024:05:45:01 -0700] "GET /detail/poptey/nishit-parikh-lotto-max.html HTTP/1.1" 200 94 "-" "Mozilla/5.0 (compatible; Googlebot/2.1; +http://www.google.com/bot.html)"
66.249.79.167 - - [25/Nov/2024:05:46:23 -0700] "GET /news/wxfzpm/ HTTP/1.1" 200 94 "-" "Mozilla/5.0 (compatible; Googlebot/2.1; +http://www.google.com/bot.html)"
69.162.124.238 - - [25/Nov/2024:05:47:41 -0700] "HEAD /cbse-corner.php HTTP/1.1" 200 - "https://bilga.akalacademy.ac.in/cbse-corner.php" "Mozilla/5.0+(compatible; UptimeRobot/2.0; http://www.uptimerobot.com/)"
66.249.79.166 - - [25/Nov/2024:05:48:39 -0700] "GET /detail/pgdjed/best-picks-for-mlb-today.html HTTP/1.1" 200 94 "-" "Mozilla/5.0 (compatible; Googlebot/2.1; +http://www.google.com/bot.html)"
196.196.222.203 - - [25/Nov/2024:05:49:07 -0700] "GET /images/journey/server-gacor/?abong=LATO99-ALTERNATIF HTTP/1.1" 200 116301 "-" "Mozilla/5.0 (Macintosh; Intel Mac OS X 12_5) AppleWebKit/537.36 (KHTML, like Gecko) Chrome/114.0.0.0 Safari/537.36 Edg/114.0.1264.71"
66.249.79.167 - - [25/Nov/2024:05:50:09 -0700] "GET /detail/xhdckd/cricket-batting-pads-buy-online.html HTTP/1.1" 200 94 "-" "Mozilla/5.0 (compatible; Googlebot/2.1; +http://www.google.com/bot.html)"
66.249.79.165 - - [25/Nov/2024:05:51:01 -0700] "GET /bet/?qlbelr/ HTTP/1.1" 200 94 "-" "Mozilla/5.0 (compatible; Googlebot/2.1; +http://www.google.com/bot.html)"
46.232.24.202 - - [25/Nov/2024:05:51:11 -0700] "GET /images/journey/server-gacor/?abong=LATO99-ALTERNATIF HTTP/1.1" 200 116301 "-" "Mozilla/5.0 (Windows NT 10.0; Win64; x64) AppleWebKit/537.36 (KHTML, like Gecko) Chrome/114.0.0.0 Safari/537.36"
46.232.24.202 - - [25/Nov/2024:05:51:14 -0700] "GET /images/journey/server-gacor/?abong=LATO99-ALTERNATIF HTTP/1.1" 200 116301 "https://bilga.akalacademy.ac.in/images/journey/server-gacor/?abong=LATO99-ALTERNATIF" "Mozilla/5.0 (Windows NT 10.0; Win64; x64) AppleWebKit/537.36 (KHTML, like Gecko) Chrome/114.0.0.0 Safari/537.36"
66.249.79.165 - - [25/Nov/2024:05:51:40 -0700] "GET /bet/riydyn/ HTTP/1.1" 200 94 "-" "Mozilla/5.0 (compatible; Googlebot/2.1; +http://www.google.com/bot.html)"
3.15.11.130 - - [25/Nov/2024:05:52:02 -0700] "GET /myadmin/gallery/files/Senior%20Secondary/fonts/flaticon/font/css/images/Tree%20(1).png HTTP/1.1" 200 94 "-" "Mozilla/5.0 AppleWebKit/537.36 (KHTML, like Gecko; compatible; ClaudeBot/1.0; +claudebot@anthropic.com)"
69.162.124.238 - - [25/Nov/2024:05:52:41 -0700] "HEAD /cbse-corner.php HTTP/1.1" 200 - "https://bilga.akalacademy.ac.in/cbse-corner.php" "Mozilla/5.0+(compatible; UptimeRobot/2.0; http://www.uptimerobot.com/)"
66.249.79.167 - - [25/Nov/2024:05:53:08 -0700] "GET /images/journey/server-gacor/?abong=MAYORQQ-TOGEL HTTP/1.1" 200 116101 "-" "Mozilla/5.0 (Linux; Android 6.0.1; Nexus 5X Build/MMB29P) AppleWebKit/537.36 (KHTML, like Gecko) Chrome/131.0.6778.69 Mobile Safari/537.36 (compatible; Googlebot/2.1; +http://www.google.com/bot.html)"
66.249.79.165 - - [25/Nov/2024:05:54:16 -0700] "GET /news/vifnus/ HTTP/1.1" 200 94 "-" "Mozilla/5.0 (compatible; Googlebot/2.1; +http://www.google.com/bot.html)"
66.249.79.166 - - [25/Nov/2024:05:54:24 -0700] "GET /news/pdomzt/ HTTP/1.1" 200 94 "-" "Mozilla/5.0 (compatible; Googlebot/2.1; +http://www.google.com/bot.html)"
66.249.79.165 - - [25/Nov/2024:05:56:04 -0700] "GET /news/ehnrwn/ HTTP/1.1" 200 94 "-" "Mozilla/5.0 (compatible; Googlebot/2.1; +http://www.google.com/bot.html)"
66.249.79.166 - - [25/Nov/2024:05:56:10 -0700] "GET /detail/wlxmep/cropbytes-strategy.html HTTP/1.1" 200 94 "-" "Mozilla/5.0 (compatible; Googlebot/2.1; +http://www.google.com/bot.html)"
46.232.24.150 - - [25/Nov/2024:05:56:11 -0700] "GET /images/journey/server-gacor/?abong=LATO99-ALTERNATIF HTTP/1.1" 200 116301 "-" "Mozilla/5.0 (X11; Linux x86_64) AppleWebKit/537.36 (KHTML, like Gecko) Chrome/114.0.0.0 Safari/537.36 OPR/89.0.4447.51"
46.232.24.150 - - [25/Nov/2024:05:56:16 -0700] "GET /images/journey/server-gacor/?abong=LATO99-ALTERNATIF HTTP/1.1" 200 116301 "https://bilga.akalacademy.ac.in/images/journey/server-gacor/?abong=LATO99-ALTERNATIF" "Mozilla/5.0 (X11; Linux x86_64) AppleWebKit/537.36 (KHTML, like Gecko) Chrome/114.0.0.0 Safari/537.36 OPR/89.0.4447.51"
66.249.79.165 - - [25/Nov/2024:05:56:37 -0700] "GET /detail/rehfel/ HTTP/1.1" 200 94 "-" "Mozilla/5.0 (compatible; Googlebot/2.1; +http://www.google.com/bot.html)"
69.162.124.238 - - [25/Nov/2024:05:57:41 -0700] "HEAD /cbse-corner.php HTTP/1.1" 200 - "https://bilga.akalacademy.ac.in/cbse-corner.php" "Mozilla/5.0+(compatible; UptimeRobot/2.0; http://www.uptimerobot.com/)"
52.167.144.24 - - [25/Nov/2024:05:57:51 -0700] "GET /myadmin/gallery/10-12-19_Q2hlbWlzdHJ5LUxhYi5qcGc= HTTP/1.1" 200 94 "-" "Mozilla/5.0 AppleWebKit/537.36 (KHTML, like Gecko; compatible; bingbot/2.0; +http://www.bing.com/bingbot.htm) Chrome/116.0.1938.76 Safari/537.36"
66.249.79.166 - - [25/Nov/2024:05:58:08 -0700] "GET /bet/jkotpn/ HTTP/1.1" 200 94 "-" "Mozilla/5.0 (compatible; Googlebot/2.1; +http://www.google.com/bot.html)"
66.249.79.165 - - [25/Nov/2024:05:58:11 -0700] "GET /news/fuurcv/kings-casino-antigua.html HTTP/1.1" 200 94 "-" "Mozilla/5.0 (compatible; Googlebot/2.1; +http://www.google.com/bot.html)"
18.116.90.57 - - [25/Nov/2024:05:58:11 -0700] "GET /myadmin/gallery/fonts/icomoon/files/Senior%20Secondary/css/images/images/cbse-corner.php HTTP/1.1" 200 94 "-" "Mozilla/5.0 AppleWebKit/537.36 (KHTML, like Gecko; compatible; ClaudeBot/1.0; +claudebot@anthropic.com)"
66.249.79.166 - - [25/Nov/2024:05:58:44 -0700] "GET /news/ppzzid/vivo-ipl-2018-today-presentation.html HTTP/1.1" 200 94 "-" "Mozilla/5.0 (compatible; Googlebot/2.1; +http://www.google.com/bot.html)"
66.249.79.165 - - [25/Nov/2024:05:58:57 -0700] "GET /detail/tcdmhp/ HTTP/1.1" 200 94 "-" "Mozilla/5.0 (compatible; Googlebot/2.1; +http://www.google.com/bot.html)"
66.249.79.166 - - [25/Nov/2024:06:00:15 -0700] "GET /bet/xtvxjs/ HTTP/1.1" 200 94 "-" "Mozilla/5.0 (compatible; Googlebot/2.1; +http://www.google.com/bot.html)"
66.249.79.166 - - [25/Nov/2024:06:00:23 -0700] "GET /detail/qsdnjx/ HTTP/1.1" 200 94 "-" "Mozilla/5.0 (compatible; Googlebot/2.1; +http://www.google.com/bot.html)"
66.249.79.165 - - [25/Nov/2024:06:00:45 -0700] "GET /news/ocxncg/ HTTP/1.1" 200 94 "-" "Mozilla/5.0 (compatible; Googlebot/2.1; +http://www.google.com/bot.html)"
66.249.79.165 - - [25/Nov/2024:06:00:45 -0700] "GET /bet/ivslty/germany-world-cup-2019.html HTTP/1.1" 200 94 "-" "Mozilla/5.0 (compatible; Googlebot/2.1; +http://www.google.com/bot.html)"
66.249.79.165 - - [25/Nov/2024:06:00:54 -0700] "GET /bet/ipjdzv/ HTTP/1.1" 200 94 "-" "Mozilla/5.0 (compatible; Googlebot/2.1; +http://www.google.com/bot.html)"
3.129.194.229 - - [25/Nov/2024:06:01:15 -0700] "GET /myadmin/gallery/css/css/css/images/school%20(9).jpg HTTP/1.1" 200 94 "-" "Mozilla/5.0 AppleWebKit/537.36 (KHTML, like Gecko; compatible; ClaudeBot/1.0; +claudebot@anthropic.com)"
172.93.218.12 - - [25/Nov/2024:06:02:18 -0700] "GET /images/journey/server-gacor/?abong=LATO99-ALTERNATIF HTTP/1.1" 200 116301 "-" "Mozilla/5.0 (X11; Ubuntu; Linux i686; rv:114.0) Gecko/20100101 Firefox/114.0"
172.93.218.12 - - [25/Nov/2024:06:02:18 -0700] "GET /images/journey/server-gacor/?abong=LATO99-ALTERNATIF HTTP/1.1" 200 116301 "https://bilga.akalacademy.ac.in/images/journey/server-gacor/?abong=LATO99-ALTERNATIF" "Mozilla/5.0 (X11; Ubuntu; Linux i686; rv:114.0) Gecko/20100101 Firefox/114.0"
66.249.79.165 - - [25/Nov/2024:06:02:33 -0700] "GET /detail/gblksf/ HTTP/1.1" 200 94 "-" "Mozilla/5.0 (compatible; Googlebot/2.1; +http://www.google.com/bot.html)"
69.162.124.238 - - [25/Nov/2024:06:02:41 -0700] "HEAD /cbse-corner.php HTTP/1.1" 200 - "https://bilga.akalacademy.ac.in/cbse-corner.php" "Mozilla/5.0+(compatible; UptimeRobot/2.0; http://www.uptimerobot.com/)"
66.249.79.165 - - [25/Nov/2024:06:02:44 -0700] "POST /api/census/RecordHit HTTP/1.1" 200 94 "https://bilga.akalacademy.ac.in/images/journey/server-gacor/?abong=MAYORQQ-TOGEL" "Mozilla/5.0 (Linux; Android 6.0.1; Nexus 5X Build/MMB29P) AppleWebKit/537.36 (KHTML, like Gecko) Chrome/131.0.6778.69 Mobile Safari/537.36 (compatible; Googlebot/2.1; +http://www.google.com/bot.html)"
66.249.79.165 - - [25/Nov/2024:06:03:23 -0700] "GET /detail/dtllca/new-zealand-points-in-world-cup.html HTTP/1.1" 200 94 "-" "Mozilla/5.0 (compatible; Googlebot/2.1; +http://www.google.com/bot.html)"
66.249.79.165 - - [25/Nov/2024:06:04:05 -0700] "GET /news/jpdepr/ HTTP/1.1" 200 94 "-" "Mozilla/5.0 (compatible; Googlebot/2.1; +http://www.google.com/bot.html)"
66.249.79.166 - - [25/Nov/2024:06:04:29 -0700] "GET /detail/jqdzhc/bet-sites-in-south-africa.html HTTP/1.1" 200 94 "-" "Mozilla/5.0 (compatible; Googlebot/2.1; +http://www.google.com/bot.html)"
66.249.79.167 - - [25/Nov/2024:06:05:45 -0700] "GET /news/pnpdip/brazil-world-cup-apparel.html HTTP/1.1" 200 94 "-" "Mozilla/5.0 (compatible; Googlebot/2.1; +http://www.google.com/bot.html)"
66.249.79.165 - - [25/Nov/2024:06:05:58 -0700] "GET /detail/aaoecp/sunset-station-casino-buffet.html HTTP/1.1" 200 94 "-" "Mozilla/5.0 (compatible; Googlebot/2.1; +http://www.google.com/bot.html)"
66.249.79.166 - - [25/Nov/2024:06:06:12 -0700] "GET /news/ekvinc/ipl-new-score.html HTTP/1.1" 200 94 "-" "Mozilla/5.0 (compatible; Googlebot/2.1; +http://www.google.com/bot.html)"
66.249.79.165 - - [25/Nov/2024:06:06:32 -0700] "GET /news/jhbqzb/ HTTP/1.1" 200 94 "-" "Mozilla/5.0 (compatible; Googlebot/2.1; +http://www.google.com/bot.html)"
69.162.124.238 - - [25/Nov/2024:06:07:41 -0700] "HEAD /cbse-corner.php HTTP/1.1" 200 - "https://bilga.akalacademy.ac.in/cbse-corner.php" "Mozilla/5.0+(compatible; UptimeRobot/2.0; http://www.uptimerobot.com/)"
66.249.79.165 - - [25/Nov/2024:06:07:59 -0700] "GET /bet/kfolxs/hipopota-casino-london.html HTTP/1.1" 200 94 "-" "Mozilla/5.0 (compatible; Googlebot/2.1; +http://www.google.com/bot.html)"
66.249.79.166 - - [25/Nov/2024:06:08:25 -0700] "GET /detail/pizrib/dying-light-2-old-gen.html HTTP/1.1" 200 94 "-" "Mozilla/5.0 (compatible; Googlebot/2.1; +http://www.google.com/bot.html)"
3.15.235.239 - - [25/Nov/2024:06:08:51 -0700] "GET /myadmin/gallery/files/Senior%20Secondary/fonts/flaticon/font/css/images/bilga.png HTTP/1.1" 200 94 "-" "Mozilla/5.0 AppleWebKit/537.36 (KHTML, like Gecko; compatible; ClaudeBot/1.0; +claudebot@anthropic.com)"
3.15.235.239 - - [25/Nov/2024:06:08:51 -0700] "GET /myadmin/gallery/files/Senior%20Secondary/fonts/flaticon/font/css/images/school%20(9).jpg HTTP/1.1" 200 94 "-" "Mozilla/5.0 AppleWebKit/537.36 (KHTML, like Gecko; compatible; ClaudeBot/1.0; +claudebot@anthropic.com)"
3.15.235.239 - - [25/Nov/2024:06:08:51 -0700] "GET /myadmin/gallery/files/Senior%20Secondary/fonts/flaticon/font/css/images/Dr-Veer-Ji1.jpg HTTP/1.1" 200 94 "-" "Mozilla/5.0 AppleWebKit/537.36 (KHTML, like Gecko; compatible; ClaudeBot/1.0; +claudebot@anthropic.com)"
66.249.79.166 - - [25/Nov/2024:06:09:11 -0700] "GET /detail/ctxnsu/ HTTP/1.1" 200 94 "-" "Mozilla/5.0 (compatible; Googlebot/2.1; +http://www.google.com/bot.html)"
216.244.66.233 - - [25/Nov/2024:06:09:23 -0700] "GET /robots.txt HTTP/1.1" 200 94 "-" "Mozilla/5.0 (compatible; DotBot/1.2; +https://opensiteexplorer.org/dotbot; help@moz.com)"
168.228.45.106 - - [25/Nov/2024:06:09:34 -0700] "GET /images/journey/server-gacor/?abong=LATO99-ALTERNATIF HTTP/1.1" 200 116301 "-" "Mozilla/5.0 (Macintosh; Intel Mac OS X 12_5) AppleWebKit/605.1.15 (KHTML, like Gecko) Version/15.4 Safari/605.1.15"
168.228.45.106 - - [25/Nov/2024:06:09:41 -0700] "GET /images/journey/server-gacor/?abong=LATO99-ALTERNATIF HTTP/1.1" 200 116301 "https://bilga.akalacademy.ac.in/images/journey/server-gacor/?abong=LATO99-ALTERNATIF" "Mozilla/5.0 (Macintosh; Intel Mac OS X 12_5) AppleWebKit/605.1.15 (KHTML, like Gecko) Version/15.4 Safari/605.1.15"
66.249.79.167 - - [25/Nov/2024:06:10:31 -0700] "GET /news/?frkekw/cup-head-dlc.html HTTP/1.1" 200 94 "-" "Mozilla/5.0 (compatible; Googlebot/2.1; +http://www.google.com/bot.html)"
66.249.79.165 - - [25/Nov/2024:06:10:56 -0700] "GET /news/cipxoe/online-betting-american-express.html HTTP/1.1" 200 94 "-" "Mozilla/5.0 (compatible; Googlebot/2.1; +http://www.google.com/bot.html)"
66.249.79.166 - - [25/Nov/2024:06:11:54 -0700] "GET /detail/ussnfj/ HTTP/1.1" 200 94 "-" "Mozilla/5.0 (compatible; Googlebot/2.1; +http://www.google.com/bot.html)"
51.222.253.12 - - [25/Nov/2024:06:12:39 -0700] "GET /academics.php HTTP/1.1" 200 94 "-" "Mozilla/5.0 (compatible; AhrefsBot/7.0; +http://ahrefs.com/robot/)"
69.162.124.238 - - [25/Nov/2024:06:12:41 -0700] "HEAD /cbse-corner.php HTTP/1.1" 200 - "https://bilga.akalacademy.ac.in/cbse-corner.php" "Mozilla/5.0+(compatible; UptimeRobot/2.0; http://www.uptimerobot.com/)"
66.249.79.165 - - [25/Nov/2024:06:12:46 -0700] "GET /detail/bzwcey/choctaw-casino-shows-2022.html HTTP/1.1" 200 94 "-" "Mozilla/5.0 (compatible; Googlebot/2.1; +http://www.google.com/bot.html)"
66.249.79.166 - - [25/Nov/2024:06:17:09 -0700] "GET /news/?jugglf/amit-mishra-expired.html HTTP/1.1" 200 94 "-" "Mozilla/5.0 (compatible; Googlebot/2.1; +http://www.google.com/bot.html)"
66.249.79.165 - - [25/Nov/2024:06:17:12 -0700] "GET /news/angelg/icc-2015-live-stream.html HTTP/1.1" 200 94 "-" "Mozilla/5.0 (compatible; Googlebot/2.1; +http://www.google.com/bot.html)"
66.249.79.166 - - [25/Nov/2024:06:17:15 -0700] "GET /detail/eghtbv/ HTTP/1.1" 200 94 "-" "Mozilla/5.0 (compatible; Googlebot/2.1; +http://www.google.com/bot.html)"
69.162.124.238 - - [25/Nov/2024:06:17:43 -0700] "HEAD /cbse-corner.php HTTP/1.1" 200 - "https://bilga.akalacademy.ac.in/cbse-corner.php" "Mozilla/5.0+(compatible; UptimeRobot/2.0; http://www.uptimerobot.com/)"
66.249.79.167 - - [25/Nov/2024:06:18:05 -0700] "GET /detail/yhynez/best-slots-at-san-manuel-casino.html HTTP/1.1" 200 94 "-" "Mozilla/5.0 (compatible; Googlebot/2.1; +http://www.google.com/bot.html)"
212.8.248.108 - - [25/Nov/2024:06:18:13 -0700] "GET /images/journey/server-gacor/?abong=LATO99-ALTERNATIF HTTP/1.0" 200 116301 "-" "Mozilla/5.0 (Windows NT 10.0; Win64; x64) AppleWebKit/537.36 (KHTML, like Gecko) Chrome/118.0.0.0 Safari/537.36"
213.180.203.204 - - [25/Nov/2024:06:18:56 -0700] "GET /robots.txt HTTP/1.1" 200 94 "-" "Mozilla/5.0 (compatible; YandexBot/3.0; +http://yandex.com/bots)"
5.255.231.136 - - [25/Nov/2024:06:18:57 -0700] "GET /s96sueounevspb/litrp HTTP/1.1" 200 94 "-" "Mozilla/5.0 (compatible; YandexBot/3.0; +http://yandex.com/bots)"
66.249.79.167 - - [25/Nov/2024:06:19:30 -0700] "GET /news/hvuddk/hobbies-online-games.html HTTP/1.1" 200 94 "-" "Mozilla/5.0 (compatible; Googlebot/2.1; +http://www.google.com/bot.html)"
66.249.79.167 - - [25/Nov/2024:06:20:45 -0700] "GET /detail/omxqeg/icc-review.html HTTP/1.1" 200 94 "-" "Mozilla/5.0 (compatible; Googlebot/2.1; +http://www.google.com/bot.html)"
