49.229.89.23 - - [25/Nov/2024:07:12:15 -0700] "GET /images/journey/server-gacor/?abong=LATO99-ALTERNATIF HTTP/1.1" 200 116301 "https://bilga.akalacademy.ac.in/images/journey/server-gacor/?abong=LATO99-ALTERNATIF" "Mozilla/5.0 (X11; Linux x86_64) AppleWebKit/537.36 (KHTML, like Gecko) Chrome/114.0.0.0 Safari/537.36 OPR/89.0.4447.51"
4.227.36.77 - - [25/Nov/2024:07:12:33 -0700] "GET /shop-1/p/files/Senior%20Secondary/files/Senior%20Secondary/js/js/js/js/js/images/js/js/js/js/js/files/IX-X/files/Senior%20Secondary/css/bootstrap.min.css HTTP/1.1" 200 94 "-" "Mozilla/5.0 AppleWebKit/537.36 (KHTML, like Gecko; compatible; GPTBot/1.2; +https://openai.com/gptbot)"
66.249.79.165 - - [25/Nov/2024:07:12:33 -0700] "GET /news/hzkdpe/strata-titanium-composite-driver-460cc.html HTTP/1.1" 200 94 "-" "Mozilla/5.0 (compatible; Googlebot/2.1; +http://www.google.com/bot.html)"
4.227.36.77 - - [25/Nov/2024:07:12:34 -0700] "GET /shop-1/p/files/Senior%20Secondary/files/Senior%20Secondary/js/js/js/js/js/images/js/fonts/flaticon/font/fonts/flaticon/font/css/owl.theme.default.min.css HTTP/1.1" 200 94 "-" "Mozilla/5.0 AppleWebKit/537.36 (KHTML, like Gecko; compatible; GPTBot/1.2; +https://openai.com/gptbot)"
4.227.36.77 - - [25/Nov/2024:07:12:35 -0700] "GET /shop-1/p/files/Senior%20Secondary/files/Senior%20Secondary/js/js/js/files/Secondary/files/Senior%20Secondary/files/Senior%20Secondary/Accountancy-min.pdf HTTP/1.1" 200 94 "-" "Mozilla/5.0 AppleWebKit/537.36 (KHTML, like Gecko; compatible; GPTBot/1.2; +https://openai.com/gptbot)"
4.227.36.77 - - [25/Nov/2024:07:12:36 -0700] "GET /shop-1/p/files/Senior%20Secondary/files/Senior%20Secondary/js/js/js/js/js/images/js/js/js/js/js/js/js/files/Secondary/files/Senior%20Secondary/videos.php HTTP/1.1" 200 94 "-" "Mozilla/5.0 AppleWebKit/537.36 (KHTML, like Gecko; compatible; GPTBot/1.2; +https://openai.com/gptbot)"
4.227.36.77 - - [25/Nov/2024:07:12:37 -0700] "GET /shop-1/p/files/Senior%20Secondary/files/Senior%20Secondary/js/js/js/js/js/fonts/flaticon/font/fonts/icomoon/files/I-VIII/S.St%20(III%20to%20VIII)-min.pdf HTTP/1.1" 200 94 "-" "Mozilla/5.0 AppleWebKit/537.36 (KHTML, like Gecko; compatible; GPTBot/1.2; +https://openai.com/gptbot)"
4.227.36.77 - - [25/Nov/2024:07:12:38 -0700] "GET /shop-1/p/files/Senior%20Secondary/files/Senior%20Secondary/js/js/js/js/js/images/js/js/js/js/js/js/fonts/flaticon/font/fonts/flaticon/font/addmission.php HTTP/1.1" 200 94 "-" "Mozilla/5.0 AppleWebKit/537.36 (KHTML, like Gecko; compatible; GPTBot/1.2; +https://openai.com/gptbot)"
4.227.36.77 - - [25/Nov/2024:07:12:39 -0700] "GET /shop-1/p/files/Senior%20Secondary/files/Senior%20Secondary/js/js/js/js/js/images/js/js/files/I-VIII/js/files/Senior%20Secondary/ComputerSc_NewXII-min.pdf HTTP/1.1" 200 94 "-" "Mozilla/5.0 AppleWebKit/537.36 (KHTML, like Gecko; compatible; GPTBot/1.2; +https://openai.com/gptbot)"
4.227.36.77 - - [25/Nov/2024:07:12:41 -0700] "GET /shop-1/p/files/Senior%20Secondary/files/Senior%20Secondary/js/js/js/js/js/images/js/js/js/js/js/js/files/Senior%20Secondary/files/Secondary/theschool.php HTTP/1.1" 200 94 "-" "Mozilla/5.0 AppleWebKit/537.36 (KHTML, like Gecko; compatible; GPTBot/1.2; +https://openai.com/gptbot)"
69.162.124.238 - - [25/Nov/2024:07:12:41 -0700] "HEAD /cbse-corner.php HTTP/1.1" 200 - "https://bilga.akalacademy.ac.in/cbse-corner.php" "Mozilla/5.0+(compatible; UptimeRobot/2.0; http://www.uptimerobot.com/)"
4.227.36.77 - - [25/Nov/2024:07:12:42 -0700] "GET /shop-1/p/files/Senior%20Secondary/files/Senior%20Secondary/js/js/js/js/js/images/js/files/IX-X/fonts/icomoon/files/Senior%20Secondary/Accountancy-min.pdf HTTP/1.1" 200 94 "-" "Mozilla/5.0 AppleWebKit/537.36 (KHTML, like Gecko; compatible; GPTBot/1.2; +https://openai.com/gptbot)"
4.227.36.77 - - [25/Nov/2024:07:12:43 -0700] "GET /shop-1/p/files/Senior%20Secondary/files/Senior%20Secondary/js/js/js/js/js/images/js/js/js/js/js/js/js/js/files/Secondary/fonts/flaticon/font/academic.php HTTP/1.1" 200 94 "-" "Mozilla/5.0 AppleWebKit/537.36 (KHTML, like Gecko; compatible; GPTBot/1.2; +https://openai.com/gptbot)"
4.227.36.77 - - [25/Nov/2024:07:12:44 -0700] "GET /shop-1/p/files/Senior%20Secondary/files/Senior%20Secondary/js/js/js/js/js/images/js/js/js/js/js/js/js/files/Secondary/files/IX-X/css/owl.carousel.min.css HTTP/1.1" 200 94 "-" "Mozilla/5.0 AppleWebKit/537.36 (KHTML, like Gecko; compatible; GPTBot/1.2; +https://openai.com/gptbot)"
4.227.36.77 - - [25/Nov/2024:07:12:45 -0700] "GET /shop-1/p/files/Senior%20Secondary/files/Senior%20Secondary/js/js/js/js/js/images/js/js/js/js/js/files/IX-X/files/Secondary/files/IX-X/Grade%20(X)-min.pdf HTTP/1.1" 200 94 "-" "Mozilla/5.0 AppleWebKit/537.36 (KHTML, like Gecko; compatible; GPTBot/1.2; +https://openai.com/gptbot)"
4.227.36.77 - - [25/Nov/2024:07:12:46 -0700] "GET /shop-1/p/files/Senior%20Secondary/files/Senior%20Secondary/js/js/js/js/files/Senior%20Secondary/files/Secondary/files/Senior%20Secondary/Eng.Core-min.pdf HTTP/1.1" 200 94 "-" "Mozilla/5.0 AppleWebKit/537.36 (KHTML, like Gecko; compatible; GPTBot/1.2; +https://openai.com/gptbot)"
4.227.36.77 - - [25/Nov/2024:07:12:47 -0700] "GET /shop-1/p/files/Senior%20Secondary/files/Senior%20Secondary/js/js/js/js/js/images/js/js/js/files/I-VIII/files/I-VIII/files/Secondary/ART_EDUCATION-min.pdf HTTP/1.1" 200 94 "-" "Mozilla/5.0 AppleWebKit/537.36 (KHTML, like Gecko; compatible; GPTBot/1.2; +https://openai.com/gptbot)"
4.227.36.77 - - [25/Nov/2024:07:12:48 -0700] "GET /shop-1/p/files/Senior%20Secondary/files/Senior%20Secondary/js/js/js/js/js/images/js/js/js/js/js/images/images/files/Senior%20Secondary/Psychology-min.pdf HTTP/1.1" 200 94 "-" "Mozilla/5.0 AppleWebKit/537.36 (KHTML, like Gecko; compatible; GPTBot/1.2; +https://openai.com/gptbot)"
4.227.36.77 - - [25/Nov/2024:07:12:49 -0700] "GET /shop-1/p/files/Senior%20Secondary/files/Senior%20Secondary/js/js/js/js/js/images/js/js/js/js/js/js/js/files/I-VIII/files/Secondary/js/owl.carousel.min.js HTTP/1.1" 200 94 "-" "Mozilla/5.0 AppleWebKit/537.36 (KHTML, like Gecko; compatible; GPTBot/1.2; +https://openai.com/gptbot)"
4.227.36.77 - - [25/Nov/2024:07:12:50 -0700] "GET /shop-1/p/files/Senior%20Secondary/files/Senior%20Secondary/js/js/js/js/js/images/js/js/js/files/I-VIII/fonts/flaticon/font/css/jquery.mb.YTPlayer.min.css HTTP/1.1" 200 94 "-" "Mozilla/5.0 AppleWebKit/537.36 (KHTML, like Gecko; compatible; GPTBot/1.2; +https://openai.com/gptbot)"
4.227.36.77 - - [25/Nov/2024:07:12:52 -0700] "GET /shop-1/p/files/Senior%20Secondary/files/Senior%20Secondary/js/js/js/js/js/images/js/js/js/js/js/js/js/js/js/images/files/I-VIII/js/jquery.fancybox.min.js HTTP/1.1" 200 94 "-" "Mozilla/5.0 AppleWebKit/537.36 (KHTML, like Gecko; compatible; GPTBot/1.2; +https://openai.com/gptbot)"
4.227.36.77 - - [25/Nov/2024:07:12:53 -0700] "GET /shop-1/p/files/Senior%20Secondary/files/Senior%20Secondary/js/js/js/js/js/images/js/js/js/js/js/js/files/Senior%20Secondary/fonts/flaticon/font/index.php HTTP/1.1" 200 94 "-" "Mozilla/5.0 AppleWebKit/537.36 (KHTML, like Gecko; compatible; GPTBot/1.2; +https://openai.com/gptbot)"
4.227.36.77 - - [25/Nov/2024:07:12:54 -0700] "GET /shop-1/p/files/Senior%20Secondary/files/Senior%20Secondary/js/js/js/js/files/Senior%20Secondary/fonts/flaticon/font/files/Secondary/402-INFO_TECH-min.pdf HTTP/1.1" 200 94 "-" "Mozilla/5.0 AppleWebKit/537.36 (KHTML, like Gecko; compatible; GPTBot/1.2; +https://openai.com/gptbot)"
66.249.79.165 - - [25/Nov/2024:07:12:55 -0700] "GET /news/?hgnclg/who-is-pradeep-sangwan.html HTTP/1.1" 200 94 "-" "Mozilla/5.0 (compatible; Googlebot/2.1; +http://www.google.com/bot.html)"
4.227.36.77 - - [25/Nov/2024:07:12:55 -0700] "GET /shop-1/p/files/Senior%20Secondary/files/Senior%20Secondary/js/js/js/js/js/images/js/js/js/js/js/js/js/css/files/Senior%20Secondary/js/owl.carousel.min.js HTTP/1.1" 200 94 "-" "Mozilla/5.0 AppleWebKit/537.36 (KHTML, like Gecko; compatible; GPTBot/1.2; +https://openai.com/gptbot)"
4.227.36.77 - - [25/Nov/2024:07:12:56 -0700] "GET /shop-1/p/files/Senior%20Secondary/files/Senior%20Secondary/js/js/js/js/js/images/js/js/js/js/js/files/IX-X/js/files/Secondary/Science_Sec_2019-20-min.pdf HTTP/1.1" 200 94 "-" "Mozilla/5.0 AppleWebKit/537.36 (KHTML, like Gecko; compatible; GPTBot/1.2; +https://openai.com/gptbot)"
4.227.36.77 - - [25/Nov/2024:07:12:57 -0700] "GET /shop-1/p/files/Senior%20Secondary/files/Senior%20Secondary/js/js/js/js/files/Senior%20Secondary/files/I-VIII/files/Senior%20Secondary/Mathematics-min.pdf HTTP/1.1" 200 94 "-" "Mozilla/5.0 AppleWebKit/537.36 (KHTML, like Gecko; compatible; GPTBot/1.2; +https://openai.com/gptbot)"
4.227.36.77 - - [25/Nov/2024:07:12:58 -0700] "GET /shop-1/p/files/Senior%20Secondary/files/Senior%20Secondary/js/js/js/js/js/images/js/js/js/js/files/Senior%20Secondary/files/Secondary/js/jquery.sticky.js HTTP/1.1" 200 94 "-" "Mozilla/5.0 AppleWebKit/537.36 (KHTML, like Gecko; compatible; GPTBot/1.2; +https://openai.com/gptbot)"
4.227.36.77 - - [25/Nov/2024:07:12:59 -0700] "GET /shop-1/p/files/Senior%20Secondary/files/Senior%20Secondary/js/js/js/js/js/images/js/js/js/js/js/js/js/js/js/js/fonts/flaticon/font/images/Dr-Veer-Ji1.jpg HTTP/1.1" 200 94 "-" "Mozilla/5.0 AppleWebKit/537.36 (KHTML, like Gecko; compatible; GPTBot/1.2; +https://openai.com/gptbot)"
4.227.36.77 - - [25/Nov/2024:07:13:00 -0700] "GET /shop-1/p/files/Senior%20Secondary/files/Senior%20Secondary/js/js/js/js/js/images/js/images/fonts/flaticon/font/files/Senior%20Secondary/Econonics-min.pdf HTTP/1.1" 200 94 "-" "Mozilla/5.0 AppleWebKit/537.36 (KHTML, like Gecko; compatible; GPTBot/1.2; +https://openai.com/gptbot)"
4.227.36.77 - - [25/Nov/2024:07:13:01 -0700] "GET /shop-1/p/files/Senior%20Secondary/files/Senior%20Secondary/js/js/js/js/js/images/js/js/js/js/js/js/js/files/Senior%20Secondary/js/jquery.countdown.min.js HTTP/1.1" 200 94 "-" "Mozilla/5.0 AppleWebKit/537.36 (KHTML, like Gecko; compatible; GPTBot/1.2; +https://openai.com/gptbot)"
4.227.36.77 - - [25/Nov/2024:07:13:03 -0700] "GET /shop-1/p/files/Senior%20Secondary/files/Senior%20Secondary/js/js/js/js/js/images/images/files/I-VIII/files/Secondary/Intitial_pages_srsec_2019-20-min.pdf HTTP/1.1" 200 94 "-" "Mozilla/5.0 AppleWebKit/537.36 (KHTML, like Gecko; compatible; GPTBot/1.2; +https://openai.com/gptbot)"
4.227.36.77 - - [25/Nov/2024:07:13:04 -0700] "GET /shop-1/p/files/Senior%20Secondary/files/Senior%20Secondary/js/js/js/js/js/images/files/Secondary/files/I-VIII/files/Secondary/Punjabi_Sec_2019-20-min.pdf HTTP/1.1" 200 94 "-" "Mozilla/5.0 AppleWebKit/537.36 (KHTML, like Gecko; compatible; GPTBot/1.2; +https://openai.com/gptbot)"
4.227.36.77 - - [25/Nov/2024:07:13:05 -0700] "GET /shop-1/p/files/Senior%20Secondary/files/Senior%20Secondary/js/js/js/js/js/images/js/js/js/js/js/js/js/js/js/files/Senior%20Secondary/js/css/js/videos.php HTTP/1.1" 200 94 "-" "Mozilla/5.0 AppleWebKit/537.36 (KHTML, like Gecko; compatible; GPTBot/1.2; +https://openai.com/gptbot)"
4.227.36.77 - - [25/Nov/2024:07:13:06 -0700] "GET /shop-1/p/files/Senior%20Secondary/files/Senior%20Secondary/js/js/js/js/js/images/js/js/js/js/js/js/files/Secondary/css/files/IX-X/Grade%20(XI)%20-min.pdf HTTP/1.1" 200 94 "-" "Mozilla/5.0 AppleWebKit/537.36 (KHTML, like Gecko; compatible; GPTBot/1.2; +https://openai.com/gptbot)"
4.227.36.77 - - [25/Nov/2024:07:13:07 -0700] "GET /shop-1/p/files/Senior%20Secondary/files/Senior%20Secondary/js/js/js/js/js/images/js/js/js/js/files/I-VIII/images/files/Senior%20Secondary/History-min.pdf HTTP/1.1" 200 94 "-" "Mozilla/5.0 AppleWebKit/537.36 (KHTML, like Gecko; compatible; GPTBot/1.2; +https://openai.com/gptbot)"
4.227.36.77 - - [25/Nov/2024:07:13:08 -0700] "GET /shop-1/p/files/Senior%20Secondary/files/Senior%20Secondary/js/js/js/js/js/images/js/js/files/Secondary/files/I-VIII/files/Secondary/ART_EDUCATION-min.pdf HTTP/1.1" 200 94 "-" "Mozilla/5.0 AppleWebKit/537.36 (KHTML, like Gecko; compatible; GPTBot/1.2; +https://openai.com/gptbot)"
4.227.36.77 - - [25/Nov/2024:07:13:09 -0700] "GET /shop-1/p/files/Senior%20Secondary/files/Senior%20Secondary/js/js/js/js/js/images/js/js/js/js/js/js/fonts/flaticon/font/js/files/Secondary/417-FAQ-min.pdf HTTP/1.1" 200 94 "-" "Mozilla/5.0 AppleWebKit/537.36 (KHTML, like Gecko; compatible; GPTBot/1.2; +https://openai.com/gptbot)"
4.227.36.77 - - [25/Nov/2024:07:13:10 -0700] "GET /shop-1/p/files/Senior%20Secondary/files/Senior%20Secondary/js/js/js/js/js/images/js/js/js/js/js/js/js/js/files/I-VIII/css/files/Secondary/417-FAQ-min.pdf HTTP/1.1" 200 94 "-" "Mozilla/5.0 AppleWebKit/537.36 (KHTML, like Gecko; compatible; GPTBot/1.2; +https://openai.com/gptbot)"
4.227.36.77 - - [25/Nov/2024:07:13:11 -0700] "GET /shop-1/p/files/Senior%20Secondary/files/Senior%20Secondary/js/js/js/js/js/images/js/js/files/IX-X/images/files/Senior%20Secondary/Econonics%20(1)-min.pdf HTTP/1.1" 200 94 "-" "Mozilla/5.0 AppleWebKit/537.36 (KHTML, like Gecko; compatible; GPTBot/1.2; +https://openai.com/gptbot)"
4.227.36.77 - - [25/Nov/2024:07:13:12 -0700] "GET /shop-1/p/files/Senior%20Secondary/files/Senior%20Secondary/js/js/js/js/js/images/js/fonts/flaticon/font/files/Senior%20Secondary/js/jquery.stellar.min.js HTTP/1.1" 200 94 "-" "Mozilla/5.0 AppleWebKit/537.36 (KHTML, like Gecko; compatible; GPTBot/1.2; +https://openai.com/gptbot)"
66.249.79.167 - - [25/Nov/2024:07:13:13 -0700] "GET /news/nxdohz/world-cup-sqaud-for-2019-india.html HTTP/1.1" 200 94 "-" "Mozilla/5.0 (compatible; Googlebot/2.1; +http://www.google.com/bot.html)"
4.227.36.77 - - [25/Nov/2024:07:13:14 -0700] "GET /shop-1/p/files/Senior%20Secondary/files/Senior%20Secondary/js/js/js/js/js/images/js/images/fonts/flaticon/font/files/Senior%20Secondary/Chemistry-min.pdf HTTP/1.1" 200 94 "-" "Mozilla/5.0 AppleWebKit/537.36 (KHTML, like Gecko; compatible; GPTBot/1.2; +https://openai.com/gptbot)"
4.227.36.77 - - [25/Nov/2024:07:13:15 -0700] "GET /shop-1/p/files/Senior%20Secondary/files/Senior%20Secondary/js/js/js/js/js/images/js/js/js/files/Senior%20Secondary/js/files/I-VIII/VI-X%20Punjabi-min.pdf HTTP/1.1" 200 94 "-" "Mozilla/5.0 AppleWebKit/537.36 (KHTML, like Gecko; compatible; GPTBot/1.2; +https://openai.com/gptbot)"
4.227.36.77 - - [25/Nov/2024:07:13:16 -0700] "GET /shop-1/p/files/Senior%20Secondary/files/Senior%20Secondary/js/js/js/js/js/images/js/js/files/IX-X/files/Senior%20Secondary/css/jquery.mb.YTPlayer.min.css HTTP/1.1" 200 94 "-" "Mozilla/5.0 AppleWebKit/537.36 (KHTML, like Gecko; compatible; GPTBot/1.2; +https://openai.com/gptbot)"
4.227.36.77 - - [25/Nov/2024:07:13:17 -0700] "GET /shop-1/p/files/Senior%20Secondary/files/Senior%20Secondary/js/js/js/js/js/images/js/js/js/js/js/js/js/js/files/IX-X/files/Secondary/402-INFO_TECH-min.pdf HTTP/1.1" 200 94 "-" "Mozilla/5.0 AppleWebKit/537.36 (KHTML, like Gecko; compatible; GPTBot/1.2; +https://openai.com/gptbot)"
4.227.36.77 - - [25/Nov/2024:07:13:18 -0700] "GET /shop-1/p/files/Senior%20Secondary/files/Senior%20Secondary/js/js/js/js/js/files/I-VIII/files/Senior%20Secondary/files/Senior%20Secondary/Eng.Core-min.pdf HTTP/1.1" 200 94 "-" "Mozilla/5.0 AppleWebKit/537.36 (KHTML, like Gecko; compatible; GPTBot/1.2; +https://openai.com/gptbot)"
4.227.36.77 - - [25/Nov/2024:07:13:19 -0700] "GET /shop-1/p/files/Senior%20Secondary/files/Senior%20Secondary/js/js/js/js/js/images/js/js/js/js/js/js/js/js/js/css/fonts/flaticon/font/images/santattar1.jpg HTTP/1.1" 200 94 "-" "Mozilla/5.0 AppleWebKit/537.36 (KHTML, like Gecko; compatible; GPTBot/1.2; +https://openai.com/gptbot)"
4.227.36.77 - - [25/Nov/2024:07:13:20 -0700] "GET /shop-1/p/files/Senior%20Secondary/files/Senior%20Secondary/js/js/js/js/js/images/js/js/js/js/js/js/js/js/js/files/Secondary/images/images/Dr-Veer-Ji1.jpg HTTP/1.1" 200 94 "-" "Mozilla/5.0 AppleWebKit/537.36 (KHTML, like Gecko; compatible; GPTBot/1.2; +https://openai.com/gptbot)"
4.227.36.77 - - [25/Nov/2024:07:13:21 -0700] "GET /shop-1/p/files/Senior%20Secondary/files/Senior%20Secondary/js/js/js/js/js/images/js/js/js/js/files/I-VIII/images/files/Senior%20Secondary/Physics-min.pdf HTTP/1.1" 200 94 "-" "Mozilla/5.0 AppleWebKit/537.36 (KHTML, like Gecko; compatible; GPTBot/1.2; +https://openai.com/gptbot)"
66.249.79.166 - - [25/Nov/2024:07:13:22 -0700] "GET /bet/?zaqoah/galsportbettingsouthsudan.html HTTP/1.1" 200 94 "-" "Mozilla/5.0 (compatible; Googlebot/2.1; +http://www.google.com/bot.html)"
4.227.36.77 - - [25/Nov/2024:07:13:22 -0700] "GET /shop-1/p/files/Senior%20Secondary/files/Senior%20Secondary/js/js/js/js/js/images/js/js/js/js/js/js/js/js/js/files/I-VIII/fonts/flaticon/font/pedagogy.php HTTP/1.1" 200 94 "-" "Mozilla/5.0 AppleWebKit/537.36 (KHTML, like Gecko; compatible; GPTBot/1.2; +https://openai.com/gptbot)"
4.227.36.77 - - [25/Nov/2024:07:13:23 -0700] "GET /shop-1/p/files/Senior%20Secondary/files/Senior%20Secondary/js/js/js/js/js/images/js/js/js/js/js/js/js/js/js/images/files/IX-X/css/jquery.fancybox.min.css HTTP/1.1" 200 94 "-" "Mozilla/5.0 AppleWebKit/537.36 (KHTML, like Gecko; compatible; GPTBot/1.2; +https://openai.com/gptbot)"
4.227.36.77 - - [25/Nov/2024:07:13:25 -0700] "GET /shop-1/p/files/Senior%20Secondary/files/Senior%20Secondary/js/js/js/js/js/images/js/js/files/I-VIII/css/files/I-VIII/English%20%20(VI%20-%20VIII)-min.pdf HTTP/1.1" 200 94 "-" "Mozilla/5.0 AppleWebKit/537.36 (KHTML, like Gecko; compatible; GPTBot/1.2; +https://openai.com/gptbot)"
4.227.36.77 - - [25/Nov/2024:07:13:26 -0700] "GET /shop-1/p/files/Senior%20Secondary/files/Senior%20Secondary/js/js/files/Senior%20Secondary/files/I-VIII/files/Secondary/Social_Science_Sec_2019-20-min.pdf HTTP/1.1" 200 94 "-" "Mozilla/5.0 AppleWebKit/537.36 (KHTML, like Gecko; compatible; GPTBot/1.2; +https://openai.com/gptbot)"
4.227.36.77 - - [25/Nov/2024:07:13:27 -0700] "GET /shop-1/p/files/Senior%20Secondary/files/Senior%20Secondary/js/js/js/js/js/images/js/js/js/js/js/js/js/js/fonts/flaticon/font/css/js/jquery.stellar.min.js HTTP/1.1" 200 94 "-" "Mozilla/5.0 AppleWebKit/537.36 (KHTML, like Gecko; compatible; GPTBot/1.2; +https://openai.com/gptbot)"
4.227.36.77 - - [25/Nov/2024:07:13:28 -0700] "GET /shop-1/p/files/Senior%20Secondary/files/Senior%20Secondary/js/js/js/js/js/images/files/Secondary/files/IX-X/files/I-VIII/S.St%20(III%20to%20VIII)-min.pdf HTTP/1.1" 200 94 "-" "Mozilla/5.0 AppleWebKit/537.36 (KHTML, like Gecko; compatible; GPTBot/1.2; +https://openai.com/gptbot)"
4.227.36.77 - - [25/Nov/2024:07:13:29 -0700] "GET /shop-1/p/files/Senior%20Secondary/files/Senior%20Secondary/js/js/js/js/files/Senior%20Secondary/fonts/icomoon/files/Secondary/Punjabi_Sec_2019-20-min.pdf HTTP/1.1" 200 94 "-" "Mozilla/5.0 AppleWebKit/537.36 (KHTML, like Gecko; compatible; GPTBot/1.2; +https://openai.com/gptbot)"
4.227.36.77 - - [25/Nov/2024:07:13:30 -0700] "GET /shop-1/p/files/Senior%20Secondary/files/Senior%20Secondary/js/js/js/files/I-VIII/fonts/flaticon/font/files/Secondary/Intitial_pages_srsec_2019-20-min.pdf HTTP/1.1" 200 94 "-" "Mozilla/5.0 AppleWebKit/537.36 (KHTML, like Gecko; compatible; GPTBot/1.2; +https://openai.com/gptbot)"
66.249.79.165 - - [25/Nov/2024:07:13:30 -0700] "GET /detail/ugcyar/ HTTP/1.1" 200 94 "-" "Mozilla/5.0 (compatible; Googlebot/2.1; +http://www.google.com/bot.html)"
4.227.36.77 - - [25/Nov/2024:07:13:31 -0700] "GET /shop-1/p/files/Senior%20Secondary/files/Senior%20Secondary/js/js/js/js/js/images/js/js/js/js/js/js/js/css/files/I-VIII/files/IX-X/Grade%20(XI)%20-min.pdf HTTP/1.1" 200 94 "-" "Mozilla/5.0 AppleWebKit/537.36 (KHTML, like Gecko; compatible; GPTBot/1.2; +https://openai.com/gptbot)"
4.227.36.77 - - [25/Nov/2024:07:13:32 -0700] "GET /shop-1/p/files/Senior%20Secondary/files/Senior%20Secondary/js/js/js/files/Senior%20Secondary/fonts/flaticon/font/files/Senior%20Secondary/History-min.pdf HTTP/1.1" 200 94 "-" "Mozilla/5.0 AppleWebKit/537.36 (KHTML, like Gecko; compatible; GPTBot/1.2; +https://openai.com/gptbot)"
4.227.36.77 - - [25/Nov/2024:07:13:33 -0700] "GET /shop-1/p/files/Senior%20Secondary/files/Senior%20Secondary/js/js/js/js/js/images/js/files/IX-X/fonts/icomoon/files/Senior%20Secondary/Mathematics-min.pdf HTTP/1.1" 200 94 "-" "Mozilla/5.0 AppleWebKit/537.36 (KHTML, like Gecko; compatible; GPTBot/1.2; +https://openai.com/gptbot)"
4.227.36.77 - - [25/Nov/2024:07:13:34 -0700] "GET /shop-1/p/files/Senior%20Secondary/files/Senior%20Secondary/js/js/js/js/js/images/js/js/js/files/Senior%20Secondary/files/Senior%20Secondary/css/style.css HTTP/1.1" 200 94 "-" "Mozilla/5.0 AppleWebKit/537.36 (KHTML, like Gecko; compatible; GPTBot/1.2; +https://openai.com/gptbot)"
4.227.36.77 - - [25/Nov/2024:07:13:36 -0700] "GET /shop-1/p/files/Senior%20Secondary/files/Senior%20Secondary/js/files/IX-X/fonts/icomoon/files/I-VIII/VI-XII%20Divinity%20Syl.%20for%20Other%20Aca.-min.pdf HTTP/1.1" 200 94 "-" "Mozilla/5.0 AppleWebKit/537.36 (KHTML, like Gecko; compatible; GPTBot/1.2; +https://openai.com/gptbot)"
4.227.36.77 - - [25/Nov/2024:07:13:37 -0700] "GET /shop-1/p/files/Senior%20Secondary/files/Senior%20Secondary/js/js/files/Senior%20Secondary/fonts/flaticon/font/files/Secondary/Science_Sec_2019-20-min.pdf HTTP/1.1" 200 94 "-" "Mozilla/5.0 AppleWebKit/537.36 (KHTML, like Gecko; compatible; GPTBot/1.2; +https://openai.com/gptbot)"
4.227.36.77 - - [25/Nov/2024:07:13:38 -0700] "GET /shop-1/p/files/Senior%20Secondary/files/Senior%20Secondary/js/js/js/js/js/files/Senior%20Secondary/files/Senior%20Secondary/css/owl.theme.default.min.css HTTP/1.1" 200 94 "-" "Mozilla/5.0 AppleWebKit/537.36 (KHTML, like Gecko; compatible; GPTBot/1.2; +https://openai.com/gptbot)"
4.227.36.77 - - [25/Nov/2024:07:13:39 -0700] "GET /shop-1/p/files/Senior%20Secondary/files/Senior%20Secondary/js/js/js/js/js/images/js/js/js/css/fonts/flaticon/font/files/Secondary/402-INFO_TECH_X-min.pdf HTTP/1.1" 200 94 "-" "Mozilla/5.0 AppleWebKit/537.36 (KHTML, like Gecko; compatible; GPTBot/1.2; +https://openai.com/gptbot)"
4.227.36.77 - - [25/Nov/2024:07:13:40 -0700] "GET /shop-1/p/files/Senior%20Secondary/files/Senior%20Secondary/js/js/js/js/js/images/js/js/js/js/js/js/js/js/js/fonts/icomoon/files/Secondary/417-FAQ-min.pdf HTTP/1.1" 200 94 "-" "Mozilla/5.0 AppleWebKit/537.36 (KHTML, like Gecko; compatible; GPTBot/1.2; +https://openai.com/gptbot)"
4.227.36.77 - - [25/Nov/2024:07:13:41 -0700] "GET /shop-1/p/files/Senior%20Secondary/files/Senior%20Secondary/js/js/js/js/js/images/js/js/js/js/js/js/js/js/js/files/Secondary/js/js/jquery.countdown.min.js HTTP/1.1" 200 94 "-" "Mozilla/5.0 AppleWebKit/537.36 (KHTML, like Gecko; compatible; GPTBot/1.2; +https://openai.com/gptbot)"
4.227.36.77 - - [25/Nov/2024:07:13:42 -0700] "GET /shop-1/p/files/Senior%20Secondary/files/Senior%20Secondary/js/js/js/js/js/images/js/js/js/js/js/js/js/js/js/files/I-VIII/fonts/icomoon/infrastructure.php HTTP/1.1" 200 94 "-" "Mozilla/5.0 AppleWebKit/537.36 (KHTML, like Gecko; compatible; GPTBot/1.2; +https://openai.com/gptbot)"
66.249.79.165 - - [25/Nov/2024:07:13:43 -0700] "GET /detail/bfjykk/ HTTP/1.1" 200 94 "-" "Mozilla/5.0 (compatible; Googlebot/2.1; +http://www.google.com/bot.html)"
4.227.36.77 - - [25/Nov/2024:07:13:44 -0700] "GET /shop-1/p/files/Senior%20Secondary/files/Senior%20Secondary/js/js/js/js/js/images/js/js/js/js/js/js/js/css/files/Senior%20Secondary/js/jquery-3.3.1.min.js HTTP/1.1" 200 94 "-" "Mozilla/5.0 AppleWebKit/537.36 (KHTML, like Gecko; compatible; GPTBot/1.2; +https://openai.com/gptbot)"
4.227.36.77 - - [25/Nov/2024:07:13:44 -0700] "GET /shop-1/p/files/Senior%20Secondary/files/Senior%20Secondary/js/js/js/js/js/images/files/Secondary/fonts/icomoon/files/Senior%20Secondary/Econonics-min.pdf HTTP/1.1" 200 94 "-" "Mozilla/5.0 AppleWebKit/537.36 (KHTML, like Gecko; compatible; GPTBot/1.2; +https://openai.com/gptbot)"
4.227.36.77 - - [25/Nov/2024:07:13:45 -0700] "GET /shop-1/p/files/Senior%20Secondary/files/Senior%20Secondary/js/js/js/js/js/images/js/js/files/Senior%20Secondary/css/files/Secondary/ART_EDUCATION-min.pdf HTTP/1.1" 200 94 "-" "Mozilla/5.0 AppleWebKit/537.36 (KHTML, like Gecko; compatible; GPTBot/1.2; +https://openai.com/gptbot)"
4.227.36.77 - - [25/Nov/2024:07:13:47 -0700] "GET /shop-1/p/files/Senior%20Secondary/files/Senior%20Secondary/js/js/files/Senior%20Secondary/fonts/flaticon/font/files/Secondary/Punjabi_Sec_2019-20-min.pdf HTTP/1.1" 200 94 "-" "Mozilla/5.0 AppleWebKit/537.36 (KHTML, like Gecko; compatible; GPTBot/1.2; +https://openai.com/gptbot)"
4.227.36.77 - - [25/Nov/2024:07:13:48 -0700] "GET /shop-1/p/files/Senior%20Secondary/files/Senior%20Secondary/js/js/js/js/js/images/files/Senior%20Secondary/images/files/Senior%20Secondary/Biology-min.pdf HTTP/1.1" 200 94 "-" "Mozilla/5.0 AppleWebKit/537.36 (KHTML, like Gecko; compatible; GPTBot/1.2; +https://openai.com/gptbot)"
4.227.36.77 - - [25/Nov/2024:07:13:49 -0700] "GET /shop-1/p/files/Senior%20Secondary/files/Senior%20Secondary/js/js/js/js/js/images/js/files/Senior%20Secondary/fonts/flaticon/font/css/owl.carousel.min.css HTTP/1.1" 200 94 "-" "Mozilla/5.0 AppleWebKit/537.36 (KHTML, like Gecko; compatible; GPTBot/1.2; +https://openai.com/gptbot)"
4.227.36.77 - - [25/Nov/2024:07:13:50 -0700] "GET /shop-1/p/files/Senior%20Secondary/files/Senior%20Secondary/js/js/js/js/js/images/js/js/js/js/js/js/js/js/js/css/css/files/Secondary/402-INFO_TECH-min.pdf HTTP/1.1" 200 94 "-" "Mozilla/5.0 AppleWebKit/537.36 (KHTML, like Gecko; compatible; GPTBot/1.2; +https://openai.com/gptbot)"
4.227.36.77 - - [25/Nov/2024:07:13:51 -0700] "GET /shop-1/p/files/Senior%20Secondary/files/Senior%20Secondary/js/js/js/js/js/images/js/js/js/js/css/files/I-VIII/files/Secondary/English_Sec_2019-20-min.pdf HTTP/1.1" 200 94 "-" "Mozilla/5.0 AppleWebKit/537.36 (KHTML, like Gecko; compatible; GPTBot/1.2; +https://openai.com/gptbot)"
4.227.36.77 - - [25/Nov/2024:07:13:52 -0700] "GET /shop-1/p/files/Senior%20Secondary/files/Senior%20Secondary/js/js/js/js/js/images/files/Secondary/files/Secondary/files/Senior%20Secondary/History-min.pdf HTTP/1.1" 200 94 "-" "Mozilla/5.0 AppleWebKit/537.36 (KHTML, like Gecko; compatible; GPTBot/1.2; +https://openai.com/gptbot)"
4.227.36.77 - - [25/Nov/2024:07:13:53 -0700] "GET /shop-1/p/files/Senior%20Secondary/files/Senior%20Secondary/js/js/js/js/js/images/js/js/js/fonts/icomoon/files/I-VIII/English%20%20(VI%20-%20VIII)-min.pdf HTTP/1.1" 200 94 "-" "Mozilla/5.0 AppleWebKit/537.36 (KHTML, like Gecko; compatible; GPTBot/1.2; +https://openai.com/gptbot)"
4.227.36.77 - - [25/Nov/2024:07:13:54 -0700] "GET /shop-1/p/files/Senior%20Secondary/files/Senior%20Secondary/js/js/js/js/js/images/js/js/js/js/js/js/js/js/js/fonts/icomoon/js/css/bootstrap-datepicker.css HTTP/1.1" 200 94 "-" "Mozilla/5.0 AppleWebKit/537.36 (KHTML, like Gecko; compatible; GPTBot/1.2; +https://openai.com/gptbot)"
4.227.36.77 - - [25/Nov/2024:07:13:55 -0700] "GET /shop-1/p/files/Senior%20Secondary/files/Senior%20Secondary/js/js/js/js/js/images/js/js/js/files/I-VIII/fonts/flaticon/font/files/Secondary/417-IX-min.pdf HTTP/1.1" 200 94 "-" "Mozilla/5.0 AppleWebKit/537.36 (KHTML, like Gecko; compatible; GPTBot/1.2; +https://openai.com/gptbot)"
4.227.36.77 - - [25/Nov/2024:07:13:56 -0700] "GET /shop-1/p/files/Senior%20Secondary/files/Senior%20Secondary/js/js/js/js/js/images/js/js/js/js/files/I-VIII/css/files/Secondary/English_Sec_2019-20-min.pdf HTTP/1.1" 200 94 "-" "Mozilla/5.0 AppleWebKit/537.36 (KHTML, like Gecko; compatible; GPTBot/1.2; +https://openai.com/gptbot)"
4.227.36.77 - - [25/Nov/2024:07:13:58 -0700] "GET /shop-1/p/files/Senior%20Secondary/files/Senior%20Secondary/js/js/js/js/js/images/js/js/js/files/Senior%20Secondary/files/IX-X/css/jquery.fancybox.min.css HTTP/1.1" 200 94 "-" "Mozilla/5.0 AppleWebKit/537.36 (KHTML, like Gecko; compatible; GPTBot/1.2; +https://openai.com/gptbot)"
4.227.36.77 - - [25/Nov/2024:07:13:59 -0700] "GET /shop-1/p/files/Senior%20Secondary/files/Senior%20Secondary/js/js/js/js/js/images/js/files/I-VIII/images/files/I-VIII/English%20%20(VI%20-%20VIII)-min.pdf HTTP/1.1" 200 94 "-" "Mozilla/5.0 AppleWebKit/537.36 (KHTML, like Gecko; compatible; GPTBot/1.2; +https://openai.com/gptbot)"
4.227.36.77 - - [25/Nov/2024:07:14:00 -0700] "GET /shop-1/p/files/Senior%20Secondary/files/Senior%20Secondary/js/js/js/js/js/images/files/Senior%20Secondary/files/Secondary/files/Secondary/417-FAQ-min.pdf HTTP/1.1" 200 94 "-" "Mozilla/5.0 AppleWebKit/537.36 (KHTML, like Gecko; compatible; GPTBot/1.2; +https://openai.com/gptbot)"
4.227.36.77 - - [25/Nov/2024:07:14:01 -0700] "GET /shop-1/p/files/Senior%20Secondary/files/Senior%20Secondary/js/js/js/js/js/images/js/js/js/js/js/js/js/fonts/flaticon/font/files/IX-X/Grade%20(IX)-min.pdf HTTP/1.1" 200 94 "-" "Mozilla/5.0 AppleWebKit/537.36 (KHTML, like Gecko; compatible; GPTBot/1.2; +https://openai.com/gptbot)"
4.227.36.77 - - [25/Nov/2024:07:14:02 -0700] "GET /shop-1/p/files/Senior%20Secondary/files/Senior%20Secondary/js/js/files/Senior%20Secondary/fonts/icomoon/files/I-VIII/English%20%20(VI%20-%20VIII)-min.pdf HTTP/1.1" 200 94 "-" "Mozilla/5.0 AppleWebKit/537.36 (KHTML, like Gecko; compatible; GPTBot/1.2; +https://openai.com/gptbot)"
4.227.36.77 - - [25/Nov/2024:07:14:03 -0700] "GET /shop-1/p/files/Senior%20Secondary/files/Senior%20Secondary/js/js/js/js/js/images/js/js/js/files/Secondary/js/files/I-VIII/Maths%20(I%20to%20VIII)-min.pdf HTTP/1.1" 200 94 "-" "Mozilla/5.0 AppleWebKit/537.36 (KHTML, like Gecko; compatible; GPTBot/1.2; +https://openai.com/gptbot)"
4.227.36.77 - - [25/Nov/2024:07:14:04 -0700] "GET /shop-1/p/files/Senior%20Secondary/files/Senior%20Secondary/js/js/js/js/js/images/js/js/js/js/js/js/js/fonts/flaticon/font/files/Secondary/417-FAQ-min.pdf HTTP/1.1" 200 94 "-" "Mozilla/5.0 AppleWebKit/537.36 (KHTML, like Gecko; compatible; GPTBot/1.2; +https://openai.com/gptbot)"
4.227.36.77 - - [25/Nov/2024:07:14:05 -0700] "GET /shop-1/p/files/Senior%20Secondary/files/Senior%20Secondary/js/js/js/js/js/images/js/js/js/css/fonts/icomoon/files/I-VIII/S.St%20(III%20to%20VIII)-min.pdf HTTP/1.1" 200 94 "-" "Mozilla/5.0 AppleWebKit/537.36 (KHTML, like Gecko; compatible; GPTBot/1.2; +https://openai.com/gptbot)"
66.249.79.167 - - [25/Nov/2024:07:14:06 -0700] "GET /news/nzgoay/ HTTP/1.1" 200 94 "-" "Mozilla/5.0 (compatible; Googlebot/2.1; +http://www.google.com/bot.html)"
4.227.36.77 - - [25/Nov/2024:07:14:06 -0700] "GET /shop-1/p/files/Senior%20Secondary/files/Senior%20Secondary/js/js/js/js/js/images/js/js/js/js/js/js/js/images/fonts/icomoon/files/IX-X/Grade%20(X)-min.pdf HTTP/1.1" 200 94 "-" "Mozilla/5.0 AppleWebKit/537.36 (KHTML, like Gecko; compatible; GPTBot/1.2; +https://openai.com/gptbot)"
4.227.36.77 - - [25/Nov/2024:07:14:07 -0700] "GET /shop-1/p/files/Senior%20Secondary/files/Senior%20Secondary/js/js/js/js/js/images/js/js/js/js/js/js/files/Secondary/fonts/flaticon/font/infrastructure.php HTTP/1.1" 200 94 "-" "Mozilla/5.0 AppleWebKit/537.36 (KHTML, like Gecko; compatible; GPTBot/1.2; +https://openai.com/gptbot)"
4.227.36.77 - - [25/Nov/2024:07:14:09 -0700] "GET /shop-1/p/files/Senior%20Secondary/files/Senior%20Secondary/js/js/js/js/js/images/js/js/js/js/js/css/files/I-VIII/files/Senior%20Secondary/Physics-min.pdf HTTP/1.1" 200 94 "-" "Mozilla/5.0 AppleWebKit/537.36 (KHTML, like Gecko; compatible; GPTBot/1.2; +https://openai.com/gptbot)"
4.227.36.77 - - [25/Nov/2024:07:14:10 -0700] "GET /shop-1/p/files/Senior%20Secondary/files/Senior%20Secondary/js/js/js/js/js/images/js/js/js/js/js/js/js/js/files/I-VIII/files/IX-X/css/owl.carousel.min.css HTTP/1.1" 200 94 "-" "Mozilla/5.0 AppleWebKit/537.36 (KHTML, like Gecko; compatible; GPTBot/1.2; +https://openai.com/gptbot)"
4.227.36.77 - - [25/Nov/2024:07:14:11 -0700] "GET /shop-1/p/files/Senior%20Secondary/files/Senior%20Secondary/js/js/js/js/js/fonts/flaticon/font/files/IX-X/files/Senior%20Secondary/BusinessStudies-min.pdf HTTP/1.1" 200 94 "-" "Mozilla/5.0 AppleWebKit/537.36 (KHTML, like Gecko; compatible; GPTBot/1.2; +https://openai.com/gptbot)"
4.227.36.77 - - [25/Nov/2024:07:14:12 -0700] "GET /shop-1/p/files/Senior%20Secondary/files/Senior%20Secondary/js/js/js/js/js/images/js/js/js/js/js/files/Secondary/fonts/flaticon/font/css/bootstrap.min.css HTTP/1.1" 200 94 "-" "Mozilla/5.0 AppleWebKit/537.36 (KHTML, like Gecko; compatible; GPTBot/1.2; +https://openai.com/gptbot)"
4.227.36.77 - - [25/Nov/2024:07:14:13 -0700] "GET /shop-1/p/files/Senior%20Secondary/files/Senior%20Secondary/js/js/js/js/js/images/js/js/js/files/Senior%20Secondary/fonts/icomoon/css/owl.carousel.min.css HTTP/1.1" 200 94 "-" "Mozilla/5.0 AppleWebKit/537.36 (KHTML, like Gecko; compatible; GPTBot/1.2; +https://openai.com/gptbot)"
4.227.36.77 - - [25/Nov/2024:07:14:14 -0700] "GET /shop-1/p/files/Senior%20Secondary/files/Senior%20Secondary/js/js/js/js/js/images/js/js/js/images/fonts/icomoon/files/Senior%20Secondary/Econonics-min.pdf HTTP/1.1" 200 94 "-" "Mozilla/5.0 AppleWebKit/537.36 (KHTML, like Gecko; compatible; GPTBot/1.2; +https://openai.com/gptbot)"
4.227.36.77 - - [25/Nov/2024:07:14:15 -0700] "GET /shop-1/p/files/Senior%20Secondary/files/Senior%20Secondary/js/js/js/js/files/Senior%20Secondary/files/Senior%20Secondary/files/Secondary/417-VIII-min.pdf HTTP/1.1" 200 94 "-" "Mozilla/5.0 AppleWebKit/537.36 (KHTML, like Gecko; compatible; GPTBot/1.2; +https://openai.com/gptbot)"
4.227.36.77 - - [25/Nov/2024:07:14:16 -0700] "GET /shop-1/p/files/Senior%20Secondary/files/Senior%20Secondary/js/js/js/js/js/images/js/js/js/js/js/js/js/images/files/Secondary/js/jquery.mb.YTPlayer.min.js HTTP/1.1" 200 94 "-" "Mozilla/5.0 AppleWebKit/537.36 (KHTML, like Gecko; compatible; GPTBot/1.2; +https://openai.com/gptbot)"
4.227.36.77 - - [25/Nov/2024:07:14:17 -0700] "GET /shop-1/p/files/Senior%20Secondary/files/Senior%20Secondary/js/js/js/js/js/files/Secondary/fonts/icomoon/files/Senior%20Secondary/PoliticalScience-min.pdf HTTP/1.1" 200 94 "-" "Mozilla/5.0 AppleWebKit/537.36 (KHTML, like Gecko; compatible; GPTBot/1.2; +https://openai.com/gptbot)"
4.227.36.77 - - [25/Nov/2024:07:14:18 -0700] "GET /shop-1/p/files/Senior%20Secondary/files/Senior%20Secondary/js/js/js/js/js/images/js/js/files/Senior%20Secondary/files/IX-X/files/IX-X/Grade%20(X)-min.pdf HTTP/1.1" 200 94 "-" "Mozilla/5.0 AppleWebKit/537.36 (KHTML, like Gecko; compatible; GPTBot/1.2; +https://openai.com/gptbot)"
4.227.36.77 - - [25/Nov/2024:07:14:20 -0700] "GET /shop-1/p/files/Senior%20Secondary/files/Senior%20Secondary/js/js/js/js/js/images/js/js/js/js/images/css/files/Senior%20Secondary/PoliticalScience-min.pdf HTTP/1.1" 200 94 "-" "Mozilla/5.0 AppleWebKit/537.36 (KHTML, like Gecko; compatible; GPTBot/1.2; +https://openai.com/gptbot)"
4.227.36.77 - - [25/Nov/2024:07:14:21 -0700] "GET /shop-1/p/files/Senior%20Secondary/files/Senior%20Secondary/js/js/js/js/js/files/Secondary/fonts/icomoon/files/Senior%20Secondary/ComputerSc_NewXI-min.pdf HTTP/1.1" 200 94 "-" "Mozilla/5.0 AppleWebKit/537.36 (KHTML, like Gecko; compatible; GPTBot/1.2; +https://openai.com/gptbot)"
4.227.36.77 - - [25/Nov/2024:07:14:22 -0700] "GET /shop-1/p/files/Senior%20Secondary/files/Senior%20Secondary/js/js/js/js/js/images/js/js/js/js/js/js/js/js/files/I-VIII/files/Secondary/js/bootstrap.min.js HTTP/1.1" 200 94 "-" "Mozilla/5.0 AppleWebKit/537.36 (KHTML, like Gecko; compatible; GPTBot/1.2; +https://openai.com/gptbot)"
4.227.36.77 - - [25/Nov/2024:07:14:23 -0700] "GET /shop-1/p/files/Senior%20Secondary/files/Senior%20Secondary/js/js/js/js/js/images/js/js/files/I-VIII/files/Senior%20Secondary/js/jquery.mb.YTPlayer.min.js HTTP/1.1" 200 94 "-" "Mozilla/5.0 AppleWebKit/537.36 (KHTML, like Gecko; compatible; GPTBot/1.2; +https://openai.com/gptbot)"
4.227.36.77 - - [25/Nov/2024:07:14:24 -0700] "GET /shop-1/p/files/Senior%20Secondary/files/Senior%20Secondary/js/js/js/js/js/images/js/js/js/js/images/fonts/icomoon/files/Secondary/402-INFO_TECH_X-min.pdf HTTP/1.1" 200 94 "-" "Mozilla/5.0 AppleWebKit/537.36 (KHTML, like Gecko; compatible; GPTBot/1.2; +https://openai.com/gptbot)"
4.227.36.77 - - [25/Nov/2024:07:14:25 -0700] "GET /shop-1/p/files/Senior%20Secondary/files/Senior%20Secondary/js/js/js/js/js/images/js/js/js/js/files/Senior%20Secondary/files/IX-X/js/jquery.stellar.min.js HTTP/1.1" 200 94 "-" "Mozilla/5.0 AppleWebKit/537.36 (KHTML, like Gecko; compatible; GPTBot/1.2; +https://openai.com/gptbot)"
4.227.36.77 - - [25/Nov/2024:07:14:26 -0700] "GET /shop-1/p/files/Senior%20Secondary/files/Senior%20Secondary/js/js/js/js/js/images/js/js/js/js/js/js/js/css/fonts/icomoon/files/I-VIII/VI-X%20Hindi-min.pdf HTTP/1.1" 200 94 "-" "Mozilla/5.0 AppleWebKit/537.36 (KHTML, like Gecko; compatible; GPTBot/1.2; +https://openai.com/gptbot)"
4.227.36.77 - - [25/Nov/2024:07:14:27 -0700] "GET /shop-1/p/files/Senior%20Secondary/files/Senior%20Secondary/js/js/js/js/js/images/js/js/js/files/I-VIII/images/files/Senior%20Secondary/Punjabi_XI-min.pdf HTTP/1.1" 200 94 "-" "Mozilla/5.0 AppleWebKit/537.36 (KHTML, like Gecko; compatible; GPTBot/1.2; +https://openai.com/gptbot)"
4.227.36.77 - - [25/Nov/2024:07:14:28 -0700] "GET /shop-1/p/files/Senior%20Secondary/files/Senior%20Secondary/js/js/js/js/js/images/js/js/js/js/js/js/js/images/files/Senior%20Secondary/js/jquery.sticky.js HTTP/1.1" 200 94 "-" "Mozilla/5.0 AppleWebKit/537.36 (KHTML, like Gecko; compatible; GPTBot/1.2; +https://openai.com/gptbot)"
4.227.36.77 - - [25/Nov/2024:07:14:29 -0700] "GET /shop-1/p/files/Senior%20Secondary/files/Senior%20Secondary/js/js/js/js/js/images/js/js/js/js/files/Senior%20Secondary/js/files/Secondary/417-VIII-min.pdf HTTP/1.1" 200 94 "-" "Mozilla/5.0 AppleWebKit/537.36 (KHTML, like Gecko; compatible; GPTBot/1.2; +https://openai.com/gptbot)"
4.227.36.77 - - [25/Nov/2024:07:14:31 -0700] "GET /shop-1/p/files/Senior%20Secondary/files/Senior%20Secondary/js/js/js/js/js/images/js/js/js/js/js/js/css/images/files/Secondary/Punjabi_Sec_2019-20-min.pdf HTTP/1.1" 200 94 "-" "Mozilla/5.0 AppleWebKit/537.36 (KHTML, like Gecko; compatible; GPTBot/1.2; +https://openai.com/gptbot)"
4.227.36.77 - - [25/Nov/2024:07:14:32 -0700] "GET /shop-1/p/files/Senior%20Secondary/files/Senior%20Secondary/js/js/js/js/js/images/js/js/js/js/css/files/I-VIII/files/Secondary/Punjabi_Sec_2019-20-min.pdf HTTP/1.1" 200 94 "-" "Mozilla/5.0 AppleWebKit/537.36 (KHTML, like Gecko; compatible; GPTBot/1.2; +https://openai.com/gptbot)"
4.227.36.77 - - [25/Nov/2024:07:14:33 -0700] "GET /shop-1/p/files/Senior%20Secondary/files/Senior%20Secondary/js/js/js/js/js/files/I-VIII/files/Secondary/files/Secondary/Intitial_pages_sec_2019-20-min.pdf HTTP/1.1" 200 94 "-" "Mozilla/5.0 AppleWebKit/537.36 (KHTML, like Gecko; compatible; GPTBot/1.2; +https://openai.com/gptbot)"
4.227.36.77 - - [25/Nov/2024:07:14:34 -0700] "GET /shop-1/p/files/Senior%20Secondary/files/Senior%20Secondary/js/js/js/js/js/images/js/js/js/js/js/images/images/files/Senior%20Secondary/Punjabi_XI-min.pdf HTTP/1.1" 200 94 "-" "Mozilla/5.0 AppleWebKit/537.36 (KHTML, like Gecko; compatible; GPTBot/1.2; +https://openai.com/gptbot)"
4.227.36.77 - - [25/Nov/2024:07:14:35 -0700] "GET /shop-1/p/files/Senior%20Secondary/files/Senior%20Secondary/js/js/js/js/js/images/js/js/js/js/files/I-VIII/css/files/Secondary/Science_Sec_2019-20-min.pdf HTTP/1.1" 200 94 "-" "Mozilla/5.0 AppleWebKit/537.36 (KHTML, like Gecko; compatible; GPTBot/1.2; +https://openai.com/gptbot)"
4.227.36.77 - - [25/Nov/2024:07:14:36 -0700] "GET /shop-1/p/files/Senior%20Secondary/files/Senior%20Secondary/js/js/js/js/js/images/js/js/js/js/js/js/files/Secondary/js/files/I-VIII/VI-X%20Punjabi-min.pdf HTTP/1.1" 200 94 "-" "Mozilla/5.0 AppleWebKit/537.36 (KHTML, like Gecko; compatible; GPTBot/1.2; +https://openai.com/gptbot)"
4.227.36.77 - - [25/Nov/2024:07:14:37 -0700] "GET /shop-1/p/files/Senior%20Secondary/files/Senior%20Secondary/js/js/js/js/js/images/js/js/js/js/js/css/files/I-VIII/files/Senior%20Secondary/History-min.pdf HTTP/1.1" 200 94 "-" "Mozilla/5.0 AppleWebKit/537.36 (KHTML, like Gecko; compatible; GPTBot/1.2; +https://openai.com/gptbot)"
4.227.36.77 - - [25/Nov/2024:07:14:38 -0700] "GET /shop-1/p/files/Senior%20Secondary/files/Senior%20Secondary/js/js/js/js/js/images/js/js/js/js/js/js/css/images/files/Secondary/Science_Sec_2019-20-min.pdf HTTP/1.1" 200 94 "-" "Mozilla/5.0 AppleWebKit/537.36 (KHTML, like Gecko; compatible; GPTBot/1.2; +https://openai.com/gptbot)"
4.227.36.77 - - [25/Nov/2024:07:14:39 -0700] "GET /shop-1/p/files/Senior%20Secondary/files/Senior%20Secondary/js/js/js/js/js/images/js/files/Senior%20Secondary/files/Secondary/js/jquery.mb.YTPlayer.min.js HTTP/1.1" 200 94 "-" "Mozilla/5.0 AppleWebKit/537.36 (KHTML, like Gecko; compatible; GPTBot/1.2; +https://openai.com/gptbot)"
46.232.24.175 - - [25/Nov/2024:07:15:04 -0700] "GET /images/journey/server-gacor/?abong=LATO99-ALTERNATIF HTTP/1.1" 200 116301 "-" "Mozilla/5.0 (Macintosh; Intel Mac OS X 12_5) AppleWebKit/537.36 (KHTML, like Gecko) Chrome/114.0.0.0 YaBrowser/22.7.0 Yowser/2.5 Safari/537.36"
46.232.24.175 - - [25/Nov/2024:07:15:12 -0700] "GET /images/journey/server-gacor/?abong=LATO99-ALTERNATIF HTTP/1.1" 200 116301 "https://bilga.akalacademy.ac.in/images/journey/server-gacor/?abong=LATO99-ALTERNATIF" "Mozilla/5.0 (Macintosh; Intel Mac OS X 12_5) AppleWebKit/537.36 (KHTML, like Gecko) Chrome/114.0.0.0 YaBrowser/22.7.0 Yowser/2.5 Safari/537.36"
212.102.37.165 - - [25/Nov/2024:07:15:17 -0700] "GET /images/journey/server-gacor/?abong=LATO99-ALTERNATIF HTTP/1.1" 200 116301 "-" "Mozilla/5.0 (Windows NT 10.0; WOW64) AppleWebKit/537.36 (KHTML, like Gecko) Chrome/114.0.0.0 Safari/537.36 Vivaldi/5.3.2679.68"
212.102.37.165 - - [25/Nov/2024:07:15:20 -0700] "GET /images/journey/server-gacor/?abong=LATO99-ALTERNATIF HTTP/1.1" 200 116301 "https://bilga.akalacademy.ac.in/images/journey/server-gacor/?abong=LATO99-ALTERNATIF" "Mozilla/5.0 (Windows NT 10.0; WOW64) AppleWebKit/537.36 (KHTML, like Gecko) Chrome/114.0.0.0 Safari/537.36 Vivaldi/5.3.2679.68"
66.249.79.167 - - [25/Nov/2024:07:15:42 -0700] "GET /bet/gvuunc/ HTTP/1.1" 200 94 "-" "Mozilla/5.0 (compatible; Googlebot/2.1; +http://www.google.com/bot.html)"
66.249.79.167 - - [25/Nov/2024:07:16:26 -0700] "GET /news/szviko/live-cricket-match-asia-cup-2018.html HTTP/1.1" 200 94 "-" "Mozilla/5.0 (compatible; Googlebot/2.1; +http://www.google.com/bot.html)"
195.154.61.169 - - [25/Nov/2024:07:17:03 -0700] "GET /images/journey/server-gacor/?abong=LATO99-ALTERNATIF HTTP/1.1" 200 116301 "-" "Mozilla/5.0 (Windows NT 10.0; WOW64) AppleWebKit/537.36 (KHTML, like Gecko) Chrome/114.0.0.0 Safari/537.36 Vivaldi/5.3.2679.68"
195.154.61.169 - - [25/Nov/2024:07:17:09 -0700] "GET /images/journey/server-gacor/?abong=LATO99-ALTERNATIF HTTP/1.1" 200 116301 "https://bilga.akalacademy.ac.in/images/journey/server-gacor/?abong=LATO99-ALTERNATIF" "Mozilla/5.0 (Windows NT 10.0; WOW64) AppleWebKit/537.36 (KHTML, like Gecko) Chrome/114.0.0.0 Safari/537.36 Vivaldi/5.3.2679.68"
66.249.79.167 - - [25/Nov/2024:07:17:13 -0700] "GET /bet/gopsgy/unified-gaming-casino.html HTTP/1.1" 200 94 "-" "Mozilla/5.0 (compatible; Googlebot/2.1; +http://www.google.com/bot.html)"
69.162.124.238 - - [25/Nov/2024:07:17:41 -0700] "HEAD /cbse-corner.php HTTP/1.1" 200 - "https://bilga.akalacademy.ac.in/cbse-corner.php" "Mozilla/5.0+(compatible; UptimeRobot/2.0; http://www.uptimerobot.com/)"
85.208.96.205 - - [25/Nov/2024:07:18:06 -0700] "GET /cbse-corner.php?pageno=1 HTTP/1.1" 200 25838 "-" "Mozilla/5.0 (compatible; SemrushBot/7~bl; +http://www.semrush.com/bot.html)"
66.249.79.166 - - [25/Nov/2024:07:18:14 -0700] "GET /detail/?rlbblb/ HTTP/1.1" 200 94 "-" "Mozilla/5.0 (compatible; Googlebot/2.1; +http://www.google.com/bot.html)"
209.59.229.144 - - [25/Nov/2024:07:18:21 -0700] "GET /images/journey/server-gacor/?abong=LATO99-ALTERNATIF HTTP/1.1" 200 116301 "-" "Mozilla/5.0 (Macintosh; Intel Mac OS X 12_5) AppleWebKit/605.1.15 (KHTML, like Gecko) Version/15.4 Safari/605.1.15"
66.249.79.167 - - [25/Nov/2024:07:19:11 -0700] "GET /bet/?diqlfv/san-manuel-casino-concerts.html HTTP/1.1" 200 94 "-" "Mozilla/5.0 (compatible; Googlebot/2.1; +http://www.google.com/bot.html)"
66.249.79.165 - - [25/Nov/2024:07:19:55 -0700] "GET /bet/hdzkev/whatch-live-ipl-match-app.html HTTP/1.1" 200 94 "-" "Mozilla/5.0 (compatible; Googlebot/2.1; +http://www.google.com/bot.html)"
66.249.79.166 - - [25/Nov/2024:07:20:09 -0700] "GET /bet/uopzad/samsung-b2030-icc.html HTTP/1.1" 200 94 "-" "Mozilla/5.0 (compatible; Googlebot/2.1; +http://www.google.com/bot.html)"
66.249.79.165 - - [25/Nov/2024:07:21:24 -0700] "GET /bet/jyrlhe/mundigames-rummy.html HTTP/1.1" 200 94 "-" "Mozilla/5.0 (compatible; Googlebot/2.1; +http://www.google.com/bot.html)"
66.249.79.167 - - [25/Nov/2024:07:22:04 -0700] "GET /news/gogkbo/ HTTP/1.1" 200 94 "-" "Mozilla/5.0 (compatible; Googlebot/2.1; +http://www.google.com/bot.html)"
212.8.248.108 - - [25/Nov/2024:07:22:15 -0700] "GET /images/journey/server-gacor/?abong=LATO99-ALTERNATIF HTTP/1.0" 200 116301 "-" "Mozilla/5.0 (Windows NT 10.0; Win64; x64) AppleWebKit/537.36 (KHTML, like Gecko) Chrome/118.0.0.0 Safari/537.36"
69.162.124.238 - - [25/Nov/2024:07:22:42 -0700] "HEAD /cbse-corner.php HTTP/1.1" 200 - "https://bilga.akalacademy.ac.in/cbse-corner.php" "Mozilla/5.0+(compatible; UptimeRobot/2.0; http://www.uptimerobot.com/)"
66.249.79.167 - - [25/Nov/2024:07:23:21 -0700] "GET /detail/gqjjpo/icc-jobs.html HTTP/1.1" 200 94 "-" "Mozilla/5.0 (compatible; Googlebot/2.1; +http://www.google.com/bot.html)"
3.140.198.201 - - [25/Nov/2024:07:23:23 -0700] "GET /myadmin/gallery/css/fonts/icomoon/images/files/Secondary/files/Senior%20Secondary/css/owl.carousel.min.css HTTP/1.1" 200 94 "-" "Mozilla/5.0 AppleWebKit/537.36 (KHTML, like Gecko; compatible; ClaudeBot/1.0; +claudebot@anthropic.com)"
66.249.79.165 - - [25/Nov/2024:07:24:16 -0700] "GET /detail/lamzhf/ HTTP/1.1" 200 94 "-" "Mozilla/5.0 (compatible; Googlebot/2.1; +http://www.google.com/bot.html)"
66.249.79.165 - - [25/Nov/2024:07:24:33 -0700] "GET /detail/mvproo/ HTTP/1.1" 200 94 "-" "Mozilla/5.0 (compatible; Googlebot/2.1; +http://www.google.com/bot.html)"
66.249.79.167 - - [25/Nov/2024:07:25:03 -0700] "GET /bet/bkqysv/ HTTP/1.1" 200 94 "-" "Mozilla/5.0 (compatible; Googlebot/2.1; +http://www.google.com/bot.html)"
66.249.79.165 - - [25/Nov/2024:07:25:55 -0700] "GET /news/dxklvn/ HTTP/1.1" 200 94 "-" "Mozilla/5.0 (compatible; Googlebot/2.1; +http://www.google.com/bot.html)"
69.162.124.238 - - [25/Nov/2024:07:27:42 -0700] "HEAD /cbse-corner.php HTTP/1.1" 200 - "https://bilga.akalacademy.ac.in/cbse-corner.php" "Mozilla/5.0+(compatible; UptimeRobot/2.0; http://www.uptimerobot.com/)"
66.249.79.167 - - [25/Nov/2024:07:27:49 -0700] "GET /news/?zgawcs/casino-live-rake.html HTTP/1.1" 200 94 "-" "Mozilla/5.0 (compatible; Googlebot/2.1; +http://www.google.com/bot.html)"
66.249.79.165 - - [25/Nov/2024:07:28:29 -0700] "GET /news/eyqkwe/online-ipl-cricket-game-play.html HTTP/1.1" 200 94 "-" "Mozilla/5.0 (compatible; Googlebot/2.1; +http://www.google.com/bot.html)"
66.249.79.166 - - [25/Nov/2024:07:30:23 -0700] "GET /bet/wiflqi/ HTTP/1.1" 200 94 "-" "Mozilla/5.0 (compatible; Googlebot/2.1; +http://www.google.com/bot.html)"
66.249.79.166 - - [25/Nov/2024:07:30:38 -0700] "GET /bet/ksdylr/favourite-game-essay-cricket.html HTTP/1.1" 200 94 "-" "Mozilla/5.0 (compatible; Googlebot/2.1; +http://www.google.com/bot.html)"
66.249.79.165 - - [25/Nov/2024:07:30:41 -0700] "GET /bet/uwzgyh/world-cup-third-place-cricket.html HTTP/1.1" 200 94 "-" "Mozilla/5.0 (compatible; Googlebot/2.1; +http://www.google.com/bot.html)"
66.249.79.166 - - [25/Nov/2024:07:31:02 -0700] "GET /bet/nkfrzk/ind-vs-sa-2019-world-cup-live-score.html HTTP/1.1" 200 94 "-" "Mozilla/5.0 (compatible; Googlebot/2.1; +http://www.google.com/bot.html)"
66.249.79.166 - - [25/Nov/2024:07:31:10 -0700] "GET /bet/njexzw/wcc-world-cup-2019-india-squad.html HTTP/1.1" 200 94 "-" "Mozilla/5.0 (compatible; Googlebot/2.1; +http://www.google.com/bot.html)"
66.249.79.167 - - [25/Nov/2024:07:32:10 -0700] "GET /news/johdrx/star-pro-kabaddi-live-video.html HTTP/1.1" 200 94 "-" "Mozilla/5.0 (compatible; Googlebot/2.1; +http://www.google.com/bot.html)"
66.249.79.166 - - [25/Nov/2024:07:32:10 -0700] "GET /bet/demaso/how-much-oppo-will-pay-to-bcci-annualy.html HTTP/1.1" 200 94 "-" "Mozilla/5.0 (compatible; Googlebot/2.1; +http://www.google.com/bot.html)"
66.249.79.166 - - [25/Nov/2024:07:32:26 -0700] "GET /bet/gjbpdh/ HTTP/1.1" 200 94 "-" "Mozilla/5.0 (compatible; Googlebot/2.1; +http://www.google.com/bot.html)"
69.162.124.238 - - [25/Nov/2024:07:32:41 -0700] "HEAD /cbse-corner.php HTTP/1.1" 200 - "https://bilga.akalacademy.ac.in/cbse-corner.php" "Mozilla/5.0+(compatible; UptimeRobot/2.0; http://www.uptimerobot.com/)"
66.249.79.165 - - [25/Nov/2024:07:32:58 -0700] "GET /detail/?qrlkvm/casino-tropez-online-casino.html HTTP/1.1" 200 94 "-" "Mozilla/5.0 (compatible; Googlebot/2.1; +http://www.google.com/bot.html)"
103.138.226.71 - - [25/Nov/2024:07:33:19 -0700] "GET / HTTP/1.1" 200 94 "-" "Mozilla/5.0 (Linux; Android 13; K) AppleWebKit/537.36 (KHTML, like Gecko) Chrome/130.0.6723.107 Mobile Safari/537.36"
103.138.226.71 - - [25/Nov/2024:07:33:22 -0700] "GET /favicon.ico HTTP/1.1" 200 2622 "https://bilga.akalacademy.ac.in/" "Mozilla/5.0 (Linux; Android 13; K) AppleWebKit/537.36 (KHTML, like Gecko) Chrome/130.0.6723.107 Mobile Safari/537.36"
79.142.79.41 - - [25/Nov/2024:07:33:24 -0700] "GET /images/journey/server-gacor/?abong=LATO99-ALTERNATIF HTTP/1.1" 200 116301 "-" "Mozilla/5.0 (Macintosh; Intel Mac OS X 12_5) AppleWebKit/537.36 (KHTML, like Gecko) Chrome/114.0.0.0 Safari/537.36 OPR/89.0.4447.51"
79.142.79.41 - - [25/Nov/2024:07:33:28 -0700] "GET /images/journey/server-gacor/?abong=LATO99-ALTERNATIF HTTP/1.1" 200 116301 "https://bilga.akalacademy.ac.in/images/journey/server-gacor/?abong=LATO99-ALTERNATIF" "Mozilla/5.0 (Macintosh; Intel Mac OS X 12_5) AppleWebKit/537.36 (KHTML, like Gecko) Chrome/114.0.0.0 Safari/537.36 OPR/89.0.4447.51"
66.249.79.166 - - [25/Nov/2024:07:33:37 -0700] "GET /bet/uldrfv/ HTTP/1.1" 200 94 "-" "Mozilla/5.0 (compatible; Googlebot/2.1; +http://www.google.com/bot.html)"
66.249.79.165 - - [25/Nov/2024:07:33:38 -0700] "GET /detail/hcrssk/apple-knight-online-game.html HTTP/1.1" 200 94 "-" "Mozilla/5.0 (compatible; Googlebot/2.1; +http://www.google.com/bot.html)"
66.249.79.167 - - [25/Nov/2024:07:34:22 -0700] "GET /bet/leutlc/ HTTP/1.1" 200 94 "-" "Mozilla/5.0 (compatible; Googlebot/2.1; +http://www.google.com/bot.html)"
