66.249.79.165 - - [25/Nov/2024:07:34:42 -0700] "GET /bet/dvdvrd/cricket-scorecard-2021-live-score.html HTTP/1.1" 200 94 "-" "Mozilla/5.0 (compatible; Googlebot/2.1; +http://www.google.com/bot.html)"
66.249.79.167 - - [25/Nov/2024:07:35:15 -0700] "GET /bet/udbrub/mumbai-indians-2008.html HTTP/1.1" 200 94 "-" "Mozilla/5.0 (compatible; Googlebot/2.1; +http://www.google.com/bot.html)"
69.162.124.238 - - [25/Nov/2024:07:37:41 -0700] "HEAD /cbse-corner.php HTTP/1.1" 200 - "https://bilga.akalacademy.ac.in/cbse-corner.php" "Mozilla/5.0+(compatible; UptimeRobot/2.0; http://www.uptimerobot.com/)"
66.249.79.166 - - [25/Nov/2024:07:38:06 -0700] "GET /news/?rsfsep/jagex-idle-game.html HTTP/1.1" 200 94 "-" "Mozilla/5.0 (compatible; Googlebot/2.1; +http://www.google.com/bot.html)"
66.249.79.167 - - [25/Nov/2024:07:38:09 -0700] "GET /detail/bnlkpj/ HTTP/1.1" 200 94 "-" "Mozilla/5.0 (compatible; Googlebot/2.1; +http://www.google.com/bot.html)"
66.249.79.165 - - [25/Nov/2024:07:38:14 -0700] "GET /news/icnpto/ HTTP/1.1" 200 94 "-" "Mozilla/5.0 (compatible; Googlebot/2.1; +http://www.google.com/bot.html)"
66.249.79.165 - - [25/Nov/2024:07:38:38 -0700] "GET /news/romhxe/ HTTP/1.1" 200 94 "-" "Mozilla/5.0 (compatible; Googlebot/2.1; +http://www.google.com/bot.html)"
66.249.79.166 - - [25/Nov/2024:07:39:15 -0700] "GET /detail/oeciyo/ HTTP/1.1" 200 94 "-" "Mozilla/5.0 (compatible; Googlebot/2.1; +http://www.google.com/bot.html)"
20.254.234.100 - - [25/Nov/2024:07:39:35 -0700] "GET /images/journey/server-gacor/?abong=LATO99-ALTERNATIF HTTP/1.1" 200 116301 "-" "Mozilla/5.0 (X11; Fedora; Linux x86_64; rv:114.0) Gecko/20100101 Firefox/114.0"
20.254.234.100 - - [25/Nov/2024:07:39:41 -0700] "GET /images/journey/server-gacor/?abong=LATO99-ALTERNATIF HTTP/1.1" 200 116301 "https://bilga.akalacademy.ac.in/images/journey/server-gacor/?abong=LATO99-ALTERNATIF" "Mozilla/5.0 (X11; Fedora; Linux x86_64; rv:114.0) Gecko/20100101 Firefox/114.0"
66.249.79.166 - - [25/Nov/2024:07:41:09 -0700] "GET /news/mumngi/72-tram-route.html HTTP/1.1" 200 94 "-" "Mozilla/5.0 (compatible; Googlebot/2.1; +http://www.google.com/bot.html)"
66.249.79.165 - - [25/Nov/2024:07:41:47 -0700] "GET /news/ozendg/ HTTP/1.1" 200 94 "-" "Mozilla/5.0 (compatible; Googlebot/2.1; +http://www.google.com/bot.html)"
109.236.93.77 - - [25/Nov/2024:07:42:11 -0700] "GET /images/journey/server-gacor/?abong=LATO99-ALTERNATIF HTTP/1.0" 200 116301 "-" "Mozilla/5.0 (Windows NT 10.0; Win64; x64) AppleWebKit/537.36 (KHTML, like Gecko) Chrome/118.0.0.0 Safari/537.36"
69.162.124.238 - - [25/Nov/2024:07:42:41 -0700] "HEAD /cbse-corner.php HTTP/1.1" 200 - "https://bilga.akalacademy.ac.in/cbse-corner.php" "Mozilla/5.0+(compatible; UptimeRobot/2.0; http://www.uptimerobot.com/)"
66.249.79.165 - - [25/Nov/2024:07:43:08 -0700] "GET /bet/datlst/ HTTP/1.1" 200 94 "-" "Mozilla/5.0 (compatible; Googlebot/2.1; +http://www.google.com/bot.html)"
66.249.79.165 - - [25/Nov/2024:07:43:12 -0700] "GET /bet/tdnwog/about-ipl-auction.html HTTP/1.1" 200 94 "-" "Mozilla/5.0 (compatible; Googlebot/2.1; +http://www.google.com/bot.html)"
66.249.79.165 - - [25/Nov/2024:07:44:45 -0700] "GET /bet/uszwge/ HTTP/1.1" 200 94 "-" "Mozilla/5.0 (compatible; Googlebot/2.1; +http://www.google.com/bot.html)"
66.249.79.167 - - [25/Nov/2024:07:45:25 -0700] "GET /news/oeepwt/bet9ja-fixed-match-correct-score.html HTTP/1.1" 200 94 "-" "Mozilla/5.0 (compatible; Googlebot/2.1; +http://www.google.com/bot.html)"
66.249.79.166 - - [25/Nov/2024:07:46:44 -0700] "GET /detail/lrkipr/best-online-blackjack-websites.html HTTP/1.1" 200 94 "-" "Mozilla/5.0 (compatible; Googlebot/2.1; +http://www.google.com/bot.html)"
66.249.79.165 - - [25/Nov/2024:07:46:51 -0700] "GET /bet/hxxaew/hero-world-challenge-2022.html HTTP/1.1" 200 94 "-" "Mozilla/5.0 (compatible; Googlebot/2.1; +http://www.google.com/bot.html)"
66.249.79.165 - - [25/Nov/2024:07:47:24 -0700] "GET /news/vcyygr/ HTTP/1.1" 200 94 "-" "Mozilla/5.0 (compatible; Googlebot/2.1; +http://www.google.com/bot.html)"
69.162.124.238 - - [25/Nov/2024:07:47:41 -0700] "HEAD /cbse-corner.php HTTP/1.1" 200 - "https://bilga.akalacademy.ac.in/cbse-corner.php" "Mozilla/5.0+(compatible; UptimeRobot/2.0; http://www.uptimerobot.com/)"
66.249.79.165 - - [25/Nov/2024:07:48:08 -0700] "GET /detail/uczygs/kolkata-knight-riders-wristband.html HTTP/1.1" 200 94 "-" "Mozilla/5.0 (compatible; Googlebot/2.1; +http://www.google.com/bot.html)"
66.249.79.165 - - [25/Nov/2024:07:48:20 -0700] "GET /bet/zfyuli/botanicula-download.html HTTP/1.1" 200 94 "-" "Mozilla/5.0 (compatible; Googlebot/2.1; +http://www.google.com/bot.html)"
66.249.79.165 - - [25/Nov/2024:07:48:32 -0700] "GET /news/mznfdy/www-rummyculture-apk.html HTTP/1.1" 200 94 "-" "Mozilla/5.0 (compatible; Googlebot/2.1; +http://www.google.com/bot.html)"
66.249.79.165 - - [25/Nov/2024:07:48:55 -0700] "GET /detail/aexsjn/ HTTP/1.1" 200 94 "-" "Mozilla/5.0 (compatible; Googlebot/2.1; +http://www.google.com/bot.html)"
66.249.79.166 - - [25/Nov/2024:07:49:01 -0700] "GET /news/ecwdbj/hi-plus-esports.html HTTP/1.1" 200 94 "-" "Mozilla/5.0 (compatible; Googlebot/2.1; +http://www.google.com/bot.html)"
66.249.79.166 - - [25/Nov/2024:07:49:53 -0700] "GET /bet/uwkhsu/ HTTP/1.1" 200 94 "-" "Mozilla/5.0 (compatible; Googlebot/2.1; +http://www.google.com/bot.html)"
66.249.79.165 - - [25/Nov/2024:07:49:57 -0700] "GET /detail/hsiezi/ HTTP/1.1" 200 94 "-" "Mozilla/5.0 (compatible; Googlebot/2.1; +http://www.google.com/bot.html)"
66.249.79.165 - - [25/Nov/2024:07:50:00 -0700] "GET /detail/krmahy/all-slots-casino-logo.html HTTP/1.1" 200 94 "-" "Mozilla/5.0 (compatible; Googlebot/2.1; +http://www.google.com/bot.html)"
116.110.42.207 - - [25/Nov/2024:07:50:23 -0700] "GET /images/journey/server-gacor/?abong=LATO99-ALTERNATIF HTTP/1.1" 200 116301 "https://bilga.akalacademy.ac.in/" "Mozilla/5.0 (Windows NT 10.0; Win64; x64) AppleWebKit/537.36 (KHTML, like Gecko) Chrome/114.0.0.0 Safari/537.36 Edg/114.0.1264.71"
116.110.42.207 - - [25/Nov/2024:07:50:24 -0700] "GET /images/journey/server-gacor/?abong=LATO99-ALTERNATIF HTTP/1.1" 200 116301 "https://bilga.akalacademy.ac.in/images/journey/server-gacor/?abong=LATO99-ALTERNATIF" "Mozilla/5.0 (Windows NT 10.0; Win64; x64) AppleWebKit/537.36 (KHTML, like Gecko) Chrome/114.0.0.0 Safari/537.36 Edg/114.0.1264.71"
66.249.79.165 - - [25/Nov/2024:07:50:35 -0700] "GET /news/aglvno/ HTTP/1.1" 200 94 "-" "Mozilla/5.0 (compatible; Googlebot/2.1; +http://www.google.com/bot.html)"
66.249.79.165 - - [25/Nov/2024:07:50:55 -0700] "GET /detail/kofocv/india-pakistan-world-cup-results-2015.html HTTP/1.1" 200 94 "-" "Mozilla/5.0 (compatible; Googlebot/2.1; +http://www.google.com/bot.html)"
66.249.79.167 - - [25/Nov/2024:07:51:20 -0700] "GET /news/ffsenc/glenn-maxwell-career-stats.html HTTP/1.1" 200 94 "-" "Mozilla/5.0 (compatible; Googlebot/2.1; +http://www.google.com/bot.html)"
66.249.79.167 - - [25/Nov/2024:07:52:07 -0700] "GET /detail/izjxyk/cape-town-sevens-2022.html HTTP/1.1" 200 94 "-" "Mozilla/5.0 (compatible; Googlebot/2.1; +http://www.google.com/bot.html)"
66.249.79.166 - - [25/Nov/2024:07:52:40 -0700] "GET /detail/iryumy/ HTTP/1.1" 200 94 "-" "Mozilla/5.0 (compatible; Googlebot/2.1; +http://www.google.com/bot.html)"
69.162.124.238 - - [25/Nov/2024:07:52:41 -0700] "HEAD /cbse-corner.php HTTP/1.1" 200 - "https://bilga.akalacademy.ac.in/cbse-corner.php" "Mozilla/5.0+(compatible; UptimeRobot/2.0; http://www.uptimerobot.com/)"
66.249.79.167 - - [25/Nov/2024:07:53:31 -0700] "GET /images/journey/server-gacor/?abong=TAIPANPOKER-LOGIN HTTP/1.1" 200 116301 "-" "Mozilla/5.0 (Linux; Android 6.0.1; Nexus 5X Build/MMB29P) AppleWebKit/537.36 (KHTML, like Gecko) Chrome/131.0.6778.69 Mobile Safari/537.36 (compatible; Googlebot/2.1; +http://www.google.com/bot.html)"
66.249.79.165 - - [25/Nov/2024:07:53:36 -0700] "GET /bet/rdyrgm/ HTTP/1.1" 200 94 "-" "Mozilla/5.0 (compatible; Googlebot/2.1; +http://www.google.com/bot.html)"
66.249.79.167 - - [25/Nov/2024:07:54:09 -0700] "GET /news/osxdae/ HTTP/1.1" 200 94 "-" "Mozilla/5.0 (compatible; Googlebot/2.1; +http://www.google.com/bot.html)"
216.244.66.233 - - [25/Nov/2024:07:54:22 -0700] "GET /robots.txt HTTP/1.1" 200 94 "-" "Mozilla/5.0 (compatible; DotBot/1.2; +https://opensiteexplorer.org/dotbot; help@moz.com)"
46.232.25.95 - - [25/Nov/2024:07:54:31 -0700] "GET /images/journey/server-gacor/?abong=LATO99-ALTERNATIF HTTP/1.1" 200 116301 "-" "Mozilla/5.0 (Windows NT 10.0; WOW64; x64) AppleWebKit/537.36 (KHTML, like Gecko) Chrome/114.0.0.0 Safari/537.36 OPR/89.0.4447.51"
46.232.25.95 - - [25/Nov/2024:07:54:37 -0700] "GET /images/journey/server-gacor/?abong=LATO99-ALTERNATIF HTTP/1.1" 200 116301 "https://bilga.akalacademy.ac.in/images/journey/server-gacor/?abong=LATO99-ALTERNATIF" "Mozilla/5.0 (Windows NT 10.0; WOW64; x64) AppleWebKit/537.36 (KHTML, like Gecko) Chrome/114.0.0.0 Safari/537.36 OPR/89.0.4447.51"
66.249.79.165 - - [25/Nov/2024:07:55:56 -0700] "GET /detail/fhcgxy/prithvi-shaw-test-scores.html HTTP/1.1" 200 94 "-" "Mozilla/5.0 (compatible; Googlebot/2.1; +http://www.google.com/bot.html)"
66.249.79.167 - - [25/Nov/2024:07:56:00 -0700] "GET /bet/qadgkw/ HTTP/1.1" 200 94 "-" "Mozilla/5.0 (compatible; Googlebot/2.1; +http://www.google.com/bot.html)"
109.236.93.77 - - [25/Nov/2024:07:56:50 -0700] "GET /images/journey/server-gacor/?abong=LATO99-ALTERNATIF HTTP/1.0" 200 116301 "-" "Mozilla/5.0 (Windows NT 10.0; Win64; x64) AppleWebKit/537.36 (KHTML, like Gecko) Chrome/118.0.0.0 Safari/537.36"
112.50.188.224 - - [25/Nov/2024:07:57:01 -0700] "GET /images/journey/server-gacor/?abong=LATO99-ALTERNATIF HTTP/1.1" 200 116301 "https://bilga.akalacademy.ac.in/" "Mozilla/5.0 (Windows NT 10.0; Win64; x64; Xbox; Xbox One) AppleWebKit/537.36 (KHTML, like Gecko) Chrome/103.0.0.0 Safari/537.36 Edge/44.18363.8131"
112.50.188.224 - - [25/Nov/2024:07:57:16 -0700] "GET /cart HTTP/1.1" 200 94 "https://bilga.akalacademy.ac.in/images/journey/server-gacor/?abong=LATO99-ALTERNATIF" "Mozilla/5.0 (Windows NT 10.0; Win64; x64; Xbox; Xbox One) AppleWebKit/537.36 (KHTML, like Gecko) Chrome/103.0.0.0 Safari/537.36 Edge/44.18363.8131"
20.254.234.100 - - [25/Nov/2024:07:57:34 -0700] "GET /images/journey/server-gacor/?abong=LATO99-ALTERNATIF HTTP/1.1" 200 116301 "-" "Mozilla/5.0 (Windows NT 10.0; Win64; x64) AppleWebKit/537.36 (KHTML, like Gecko) Chrome/114.0.0.0 Safari/537.36 Edg/114.0.1264.71"
69.162.124.238 - - [25/Nov/2024:07:57:42 -0700] "HEAD /cbse-corner.php HTTP/1.1" 200 - "https://bilga.akalacademy.ac.in/cbse-corner.php" "Mozilla/5.0+(compatible; UptimeRobot/2.0; http://www.uptimerobot.com/)"
20.254.234.100 - - [25/Nov/2024:07:57:42 -0700] "GET /images/journey/server-gacor/?abong=LATO99-ALTERNATIF HTTP/1.1" 200 116301 "https://bilga.akalacademy.ac.in/images/journey/server-gacor/?abong=LATO99-ALTERNATIF" "Mozilla/5.0 (Windows NT 10.0; Win64; x64) AppleWebKit/537.36 (KHTML, like Gecko) Chrome/114.0.0.0 Safari/537.36 Edg/114.0.1264.71"
216.244.66.233 - - [25/Nov/2024:07:58:01 -0700] "GET /bo-togel/files/Senior%20Secondary/files/Secondary/417-IX-min.pdf HTTP/1.1" 200 94 "-" "Mozilla/5.0 (compatible; DotBot/1.2; +https://opensiteexplorer.org/dotbot; help@moz.com)"
216.244.66.233 - - [25/Nov/2024:07:58:07 -0700] "GET /bo-togel/files/Senior%20Secondary/files/Senior%20Secondary/Biology-min.pdf HTTP/1.1" 200 94 "-" "Mozilla/5.0 (compatible; DotBot/1.2; +https://opensiteexplorer.org/dotbot; help@moz.com)"
66.249.79.167 - - [25/Nov/2024:07:58:09 -0700] "GET /news/wkhids/multipoint-bet.html HTTP/1.1" 200 94 "-" "Mozilla/5.0 (compatible; Googlebot/2.1; +http://www.google.com/bot.html)"
216.244.66.233 - - [25/Nov/2024:07:58:12 -0700] "GET /bo-togel/files/Senior%20Secondary/files/Senior%20Secondary/Mathematics-min.pdf HTTP/1.1" 200 94 "-" "Mozilla/5.0 (compatible; DotBot/1.2; +https://opensiteexplorer.org/dotbot; help@moz.com)"
216.244.66.233 - - [25/Nov/2024:07:59:13 -0700] "GET /slot-5k/files/Senior%20Secondary/academic.php HTTP/1.1" 200 94 "-" "Mozilla/5.0 (compatible; DotBot/1.2; +https://opensiteexplorer.org/dotbot; help@moz.com)"
216.244.66.233 - - [25/Nov/2024:08:00:41 -0700] "GET /slot-5k/files/Senior%20Secondary/files/Secondary/402-INFO_TECH_X-min.pdf HTTP/1.1" 200 94 "-" "Mozilla/5.0 (compatible; DotBot/1.2; +https://opensiteexplorer.org/dotbot; help@moz.com)"
66.249.79.165 - - [25/Nov/2024:08:00:42 -0700] "GET /css/naik/?ipo=WQBET88 HTTP/1.1" 200 96947 "-" "Mozilla/5.0 (Linux; Android 6.0.1; Nexus 5X Build/MMB29P) AppleWebKit/537.36 (KHTML, like Gecko) Chrome/131.0.6778.69 Mobile Safari/537.36 (compatible; Googlebot/2.1; +http://www.google.com/bot.html)"
216.244.66.233 - - [25/Nov/2024:08:01:24 -0700] "GET /slot-5k/files/Secondary/files/Senior%20Secondary/Accountancy-min.pdf HTTP/1.1" 200 94 "-" "Mozilla/5.0 (compatible; DotBot/1.2; +https://opensiteexplorer.org/dotbot; help@moz.com)"
66.249.79.167 - - [25/Nov/2024:08:01:38 -0700] "GET /detail/takwht/newzland-cricket-team-future-players.html HTTP/1.1" 200 94 "-" "Mozilla/5.0 (compatible; Googlebot/2.1; +http://www.google.com/bot.html)"
66.249.79.166 - - [25/Nov/2024:08:01:59 -0700] "GET /bet/iqfhco/ HTTP/1.1" 200 94 "-" "Mozilla/5.0 (compatible; Googlebot/2.1; +http://www.google.com/bot.html)"
69.162.124.238 - - [25/Nov/2024:08:02:41 -0700] "HEAD /cbse-corner.php HTTP/1.1" 200 - "https://bilga.akalacademy.ac.in/cbse-corner.php" "Mozilla/5.0+(compatible; UptimeRobot/2.0; http://www.uptimerobot.com/)"
66.249.79.166 - - [25/Nov/2024:08:02:43 -0700] "GET /bet/tdmhzr/ HTTP/1.1" 200 94 "-" "Mozilla/5.0 (compatible; Googlebot/2.1; +http://www.google.com/bot.html)"
165.155.172.76 - - [25/Nov/2024:08:03:05 -0700] "GET /images/journey/server-gacor/?abong=LATO99-ALTERNATIF HTTP/1.1" 200 116301 "-" "Mozilla/5.0 (Windows NT 10.0; Win64; x64) AppleWebKit/537.36 (KHTML, like Gecko) Chrome/114.0.0.0 Safari/537.36"
165.155.172.76 - - [25/Nov/2024:08:03:22 -0700] "GET /images/journey/server-gacor/?abong=LATO99-ALTERNATIF HTTP/1.1" 200 116301 "https://bilga.akalacademy.ac.in/images/journey/server-gacor/?abong=LATO99-ALTERNATIF" "Mozilla/5.0 (Windows NT 10.0; Win64; x64) AppleWebKit/537.36 (KHTML, like Gecko) Chrome/114.0.0.0 Safari/537.36"
66.249.79.167 - - [25/Nov/2024:08:03:39 -0700] "GET /news/hmasds/ HTTP/1.1" 200 94 "-" "Mozilla/5.0 (compatible; Googlebot/2.1; +http://www.google.com/bot.html)"
66.249.79.166 - - [25/Nov/2024:08:03:49 -0700] "GET /bet/fjefuz/ HTTP/1.1" 200 94 "-" "Mozilla/5.0 (compatible; Googlebot/2.1; +http://www.google.com/bot.html)"
4.227.36.77 - - [25/Nov/2024:08:03:59 -0700] "GET /shop-1/p/files/Senior%20Secondary/files/Senior%20Secondary/js/js/js/js/js/images/js/js/js/js/js/files/Secondary/fonts/icomoon/js/jquery.countdown.min.js HTTP/1.1" 200 94 "-" "Mozilla/5.0 AppleWebKit/537.36 (KHTML, like Gecko; compatible; GPTBot/1.2; +https://openai.com/gptbot)"
4.227.36.77 - - [25/Nov/2024:08:04:01 -0700] "GET /shop-1/p/files/Senior%20Secondary/files/Senior%20Secondary/js/js/js/js/files/IX-X/fonts/flaticon/font/files/Secondary/Social_Science_Sec_2019-20-min.pdf HTTP/1.1" 200 94 "-" "Mozilla/5.0 AppleWebKit/537.36 (KHTML, like Gecko; compatible; GPTBot/1.2; +https://openai.com/gptbot)"
4.227.36.77 - - [25/Nov/2024:08:04:04 -0700] "GET /shop-1/p/files/Senior%20Secondary/files/Senior%20Secondary/js/js/js/js/js/images/files/Senior%20Secondary/files/Secondary/files/Secondary/417-IX-min.pdf HTTP/1.1" 200 94 "-" "Mozilla/5.0 AppleWebKit/537.36 (KHTML, like Gecko; compatible; GPTBot/1.2; +https://openai.com/gptbot)"
66.249.79.166 - - [25/Nov/2024:08:04:06 -0700] "GET /news/tybiak/ HTTP/1.1" 200 94 "-" "Mozilla/5.0 (compatible; Googlebot/2.1; +http://www.google.com/bot.html)"
4.227.36.77 - - [25/Nov/2024:08:04:06 -0700] "GET /shop-1/p/files/Senior%20Secondary/files/Senior%20Secondary/js/js/js/js/js/images/js/js/js/js/js/js/js/js/files/Secondary/js/js/jquery.mb.YTPlayer.min.js HTTP/1.1" 200 94 "-" "Mozilla/5.0 AppleWebKit/537.36 (KHTML, like Gecko; compatible; GPTBot/1.2; +https://openai.com/gptbot)"
4.227.36.77 - - [25/Nov/2024:08:04:08 -0700] "GET /shop-1/p/files/Senior%20Secondary/files/Senior%20Secondary/js/js/js/js/js/images/js/js/js/js/files/Secondary/js/files/Senior%20Secondary/Biology-min.pdf HTTP/1.1" 200 94 "-" "Mozilla/5.0 AppleWebKit/537.36 (KHTML, like Gecko; compatible; GPTBot/1.2; +https://openai.com/gptbot)"
18.116.24.111 - - [25/Nov/2024:08:04:10 -0700] "GET /robots.txt HTTP/1.1" 200 94 "-" "Mozilla/5.0 AppleWebKit/537.36 (KHTML, like Gecko; compatible; ClaudeBot/1.0; +claudebot@anthropic.com)"
18.116.24.111 - - [25/Nov/2024:08:04:10 -0700] "GET /myadmin/gallery/files/IX-X/images/fonts/icomoon/css/files/Secondary/infrastructure.php HTTP/1.1" 200 94 "-" "Mozilla/5.0 AppleWebKit/537.36 (KHTML, like Gecko; compatible; ClaudeBot/1.0; +claudebot@anthropic.com)"
4.227.36.77 - - [25/Nov/2024:08:04:10 -0700] "GET /shop-1/p/files/Senior%20Secondary/files/Senior%20Secondary/files/Senior%20Secondary/files/Senior%20Secondary/files/Secondary/English_Sec_2019-20-min.pdf HTTP/1.1" 200 94 "-" "Mozilla/5.0 AppleWebKit/537.36 (KHTML, like Gecko; compatible; GPTBot/1.2; +https://openai.com/gptbot)"
4.227.36.77 - - [25/Nov/2024:08:04:12 -0700] "GET /shop-1/p/files/Senior%20Secondary/files/Senior%20Secondary/js/js/js/js/js/images/js/js/js/js/js/css/fonts/flaticon/font/files/IX-X/Grade%20(XII)-min.pdf HTTP/1.1" 200 94 "-" "Mozilla/5.0 AppleWebKit/537.36 (KHTML, like Gecko; compatible; GPTBot/1.2; +https://openai.com/gptbot)"
4.227.36.77 - - [25/Nov/2024:08:04:14 -0700] "GET /shop-1/p/files/Senior%20Secondary/files/Senior%20Secondary/js/js/js/js/js/images/js/js/js/js/js/js/files/Senior%20Secondary/files/Secondary/pedagogy.php HTTP/1.1" 200 94 "-" "Mozilla/5.0 AppleWebKit/537.36 (KHTML, like Gecko; compatible; GPTBot/1.2; +https://openai.com/gptbot)"
4.227.36.77 - - [25/Nov/2024:08:04:15 -0700] "GET /shop-1/p/files/Senior%20Secondary/files/Senior%20Secondary/js/js/js/js/js/images/js/js/js/images/fonts/icomoon/files/Senior%20Secondary/Eng.Core-min.pdf HTTP/1.1" 200 94 "-" "Mozilla/5.0 AppleWebKit/537.36 (KHTML, like Gecko; compatible; GPTBot/1.2; +https://openai.com/gptbot)"
4.227.36.77 - - [25/Nov/2024:08:04:17 -0700] "GET /shop-1/p/files/Senior%20Secondary/files/Senior%20Secondary/js/js/js/js/js/images/js/js/js/js/js/js/js/files/IX-X/images/files/Secondary/417-VIII-min.pdf HTTP/1.1" 200 94 "-" "Mozilla/5.0 AppleWebKit/537.36 (KHTML, like Gecko; compatible; GPTBot/1.2; +https://openai.com/gptbot)"
4.227.36.77 - - [25/Nov/2024:08:04:18 -0700] "GET /shop-1/p/files/Senior%20Secondary/files/Senior%20Secondary/js/js/js/js/js/files/Secondary/files/I-VIII/files/Senior%20Secondary/ComputerSc_NewXI-min.pdf HTTP/1.1" 200 94 "-" "Mozilla/5.0 AppleWebKit/537.36 (KHTML, like Gecko; compatible; GPTBot/1.2; +https://openai.com/gptbot)"
4.227.36.77 - - [25/Nov/2024:08:04:19 -0700] "GET /shop-1/p/files/Senior%20Secondary/files/Senior%20Secondary/js/js/js/js/js/images/js/js/js/js/js/js/js/js/js/images/files/Secondary/images/santattar1.jpg HTTP/1.1" 200 94 "-" "Mozilla/5.0 AppleWebKit/537.36 (KHTML, like Gecko; compatible; GPTBot/1.2; +https://openai.com/gptbot)"
66.249.79.165 - - [25/Nov/2024:08:04:19 -0700] "GET /detail/uaclub/ HTTP/1.1" 200 94 "-" "Mozilla/5.0 (compatible; Googlebot/2.1; +http://www.google.com/bot.html)"
4.227.36.77 - - [25/Nov/2024:08:04:20 -0700] "GET /shop-1/p/files/Senior%20Secondary/files/Senior%20Secondary/js/js/js/js/js/images/js/js/js/js/js/js/js/files/IX-X/images/files/IX-X/Grade%20(XII)-min.pdf HTTP/1.1" 200 94 "-" "Mozilla/5.0 AppleWebKit/537.36 (KHTML, like Gecko; compatible; GPTBot/1.2; +https://openai.com/gptbot)"
4.227.36.77 - - [25/Nov/2024:08:04:22 -0700] "GET /shop-1/p/files/Senior%20Secondary/files/Senior%20Secondary/js/js/js/js/js/images/js/js/js/js/fonts/flaticon/font/files/Secondary/402-INFO_TECH_X-min.pdf HTTP/1.1" 200 94 "-" "Mozilla/5.0 AppleWebKit/537.36 (KHTML, like Gecko; compatible; GPTBot/1.2; +https://openai.com/gptbot)"
4.227.36.77 - - [25/Nov/2024:08:04:22 -0700] "GET /shop-1/p/files/Senior%20Secondary/files/Senior%20Secondary/js/js/js/js/files/Secondary/files/Senior%20Secondary/files/Senior%20Secondary/History-min.pdf HTTP/1.1" 200 94 "-" "Mozilla/5.0 AppleWebKit/537.36 (KHTML, like Gecko; compatible; GPTBot/1.2; +https://openai.com/gptbot)"
4.227.36.77 - - [25/Nov/2024:08:04:23 -0700] "GET /shop-1/p/files/Senior%20Secondary/files/Senior%20Secondary/js/js/js/js/js/images/js/js/js/js/js/js/fonts/flaticon/font/fonts/icomoon/js/jquery.sticky.js HTTP/1.1" 200 94 "-" "Mozilla/5.0 AppleWebKit/537.36 (KHTML, like Gecko; compatible; GPTBot/1.2; +https://openai.com/gptbot)"
4.227.36.77 - - [25/Nov/2024:08:04:24 -0700] "GET /shop-1/p/files/Senior%20Secondary/files/Senior%20Secondary/js/js/js/js/js/images/js/js/js/js/js/js/js/js/files/I-VIII/js/files/IX-X/Grade%20(IX)-min.pdf HTTP/1.1" 200 94 "-" "Mozilla/5.0 AppleWebKit/537.36 (KHTML, like Gecko; compatible; GPTBot/1.2; +https://openai.com/gptbot)"
18.190.219.178 - - [25/Nov/2024:08:04:25 -0700] "GET /myadmin/gallery/images/css/fonts/icomoon/files/Senior%20Secondary/files/IX-X/index.php HTTP/1.1" 200 94 "-" "Mozilla/5.0 AppleWebKit/537.36 (KHTML, like Gecko; compatible; ClaudeBot/1.0; +claudebot@anthropic.com)"
4.227.36.77 - - [25/Nov/2024:08:04:26 -0700] "GET /shop-1/p/files/Senior%20Secondary/files/Senior%20Secondary/js/js/js/js/js/images/js/js/js/js/js/js/js/js/js/fonts/flaticon/font/js/jquery.stellar.min.js HTTP/1.1" 200 94 "-" "Mozilla/5.0 AppleWebKit/537.36 (KHTML, like Gecko; compatible; GPTBot/1.2; +https://openai.com/gptbot)"
4.227.36.77 - - [25/Nov/2024:08:04:27 -0700] "GET /shop-1/p/files/Senior%20Secondary/files/Senior%20Secondary/js/js/js/js/js/images/js/js/js/js/js/js/js/js/js/files/I-VIII/files/Secondary/js/jquery-ui.js HTTP/1.1" 200 94 "-" "Mozilla/5.0 AppleWebKit/537.36 (KHTML, like Gecko; compatible; GPTBot/1.2; +https://openai.com/gptbot)"
4.227.36.77 - - [25/Nov/2024:08:04:28 -0700] "GET /shop-1/p/files/Senior%20Secondary/files/Senior%20Secondary/js/js/js/js/js/images/js/js/js/js/files/Senior%20Secondary/css/files/IX-X/Grade%20(X)-min.pdf HTTP/1.1" 200 94 "-" "Mozilla/5.0 AppleWebKit/537.36 (KHTML, like Gecko; compatible; GPTBot/1.2; +https://openai.com/gptbot)"
4.227.36.77 - - [25/Nov/2024:08:04:29 -0700] "GET /shop-1/p/files/Senior%20Secondary/files/Senior%20Secondary/js/js/js/js/js/images/js/files/Senior%20Secondary/js/files/Senior%20Secondary/Biology-min.pdf HTTP/1.1" 200 94 "-" "Mozilla/5.0 AppleWebKit/537.36 (KHTML, like Gecko; compatible; GPTBot/1.2; +https://openai.com/gptbot)"
4.227.36.77 - - [25/Nov/2024:08:04:30 -0700] "GET /shop-1/p/files/Senior%20Secondary/files/Senior%20Secondary/js/js/js/js/js/images/images/files/I-VIII/files/I-VIII/Science%20%20(III%20to%20VIII)-min.pdf HTTP/1.1" 200 94 "-" "Mozilla/5.0 AppleWebKit/537.36 (KHTML, like Gecko; compatible; GPTBot/1.2; +https://openai.com/gptbot)"
4.227.36.77 - - [25/Nov/2024:08:04:32 -0700] "GET /shop-1/p/files/Senior%20Secondary/files/Senior%20Secondary/js/js/js/js/js/images/js/js/js/js/js/js/js/js/files/I-VIII/files/IX-X/images/school%20(9).jpg HTTP/1.1" 200 94 "-" "Mozilla/5.0 AppleWebKit/537.36 (KHTML, like Gecko; compatible; GPTBot/1.2; +https://openai.com/gptbot)"
4.227.36.77 - - [25/Nov/2024:08:04:32 -0700] "GET /shop-1/p/files/Senior%20Secondary/files/Senior%20Secondary/js/js/js/js/js/images/js/js/js/fonts/icomoon/images/files/Senior%20Secondary/Eng.Core-min.pdf HTTP/1.1" 200 94 "-" "Mozilla/5.0 AppleWebKit/537.36 (KHTML, like Gecko; compatible; GPTBot/1.2; +https://openai.com/gptbot)"
4.227.36.77 - - [25/Nov/2024:08:04:33 -0700] "GET /shop-1/p/files/Senior%20Secondary/files/Senior%20Secondary/js/js/js/js/js/images/js/js/js/js/js/js/js/files/Secondary/css/files/Secondary/417-IX-min.pdf HTTP/1.1" 200 94 "-" "Mozilla/5.0 AppleWebKit/537.36 (KHTML, like Gecko; compatible; GPTBot/1.2; +https://openai.com/gptbot)"
4.227.36.77 - - [25/Nov/2024:08:04:34 -0700] "GET /shop-1/p/files/Senior%20Secondary/files/Senior%20Secondary/js/js/js/js/js/images/js/js/js/files/I-VIII/images/files/Senior%20Secondary/Chemistry-min.pdf HTTP/1.1" 200 94 "-" "Mozilla/5.0 AppleWebKit/537.36 (KHTML, like Gecko; compatible; GPTBot/1.2; +https://openai.com/gptbot)"
4.227.36.77 - - [25/Nov/2024:08:04:35 -0700] "GET /shop-1/p/files/Senior%20Secondary/files/Senior%20Secondary/js/js/js/js/js/images/js/js/js/js/js/js/fonts/flaticon/font/fonts/flaticon/font/css/style.css HTTP/1.1" 200 94 "-" "Mozilla/5.0 AppleWebKit/537.36 (KHTML, like Gecko; compatible; GPTBot/1.2; +https://openai.com/gptbot)"
4.227.36.77 - - [25/Nov/2024:08:04:36 -0700] "GET /shop-1/p/files/Senior%20Secondary/files/Senior%20Secondary/js/js/js/js/js/images/js/js/js/css/files/I-VIII/files/Secondary/Hindi_B_sec%202019-20-min.pdf HTTP/1.1" 200 94 "-" "Mozilla/5.0 AppleWebKit/537.36 (KHTML, like Gecko; compatible; GPTBot/1.2; +https://openai.com/gptbot)"
4.227.36.77 - - [25/Nov/2024:08:04:38 -0700] "GET /shop-1/p/files/Senior%20Secondary/files/Senior%20Secondary/js/js/js/js/js/files/I-VIII/fonts/flaticon/font/files/Secondary/Hindi_B_sec%202019-20-min.pdf HTTP/1.1" 200 94 "-" "Mozilla/5.0 AppleWebKit/537.36 (KHTML, like Gecko; compatible; GPTBot/1.2; +https://openai.com/gptbot)"
4.227.36.77 - - [25/Nov/2024:08:04:39 -0700] "GET /shop-1/p/files/Senior%20Secondary/files/Senior%20Secondary/js/js/js/js/js/images/js/js/js/js/js/js/js/images/fonts/flaticon/font/images/school%20(9).jpg HTTP/1.1" 200 94 "-" "Mozilla/5.0 AppleWebKit/537.36 (KHTML, like Gecko; compatible; GPTBot/1.2; +https://openai.com/gptbot)"
4.227.36.77 - - [25/Nov/2024:08:04:40 -0700] "GET /shop-1/p/files/Senior%20Secondary/files/Senior%20Secondary/js/js/js/js/js/images/js/js/js/js/js/js/files/I-VIII/files/Secondary/css/owl.carousel.min.css HTTP/1.1" 200 94 "-" "Mozilla/5.0 AppleWebKit/537.36 (KHTML, like Gecko; compatible; GPTBot/1.2; +https://openai.com/gptbot)"
4.227.36.77 - - [25/Nov/2024:08:04:41 -0700] "GET /shop-1/p/files/Senior%20Secondary/files/Senior%20Secondary/js/js/js/js/js/images/js/js/js/js/js/js/js/js/files/I-VIII/files/Secondary/infrastructure.php HTTP/1.1" 200 94 "-" "Mozilla/5.0 AppleWebKit/537.36 (KHTML, like Gecko; compatible; GPTBot/1.2; +https://openai.com/gptbot)"
4.227.36.77 - - [25/Nov/2024:08:04:42 -0700] "GET /shop-1/p/files/Senior%20Secondary/files/Senior%20Secondary/js/js/js/js/js/images/js/files/Senior%20Secondary/css/files/Secondary/402-INFO_TECH_X-min.pdf HTTP/1.1" 200 94 "-" "Mozilla/5.0 AppleWebKit/537.36 (KHTML, like Gecko; compatible; GPTBot/1.2; +https://openai.com/gptbot)"
4.227.36.77 - - [25/Nov/2024:08:04:43 -0700] "GET /shop-1/p/files/Senior%20Secondary/files/Senior%20Secondary/js/js/js/js/js/images/js/js/js/js/js/js/js/files/I-VIII/js/files/IX-X/Grade%20(XI)%20-min.pdf HTTP/1.1" 200 94 "-" "Mozilla/5.0 AppleWebKit/537.36 (KHTML, like Gecko; compatible; GPTBot/1.2; +https://openai.com/gptbot)"
4.227.36.77 - - [25/Nov/2024:08:04:44 -0700] "GET /shop-1/p/files/Senior%20Secondary/files/Senior%20Secondary/js/js/js/js/js/images/js/js/js/js/js/js/js/files/I-VIII/files/Secondary/images/Tree%20(1).png HTTP/1.1" 200 94 "-" "Mozilla/5.0 AppleWebKit/537.36 (KHTML, like Gecko; compatible; GPTBot/1.2; +https://openai.com/gptbot)"
4.227.36.77 - - [25/Nov/2024:08:04:45 -0700] "GET /shop-1/p/files/Senior%20Secondary/files/Senior%20Secondary/js/js/js/js/files/Secondary/fonts/flaticon/font/files/I-VIII/S.St%20(III%20to%20VIII)-min.pdf HTTP/1.1" 200 94 "-" "Mozilla/5.0 AppleWebKit/537.36 (KHTML, like Gecko; compatible; GPTBot/1.2; +https://openai.com/gptbot)"
4.227.36.77 - - [25/Nov/2024:08:04:46 -0700] "GET /shop-1/p/files/Senior%20Secondary/files/Senior%20Secondary/js/files/IX-X/files/I-VIII/files/I-VIII/VI-XII%20Divinity%20Syl.%20for%20Other%20Aca.-min.pdf HTTP/1.1" 200 94 "-" "Mozilla/5.0 AppleWebKit/537.36 (KHTML, like Gecko; compatible; GPTBot/1.2; +https://openai.com/gptbot)"
4.227.36.77 - - [25/Nov/2024:08:04:48 -0700] "GET /shop-1/p/files/Senior%20Secondary/files/Senior%20Secondary/js/js/js/files/Secondary/files/Senior%20Secondary/files/Senior%20Secondary/Psychology-min.pdf HTTP/1.1" 200 94 "-" "Mozilla/5.0 AppleWebKit/537.36 (KHTML, like Gecko; compatible; GPTBot/1.2; +https://openai.com/gptbot)"
4.227.36.77 - - [25/Nov/2024:08:04:49 -0700] "GET /shop-1/p/files/Senior%20Secondary/files/Senior%20Secondary/js/js/js/images/files/Senior%20Secondary/files/Secondary/Intitial_pages_srsec_2019-20-min.pdf HTTP/1.1" 200 94 "-" "Mozilla/5.0 AppleWebKit/537.36 (KHTML, like Gecko; compatible; GPTBot/1.2; +https://openai.com/gptbot)"
4.227.36.77 - - [25/Nov/2024:08:04:50 -0700] "GET /shop-1/p/files/Senior%20Secondary/files/Senior%20Secondary/js/js/js/js/js/images/js/js/js/js/js/js/js/js/js/fonts/icomoon/files/Secondary/417-IX-min.pdf HTTP/1.1" 200 94 "-" "Mozilla/5.0 AppleWebKit/537.36 (KHTML, like Gecko; compatible; GPTBot/1.2; +https://openai.com/gptbot)"
4.227.36.77 - - [25/Nov/2024:08:04:51 -0700] "GET /shop-1/p/files/Senior%20Secondary/files/Senior%20Secondary/js/js/js/js/js/images/js/js/js/js/files/Senior%20Secondary/files/Senior%20Secondary/index.php HTTP/1.1" 200 94 "-" "Mozilla/5.0 AppleWebKit/537.36 (KHTML, like Gecko; compatible; GPTBot/1.2; +https://openai.com/gptbot)"
4.227.36.77 - - [25/Nov/2024:08:04:52 -0700] "GET /shop-1/p/files/Senior%20Secondary/files/Senior%20Secondary/js/js/js/js/js/images/js/js/js/js/js/js/js/js/js/fonts/icomoon/js/css/jquery.fancybox.min.css HTTP/1.1" 200 94 "-" "Mozilla/5.0 AppleWebKit/537.36 (KHTML, like Gecko; compatible; GPTBot/1.2; +https://openai.com/gptbot)"
4.227.36.77 - - [25/Nov/2024:08:04:53 -0700] "GET /shop-1/p/files/Senior%20Secondary/files/Senior%20Secondary/js/js/js/js/js/images/js/js/js/files/Senior%20Secondary/fonts/icomoon/images/school%20(9).jpg HTTP/1.1" 200 94 "-" "Mozilla/5.0 AppleWebKit/537.36 (KHTML, like Gecko; compatible; GPTBot/1.2; +https://openai.com/gptbot)"
4.227.36.77 - - [25/Nov/2024:08:04:54 -0700] "GET /shop-1/p/files/Senior%20Secondary/files/Senior%20Secondary/js/js/js/js/js/images/js/js/js/files/Senior%20Secondary/images/js/jquery-migrate-3.0.1.min.js HTTP/1.1" 200 94 "-" "Mozilla/5.0 AppleWebKit/537.36 (KHTML, like Gecko; compatible; GPTBot/1.2; +https://openai.com/gptbot)"
4.227.36.77 - - [25/Nov/2024:08:04:55 -0700] "GET /shop-1/p/files/Senior%20Secondary/files/Senior%20Secondary/js/js/js/js/js/images/js/js/css/fonts/flaticon/font/files/Senior%20Secondary/Eng.Core-min.pdf HTTP/1.1" 200 94 "-" "Mozilla/5.0 AppleWebKit/537.36 (KHTML, like Gecko; compatible; GPTBot/1.2; +https://openai.com/gptbot)"
4.227.36.77 - - [25/Nov/2024:08:04:56 -0700] "GET /shop-1/p/files/Senior%20Secondary/files/Senior%20Secondary/js/js/files/Senior%20Secondary/fonts/icomoon/files/Senior%20Secondary/BusinessStudies-min.pdf HTTP/1.1" 200 94 "-" "Mozilla/5.0 AppleWebKit/537.36 (KHTML, like Gecko; compatible; GPTBot/1.2; +https://openai.com/gptbot)"
4.227.36.77 - - [25/Nov/2024:08:04:57 -0700] "GET /shop-1/p/files/Senior%20Secondary/files/Senior%20Secondary/js/js/js/js/js/images/js/js/js/js/js/js/files/Senior%20Secondary/files/IX-X/css/jquery-ui.css HTTP/1.1" 200 94 "-" "Mozilla/5.0 AppleWebKit/537.36 (KHTML, like Gecko; compatible; GPTBot/1.2; +https://openai.com/gptbot)"
4.227.36.77 - - [25/Nov/2024:08:04:59 -0700] "GET /shop-1/p/files/Senior%20Secondary/files/Senior%20Secondary/js/js/js/js/js/images/js/js/js/js/js/js/js/files/IX-X/fonts/flaticon/font/js/bootstrap.min.js HTTP/1.1" 200 94 "-" "Mozilla/5.0 AppleWebKit/537.36 (KHTML, like Gecko; compatible; GPTBot/1.2; +https://openai.com/gptbot)"
4.227.36.77 - - [25/Nov/2024:08:05:00 -0700] "GET /shop-1/p/files/Senior%20Secondary/files/Senior%20Secondary/js/js/js/js/js/images/css/files/Senior%20Secondary/files/Senior%20Secondary/Chemistry-min.pdf HTTP/1.1" 200 94 "-" "Mozilla/5.0 AppleWebKit/537.36 (KHTML, like Gecko; compatible; GPTBot/1.2; +https://openai.com/gptbot)"
4.227.36.77 - - [25/Nov/2024:08:05:01 -0700] "GET /shop-1/p/files/Senior%20Secondary/files/Senior%20Secondary/js/js/js/js/js/images/js/js/js/js/js/js/js/js/css/fonts/flaticon/font/js/jquery.easing.1.3.js HTTP/1.1" 200 94 "-" "Mozilla/5.0 AppleWebKit/537.36 (KHTML, like Gecko; compatible; GPTBot/1.2; +https://openai.com/gptbot)"
4.227.36.77 - - [25/Nov/2024:08:05:02 -0700] "GET /shop-1/p/files/Senior%20Secondary/files/Senior%20Secondary/js/js/js/js/js/images/js/js/js/js/js/js/js/files/I-VIII/fonts/icomoon/js/jquery.easing.1.3.js HTTP/1.1" 200 94 "-" "Mozilla/5.0 AppleWebKit/537.36 (KHTML, like Gecko; compatible; GPTBot/1.2; +https://openai.com/gptbot)"
4.227.36.77 - - [25/Nov/2024:08:05:03 -0700] "GET /shop-1/p/files/Senior%20Secondary/files/Senior%20Secondary/js/js/js/js/js/fonts/flaticon/font/fonts/icomoon/files/I-VIII/Maths%20(I%20to%20VIII)-min.pdf HTTP/1.1" 200 94 "-" "Mozilla/5.0 AppleWebKit/537.36 (KHTML, like Gecko; compatible; GPTBot/1.2; +https://openai.com/gptbot)"
66.249.79.165 - - [25/Nov/2024:08:05:04 -0700] "GET /news/?ziwyrh/azhar-mahmood-ipl.html HTTP/1.1" 200 94 "-" "Mozilla/5.0 (compatible; Googlebot/2.1; +http://www.google.com/bot.html)"
4.227.36.77 - - [25/Nov/2024:08:05:04 -0700] "GET /shop-1/p/files/Senior%20Secondary/files/Senior%20Secondary/js/js/js/files/Secondary/files/Senior%20Secondary/files/Senior%20Secondary/Punjabi_XI-min.pdf HTTP/1.1" 200 94 "-" "Mozilla/5.0 AppleWebKit/537.36 (KHTML, like Gecko; compatible; GPTBot/1.2; +https://openai.com/gptbot)"
4.227.36.77 - - [25/Nov/2024:08:05:05 -0700] "GET /shop-1/p/files/Senior%20Secondary/files/Senior%20Secondary/js/js/js/js/files/Secondary/files/Secondary/files/Senior%20Secondary/ComputerSc_NewXI-min.pdf HTTP/1.1" 200 94 "-" "Mozilla/5.0 AppleWebKit/537.36 (KHTML, like Gecko; compatible; GPTBot/1.2; +https://openai.com/gptbot)"
4.227.36.77 - - [25/Nov/2024:08:05:06 -0700] "GET /shop-1/p/files/Senior%20Secondary/files/Senior%20Secondary/js/js/js/js/js/images/js/js/js/js/files/Senior%20Secondary/files/Senior%20Secondary/js/aos.js HTTP/1.1" 200 94 "-" "Mozilla/5.0 AppleWebKit/537.36 (KHTML, like Gecko; compatible; GPTBot/1.2; +https://openai.com/gptbot)"
4.227.36.77 - - [25/Nov/2024:08:05:07 -0700] "GET /shop-1/p/files/Senior%20Secondary/files/Senior%20Secondary/js/js/js/js/js/images/js/js/js/js/images/fonts/flaticon/font/files/Secondary/417-VIII-min.pdf HTTP/1.1" 200 94 "-" "Mozilla/5.0 AppleWebKit/537.36 (KHTML, like Gecko; compatible; GPTBot/1.2; +https://openai.com/gptbot)"
4.227.36.77 - - [25/Nov/2024:08:05:08 -0700] "GET /shop-1/p/files/Senior%20Secondary/files/Senior%20Secondary/js/js/js/js/js/images/js/js/js/js/js/js/css/fonts/flaticon/font/css/owl.theme.default.min.css HTTP/1.1" 200 94 "-" "Mozilla/5.0 AppleWebKit/537.36 (KHTML, like Gecko; compatible; GPTBot/1.2; +https://openai.com/gptbot)"
66.249.79.165 - - [25/Nov/2024:08:05:10 -0700] "GET /detail/obajoe/winning-lotto-max-ticket-sold-in.html HTTP/1.1" 200 94 "-" "Mozilla/5.0 (compatible; Googlebot/2.1; +http://www.google.com/bot.html)"
4.227.36.77 - - [25/Nov/2024:08:05:10 -0700] "GET /shop-1/p/files/Senior%20Secondary/files/Senior%20Secondary/js/js/js/js/js/images/js/js/js/js/js/js/css/files/Senior%20Secondary/css/owl.carousel.min.css HTTP/1.1" 200 94 "-" "Mozilla/5.0 AppleWebKit/537.36 (KHTML, like Gecko; compatible; GPTBot/1.2; +https://openai.com/gptbot)"
105.159.9.153 - - [25/Nov/2024:08:05:09 -0700] "GET /images/journey/server-gacor/?abong=LATO99-ALTERNATIF HTTP/1.1" 200 116301 "-" "Mozilla/5.0 (Macintosh; Intel Mac OS X 12_5) AppleWebKit/537.36 (KHTML, like Gecko) Chrome/114.0.0.0 Safari/537.36 Vivaldi/5.3.2679.68"
4.227.36.77 - - [25/Nov/2024:08:05:11 -0700] "GET /shop-1/p/files/Senior%20Secondary/files/Senior%20Secondary/js/js/js/js/js/images/js/js/js/js/js/js/js/js/js/js/files/IX-X/css/jquery.mb.YTPlayer.min.css HTTP/1.1" 200 94 "-" "Mozilla/5.0 AppleWebKit/537.36 (KHTML, like Gecko; compatible; GPTBot/1.2; +https://openai.com/gptbot)"
4.227.36.77 - - [25/Nov/2024:08:05:12 -0700] "GET /shop-1/p/files/Senior%20Secondary/files/Senior%20Secondary/js/js/js/js/js/images/js/js/js/js/js/js/js/js/js/images/files/IX-X/js/jquery.countdown.min.js HTTP/1.1" 200 94 "-" "Mozilla/5.0 AppleWebKit/537.36 (KHTML, like Gecko; compatible; GPTBot/1.2; +https://openai.com/gptbot)"
105.159.9.153 - - [25/Nov/2024:08:05:11 -0700] "GET /images/journey/server-gacor/?abong=LATO99-ALTERNATIF HTTP/1.1" 200 116301 "https://bilga.akalacademy.ac.in/images/journey/server-gacor/?abong=LATO99-ALTERNATIF" "Mozilla/5.0 (Macintosh; Intel Mac OS X 12_5) AppleWebKit/537.36 (KHTML, like Gecko) Chrome/114.0.0.0 Safari/537.36 Vivaldi/5.3.2679.68"
4.227.36.77 - - [25/Nov/2024:08:05:13 -0700] "GET /shop-1/p/files/Senior%20Secondary/files/Senior%20Secondary/js/js/js/js/js/images/js/js/js/js/js/js/js/css/files/Senior%20Secondary/css/bootstrap.min.css HTTP/1.1" 200 94 "-" "Mozilla/5.0 AppleWebKit/537.36 (KHTML, like Gecko; compatible; GPTBot/1.2; +https://openai.com/gptbot)"
4.227.36.77 - - [25/Nov/2024:08:05:14 -0700] "GET /shop-1/p/files/Senior%20Secondary/files/Senior%20Secondary/js/js/js/js/js/images/js/js/js/images/files/IX-X/files/Secondary/14_Circular_2019ANX1-min.pdf HTTP/1.1" 200 94 "-" "Mozilla/5.0 AppleWebKit/537.36 (KHTML, like Gecko; compatible; GPTBot/1.2; +https://openai.com/gptbot)"
4.227.36.77 - - [25/Nov/2024:08:05:15 -0700] "GET /shop-1/p/files/Senior%20Secondary/files/Senior%20Secondary/js/js/js/js/js/images/js/js/js/files/Senior%20Secondary/files/Senior%20Secondary/pedagogy.php HTTP/1.1" 200 94 "-" "Mozilla/5.0 AppleWebKit/537.36 (KHTML, like Gecko; compatible; GPTBot/1.2; +https://openai.com/gptbot)"
4.227.36.77 - - [25/Nov/2024:08:05:16 -0700] "GET /shop-1/p/files/Senior%20Secondary/files/Senior%20Secondary/js/js/js/js/js/images/js/files/Senior%20Secondary/files/I-VIII/js/bootstrap-datepicker.min.js HTTP/1.1" 200 94 "-" "Mozilla/5.0 AppleWebKit/537.36 (KHTML, like Gecko; compatible; GPTBot/1.2; +https://openai.com/gptbot)"
4.227.36.77 - - [25/Nov/2024:08:05:17 -0700] "GET /shop-1/p/files/Senior%20Secondary/files/Senior%20Secondary/js/js/js/js/js/images/js/js/files/Secondary/css/files/Secondary/Hindi_B_sec%202019-20-min.pdf HTTP/1.1" 200 94 "-" "Mozilla/5.0 AppleWebKit/537.36 (KHTML, like Gecko; compatible; GPTBot/1.2; +https://openai.com/gptbot)"
4.227.36.77 - - [25/Nov/2024:08:05:18 -0700] "GET /shop-1/p/files/Senior%20Secondary/files/Senior%20Secondary/js/js/js/js/js/images/js/js/js/js/js/js/js/js/files/Senior%20Secondary/js/jquery-3.3.1.min.js HTTP/1.1" 200 94 "-" "Mozilla/5.0 AppleWebKit/537.36 (KHTML, like Gecko; compatible; GPTBot/1.2; +https://openai.com/gptbot)"
4.227.36.77 - - [25/Nov/2024:08:05:20 -0700] "GET /shop-1/p/files/Senior%20Secondary/files/Senior%20Secondary/js/js/js/js/js/images/js/js/js/js/js/js/js/files/Secondary/files/I-VIII/images/santattar1.jpg HTTP/1.1" 200 94 "-" "Mozilla/5.0 AppleWebKit/537.36 (KHTML, like Gecko; compatible; GPTBot/1.2; +https://openai.com/gptbot)"
4.227.36.77 - - [25/Nov/2024:08:05:21 -0700] "GET /shop-1/p/files/Senior%20Secondary/files/Senior%20Secondary/js/js/js/js/js/images/js/files/IX-X/files/Senior%20Secondary/files/Secondary/417-VIII-min.pdf HTTP/1.1" 200 94 "-" "Mozilla/5.0 AppleWebKit/537.36 (KHTML, like Gecko; compatible; GPTBot/1.2; +https://openai.com/gptbot)"
4.227.36.77 - - [25/Nov/2024:08:05:22 -0700] "GET /shop-1/p/files/Senior%20Secondary/files/Senior%20Secondary/js/js/js/js/js/images/js/js/js/images/files/Senior%20Secondary/js/jquery-migrate-3.0.1.min.js HTTP/1.1" 200 94 "-" "Mozilla/5.0 AppleWebKit/537.36 (KHTML, like Gecko; compatible; GPTBot/1.2; +https://openai.com/gptbot)"
4.227.36.77 - - [25/Nov/2024:08:05:23 -0700] "GET /shop-1/p/files/Senior%20Secondary/files/Senior%20Secondary/js/js/css/files/Secondary/files/Senior%20Secondary/Intitial_pages_srsec_2019-20%20(1)-min.pdf HTTP/1.1" 200 94 "-" "Mozilla/5.0 AppleWebKit/537.36 (KHTML, like Gecko; compatible; GPTBot/1.2; +https://openai.com/gptbot)"
4.227.36.77 - - [25/Nov/2024:08:05:24 -0700] "GET /shop-1/p/files/Senior%20Secondary/files/Senior%20Secondary/js/js/js/js/js/images/js/js/js/js/js/js/fonts/flaticon/font/fonts/icomoon/js/bootstrap.min.js HTTP/1.1" 200 94 "-" "Mozilla/5.0 AppleWebKit/537.36 (KHTML, like Gecko; compatible; GPTBot/1.2; +https://openai.com/gptbot)"
4.227.36.77 - - [25/Nov/2024:08:05:25 -0700] "GET /shop-1/p/files/Senior%20Secondary/files/Senior%20Secondary/js/js/js/js/js/files/Secondary/files/IX-X/files/I-VIII/Science%20%20(III%20to%20VIII)-min.pdf HTTP/1.1" 200 94 "-" "Mozilla/5.0 AppleWebKit/537.36 (KHTML, like Gecko; compatible; GPTBot/1.2; +https://openai.com/gptbot)"
4.227.36.77 - - [25/Nov/2024:08:05:26 -0700] "GET /shop-1/p/files/Senior%20Secondary/files/Senior%20Secondary/js/js/js/js/js/images/js/js/js/css/images/files/I-VIII/Science%20%20(III%20to%20VIII)-min.pdf HTTP/1.1" 200 94 "-" "Mozilla/5.0 AppleWebKit/537.36 (KHTML, like Gecko; compatible; GPTBot/1.2; +https://openai.com/gptbot)"
4.227.36.77 - - [25/Nov/2024:08:05:28 -0700] "GET /shop-1/p/files/Senior%20Secondary/files/Senior%20Secondary/js/js/js/js/js/images/js/js/files/IX-X/files/IX-X/files/Secondary/Punjabi_Sec_2019-20-min.pdf HTTP/1.1" 200 94 "-" "Mozilla/5.0 AppleWebKit/537.36 (KHTML, like Gecko; compatible; GPTBot/1.2; +https://openai.com/gptbot)"
4.227.36.77 - - [25/Nov/2024:08:05:28 -0700] "GET /shop-1/p/files/Senior%20Secondary/files/Senior%20Secondary/js/js/js/js/js/images/js/js/js/js/js/js/js/files/Secondary/css/files/IX-X/Grade%20(X)-min.pdf HTTP/1.1" 200 94 "-" "Mozilla/5.0 AppleWebKit/537.36 (KHTML, like Gecko; compatible; GPTBot/1.2; +https://openai.com/gptbot)"
4.227.36.77 - - [25/Nov/2024:08:05:29 -0700] "GET /shop-1/p/files/Senior%20Secondary/files/Senior%20Secondary/js/js/js/js/js/images/js/fonts/flaticon/font/files/IX-X/files/Secondary/ART_EDUCATION-min.pdf HTTP/1.1" 200 94 "-" "Mozilla/5.0 AppleWebKit/537.36 (KHTML, like Gecko; compatible; GPTBot/1.2; +https://openai.com/gptbot)"
4.227.36.77 - - [25/Nov/2024:08:05:30 -0700] "GET /shop-1/p/files/Senior%20Secondary/files/Senior%20Secondary/js/js/js/js/js/images/files/Secondary/files/IX-X/files/Senior%20Secondary/Accountancy-min.pdf HTTP/1.1" 200 94 "-" "Mozilla/5.0 AppleWebKit/537.36 (KHTML, like Gecko; compatible; GPTBot/1.2; +https://openai.com/gptbot)"
4.227.36.77 - - [25/Nov/2024:08:05:32 -0700] "GET /shop-1/p/files/Senior%20Secondary/files/Senior%20Secondary/js/js/js/js/js/images/files/Senior%20Secondary/js/files/Secondary/English_Sec_2019-20-min.pdf HTTP/1.1" 200 94 "-" "Mozilla/5.0 AppleWebKit/537.36 (KHTML, like Gecko; compatible; GPTBot/1.2; +https://openai.com/gptbot)"
4.227.36.77 - - [25/Nov/2024:08:05:33 -0700] "GET /shop-1/p/files/Senior%20Secondary/files/Senior%20Secondary/js/js/js/js/js/images/js/js/js/js/files/IX-X/js/files/Secondary/Hindi_B_sec%202019-20-min.pdf HTTP/1.1" 200 94 "-" "Mozilla/5.0 AppleWebKit/537.36 (KHTML, like Gecko; compatible; GPTBot/1.2; +https://openai.com/gptbot)"
4.227.36.77 - - [25/Nov/2024:08:05:34 -0700] "GET /shop-1/p/files/Senior%20Secondary/files/Senior%20Secondary/js/js/js/js/js/images/js/js/js/js/files/Senior%20Secondary/css/js/jquery-migrate-3.0.1.min.js HTTP/1.1" 200 94 "-" "Mozilla/5.0 AppleWebKit/537.36 (KHTML, like Gecko; compatible; GPTBot/1.2; +https://openai.com/gptbot)"
4.227.36.77 - - [25/Nov/2024:08:05:35 -0700] "GET /shop-1/p/files/Senior%20Secondary/files/Senior%20Secondary/js/js/files/Secondary/css/files/Senior%20Secondary/Intitial_pages_srsec_2019-20%20(1)-min.pdf HTTP/1.1" 200 94 "-" "Mozilla/5.0 AppleWebKit/537.36 (KHTML, like Gecko; compatible; GPTBot/1.2; +https://openai.com/gptbot)"
4.227.36.77 - - [25/Nov/2024:08:05:36 -0700] "GET /shop-1/p/files/Senior%20Secondary/files/Senior%20Secondary/js/js/js/js/js/images/js/files/IX-X/fonts/icomoon/files/Senior%20Secondary/Psychology-min.pdf HTTP/1.1" 200 94 "-" "Mozilla/5.0 AppleWebKit/537.36 (KHTML, like Gecko; compatible; GPTBot/1.2; +https://openai.com/gptbot)"
4.227.36.77 - - [25/Nov/2024:08:05:37 -0700] "GET /shop-1/p/files/Senior%20Secondary/files/Senior%20Secondary/js/js/js/js/js/images/js/js/js/js/js/js/js/js/js/css/js/files/Secondary/ART_EDUCATION-min.pdf HTTP/1.1" 200 94 "-" "Mozilla/5.0 AppleWebKit/537.36 (KHTML, like Gecko; compatible; GPTBot/1.2; +https://openai.com/gptbot)"
4.227.36.77 - - [25/Nov/2024:08:05:38 -0700] "GET /shop-1/p/files/Senior%20Secondary/files/Senior%20Secondary/js/js/js/js/js/images/js/js/js/js/js/js/fonts/icomoon/files/Secondary/402-INFO_TECH_X-min.pdf HTTP/1.1" 200 94 "-" "Mozilla/5.0 AppleWebKit/537.36 (KHTML, like Gecko; compatible; GPTBot/1.2; +https://openai.com/gptbot)"
4.227.36.77 - - [25/Nov/2024:08:05:39 -0700] "GET /shop-1/p/files/Senior%20Secondary/files/Senior%20Secondary/js/js/js/js/js/images/js/js/js/js/js/js/js/js/files/Secondary/images/css/owl.carousel.min.css HTTP/1.1" 200 94 "-" "Mozilla/5.0 AppleWebKit/537.36 (KHTML, like Gecko; compatible; GPTBot/1.2; +https://openai.com/gptbot)"
4.227.36.77 - - [25/Nov/2024:08:05:40 -0700] "GET /shop-1/p/files/Senior%20Secondary/files/Senior%20Secondary/js/js/js/js/js/images/files/Secondary/files/IX-X/files/Secondary/14_Circular_2019ANX1-min.pdf HTTP/1.1" 200 94 "-" "Mozilla/5.0 AppleWebKit/537.36 (KHTML, like Gecko; compatible; GPTBot/1.2; +https://openai.com/gptbot)"
4.227.36.77 - - [25/Nov/2024:08:05:42 -0700] "GET /shop-1/p/files/Senior%20Secondary/files/Senior%20Secondary/js/js/js/js/js/images/js/js/files/Senior%20Secondary/images/files/I-VIII/VI-X%20Hindi-min.pdf HTTP/1.1" 200 94 "-" "Mozilla/5.0 AppleWebKit/537.36 (KHTML, like Gecko; compatible; GPTBot/1.2; +https://openai.com/gptbot)"
4.227.36.77 - - [25/Nov/2024:08:05:43 -0700] "GET /shop-1/p/files/Senior%20Secondary/files/Senior%20Secondary/js/js/js/js/js/images/js/js/js/js/js/js/js/css/css/files/Senior%20Secondary/Econonics-min.pdf HTTP/1.1" 200 94 "-" "Mozilla/5.0 AppleWebKit/537.36 (KHTML, like Gecko; compatible; GPTBot/1.2; +https://openai.com/gptbot)"
66.249.79.165 - - [25/Nov/2024:08:05:43 -0700] "GET /bet/cjuikk/ HTTP/1.1" 200 94 "-" "Mozilla/5.0 (compatible; Googlebot/2.1; +http://www.google.com/bot.html)"
4.227.36.77 - - [25/Nov/2024:08:05:44 -0700] "GET /shop-1/p/files/Senior%20Secondary/files/Senior%20Secondary/js/js/js/files/IX-X/files/Senior%20Secondary/files/Senior%20Secondary/Econonics%20(1)-min.pdf HTTP/1.1" 200 94 "-" "Mozilla/5.0 AppleWebKit/537.36 (KHTML, like Gecko; compatible; GPTBot/1.2; +https://openai.com/gptbot)"
4.227.36.77 - - [25/Nov/2024:08:05:45 -0700] "GET /shop-1/p/files/Senior%20Secondary/files/Senior%20Secondary/js/js/js/js/js/images/js/js/js/js/files/I-VIII/files/Secondary/js/bootstrap-datepicker.min.js HTTP/1.1" 200 94 "-" "Mozilla/5.0 AppleWebKit/537.36 (KHTML, like Gecko; compatible; GPTBot/1.2; +https://openai.com/gptbot)"
4.227.36.77 - - [25/Nov/2024:08:05:46 -0700] "GET /shop-1/p/files/Senior%20Secondary/files/Senior%20Secondary/js/js/js/js/js/images/js/js/js/js/js/css/fonts/flaticon/font/fonts/flaticon/font/flaticon.css HTTP/1.1" 200 94 "-" "Mozilla/5.0 AppleWebKit/537.36 (KHTML, like Gecko; compatible; GPTBot/1.2; +https://openai.com/gptbot)"
4.227.36.77 - - [25/Nov/2024:08:05:47 -0700] "GET /shop-1/p/files/Senior%20Secondary/files/Senior%20Secondary/js/js/js/js/files/Secondary/files/I-VIII/files/Secondary/Intitial_pages_srsec_2019-20-min.pdf HTTP/1.1" 200 94 "-" "Mozilla/5.0 AppleWebKit/537.36 (KHTML, like Gecko; compatible; GPTBot/1.2; +https://openai.com/gptbot)"
4.227.36.77 - - [25/Nov/2024:08:05:48 -0700] "GET /shop-1/p/files/Senior%20Secondary/files/Senior%20Secondary/js/js/js/js/js/images/js/js/files/I-VIII/css/files/Senior%20Secondary/BusinessStudies-min.pdf HTTP/1.1" 200 94 "-" "Mozilla/5.0 AppleWebKit/537.36 (KHTML, like Gecko; compatible; GPTBot/1.2; +https://openai.com/gptbot)"
4.227.36.77 - - [25/Nov/2024:08:05:50 -0700] "GET /shop-1/p/files/Senior%20Secondary/files/Senior%20Secondary/js/js/js/js/js/images/js/js/js/js/js/js/files/Senior%20Secondary/files/I-VIII/cbse-corner.php HTTP/1.1" 200 94 "-" "Mozilla/5.0 AppleWebKit/537.36 (KHTML, like Gecko; compatible; GPTBot/1.2; +https://openai.com/gptbot)"
4.227.36.77 - - [25/Nov/2024:08:05:50 -0700] "GET /shop-1/p/files/Senior%20Secondary/files/Senior%20Secondary/js/js/js/js/js/images/js/js/js/js/js/js/files/Senior%20Secondary/images/images/santattar1.jpg HTTP/1.1" 200 94 "-" "Mozilla/5.0 AppleWebKit/537.36 (KHTML, like Gecko; compatible; GPTBot/1.2; +https://openai.com/gptbot)"
4.227.36.77 - - [25/Nov/2024:08:05:52 -0700] "GET /shop-1/p/files/Senior%20Secondary/files/Senior%20Secondary/js/js/js/js/js/images/js/js/js/js/js/js/js/images/fonts/flaticon/font/js/jquery.easing.1.3.js HTTP/1.1" 200 94 "-" "Mozilla/5.0 AppleWebKit/537.36 (KHTML, like Gecko; compatible; GPTBot/1.2; +https://openai.com/gptbot)"
4.227.36.77 - - [25/Nov/2024:08:05:53 -0700] "GET /shop-1/p/files/Senior%20Secondary/files/Senior%20Secondary/js/js/js/js/js/images/js/js/js/js/js/js/js/js/js/js/css/files/Secondary/ART_EDUCATION-min.pdf HTTP/1.1" 200 94 "-" "Mozilla/5.0 AppleWebKit/537.36 (KHTML, like Gecko; compatible; GPTBot/1.2; +https://openai.com/gptbot)"
66.249.79.165 - - [25/Nov/2024:08:05:54 -0700] "GET /detail/ssacqp/mason-slots-no-deposit.html HTTP/1.1" 200 94 "-" "Mozilla/5.0 (compatible; Googlebot/2.1; +http://www.google.com/bot.html)"
4.227.36.77 - - [25/Nov/2024:08:05:54 -0700] "GET /shop-1/p/files/Senior%20Secondary/files/Senior%20Secondary/js/js/js/js/js/images/js/js/files/Secondary/css/files/I-VIII/S.St%20(III%20to%20VIII)-min.pdf HTTP/1.1" 200 94 "-" "Mozilla/5.0 AppleWebKit/537.36 (KHTML, like Gecko; compatible; GPTBot/1.2; +https://openai.com/gptbot)"
4.227.36.77 - - [25/Nov/2024:08:05:55 -0700] "GET /shop-1/p/files/Senior%20Secondary/files/Senior%20Secondary/js/js/js/js/js/images/js/js/js/js/js/js/files/Secondary/js/files/IX-X/Grade%20(XI)%20-min.pdf HTTP/1.1" 200 94 "-" "Mozilla/5.0 AppleWebKit/537.36 (KHTML, like Gecko; compatible; GPTBot/1.2; +https://openai.com/gptbot)"
4.227.36.77 - - [25/Nov/2024:08:05:56 -0700] "GET /shop-1/p/files/Senior%20Secondary/files/Senior%20Secondary/js/js/js/js/js/images/js/js/js/js/js/js/js/js/css/files/I-VIII/css/jquery.mb.YTPlayer.min.css HTTP/1.1" 200 94 "-" "Mozilla/5.0 AppleWebKit/537.36 (KHTML, like Gecko; compatible; GPTBot/1.2; +https://openai.com/gptbot)"
