4.227.36.77 - - [25/Nov/2024:08:11:20 -0700] "GET /shop-1/p/files/Senior%20Secondary/files/Senior%20Secondary/js/js/js/js/js/images/js/js/js/js/js/js/js/js/files/Senior%20Secondary/js/owl.carousel.min.js HTTP/1.1" 200 94 "-" "Mozilla/5.0 AppleWebKit/537.36 (KHTML, like Gecko; compatible; GPTBot/1.2; +https://openai.com/gptbot)"
4.227.36.77 - - [25/Nov/2024:08:11:21 -0700] "GET /shop-1/p/files/Senior%20Secondary/files/Senior%20Secondary/js/js/js/js/js/images/js/js/js/js/js/js/js/js/images/files/Senior%20Secondary/cbse-corner.php HTTP/1.1" 200 94 "-" "Mozilla/5.0 AppleWebKit/537.36 (KHTML, like Gecko; compatible; GPTBot/1.2; +https://openai.com/gptbot)"
4.227.36.77 - - [25/Nov/2024:08:11:22 -0700] "GET /shop-1/p/files/Senior%20Secondary/files/Senior%20Secondary/js/js/js/js/js/images/js/js/js/js/js/js/js/js/files/Secondary/files/I-VIII/infrastructure.php HTTP/1.1" 200 94 "-" "Mozilla/5.0 AppleWebKit/537.36 (KHTML, like Gecko; compatible; GPTBot/1.2; +https://openai.com/gptbot)"
4.227.36.77 - - [25/Nov/2024:08:11:23 -0700] "GET /shop-1/p/files/Senior%20Secondary/files/Senior%20Secondary/js/js/js/js/js/fonts/flaticon/font/images/files/I-VIII/Science%20%20(III%20to%20VIII)-min.pdf HTTP/1.1" 200 94 "-" "Mozilla/5.0 AppleWebKit/537.36 (KHTML, like Gecko; compatible; GPTBot/1.2; +https://openai.com/gptbot)"
4.227.36.77 - - [25/Nov/2024:08:11:25 -0700] "GET /shop-1/p/files/Senior%20Secondary/files/Senior%20Secondary/js/js/js/js/js/images/files/IX-X/fonts/flaticon/font/files/Senior%20Secondary/History-min.pdf HTTP/1.1" 200 94 "-" "Mozilla/5.0 AppleWebKit/537.36 (KHTML, like Gecko; compatible; GPTBot/1.2; +https://openai.com/gptbot)"
4.227.36.77 - - [25/Nov/2024:08:11:26 -0700] "GET /shop-1/p/files/Senior%20Secondary/files/Senior%20Secondary/js/js/js/js/js/images/files/Senior%20Secondary/files/I-VIII/files/I-VIII/VI-X%20Hindi-min.pdf HTTP/1.1" 200 94 "-" "Mozilla/5.0 AppleWebKit/537.36 (KHTML, like Gecko; compatible; GPTBot/1.2; +https://openai.com/gptbot)"
4.227.36.77 - - [25/Nov/2024:08:11:27 -0700] "GET /shop-1/p/files/Senior%20Secondary/files/Senior%20Secondary/js/js/js/js/js/images/js/js/js/js/css/files/IX-X/files/Secondary/14_Circular_2019ANX1-min.pdf HTTP/1.1" 200 94 "-" "Mozilla/5.0 AppleWebKit/537.36 (KHTML, like Gecko; compatible; GPTBot/1.2; +https://openai.com/gptbot)"
4.227.36.77 - - [25/Nov/2024:08:11:28 -0700] "GET /shop-1/p/files/Senior%20Secondary/files/Senior%20Secondary/js/js/js/js/js/images/js/js/js/js/css/images/files/Senior%20Secondary/BusinessStudies-min.pdf HTTP/1.1" 200 94 "-" "Mozilla/5.0 AppleWebKit/537.36 (KHTML, like Gecko; compatible; GPTBot/1.2; +https://openai.com/gptbot)"
4.227.36.77 - - [25/Nov/2024:08:11:29 -0700] "GET /shop-1/p/files/Senior%20Secondary/files/Senior%20Secondary/js/js/js/js/js/images/js/js/js/js/js/js/js/files/I-VIII/images/files/IX-X/Grade%20(X)-min.pdf HTTP/1.1" 200 94 "-" "Mozilla/5.0 AppleWebKit/537.36 (KHTML, like Gecko; compatible; GPTBot/1.2; +https://openai.com/gptbot)"
66.249.79.167 - - [25/Nov/2024:08:11:30 -0700] "GET /bet/qbesac/ HTTP/1.1" 200 94 "-" "Mozilla/5.0 (compatible; Googlebot/2.1; +http://www.google.com/bot.html)"
4.227.36.77 - - [25/Nov/2024:08:11:30 -0700] "GET /shop-1/p/files/Senior%20Secondary/files/Senior%20Secondary/js/js/js/js/js/images/js/fonts/flaticon/font/files/Secondary/files/IX-X/Grade%20(XII)-min.pdf HTTP/1.1" 200 94 "-" "Mozilla/5.0 AppleWebKit/537.36 (KHTML, like Gecko; compatible; GPTBot/1.2; +https://openai.com/gptbot)"
4.227.36.77 - - [25/Nov/2024:08:11:32 -0700] "GET /shop-1/p/files/Senior%20Secondary/files/Senior%20Secondary/js/js/js/js/js/images/js/js/js/js/js/js/js/js/files/Secondary/files/Secondary/cbse-corner.php HTTP/1.1" 200 94 "-" "Mozilla/5.0 AppleWebKit/537.36 (KHTML, like Gecko; compatible; GPTBot/1.2; +https://openai.com/gptbot)"
4.227.36.77 - - [25/Nov/2024:08:11:33 -0700] "GET /shop-1/p/files/Senior%20Secondary/files/Senior%20Secondary/js/js/fonts/flaticon/font/fonts/flaticon/font/files/Secondary/Mathematics_Sec_2019-20-min.pdf HTTP/1.1" 200 94 "-" "Mozilla/5.0 AppleWebKit/537.36 (KHTML, like Gecko; compatible; GPTBot/1.2; +https://openai.com/gptbot)"
4.227.36.77 - - [25/Nov/2024:08:11:34 -0700] "GET /shop-1/p/files/Senior%20Secondary/files/Senior%20Secondary/js/js/js/js/js/images/js/js/js/js/js/js/js/js/files/I-VIII/css/files/IX-X/Grade%20(X)-min.pdf HTTP/1.1" 200 94 "-" "Mozilla/5.0 AppleWebKit/537.36 (KHTML, like Gecko; compatible; GPTBot/1.2; +https://openai.com/gptbot)"
4.227.36.77 - - [25/Nov/2024:08:11:35 -0700] "GET /shop-1/p/files/Senior%20Secondary/files/Senior%20Secondary/js/js/js/js/js/images/js/js/js/js/js/files/IX-X/js/files/Senior%20Secondary/Chemistry-min.pdf HTTP/1.1" 200 94 "-" "Mozilla/5.0 AppleWebKit/537.36 (KHTML, like Gecko; compatible; GPTBot/1.2; +https://openai.com/gptbot)"
4.227.36.77 - - [25/Nov/2024:08:11:36 -0700] "GET /shop-1/p/files/Senior%20Secondary/files/Senior%20Secondary/js/js/js/js/js/images/js/js/js/files/Secondary/css/files/Senior%20Secondary/Econonics-min.pdf HTTP/1.1" 200 94 "-" "Mozilla/5.0 AppleWebKit/537.36 (KHTML, like Gecko; compatible; GPTBot/1.2; +https://openai.com/gptbot)"
4.227.36.77 - - [25/Nov/2024:08:11:37 -0700] "GET /shop-1/p/files/Senior%20Secondary/files/Senior%20Secondary/js/js/js/js/js/images/js/js/js/files/Secondary/js/files/Senior%20Secondary/Punjabi_XI-min.pdf HTTP/1.1" 200 94 "-" "Mozilla/5.0 AppleWebKit/537.36 (KHTML, like Gecko; compatible; GPTBot/1.2; +https://openai.com/gptbot)"
4.227.36.77 - - [25/Nov/2024:08:11:38 -0700] "GET /shop-1/p/files/Senior%20Secondary/files/Senior%20Secondary/js/js/js/js/js/images/js/js/js/js/images/files/I-VIII/files/Secondary/402-INFO_TECH_X-min.pdf HTTP/1.1" 200 94 "-" "Mozilla/5.0 AppleWebKit/537.36 (KHTML, like Gecko; compatible; GPTBot/1.2; +https://openai.com/gptbot)"
4.227.36.77 - - [25/Nov/2024:08:11:40 -0700] "GET /shop-1/p/files/Senior%20Secondary/files/Senior%20Secondary/js/js/js/js/js/images/js/files/IX-X/files/I-VIII/files/I-VIII/Maths%20(I%20to%20VIII)-min.pdf HTTP/1.1" 200 94 "-" "Mozilla/5.0 AppleWebKit/537.36 (KHTML, like Gecko; compatible; GPTBot/1.2; +https://openai.com/gptbot)"
4.227.36.77 - - [25/Nov/2024:08:11:41 -0700] "GET /shop-1/p/files/Senior%20Secondary/files/Senior%20Secondary/js/js/js/js/js/images/files/IX-X/files/Secondary/files/Senior%20Secondary/Mathematics-min.pdf HTTP/1.1" 200 94 "-" "Mozilla/5.0 AppleWebKit/537.36 (KHTML, like Gecko; compatible; GPTBot/1.2; +https://openai.com/gptbot)"
4.227.36.77 - - [25/Nov/2024:08:11:42 -0700] "GET /shop-1/p/files/Senior%20Secondary/files/Senior%20Secondary/js/js/js/js/js/images/js/js/js/files/I-VIII/images/files/Senior%20Secondary/Econonics-min.pdf HTTP/1.1" 200 94 "-" "Mozilla/5.0 AppleWebKit/537.36 (KHTML, like Gecko; compatible; GPTBot/1.2; +https://openai.com/gptbot)"
4.227.36.77 - - [25/Nov/2024:08:11:43 -0700] "GET /shop-1/p/files/Senior%20Secondary/files/Senior%20Secondary/js/js/js/js/js/images/js/js/js/files/Secondary/files/Senior%20Secondary/images/santattar1.jpg HTTP/1.1" 200 94 "-" "Mozilla/5.0 AppleWebKit/537.36 (KHTML, like Gecko; compatible; GPTBot/1.2; +https://openai.com/gptbot)"
4.227.36.77 - - [25/Nov/2024:08:11:44 -0700] "GET /shop-1/p/files/Senior%20Secondary/files/Senior%20Secondary/js/js/js/files/Senior%20Secondary/files/IX-X/files/Senior%20Secondary/BusinessStudies-min.pdf HTTP/1.1" 200 94 "-" "Mozilla/5.0 AppleWebKit/537.36 (KHTML, like Gecko; compatible; GPTBot/1.2; +https://openai.com/gptbot)"
4.227.36.77 - - [25/Nov/2024:08:11:45 -0700] "GET /shop-1/p/files/Senior%20Secondary/files/Senior%20Secondary/js/js/js/js/js/images/js/js/js/js/js/js/css/files/Secondary/files/I-VIII/VI-X%20Hindi-min.pdf HTTP/1.1" 200 94 "-" "Mozilla/5.0 AppleWebKit/537.36 (KHTML, like Gecko; compatible; GPTBot/1.2; +https://openai.com/gptbot)"
4.227.36.77 - - [25/Nov/2024:08:11:47 -0700] "GET /shop-1/p/files/Senior%20Secondary/files/Senior%20Secondary/js/js/js/js/js/images/js/js/js/js/files/I-VIII/js/files/Senior%20Secondary/Punjabi_XI-min.pdf HTTP/1.1" 200 94 "-" "Mozilla/5.0 AppleWebKit/537.36 (KHTML, like Gecko; compatible; GPTBot/1.2; +https://openai.com/gptbot)"
4.227.36.77 - - [25/Nov/2024:08:11:47 -0700] "GET /shop-1/p/files/Senior%20Secondary/files/Senior%20Secondary/js/js/js/js/js/images/js/js/js/js/js/files/Senior%20Secondary/images/css/owl.carousel.min.css HTTP/1.1" 200 94 "-" "Mozilla/5.0 AppleWebKit/537.36 (KHTML, like Gecko; compatible; GPTBot/1.2; +https://openai.com/gptbot)"
4.227.36.77 - - [25/Nov/2024:08:11:48 -0700] "GET /shop-1/p/files/Senior%20Secondary/files/Senior%20Secondary/js/js/js/js/js/images/js/js/js/js/js/js/js/js/js/files/I-VIII/fonts/flaticon/font/gallery.php HTTP/1.1" 200 94 "-" "Mozilla/5.0 AppleWebKit/537.36 (KHTML, like Gecko; compatible; GPTBot/1.2; +https://openai.com/gptbot)"
4.227.36.77 - - [25/Nov/2024:08:11:49 -0700] "GET /shop-1/p/files/Senior%20Secondary/files/Senior%20Secondary/js/js/js/js/js/images/js/js/js/js/js/js/js/js/js/files/IX-X/files/I-VIII/VI-X%20Hindi-min.pdf HTTP/1.1" 200 94 "-" "Mozilla/5.0 AppleWebKit/537.36 (KHTML, like Gecko; compatible; GPTBot/1.2; +https://openai.com/gptbot)"
66.249.79.165 - - [25/Nov/2024:08:11:50 -0700] "GET /detail/agqklu/ind-vs-aus-1st-t20-online-ticket.html HTTP/1.1" 200 94 "-" "Mozilla/5.0 (compatible; Googlebot/2.1; +http://www.google.com/bot.html)"
4.227.36.77 - - [25/Nov/2024:08:11:51 -0700] "GET /shop-1/p/files/Senior%20Secondary/files/Senior%20Secondary/js/js/js/js/js/images/js/js/js/js/js/js/js/js/js/files/Secondary/files/I-VIII/cbse-corner.php HTTP/1.1" 200 94 "-" "Mozilla/5.0 AppleWebKit/537.36 (KHTML, like Gecko; compatible; GPTBot/1.2; +https://openai.com/gptbot)"
4.227.36.77 - - [25/Nov/2024:08:11:52 -0700] "GET /shop-1/p/files/Senior%20Secondary/files/Senior%20Secondary/js/js/js/js/js/images/js/js/js/js/js/js/js/js/css/js/files/Senior%20Secondary/History-min.pdf HTTP/1.1" 200 94 "-" "Mozilla/5.0 AppleWebKit/537.36 (KHTML, like Gecko; compatible; GPTBot/1.2; +https://openai.com/gptbot)"
4.227.36.77 - - [25/Nov/2024:08:11:53 -0700] "GET /shop-1/p/files/Senior%20Secondary/files/Senior%20Secondary/js/js/js/js/files/Senior%20Secondary/files/Secondary/files/Senior%20Secondary/Biology-min.pdf HTTP/1.1" 200 94 "-" "Mozilla/5.0 AppleWebKit/537.36 (KHTML, like Gecko; compatible; GPTBot/1.2; +https://openai.com/gptbot)"
4.227.36.77 - - [25/Nov/2024:08:11:54 -0700] "GET /shop-1/p/files/Senior%20Secondary/files/Senior%20Secondary/js/js/js/js/js/images/js/js/js/js/js/js/js/js/fonts/icomoon/js/js/bootstrap-datepicker.min.js HTTP/1.1" 200 94 "-" "Mozilla/5.0 AppleWebKit/537.36 (KHTML, like Gecko; compatible; GPTBot/1.2; +https://openai.com/gptbot)"
4.227.36.77 - - [25/Nov/2024:08:11:55 -0700] "GET /shop-1/p/files/Senior%20Secondary/files/Senior%20Secondary/js/js/js/js/js/images/js/files/IX-X/files/Senior%20Secondary/files/IX-X/Grade%20(XII)-min.pdf HTTP/1.1" 200 94 "-" "Mozilla/5.0 AppleWebKit/537.36 (KHTML, like Gecko; compatible; GPTBot/1.2; +https://openai.com/gptbot)"
4.227.36.77 - - [25/Nov/2024:08:11:56 -0700] "GET /shop-1/p/files/Senior%20Secondary/files/Senior%20Secondary/js/js/js/js/js/images/js/js/js/js/js/js/js/js/js/files/Secondary/css/css/owl.carousel.min.css HTTP/1.1" 200 94 "-" "Mozilla/5.0 AppleWebKit/537.36 (KHTML, like Gecko; compatible; GPTBot/1.2; +https://openai.com/gptbot)"
4.227.36.77 - - [25/Nov/2024:08:11:57 -0700] "GET /shop-1/p/files/Senior%20Secondary/files/Senior%20Secondary/js/js/js/js/js/fonts/flaticon/font/fonts/icomoon/files/Senior%20Secondary/Punjabi_XII-min.pdf HTTP/1.1" 200 94 "-" "Mozilla/5.0 AppleWebKit/537.36 (KHTML, like Gecko; compatible; GPTBot/1.2; +https://openai.com/gptbot)"
52.14.100.101 - - [25/Nov/2024:08:11:57 -0700] "GET /myadmin/gallery/files/Secondary/css/fonts/flaticon/font/images/images/files/Senior%20Secondary/PhysicalEducation-min.pdf HTTP/1.1" 200 94 "-" "Mozilla/5.0 AppleWebKit/537.36 (KHTML, like Gecko; compatible; ClaudeBot/1.0; +claudebot@anthropic.com)"
4.227.36.77 - - [25/Nov/2024:08:11:58 -0700] "GET /shop-1/p/files/Senior%20Secondary/files/Senior%20Secondary/js/js/js/js/js/images/js/js/js/files/I-VIII/css/files/I-VIII/S.St%20(III%20to%20VIII)-min.pdf HTTP/1.1" 200 94 "-" "Mozilla/5.0 AppleWebKit/537.36 (KHTML, like Gecko; compatible; GPTBot/1.2; +https://openai.com/gptbot)"
4.227.36.77 - - [25/Nov/2024:08:11:59 -0700] "GET /shop-1/p/files/Senior%20Secondary/files/Senior%20Secondary/js/js/js/js/js/images/js/js/js/js/js/js/files/IX-X/files/Senior%20Secondary/Sociology-min.pdf HTTP/1.1" 200 94 "-" "Mozilla/5.0 AppleWebKit/537.36 (KHTML, like Gecko; compatible; GPTBot/1.2; +https://openai.com/gptbot)"
4.227.36.77 - - [25/Nov/2024:08:12:00 -0700] "GET /shop-1/p/files/Senior%20Secondary/files/Senior%20Secondary/js/js/js/js/js/images/js/js/js/js/js/js/files/Secondary/images/js/bootstrap-datepicker.min.js HTTP/1.1" 200 94 "-" "Mozilla/5.0 AppleWebKit/537.36 (KHTML, like Gecko; compatible; GPTBot/1.2; +https://openai.com/gptbot)"
4.227.36.77 - - [25/Nov/2024:08:12:02 -0700] "GET /shop-1/p/files/Senior%20Secondary/files/Senior%20Secondary/js/js/js/files/Senior%20Secondary/files/Secondary/files/Senior%20Secondary/Psychology-min.pdf HTTP/1.1" 200 94 "-" "Mozilla/5.0 AppleWebKit/537.36 (KHTML, like Gecko; compatible; GPTBot/1.2; +https://openai.com/gptbot)"
4.227.36.77 - - [25/Nov/2024:08:12:03 -0700] "GET /shop-1/p/files/Senior%20Secondary/files/Senior%20Secondary/js/js/js/js/js/images/files/Senior%20Secondary/js/files/Secondary/Science_Sec_2019-20-min.pdf HTTP/1.1" 200 94 "-" "Mozilla/5.0 AppleWebKit/537.36 (KHTML, like Gecko; compatible; GPTBot/1.2; +https://openai.com/gptbot)"
4.227.36.77 - - [25/Nov/2024:08:12:04 -0700] "GET /shop-1/p/files/Senior%20Secondary/files/Senior%20Secondary/js/js/js/js/js/images/files/IX-X/files/I-VIII/files/Secondary/Mathematics_Sec_2019-20-min.pdf HTTP/1.1" 200 94 "-" "Mozilla/5.0 AppleWebKit/537.36 (KHTML, like Gecko; compatible; GPTBot/1.2; +https://openai.com/gptbot)"
4.227.36.77 - - [25/Nov/2024:08:12:05 -0700] "GET /shop-1/p/files/Senior%20Secondary/files/Senior%20Secondary/js/js/js/js/js/images/js/images/files/Secondary/files/Secondary/Hindi_B_sec%202019-20-min.pdf HTTP/1.1" 200 94 "-" "Mozilla/5.0 AppleWebKit/537.36 (KHTML, like Gecko; compatible; GPTBot/1.2; +https://openai.com/gptbot)"
4.227.36.77 - - [25/Nov/2024:08:12:06 -0700] "GET /shop-1/p/files/Senior%20Secondary/files/Senior%20Secondary/js/js/js/js/js/images/js/js/js/js/js/js/js/js/fonts/icomoon/files/I-VIII/VI-X%20Hindi-min.pdf HTTP/1.1" 200 94 "-" "Mozilla/5.0 AppleWebKit/537.36 (KHTML, like Gecko; compatible; GPTBot/1.2; +https://openai.com/gptbot)"
4.227.36.77 - - [25/Nov/2024:08:12:07 -0700] "GET /shop-1/p/files/Senior%20Secondary/files/Senior%20Secondary/js/js/js/js/js/images/images/fonts/flaticon/font/files/Senior%20Secondary/Mathematics-min.pdf HTTP/1.1" 200 94 "-" "Mozilla/5.0 AppleWebKit/537.36 (KHTML, like Gecko; compatible; GPTBot/1.2; +https://openai.com/gptbot)"
4.227.36.77 - - [25/Nov/2024:08:12:08 -0700] "GET /shop-1/p/files/Senior%20Secondary/files/Senior%20Secondary/js/js/js/js/js/images/js/js/js/js/js/images/fonts/icomoon/files/I-VIII/VI-X%20Punjabi-min.pdf HTTP/1.1" 200 94 "-" "Mozilla/5.0 AppleWebKit/537.36 (KHTML, like Gecko; compatible; GPTBot/1.2; +https://openai.com/gptbot)"
4.227.36.77 - - [25/Nov/2024:08:12:09 -0700] "GET /shop-1/p/files/Senior%20Secondary/files/Senior%20Secondary/js/js/js/js/js/images/js/js/js/js/js/js/js/js/js/images/files/I-VIII/js/jquery.stellar.min.js HTTP/1.1" 200 94 "-" "Mozilla/5.0 AppleWebKit/537.36 (KHTML, like Gecko; compatible; GPTBot/1.2; +https://openai.com/gptbot)"
4.227.36.77 - - [25/Nov/2024:08:12:10 -0700] "GET /shop-1/p/files/Senior%20Secondary/files/Senior%20Secondary/files/Senior%20Secondary/fonts/flaticon/font/files/Senior%20Secondary/Econonics%20(1)-min.pdf HTTP/1.1" 200 94 "-" "Mozilla/5.0 AppleWebKit/537.36 (KHTML, like Gecko; compatible; GPTBot/1.2; +https://openai.com/gptbot)"
4.227.36.77 - - [25/Nov/2024:08:12:11 -0700] "GET /shop-1/p/files/Senior%20Secondary/files/Senior%20Secondary/js/js/js/js/js/images/js/js/js/files/I-VIII/files/Secondary/files/I-VIII/VI-X%20Hindi-min.pdf HTTP/1.1" 200 94 "-" "Mozilla/5.0 AppleWebKit/537.36 (KHTML, like Gecko; compatible; GPTBot/1.2; +https://openai.com/gptbot)"
4.227.36.77 - - [25/Nov/2024:08:12:13 -0700] "GET /shop-1/p/files/Senior%20Secondary/files/Senior%20Secondary/js/js/js/js/js/images/js/js/js/js/js/js/files/I-VIII/files/I-VIII/css/jquery.fancybox.min.css HTTP/1.1" 200 94 "-" "Mozilla/5.0 AppleWebKit/537.36 (KHTML, like Gecko; compatible; GPTBot/1.2; +https://openai.com/gptbot)"
4.227.36.77 - - [25/Nov/2024:08:12:14 -0700] "GET /shop-1/p/files/Senior%20Secondary/files/Senior%20Secondary/js/js/js/js/js/images/files/Secondary/files/IX-X/files/Senior%20Secondary/Punjabi_XII-min.pdf HTTP/1.1" 200 94 "-" "Mozilla/5.0 AppleWebKit/537.36 (KHTML, like Gecko; compatible; GPTBot/1.2; +https://openai.com/gptbot)"
4.227.36.77 - - [25/Nov/2024:08:12:15 -0700] "GET /shop-1/p/files/Senior%20Secondary/files/Senior%20Secondary/js/js/js/js/js/images/js/js/js/js/js/js/js/js/images/files/Secondary/js/jquery.stellar.min.js HTTP/1.1" 200 94 "-" "Mozilla/5.0 AppleWebKit/537.36 (KHTML, like Gecko; compatible; GPTBot/1.2; +https://openai.com/gptbot)"
4.227.36.77 - - [25/Nov/2024:08:12:16 -0700] "GET /shop-1/p/files/Senior%20Secondary/files/Senior%20Secondary/js/js/js/js/js/images/js/images/files/I-VIII/files/Senior%20Secondary/Econonics%20(1)-min.pdf HTTP/1.1" 200 94 "-" "Mozilla/5.0 AppleWebKit/537.36 (KHTML, like Gecko; compatible; GPTBot/1.2; +https://openai.com/gptbot)"
4.227.36.77 - - [25/Nov/2024:08:12:17 -0700] "GET /shop-1/p/files/Senior%20Secondary/files/Senior%20Secondary/js/js/js/js/js/images/js/js/js/js/js/js/files/Secondary/css/files/I-VIII/VI-X%20Hindi-min.pdf HTTP/1.1" 200 94 "-" "Mozilla/5.0 AppleWebKit/537.36 (KHTML, like Gecko; compatible; GPTBot/1.2; +https://openai.com/gptbot)"
4.227.36.77 - - [25/Nov/2024:08:12:18 -0700] "GET /shop-1/p/files/Senior%20Secondary/files/Senior%20Secondary/js/js/js/js/js/images/js/images/files/Secondary/files/I-VIII/S.St%20(III%20to%20VIII)-min.pdf HTTP/1.1" 200 94 "-" "Mozilla/5.0 AppleWebKit/537.36 (KHTML, like Gecko; compatible; GPTBot/1.2; +https://openai.com/gptbot)"
4.227.36.77 - - [25/Nov/2024:08:12:19 -0700] "GET /shop-1/p/files/Senior%20Secondary/files/Senior%20Secondary/js/js/js/js/js/images/js/js/css/fonts/icomoon/files/Secondary/Mathematics_Sec_2019-20-min.pdf HTTP/1.1" 200 94 "-" "Mozilla/5.0 AppleWebKit/537.36 (KHTML, like Gecko; compatible; GPTBot/1.2; +https://openai.com/gptbot)"
4.227.36.77 - - [25/Nov/2024:08:12:21 -0700] "GET /shop-1/p/files/Senior%20Secondary/files/Senior%20Secondary/js/js/js/js/js/images/js/js/js/js/js/css/files/IX-X/files/Senior%20Secondary/Eng.Core-min.pdf HTTP/1.1" 200 94 "-" "Mozilla/5.0 AppleWebKit/537.36 (KHTML, like Gecko; compatible; GPTBot/1.2; +https://openai.com/gptbot)"
4.227.36.77 - - [25/Nov/2024:08:12:21 -0700] "GET /shop-1/p/files/Senior%20Secondary/files/Senior%20Secondary/js/js/js/js/js/images/js/js/js/js/files/Senior%20Secondary/files/IX-X/js/jquery.easing.1.3.js HTTP/1.1" 200 94 "-" "Mozilla/5.0 AppleWebKit/537.36 (KHTML, like Gecko; compatible; GPTBot/1.2; +https://openai.com/gptbot)"
4.227.36.77 - - [25/Nov/2024:08:12:22 -0700] "GET /shop-1/p/files/Senior%20Secondary/files/Senior%20Secondary/js/js/js/js/js/images/js/js/js/js/files/I-VIII/files/Secondary/files/Secondary/417-IX-min.pdf HTTP/1.1" 200 94 "-" "Mozilla/5.0 AppleWebKit/537.36 (KHTML, like Gecko; compatible; GPTBot/1.2; +https://openai.com/gptbot)"
4.227.36.77 - - [25/Nov/2024:08:12:24 -0700] "GET /shop-1/p/files/Senior%20Secondary/files/Senior%20Secondary/js/js/js/js/js/images/js/fonts/flaticon/font/css/files/Senior%20Secondary/Punjabi_XII-min.pdf HTTP/1.1" 200 94 "-" "Mozilla/5.0 AppleWebKit/537.36 (KHTML, like Gecko; compatible; GPTBot/1.2; +https://openai.com/gptbot)"
4.227.36.77 - - [25/Nov/2024:08:12:25 -0700] "GET /shop-1/p/files/Senior%20Secondary/files/Senior%20Secondary/js/js/js/js/js/images/js/js/js/js/js/js/js/js/js/images/fonts/icomoon/fonts/icomoon/style.css HTTP/1.1" 200 94 "-" "Mozilla/5.0 AppleWebKit/537.36 (KHTML, like Gecko; compatible; GPTBot/1.2; +https://openai.com/gptbot)"
4.227.36.77 - - [25/Nov/2024:08:12:26 -0700] "GET /shop-1/p/files/Senior%20Secondary/files/Senior%20Secondary/js/js/js/js/js/images/js/js/js/js/js/js/js/css/files/I-VIII/files/I-VIII/VI-X%20Hindi-min.pdf HTTP/1.1" 200 94 "-" "Mozilla/5.0 AppleWebKit/537.36 (KHTML, like Gecko; compatible; GPTBot/1.2; +https://openai.com/gptbot)"
4.227.36.77 - - [25/Nov/2024:08:12:27 -0700] "GET /shop-1/p/files/Senior%20Secondary/files/Senior%20Secondary/js/js/js/js/js/images/js/js/js/js/js/files/Senior%20Secondary/files/Secondary/cbse-corner.php HTTP/1.1" 200 94 "-" "Mozilla/5.0 AppleWebKit/537.36 (KHTML, like Gecko; compatible; GPTBot/1.2; +https://openai.com/gptbot)"
4.227.36.77 - - [25/Nov/2024:08:12:28 -0700] "GET /shop-1/p/files/Senior%20Secondary/files/Senior%20Secondary/js/js/js/js/js/images/js/js/js/js/js/js/js/js/js/files/I-VIII/js/js/jquery.mb.YTPlayer.min.js HTTP/1.1" 200 94 "-" "Mozilla/5.0 AppleWebKit/537.36 (KHTML, like Gecko; compatible; GPTBot/1.2; +https://openai.com/gptbot)"
4.227.36.77 - - [25/Nov/2024:08:12:29 -0700] "GET /shop-1/p/files/Senior%20Secondary/files/Senior%20Secondary/js/js/js/js/js/images/js/files/Secondary/css/files/Senior%20Secondary/BusinessStudies-min.pdf HTTP/1.1" 200 94 "-" "Mozilla/5.0 AppleWebKit/537.36 (KHTML, like Gecko; compatible; GPTBot/1.2; +https://openai.com/gptbot)"
4.227.36.77 - - [25/Nov/2024:08:12:30 -0700] "GET /shop-1/p/files/Senior%20Secondary/files/Senior%20Secondary/js/js/js/js/files/Senior%20Secondary/files/Secondary/files/Senior%20Secondary/History-min.pdf HTTP/1.1" 200 94 "-" "Mozilla/5.0 AppleWebKit/537.36 (KHTML, like Gecko; compatible; GPTBot/1.2; +https://openai.com/gptbot)"
4.227.36.77 - - [25/Nov/2024:08:12:31 -0700] "GET /shop-1/p/files/Senior%20Secondary/files/Senior%20Secondary/js/js/js/js/js/images/js/js/files/Secondary/files/Senior%20Secondary/js/jquery.stellar.min.js HTTP/1.1" 200 94 "-" "Mozilla/5.0 AppleWebKit/537.36 (KHTML, like Gecko; compatible; GPTBot/1.2; +https://openai.com/gptbot)"
4.227.36.77 - - [25/Nov/2024:08:12:33 -0700] "GET /shop-1/p/files/Senior%20Secondary/files/Senior%20Secondary/js/js/js/js/js/images/js/files/Senior%20Secondary/fonts/icomoon/css/owl.theme.default.min.css HTTP/1.1" 200 94 "-" "Mozilla/5.0 AppleWebKit/537.36 (KHTML, like Gecko; compatible; GPTBot/1.2; +https://openai.com/gptbot)"
4.227.36.77 - - [25/Nov/2024:08:12:33 -0700] "GET /shop-1/p/files/Senior%20Secondary/files/Senior%20Secondary/js/js/js/js/js/images/js/js/js/css/files/Secondary/files/Senior%20Secondary/Sociology-min.pdf HTTP/1.1" 200 94 "-" "Mozilla/5.0 AppleWebKit/537.36 (KHTML, like Gecko; compatible; GPTBot/1.2; +https://openai.com/gptbot)"
4.227.36.77 - - [25/Nov/2024:08:12:35 -0700] "GET /shop-1/p/files/Senior%20Secondary/files/Senior%20Secondary/js/js/js/js/js/images/js/js/js/js/js/files/Secondary/js/files/Secondary/ART_EDUCATION-min.pdf HTTP/1.1" 200 94 "-" "Mozilla/5.0 AppleWebKit/537.36 (KHTML, like Gecko; compatible; GPTBot/1.2; +https://openai.com/gptbot)"
4.227.36.77 - - [25/Nov/2024:08:12:36 -0700] "GET /shop-1/p/files/Senior%20Secondary/files/Senior%20Secondary/js/js/js/js/js/images/js/js/js/images/css/files/I-VIII/Science%20%20(III%20to%20VIII)-min.pdf HTTP/1.1" 200 94 "-" "Mozilla/5.0 AppleWebKit/537.36 (KHTML, like Gecko; compatible; GPTBot/1.2; +https://openai.com/gptbot)"
4.227.36.77 - - [25/Nov/2024:08:12:37 -0700] "GET /shop-1/p/files/Senior%20Secondary/files/Senior%20Secondary/js/js/js/js/js/images/js/files/Secondary/fonts/flaticon/font/files/Secondary/417-VIII-min.pdf HTTP/1.1" 200 94 "-" "Mozilla/5.0 AppleWebKit/537.36 (KHTML, like Gecko; compatible; GPTBot/1.2; +https://openai.com/gptbot)"
4.227.36.77 - - [25/Nov/2024:08:12:38 -0700] "GET /shop-1/p/files/Senior%20Secondary/files/Senior%20Secondary/js/js/js/js/js/images/js/js/files/IX-X/images/files/Secondary/Mathematics_Sec_2019-20-min.pdf HTTP/1.1" 200 94 "-" "Mozilla/5.0 AppleWebKit/537.36 (KHTML, like Gecko; compatible; GPTBot/1.2; +https://openai.com/gptbot)"
4.227.36.77 - - [25/Nov/2024:08:12:39 -0700] "GET /shop-1/p/files/Senior%20Secondary/files/Senior%20Secondary/js/js/js/js/js/images/js/js/files/IX-X/fonts/icomoon/files/Senior%20Secondary/Biology-min.pdf HTTP/1.1" 200 94 "-" "Mozilla/5.0 AppleWebKit/537.36 (KHTML, like Gecko; compatible; GPTBot/1.2; +https://openai.com/gptbot)"
4.227.36.77 - - [25/Nov/2024:08:12:40 -0700] "GET /shop-1/p/files/Senior%20Secondary/files/Senior%20Secondary/js/js/js/js/js/images/js/js/js/js/js/js/js/js/js/fonts/icomoon/js/jquery-migrate-3.0.1.min.js HTTP/1.1" 200 94 "-" "Mozilla/5.0 AppleWebKit/537.36 (KHTML, like Gecko; compatible; GPTBot/1.2; +https://openai.com/gptbot)"
4.227.36.77 - - [25/Nov/2024:08:12:41 -0700] "GET /shop-1/p/files/Senior%20Secondary/files/Senior%20Secondary/js/js/js/js/js/images/js/js/js/js/images/js/files/Senior%20Secondary/PoliticalScience-min.pdf HTTP/1.1" 200 94 "-" "Mozilla/5.0 AppleWebKit/537.36 (KHTML, like Gecko; compatible; GPTBot/1.2; +https://openai.com/gptbot)"
69.162.124.238 - - [25/Nov/2024:08:12:42 -0700] "HEAD /cbse-corner.php HTTP/1.1" 200 - "https://bilga.akalacademy.ac.in/cbse-corner.php" "Mozilla/5.0+(compatible; UptimeRobot/2.0; http://www.uptimerobot.com/)"
4.227.36.77 - - [25/Nov/2024:08:12:43 -0700] "GET /shop-1/p/files/Senior%20Secondary/files/Senior%20Secondary/js/js/js/js/js/images/js/js/js/js/js/js/js/css/fonts/flaticon/font/js/jquery.countdown.min.js HTTP/1.1" 200 94 "-" "Mozilla/5.0 AppleWebKit/537.36 (KHTML, like Gecko; compatible; GPTBot/1.2; +https://openai.com/gptbot)"
4.227.36.77 - - [25/Nov/2024:08:12:43 -0700] "GET /shop-1/p/files/Senior%20Secondary/files/Senior%20Secondary/js/js/js/js/js/images/js/files/IX-X/files/I-VIII/files/Senior%20Secondary/Accountancy-min.pdf HTTP/1.1" 200 94 "-" "Mozilla/5.0 AppleWebKit/537.36 (KHTML, like Gecko; compatible; GPTBot/1.2; +https://openai.com/gptbot)"
4.227.36.77 - - [25/Nov/2024:08:12:44 -0700] "GET /shop-1/p/files/Senior%20Secondary/files/Senior%20Secondary/js/js/js/js/js/images/js/js/js/js/js/js/js/files/I-VIII/files/Secondary/css/bootstrap.min.css HTTP/1.1" 200 94 "-" "Mozilla/5.0 AppleWebKit/537.36 (KHTML, like Gecko; compatible; GPTBot/1.2; +https://openai.com/gptbot)"
4.227.36.77 - - [25/Nov/2024:08:12:46 -0700] "GET /shop-1/p/files/Senior%20Secondary/files/Senior%20Secondary/js/js/js/js/js/images/js/js/js/files/Senior%20Secondary/files/Secondary/images/santattar1.jpg HTTP/1.1" 200 94 "-" "Mozilla/5.0 AppleWebKit/537.36 (KHTML, like Gecko; compatible; GPTBot/1.2; +https://openai.com/gptbot)"
4.227.36.77 - - [25/Nov/2024:08:12:47 -0700] "GET /shop-1/p/files/Senior%20Secondary/files/Senior%20Secondary/js/js/js/js/js/images/js/js/js/js/js/js/js/files/Secondary/files/IX-X/js/jquery.easing.1.3.js HTTP/1.1" 200 94 "-" "Mozilla/5.0 AppleWebKit/537.36 (KHTML, like Gecko; compatible; GPTBot/1.2; +https://openai.com/gptbot)"
4.227.36.77 - - [25/Nov/2024:08:12:48 -0700] "GET /shop-1/p/files/Senior%20Secondary/files/Senior%20Secondary/js/js/js/js/js/images/js/js/js/js/js/js/files/Senior%20Secondary/images/css/bootstrap.min.css HTTP/1.1" 200 94 "-" "Mozilla/5.0 AppleWebKit/537.36 (KHTML, like Gecko; compatible; GPTBot/1.2; +https://openai.com/gptbot)"
66.249.79.167 - - [25/Nov/2024:08:12:49 -0700] "GET /news/vnugsz/ HTTP/1.1" 200 94 "-" "Mozilla/5.0 (compatible; Googlebot/2.1; +http://www.google.com/bot.html)"
4.227.36.77 - - [25/Nov/2024:08:12:49 -0700] "GET /shop-1/p/files/Senior%20Secondary/files/Senior%20Secondary/js/js/js/js/js/images/js/js/js/js/js/js/js/css/files/Secondary/js/jquery-migrate-3.0.1.min.js HTTP/1.1" 200 94 "-" "Mozilla/5.0 AppleWebKit/537.36 (KHTML, like Gecko; compatible; GPTBot/1.2; +https://openai.com/gptbot)"
4.227.36.77 - - [25/Nov/2024:08:12:50 -0700] "GET /shop-1/p/files/Senior%20Secondary/files/Senior%20Secondary/js/js/files/Senior%20Secondary/fonts/flaticon/font/files/Senior%20Secondary/Chemistry-min.pdf HTTP/1.1" 200 94 "-" "Mozilla/5.0 AppleWebKit/537.36 (KHTML, like Gecko; compatible; GPTBot/1.2; +https://openai.com/gptbot)"
4.227.36.77 - - [25/Nov/2024:08:12:51 -0700] "GET /shop-1/p/files/Senior%20Secondary/files/Senior%20Secondary/js/js/js/css/files/I-VIII/files/Senior%20Secondary/Intitial_pages_srsec_2019-20%20(1)-min.pdf HTTP/1.1" 200 94 "-" "Mozilla/5.0 AppleWebKit/537.36 (KHTML, like Gecko; compatible; GPTBot/1.2; +https://openai.com/gptbot)"
4.227.36.77 - - [25/Nov/2024:08:12:52 -0700] "GET /shop-1/p/files/Senior%20Secondary/files/Senior%20Secondary/js/js/js/js/js/images/js/js/js/css/files/IX-X/files/Secondary/Mathematics_Sec_2019-20-min.pdf HTTP/1.1" 200 94 "-" "Mozilla/5.0 AppleWebKit/537.36 (KHTML, like Gecko; compatible; GPTBot/1.2; +https://openai.com/gptbot)"
4.227.36.77 - - [25/Nov/2024:08:12:53 -0700] "GET /shop-1/p/files/Senior%20Secondary/files/Senior%20Secondary/js/js/js/js/js/images/js/js/js/files/Senior%20Secondary/images/js/bootstrap-datepicker.min.js HTTP/1.1" 200 94 "-" "Mozilla/5.0 AppleWebKit/537.36 (KHTML, like Gecko; compatible; GPTBot/1.2; +https://openai.com/gptbot)"
4.227.36.77 - - [25/Nov/2024:08:12:54 -0700] "GET /shop-1/p/files/Senior%20Secondary/files/Senior%20Secondary/js/js/files/Secondary/fonts/flaticon/font/files/I-VIII/Science%20%20(III%20to%20VIII)-min.pdf HTTP/1.1" 200 94 "-" "Mozilla/5.0 AppleWebKit/537.36 (KHTML, like Gecko; compatible; GPTBot/1.2; +https://openai.com/gptbot)"
4.227.36.77 - - [25/Nov/2024:08:12:55 -0700] "GET /shop-1/p/files/Senior%20Secondary/files/Senior%20Secondary/js/js/js/js/js/images/files/Senior%20Secondary/fonts/flaticon/font/js/jquery.countdown.min.js HTTP/1.1" 200 94 "-" "Mozilla/5.0 AppleWebKit/537.36 (KHTML, like Gecko; compatible; GPTBot/1.2; +https://openai.com/gptbot)"
4.227.36.77 - - [25/Nov/2024:08:12:57 -0700] "GET /shop-1/p/files/Senior%20Secondary/files/Senior%20Secondary/js/js/js/js/js/images/files/I-VIII/fonts/icomoon/files/Senior%20Secondary/Mathematics-min.pdf HTTP/1.1" 200 94 "-" "Mozilla/5.0 AppleWebKit/537.36 (KHTML, like Gecko; compatible; GPTBot/1.2; +https://openai.com/gptbot)"
4.227.36.77 - - [25/Nov/2024:08:12:58 -0700] "GET /shop-1/p/files/Senior%20Secondary/files/Senior%20Secondary/js/js/js/js/js/images/js/js/js/files/Senior%20Secondary/fonts/flaticon/font/css/jquery-ui.css HTTP/1.1" 200 94 "-" "Mozilla/5.0 AppleWebKit/537.36 (KHTML, like Gecko; compatible; GPTBot/1.2; +https://openai.com/gptbot)"
4.227.36.77 - - [25/Nov/2024:08:12:59 -0700] "GET /shop-1/p/files/Senior%20Secondary/files/Senior%20Secondary/js/js/js/files/Senior%20Secondary/files/Secondary/files/Secondary/English_Sec_2019-20-min.pdf HTTP/1.1" 200 94 "-" "Mozilla/5.0 AppleWebKit/537.36 (KHTML, like Gecko; compatible; GPTBot/1.2; +https://openai.com/gptbot)"
4.227.36.77 - - [25/Nov/2024:08:13:00 -0700] "GET /shop-1/p/files/Senior%20Secondary/files/Senior%20Secondary/js/js/js/js/js/images/js/js/js/js/js/js/js/files/Secondary/fonts/flaticon/font/addmission.php HTTP/1.1" 200 94 "-" "Mozilla/5.0 AppleWebKit/537.36 (KHTML, like Gecko; compatible; GPTBot/1.2; +https://openai.com/gptbot)"
4.227.36.77 - - [25/Nov/2024:08:13:01 -0700] "GET /shop-1/p/files/Senior%20Secondary/files/Senior%20Secondary/js/js/js/js/js/images/js/js/js/js/js/js/files/I-VIII/files/Senior%20Secondary/Biology-min.pdf HTTP/1.1" 200 94 "-" "Mozilla/5.0 AppleWebKit/537.36 (KHTML, like Gecko; compatible; GPTBot/1.2; +https://openai.com/gptbot)"
4.227.36.77 - - [25/Nov/2024:08:13:02 -0700] "GET /shop-1/p/files/Senior%20Secondary/files/Senior%20Secondary/js/js/js/js/js/images/js/files/Secondary/js/files/I-VIII/English%20%20(VI%20-%20VIII)-min.pdf HTTP/1.1" 200 94 "-" "Mozilla/5.0 AppleWebKit/537.36 (KHTML, like Gecko; compatible; GPTBot/1.2; +https://openai.com/gptbot)"
66.249.79.167 - - [25/Nov/2024:08:13:02 -0700] "GET /news/ekfnsi/ HTTP/1.1" 200 94 "-" "Mozilla/5.0 (compatible; Googlebot/2.1; +http://www.google.com/bot.html)"
4.227.36.77 - - [25/Nov/2024:08:13:03 -0700] "GET /shop-1/p/files/Senior%20Secondary/files/Senior%20Secondary/js/js/js/js/js/images/js/js/js/js/js/js/js/js/files/I-VIII/files/IX-X/js/jquery.easing.1.3.js HTTP/1.1" 200 94 "-" "Mozilla/5.0 AppleWebKit/537.36 (KHTML, like Gecko; compatible; GPTBot/1.2; +https://openai.com/gptbot)"
4.227.36.77 - - [25/Nov/2024:08:13:04 -0700] "GET /shop-1/p/files/Senior%20Secondary/files/Senior%20Secondary/js/js/js/js/js/images/js/js/js/js/js/js/js/js/fonts/flaticon/font/files/I-VIII/addmission.php HTTP/1.1" 200 94 "-" "Mozilla/5.0 AppleWebKit/537.36 (KHTML, like Gecko; compatible; GPTBot/1.2; +https://openai.com/gptbot)"
4.227.36.77 - - [25/Nov/2024:08:13:05 -0700] "GET /shop-1/p/files/Senior%20Secondary/files/Senior%20Secondary/js/js/js/js/js/fonts/flaticon/font/files/I-VIII/files/Secondary/Hindi_B_sec%202019-20-min.pdf HTTP/1.1" 200 94 "-" "Mozilla/5.0 AppleWebKit/537.36 (KHTML, like Gecko; compatible; GPTBot/1.2; +https://openai.com/gptbot)"
4.227.36.77 - - [25/Nov/2024:08:13:06 -0700] "GET /shop-1/p/files/Senior%20Secondary/files/Senior%20Secondary/js/js/js/js/js/images/files/Secondary/files/Senior%20Secondary/files/Secondary/417-IX-min.pdf HTTP/1.1" 200 94 "-" "Mozilla/5.0 AppleWebKit/537.36 (KHTML, like Gecko; compatible; GPTBot/1.2; +https://openai.com/gptbot)"
4.227.36.77 - - [25/Nov/2024:08:13:07 -0700] "GET /shop-1/p/files/Senior%20Secondary/files/Senior%20Secondary/js/js/js/js/js/images/files/Secondary/files/I-VIII/files/Senior%20Secondary/Sociology-min.pdf HTTP/1.1" 200 94 "-" "Mozilla/5.0 AppleWebKit/537.36 (KHTML, like Gecko; compatible; GPTBot/1.2; +https://openai.com/gptbot)"
4.227.36.77 - - [25/Nov/2024:08:13:09 -0700] "GET /shop-1/p/files/Senior%20Secondary/files/Senior%20Secondary/js/js/js/js/js/fonts/flaticon/font/files/Senior%20Secondary/files/I-VIII/VI-X%20Hindi-min.pdf HTTP/1.1" 200 94 "-" "Mozilla/5.0 AppleWebKit/537.36 (KHTML, like Gecko; compatible; GPTBot/1.2; +https://openai.com/gptbot)"
4.227.36.77 - - [25/Nov/2024:08:13:10 -0700] "GET /shop-1/p/files/Senior%20Secondary/files/Senior%20Secondary/js/js/js/js/js/images/js/js/js/js/js/js/js/js/fonts/flaticon/font/files/Secondary/contact.php HTTP/1.1" 200 94 "-" "Mozilla/5.0 AppleWebKit/537.36 (KHTML, like Gecko; compatible; GPTBot/1.2; +https://openai.com/gptbot)"
4.227.36.77 - - [25/Nov/2024:08:13:11 -0700] "GET /shop-1/p/files/Senior%20Secondary/files/Senior%20Secondary/js/js/js/js/files/Secondary/files/Secondary/files/Senior%20Secondary/PoliticalScience-min.pdf HTTP/1.1" 200 94 "-" "Mozilla/5.0 AppleWebKit/537.36 (KHTML, like Gecko; compatible; GPTBot/1.2; +https://openai.com/gptbot)"
4.227.36.77 - - [25/Nov/2024:08:13:12 -0700] "GET /shop-1/p/files/Senior%20Secondary/files/Senior%20Secondary/js/js/js/js/js/images/js/js/js/files/Senior%20Secondary/images/css/jquery.mb.YTPlayer.min.css HTTP/1.1" 200 94 "-" "Mozilla/5.0 AppleWebKit/537.36 (KHTML, like Gecko; compatible; GPTBot/1.2; +https://openai.com/gptbot)"
66.249.79.166 - - [25/Nov/2024:08:13:29 -0700] "GET /detail/kqcrdj/ HTTP/1.1" 200 94 "-" "Mozilla/5.0 (compatible; Googlebot/2.1; +http://www.google.com/bot.html)"
66.249.79.165 - - [25/Nov/2024:08:13:53 -0700] "GET /news/eqxlqi/starc-icc-png.html HTTP/1.1" 200 94 "-" "Mozilla/5.0 (compatible; Googlebot/2.1; +http://www.google.com/bot.html)"
66.249.79.167 - - [25/Nov/2024:08:14:08 -0700] "GET /detail/gkspyt/ HTTP/1.1" 200 94 "-" "Mozilla/5.0 (compatible; Googlebot/2.1; +http://www.google.com/bot.html)"
66.249.79.166 - - [25/Nov/2024:08:14:14 -0700] "GET /news/wutapi/ HTTP/1.1" 200 94 "-" "Mozilla/5.0 (compatible; Googlebot/2.1; +http://www.google.com/bot.html)"
66.249.79.165 - - [25/Nov/2024:08:14:59 -0700] "GET /news/iadilc/ariane-chapelle.html HTTP/1.1" 200 94 "-" "Mozilla/5.0 (compatible; Googlebot/2.1; +http://www.google.com/bot.html)"
66.249.79.166 - - [25/Nov/2024:08:15:30 -0700] "GET /detail/mqthwt/ HTTP/1.1" 200 94 "-" "Mozilla/5.0 (compatible; Googlebot/2.1; +http://www.google.com/bot.html)"
66.249.79.165 - - [25/Nov/2024:08:16:20 -0700] "GET /bet/msrovr/google-interland-game.html HTTP/1.1" 200 94 "-" "Mozilla/5.0 (compatible; Googlebot/2.1; +http://www.google.com/bot.html)"
66.249.79.167 - - [25/Nov/2024:08:17:02 -0700] "GET /news/lnyhkl/ HTTP/1.1" 200 94 "-" "Mozilla/5.0 (compatible; Googlebot/2.1; +http://www.google.com/bot.html)"
66.249.79.166 - - [25/Nov/2024:08:17:13 -0700] "GET /bet/dyhfuc/betting-odds-hockey.html HTTP/1.1" 200 94 "-" "Mozilla/5.0 (compatible; Googlebot/2.1; +http://www.google.com/bot.html)"
69.162.124.238 - - [25/Nov/2024:08:17:41 -0700] "HEAD /cbse-corner.php HTTP/1.1" 200 - "https://bilga.akalacademy.ac.in/cbse-corner.php" "Mozilla/5.0+(compatible; UptimeRobot/2.0; http://www.uptimerobot.com/)"
66.249.79.167 - - [25/Nov/2024:08:18:34 -0700] "GET /detail/hrtyar/american-region-t20-can-vs-cay.html HTTP/1.1" 200 94 "-" "Mozilla/5.0 (compatible; Googlebot/2.1; +http://www.google.com/bot.html)"
66.249.79.165 - - [25/Nov/2024:08:19:52 -0700] "GET /bet/sxztqx/dream11-sarkal-download.html HTTP/1.1" 200 94 "-" "Mozilla/5.0 (compatible; Googlebot/2.1; +http://www.google.com/bot.html)"
66.249.79.166 - - [25/Nov/2024:08:19:52 -0700] "GET /news/qpqnfg/ipl-19-schedule.html HTTP/1.1" 200 94 "-" "Mozilla/5.0 (compatible; Googlebot/2.1; +http://www.google.com/bot.html)"
66.249.79.165 - - [25/Nov/2024:08:19:56 -0700] "GET /news/nbuoee/ HTTP/1.1" 200 94 "-" "Mozilla/5.0 (compatible; Googlebot/2.1; +http://www.google.com/bot.html)"
66.249.79.165 - - [25/Nov/2024:08:20:24 -0700] "GET /news/kfsaow/best-south-africa-betting-sites.html HTTP/1.1" 200 94 "-" "Mozilla/5.0 (compatible; Googlebot/2.1; +http://www.google.com/bot.html)"
87.178.104.82 - - [25/Nov/2024:08:20:32 -0700] "GET /images/journey/server-gacor/?abong=LATO99-ALTERNATIF HTTP/1.1" 200 116301 "-" "Mozilla/5.0 (Windows NT 10.0; Win64; x64) AppleWebKit/537.36 (KHTML, like Gecko) Chrome/114.0.0.0 Safari/537.36"
87.178.104.82 - - [25/Nov/2024:08:20:38 -0700] "GET /images/journey/server-gacor/?abong=LATO99-ALTERNATIF HTTP/1.1" 200 116301 "https://bilga.akalacademy.ac.in/images/journey/server-gacor/?abong=LATO99-ALTERNATIF" "Mozilla/5.0 (Windows NT 10.0; Win64; x64) AppleWebKit/537.36 (KHTML, like Gecko) Chrome/114.0.0.0 Safari/537.36"
203.96.177.126 - - [25/Nov/2024:08:20:41 -0700] "GET /images/journey/server-gacor/?abong=LATO99-ALTERNATIF HTTP/1.1" 200 116301 "-" "Mozilla/5.0 (X11; Linux x86_64) AppleWebKit/537.36 (KHTML, like Gecko) Chrome/114.0.0.0 Safari/537.36 OPR/89.0.4447.51"
203.96.177.126 - - [25/Nov/2024:08:20:43 -0700] "GET /images/journey/server-gacor/?abong=LATO99-ALTERNATIF HTTP/1.1" 200 116301 "https://bilga.akalacademy.ac.in/images/journey/server-gacor/?abong=LATO99-ALTERNATIF" "Mozilla/5.0 (X11; Linux x86_64) AppleWebKit/537.36 (KHTML, like Gecko) Chrome/114.0.0.0 Safari/537.36 OPR/89.0.4447.51"
66.249.79.165 - - [25/Nov/2024:08:20:45 -0700] "GET /bet/?zybzbi/india-one-day-team-players.html HTTP/1.1" 200 94 "-" "Mozilla/5.0 (compatible; Googlebot/2.1; +http://www.google.com/bot.html)"
66.249.79.166 - - [25/Nov/2024:08:21:12 -0700] "GET /news/bdoozr/best-scalper-ea.html HTTP/1.1" 200 94 "-" "Mozilla/5.0 (compatible; Googlebot/2.1; +http://www.google.com/bot.html)"
66.249.79.167 - - [25/Nov/2024:08:22:10 -0700] "GET /bet/knioyd/ HTTP/1.1" 200 94 "-" "Mozilla/5.0 (compatible; Googlebot/2.1; +http://www.google.com/bot.html)"
69.162.124.238 - - [25/Nov/2024:08:22:41 -0700] "HEAD /cbse-corner.php HTTP/1.1" 200 - "https://bilga.akalacademy.ac.in/cbse-corner.php" "Mozilla/5.0+(compatible; UptimeRobot/2.0; http://www.uptimerobot.com/)"
66.249.79.165 - - [25/Nov/2024:08:23:20 -0700] "GET /detail/?gujxwl/ HTTP/1.1" 200 94 "-" "Mozilla/5.0 (compatible; Googlebot/2.1; +http://www.google.com/bot.html)"
66.249.79.166 - - [25/Nov/2024:08:23:21 -0700] "GET /news/?ojvgus/ HTTP/1.1" 200 94 "-" "Mozilla/5.0 (compatible; Googlebot/2.1; +http://www.google.com/bot.html)"
66.249.79.166 - - [25/Nov/2024:08:24:27 -0700] "GET /detail/?ujhioe/ HTTP/1.1" 200 94 "-" "Mozilla/5.0 (compatible; Googlebot/2.1; +http://www.google.com/bot.html)"
66.249.79.166 - - [25/Nov/2024:08:24:52 -0700] "GET /bet/cwqefw/wow-wow-wubbzy-adventure-game-unblocked.html HTTP/1.1" 200 94 "-" "Mozilla/5.0 (compatible; Googlebot/2.1; +http://www.google.com/bot.html)"
66.249.79.165 - - [25/Nov/2024:08:25:07 -0700] "GET /bet/rtzdak/ HTTP/1.1" 200 94 "-" "Mozilla/5.0 (compatible; Googlebot/2.1; +http://www.google.com/bot.html)"
66.249.79.165 - - [25/Nov/2024:08:25:14 -0700] "GET /bet/lvsihn/ HTTP/1.1" 200 94 "-" "Mozilla/5.0 (compatible; Googlebot/2.1; +http://www.google.com/bot.html)"
66.249.79.165 - - [25/Nov/2024:08:25:21 -0700] "GET /news/edykai/ipl-2018-live-score-video-today.html HTTP/1.1" 200 94 "-" "Mozilla/5.0 (compatible; Googlebot/2.1; +http://www.google.com/bot.html)"
66.249.79.167 - - [25/Nov/2024:08:27:22 -0700] "GET /detail/cgoawk/cricket-player-ashwin-caste.html HTTP/1.1" 200 94 "-" "Mozilla/5.0 (compatible; Googlebot/2.1; +http://www.google.com/bot.html)"
69.162.124.238 - - [25/Nov/2024:08:27:41 -0700] "HEAD /cbse-corner.php HTTP/1.1" 200 - "https://bilga.akalacademy.ac.in/cbse-corner.php" "Mozilla/5.0+(compatible; UptimeRobot/2.0; http://www.uptimerobot.com/)"
80.244.43.228 - - [25/Nov/2024:08:27:42 -0700] "GET /images/journey/server-gacor/?abong=LATO99-ALTERNATIF HTTP/1.1" 200 116301 "-" "Mozilla/5.0 (X11; Linux x86_64) AppleWebKit/537.36 (KHTML, like Gecko) Chrome/114.0.0.0 Safari/537.36 OPR/89.0.4447.51"
116.212.150.204 - - [25/Nov/2024:08:27:46 -0700] "GET /images/journey/server-gacor/?abong=LATO99-ALTERNATIF HTTP/1.1" 200 116301 "https://bilga.akalacademy.ac.in/" "Mozilla/5.0 (Macintosh; Intel Mac OS X 12_5) AppleWebKit/537.36 (KHTML, like Gecko) Chrome/114.0.0.0 YaBrowser/22.7.0 Yowser/2.5 Safari/537.36"
116.212.150.204 - - [25/Nov/2024:08:27:47 -0700] "GET /images/journey/server-gacor/?abong=LATO99-ALTERNATIF HTTP/1.1" 200 116301 "https://bilga.akalacademy.ac.in/images/journey/server-gacor/?abong=LATO99-ALTERNATIF" "Mozilla/5.0 (Macintosh; Intel Mac OS X 12_5) AppleWebKit/537.36 (KHTML, like Gecko) Chrome/114.0.0.0 YaBrowser/22.7.0 Yowser/2.5 Safari/537.36"
80.244.43.228 - - [25/Nov/2024:08:27:48 -0700] "GET /images/journey/server-gacor/?abong=LATO99-ALTERNATIF HTTP/1.1" 200 116301 "https://bilga.akalacademy.ac.in/images/journey/server-gacor/?abong=LATO99-ALTERNATIF" "Mozilla/5.0 (X11; Linux x86_64) AppleWebKit/537.36 (KHTML, like Gecko) Chrome/114.0.0.0 Safari/537.36 OPR/89.0.4447.51"
66.249.79.165 - - [25/Nov/2024:08:28:09 -0700] "GET /bet/xmswfy/ HTTP/1.1" 200 94 "-" "Mozilla/5.0 (compatible; Googlebot/2.1; +http://www.google.com/bot.html)"
66.249.79.165 - - [25/Nov/2024:08:28:58 -0700] "GET /bet/pwtjcg/t-20-fixtures.html HTTP/1.1" 200 94 "-" "Mozilla/5.0 (compatible; Googlebot/2.1; +http://www.google.com/bot.html)"
66.249.79.167 - - [25/Nov/2024:08:29:34 -0700] "GET /bet/fmkafe/pineapple-poker-game-rules.html HTTP/1.1" 200 94 "-" "Mozilla/5.0 (compatible; Googlebot/2.1; +http://www.google.com/bot.html)"
66.249.79.165 - - [25/Nov/2024:08:30:16 -0700] "GET /bet/jbfxwd/xp-bp-esport-map.html HTTP/1.1" 200 94 "-" "Mozilla/5.0 (compatible; Googlebot/2.1; +http://www.google.com/bot.html)"
66.249.79.166 - - [25/Nov/2024:08:30:50 -0700] "GET /bet/kmkdni/pro-kabaddi-higest-raid-points.html HTTP/1.1" 200 94 "-" "Mozilla/5.0 (compatible; Googlebot/2.1; +http://www.google.com/bot.html)"
66.249.79.166 - - [25/Nov/2024:08:31:07 -0700] "GET /bet/aaqaim/ HTTP/1.1" 200 94 "-" "Mozilla/5.0 (compatible; Googlebot/2.1; +http://www.google.com/bot.html)"
66.249.79.165 - - [25/Nov/2024:08:31:52 -0700] "GET /news/cnqmjf/highest-score-in-cricket-2019.html HTTP/1.1" 200 94 "-" "Mozilla/5.0 (compatible; Googlebot/2.1; +http://www.google.com/bot.html)"
66.249.79.165 - - [25/Nov/2024:08:32:37 -0700] "GET /bet/yykvhj/ HTTP/1.1" 200 94 "-" "Mozilla/5.0 (compatible; Googlebot/2.1; +http://www.google.com/bot.html)"
66.249.79.167 - - [25/Nov/2024:08:32:41 -0700] "GET /detail/ccohpr/ HTTP/1.1" 200 94 "-" "Mozilla/5.0 (compatible; Googlebot/2.1; +http://www.google.com/bot.html)"
69.162.124.238 - - [25/Nov/2024:08:32:41 -0700] "HEAD /cbse-corner.php HTTP/1.1" 200 - "https://bilga.akalacademy.ac.in/cbse-corner.php" "Mozilla/5.0+(compatible; UptimeRobot/2.0; http://www.uptimerobot.com/)"
66.249.79.165 - - [25/Nov/2024:08:32:43 -0700] "GET /news/legvau/ HTTP/1.1" 200 94 "-" "Mozilla/5.0 (compatible; Googlebot/2.1; +http://www.google.com/bot.html)"
66.249.79.166 - - [25/Nov/2024:08:32:43 -0700] "GET /bet/ppllmb/chennai-super-kings-players-in-2019.html HTTP/1.1" 200 94 "-" "Mozilla/5.0 (compatible; Googlebot/2.1; +http://www.google.com/bot.html)"
66.249.79.165 - - [25/Nov/2024:08:33:02 -0700] "GET /news/?qatexe/zulu-prediction-site.html HTTP/1.1" 200 94 "-" "Mozilla/5.0 (compatible; Googlebot/2.1; +http://www.google.com/bot.html)"
66.249.79.167 - - [25/Nov/2024:08:33:03 -0700] "GET /detail/itwdlz/ HTTP/1.1" 200 94 "-" "Mozilla/5.0 (compatible; Googlebot/2.1; +http://www.google.com/bot.html)"
66.249.79.166 - - [25/Nov/2024:08:33:38 -0700] "GET /bet/cqtptw/best-vr-2022.html HTTP/1.1" 200 94 "-" "Mozilla/5.0 (compatible; Googlebot/2.1; +http://www.google.com/bot.html)"
66.249.79.165 - - [25/Nov/2024:08:33:45 -0700] "GET /bet/?ursosu/ HTTP/1.1" 200 94 "-" "Mozilla/5.0 (compatible; Googlebot/2.1; +http://www.google.com/bot.html)"
66.249.79.165 - - [25/Nov/2024:08:33:51 -0700] "GET /css/naik/?ipo=KOKI88SLOT HTTP/1.1" 200 97088 "-" "Mozilla/5.0 (Linux; Android 6.0.1; Nexus 5X Build/MMB29P) AppleWebKit/537.36 (KHTML, like Gecko) Chrome/131.0.6778.69 Mobile Safari/537.36 (compatible; Googlebot/2.1; +http://www.google.com/bot.html)"
66.249.79.167 - - [25/Nov/2024:08:34:47 -0700] "GET /news/mbbdlq/cricket-t20-finals-day-2019.html HTTP/1.1" 200 94 "-" "Mozilla/5.0 (compatible; Googlebot/2.1; +http://www.google.com/bot.html)"
66.249.79.165 - - [25/Nov/2024:08:35:52 -0700] "GET /news/znsyoh/ HTTP/1.1" 200 94 "-" "Mozilla/5.0 (compatible; Googlebot/2.1; +http://www.google.com/bot.html)"
5.196.78.175 - - [25/Nov/2024:08:35:53 -0700] "GET /images/journey/server-gacor/?abong=LATO99-ALTERNATIF HTTP/1.1" 200 116301 "https://bilga.akalacademy.ac.in/" "Mozilla/5.0 (X11; Ubuntu; Linux i686; rv:114.0) Gecko/20100101 Firefox/114.0"
5.196.78.175 - - [25/Nov/2024:08:36:00 -0700] "GET /images/journey/server-gacor/?abong=LATO99-ALTERNATIF HTTP/1.1" 200 116301 "https://bilga.akalacademy.ac.in/images/journey/server-gacor/?abong=LATO99-ALTERNATIF" "Mozilla/5.0 (X11; Ubuntu; Linux i686; rv:114.0) Gecko/20100101 Firefox/114.0"
66.249.79.165 - - [25/Nov/2024:08:36:33 -0700] "GET /news/biwnbs/casino-ohne-einzahlung-bonus.html HTTP/1.1" 200 94 "-" "Mozilla/5.0 (compatible; Googlebot/2.1; +http://www.google.com/bot.html)"
66.249.79.167 - - [25/Nov/2024:08:37:10 -0700] "GET /news/fzlvls/cricket-t20-world-cup-scorecard.html HTTP/1.1" 200 94 "-" "Mozilla/5.0 (compatible; Googlebot/2.1; +http://www.google.com/bot.html)"
66.249.79.165 - - [25/Nov/2024:08:37:21 -0700] "GET /bet/?kcdxdn/score-table-icc.html HTTP/1.1" 200 94 "-" "Mozilla/5.0 (compatible; Googlebot/2.1; +http://www.google.com/bot.html)"
114.122.4.112 - - [25/Nov/2024:08:37:24 -0700] "GET / HTTP/1.1" 200 94 "-" "Mozilla/5.0 (Windows NT 10.0; Win64; x64) AppleWebKit/537.36 (KHTML, like Gecko) Chrome/79.0 Safari/537.36"
69.162.124.238 - - [25/Nov/2024:08:37:41 -0700] "HEAD /cbse-corner.php HTTP/1.1" 200 - "https://bilga.akalacademy.ac.in/cbse-corner.php" "Mozilla/5.0+(compatible; UptimeRobot/2.0; http://www.uptimerobot.com/)"
114.122.4.112 - - [25/Nov/2024:08:37:49 -0700] "GET //wp-includes/wlwmanifest.xml HTTP/1.1" 200 94 "-" "Mozilla/5.0 (Windows NT 10.0; Win64; x64) AppleWebKit/537.36 (KHTML, like Gecko) Chrome/79.0 Safari/537.36"
114.122.4.112 - - [25/Nov/2024:08:37:50 -0700] "GET //xmlrpc.php?rsd HTTP/1.1" 200 94 "-" "Mozilla/5.0 (Windows NT 10.0; Win64; x64) AppleWebKit/537.36 (KHTML, like Gecko) Chrome/79.0 Safari/537.36"
114.122.4.112 - - [25/Nov/2024:08:37:52 -0700] "GET / HTTP/1.1" 200 94 "-" "Mozilla/5.0 (Windows NT 10.0; Win64; x64) AppleWebKit/537.36 (KHTML, like Gecko) Chrome/79.0 Safari/537.36"
114.122.4.112 - - [25/Nov/2024:08:37:54 -0700] "GET //blog/wp-includes/wlwmanifest.xml HTTP/1.1" 200 94 "-" "Mozilla/5.0 (Windows NT 10.0; Win64; x64) AppleWebKit/537.36 (KHTML, like Gecko) Chrome/79.0 Safari/537.36"
66.249.79.165 - - [25/Nov/2024:08:37:56 -0700] "GET /bet/avfeah/live-score-fifa-world-cup-today.html HTTP/1.1" 200 94 "-" "Mozilla/5.0 (compatible; Googlebot/2.1; +http://www.google.com/bot.html)"
114.122.4.112 - - [25/Nov/2024:08:37:56 -0700] "GET //web/wp-includes/wlwmanifest.xml HTTP/1.1" 200 94 "-" "Mozilla/5.0 (Windows NT 10.0; Win64; x64) AppleWebKit/537.36 (KHTML, like Gecko) Chrome/79.0 Safari/537.36"
114.122.4.112 - - [25/Nov/2024:08:38:06 -0700] "GET //website/wp-includes/wlwmanifest.xml HTTP/1.1" 200 94 "-" "Mozilla/5.0 (Windows NT 10.0; Win64; x64) AppleWebKit/537.36 (KHTML, like Gecko) Chrome/79.0 Safari/537.36"
66.249.79.165 - - [25/Nov/2024:08:38:19 -0700] "GET /bet/xjeuuq/2-player-action-games-download-pc.html HTTP/1.1" 200 94 "-" "Mozilla/5.0 (compatible; Googlebot/2.1; +http://www.google.com/bot.html)"
203.96.177.126 - - [25/Nov/2024:08:38:41 -0700] "GET /images/journey/server-gacor/?abong=LATO99-ALTERNATIF HTTP/1.1" 200 116301 "-" "Mozilla/5.0 (Windows NT 10.0; WOW64) AppleWebKit/537.36 (KHTML, like Gecko) Chrome/114.0.0.0 Safari/537.36 Vivaldi/5.3.2679.68"
./LuLlaby007 ♥ Tata Cantik - Copyright 2k18