Cylul007 Webshell
Server :
Linux ip-148-66-134-25.ip.secureserver.net 3.10.0-1160.119.1.el7.tuxcare.els10.x86_64 #1 SMP Fri Oct 11 21:40:41 UTC 2024 x86_64
php :
8.0.30
on
cgi-fcgi
Time
25 Nov 2024 15:42:33
Current Directory :
/
home
/
amvm
/
access-logs
/
Upload File :
Mass Deface
Home
Bypass Passwd
Current File : /home/amvm/access-logs/bharyallahri.akalacademy.ac.in-ssl_log
66.249.79.104 - - [25/Nov/2024:05:10:41 -0700] "GET /robots.txt HTTP/1.1" 500 - "-" "Mozilla/5.0 (compatible; Googlebot/2.1; +http://www.google.com/bot.html)"
66.249.79.104 - - [25/Nov/2024:05:12:19 -0700] "GET /robots.txt HTTP/1.1" 500 - "-" "Mozilla/5.0 (compatible; Googlebot/2.1; +http://www.google.com/bot.html)"
66.249.79.104 - - [25/Nov/2024:05:13:22 -0700] "GET /robots.txt HTTP/1.1" 500 - "-" "Mozilla/5.0 (compatible; Googlebot/2.1; +http://www.google.com/bot.html)"
40.77.167.30 - - [25/Nov/2024:05:13:29 -0700] "GET /news/hwqptq/files/Secondary/files/Senior%20Secondary/Physics-min.pdf HTTP/1.1" 500 - "-" "Mozilla/5.0 AppleWebKit/537.36 (KHTML, like Gecko; compatible; bingbot/2.0; +http://www.bing.com/bingbot.htm) Chrome/116.0.1938.76 Safari/537.36"
69.162.124.238 - - [25/Nov/2024:05:14:17 -0700] "HEAD /cbse-corner.php HTTP/1.1" 200 - "https://bharyallahri.akalacademy.ac.in/cbse-corner.php" "Mozilla/5.0+(compatible; UptimeRobot/2.0; http://www.uptimerobot.com/)"
66.249.79.104 - - [25/Nov/2024:05:14:39 -0700] "GET /robots.txt HTTP/1.1" 500 - "-" "Mozilla/5.0 (compatible; Googlebot/2.1; +http://www.google.com/bot.html)"
66.249.79.104 - - [25/Nov/2024:05:15:41 -0700] "GET /robots.txt HTTP/1.1" 500 - "-" "Mozilla/5.0 (compatible; Googlebot/2.1; +http://www.google.com/bot.html)"
66.249.79.104 - - [25/Nov/2024:05:16:45 -0700] "GET /robots.txt HTTP/1.1" 500 - "-" "Mozilla/5.0 (compatible; Googlebot/2.1; +http://www.google.com/bot.html)"
66.249.79.104 - - [25/Nov/2024:05:17:59 -0700] "GET /robots.txt HTTP/1.1" 500 - "-" "Mozilla/5.0 (compatible; Googlebot/2.1; +http://www.google.com/bot.html)"
66.249.79.104 - - [25/Nov/2024:05:19:10 -0700] "GET /robots.txt HTTP/1.1" 500 - "-" "Mozilla/5.0 (compatible; Googlebot/2.1; +http://www.google.com/bot.html)"
69.162.124.238 - - [25/Nov/2024:05:19:17 -0700] "HEAD /cbse-corner.php HTTP/1.1" 200 - "https://bharyallahri.akalacademy.ac.in/cbse-corner.php" "Mozilla/5.0+(compatible; UptimeRobot/2.0; http://www.uptimerobot.com/)"
52.167.144.166 - - [25/Nov/2024:05:20:39 -0700] "GET /bet/iimojp/files/Senior%20Secondary/files/IX-X/files/Secondary/417-VIII-min.pdf HTTP/1.1" 500 - "-" "Mozilla/5.0 AppleWebKit/537.36 (KHTML, like Gecko; compatible; bingbot/2.0; +http://www.bing.com/bingbot.htm) Chrome/116.0.1938.76 Safari/537.36"
5.255.231.73 - - [25/Nov/2024:05:22:13 -0700] "GET /robots.txt HTTP/1.1" 500 - "-" "Mozilla/5.0 (compatible; YandexBot/3.0; +http://yandex.com/bots)"
66.249.79.104 - - [25/Nov/2024:05:22:14 -0700] "GET /robots.txt HTTP/1.1" 500 - "-" "Mozilla/5.0 (compatible; Googlebot/2.1; +http://www.google.com/bot.html)"
66.249.79.104 - - [25/Nov/2024:05:23:40 -0700] "GET /robots.txt HTTP/1.1" 500 - "-" "Mozilla/5.0 (compatible; Googlebot/2.1; +http://www.google.com/bot.html)"
5.255.231.183 - - [25/Nov/2024:05:24:14 -0700] "GET /robots.txt HTTP/1.1" 500 - "-" "Mozilla/5.0 (compatible; YandexBot/3.0; +http://yandex.com/bots)"
69.162.124.238 - - [25/Nov/2024:05:24:17 -0700] "HEAD /cbse-corner.php HTTP/1.1" 200 - "https://bharyallahri.akalacademy.ac.in/cbse-corner.php" "Mozilla/5.0+(compatible; UptimeRobot/2.0; http://www.uptimerobot.com/)"
66.249.79.104 - - [25/Nov/2024:05:24:59 -0700] "GET /robots.txt HTTP/1.1" 500 - "-" "Mozilla/5.0 (compatible; Googlebot/2.1; +http://www.google.com/bot.html)"
40.77.167.55 - - [25/Nov/2024:05:25:00 -0700] "GET /detail/emrtgk/files/Secondary/files/Secondary/Social_Science_Sec_2019-20-min.pdf HTTP/1.1" 500 - "-" "Mozilla/5.0 AppleWebKit/537.36 (KHTML, like Gecko; compatible; bingbot/2.0; +http://www.bing.com/bingbot.htm) Chrome/116.0.1938.76 Safari/537.36"
40.77.167.144 - - [25/Nov/2024:05:25:29 -0700] "GET /news/qiubcx/files/Secondary/files/Secondary/ART_EDUCATION-min.pdf HTTP/1.1" 500 - "-" "Mozilla/5.0 AppleWebKit/537.36 (KHTML, like Gecko; compatible; bingbot/2.0; +http://www.bing.com/bingbot.htm) Chrome/116.0.1938.76 Safari/537.36"
66.249.79.104 - - [25/Nov/2024:05:26:02 -0700] "GET /robots.txt HTTP/1.1" 500 - "-" "Mozilla/5.0 (compatible; Googlebot/2.1; +http://www.google.com/bot.html)"
5.255.231.102 - - [25/Nov/2024:05:26:14 -0700] "GET /robots.txt HTTP/1.1" 500 - "-" "Mozilla/5.0 (compatible; YandexBot/3.0; +http://yandex.com/bots)"
40.77.167.52 - - [25/Nov/2024:05:27:02 -0700] "GET /detail/uxwmjb/files/Secondary/files/I-VIII/S.St%20(III%20to%20VIII)-min.pdf HTTP/1.1" 500 - "-" "Mozilla/5.0 AppleWebKit/537.36 (KHTML, like Gecko; compatible; bingbot/2.0; +http://www.bing.com/bingbot.htm) Chrome/116.0.1938.76 Safari/537.36"
66.249.79.104 - - [25/Nov/2024:05:27:02 -0700] "GET /robots.txt HTTP/1.1" 500 - "-" "Mozilla/5.0 (compatible; Googlebot/2.1; +http://www.google.com/bot.html)"
95.108.213.82 - - [25/Nov/2024:05:28:13 -0700] "GET /robots.txt HTTP/1.1" 500 - "-" "Mozilla/5.0 (compatible; YandexBot/3.0; +http://yandex.com/bots)"
66.249.79.104 - - [25/Nov/2024:05:28:24 -0700] "GET /robots.txt HTTP/1.1" 500 - "-" "Mozilla/5.0 (compatible; Googlebot/2.1; +http://www.google.com/bot.html)"
69.162.124.238 - - [25/Nov/2024:05:29:17 -0700] "HEAD /cbse-corner.php HTTP/1.1" 200 - "https://bharyallahri.akalacademy.ac.in/cbse-corner.php" "Mozilla/5.0+(compatible; UptimeRobot/2.0; http://www.uptimerobot.com/)"
66.249.79.104 - - [25/Nov/2024:05:29:24 -0700] "GET /robots.txt HTTP/1.1" 500 - "-" "Mozilla/5.0 (compatible; Googlebot/2.1; +http://www.google.com/bot.html)"
5.255.231.68 - - [25/Nov/2024:05:29:38 -0700] "GET /robots.txt HTTP/1.1" 500 - "-" "Mozilla/5.0 (compatible; YandexBot/3.0; +http://yandex.com/bots)"
95.108.213.185 - - [25/Nov/2024:05:30:14 -0700] "GET /robots.txt HTTP/1.1" 500 - "-" "Mozilla/5.0 (compatible; YandexBot/3.0; +http://yandex.com/bots)"
66.249.79.104 - - [25/Nov/2024:05:30:31 -0700] "GET /robots.txt HTTP/1.1" 500 - "-" "Mozilla/5.0 (compatible; Googlebot/2.1; +http://www.google.com/bot.html)"
66.249.79.104 - - [25/Nov/2024:05:31:46 -0700] "GET /robots.txt HTTP/1.1" 500 - "-" "Mozilla/5.0 (compatible; Googlebot/2.1; +http://www.google.com/bot.html)"
5.255.231.28 - - [25/Nov/2024:05:32:13 -0700] "GET /robots.txt HTTP/1.1" 500 - "-" "Mozilla/5.0 (compatible; YandexBot/3.0; +http://yandex.com/bots)"
5.255.231.94 - - [25/Nov/2024:05:32:14 -0700] "GET /index.php/fmopane3pbg4q_e/files/Secondary/files/Senior%20Secondary/PhysicalEducation-min.pdf HTTP/1.1" 500 - "-" "Mozilla/5.0 (compatible; YandexBot/3.0; +http://yandex.com/bots)"
66.249.79.104 - - [25/Nov/2024:05:32:46 -0700] "GET /robots.txt HTTP/1.1" 500 - "-" "Mozilla/5.0 (compatible; Googlebot/2.1; +http://www.google.com/bot.html)"
40.77.167.52 - - [25/Nov/2024:05:32:52 -0700] "GET /news/btqdlp/files/IX-X/files/Senior%20Secondary/Eng.Core-min.pdf HTTP/1.1" 500 - "-" "Mozilla/5.0 AppleWebKit/537.36 (KHTML, like Gecko; compatible; bingbot/2.0; +http://www.bing.com/bingbot.htm) Chrome/116.0.1938.76 Safari/537.36"
5.255.231.178 - - [25/Nov/2024:05:34:14 -0700] "GET /robots.txt HTTP/1.1" 500 - "-" "Mozilla/5.0 (compatible; YandexBot/3.0; +http://yandex.com/bots)"
69.162.124.238 - - [25/Nov/2024:05:34:17 -0700] "HEAD /cbse-corner.php HTTP/1.1" 200 - "https://bharyallahri.akalacademy.ac.in/cbse-corner.php" "Mozilla/5.0+(compatible; UptimeRobot/2.0; http://www.uptimerobot.com/)"
66.249.79.104 - - [25/Nov/2024:05:36:17 -0700] "GET /robots.txt HTTP/1.1" 500 - "-" "Mozilla/5.0 (compatible; Googlebot/2.1; +http://www.google.com/bot.html)"
66.249.79.104 - - [25/Nov/2024:05:37:17 -0700] "GET /robots.txt HTTP/1.1" 500 - "-" "Mozilla/5.0 (compatible; Googlebot/2.1; +http://www.google.com/bot.html)"
213.180.203.172 - - [25/Nov/2024:05:38:15 -0700] "GET /robots.txt HTTP/1.1" 500 - "-" "Mozilla/5.0 (compatible; YandexBot/3.0; +http://yandex.com/bots)"
66.249.79.104 - - [25/Nov/2024:05:38:22 -0700] "GET /robots.txt HTTP/1.1" 500 - "-" "Mozilla/5.0 (compatible; Googlebot/2.1; +http://www.google.com/bot.html)"
69.162.124.238 - - [25/Nov/2024:05:39:18 -0700] "HEAD /cbse-corner.php HTTP/1.1" 200 - "https://bharyallahri.akalacademy.ac.in/cbse-corner.php" "Mozilla/5.0+(compatible; UptimeRobot/2.0; http://www.uptimerobot.com/)"
66.249.79.104 - - [25/Nov/2024:05:39:38 -0700] "GET /robots.txt HTTP/1.1" 500 - "-" "Mozilla/5.0 (compatible; Googlebot/2.1; +http://www.google.com/bot.html)"
66.249.79.104 - - [25/Nov/2024:05:40:41 -0700] "GET /robots.txt HTTP/1.1" 500 - "-" "Mozilla/5.0 (compatible; Googlebot/2.1; +http://www.google.com/bot.html)"
66.249.79.104 - - [25/Nov/2024:05:41:48 -0700] "GET /robots.txt HTTP/1.1" 500 - "-" "Mozilla/5.0 (compatible; Googlebot/2.1; +http://www.google.com/bot.html)"
66.249.79.104 - - [25/Nov/2024:05:43:10 -0700] "GET /robots.txt HTTP/1.1" 500 - "-" "Mozilla/5.0 (compatible; Googlebot/2.1; +http://www.google.com/bot.html)"
40.77.167.55 - - [25/Nov/2024:05:44:07 -0700] "GET /bet/sduktq/files/Secondary/files/I-VIII/English%20%20(VI%20-%20VIII)-min.pdf HTTP/1.1" 500 - "-" "Mozilla/5.0 AppleWebKit/537.36 (KHTML, like Gecko; compatible; bingbot/2.0; +http://www.bing.com/bingbot.htm) Chrome/116.0.1938.76 Safari/537.36"
66.249.79.104 - - [25/Nov/2024:05:44:22 -0700] "GET /robots.txt HTTP/1.1" 500 - "-" "Mozilla/5.0 (compatible; Googlebot/2.1; +http://www.google.com/bot.html)"
66.249.79.104 - - [25/Nov/2024:05:45:29 -0700] "GET /robots.txt HTTP/1.1" 500 - "-" "Mozilla/5.0 (compatible; Googlebot/2.1; +http://www.google.com/bot.html)"
66.249.79.104 - - [25/Nov/2024:05:46:38 -0700] "GET /robots.txt HTTP/1.1" 500 - "-" "Mozilla/5.0 (compatible; Googlebot/2.1; +http://www.google.com/bot.html)"
52.167.144.174 - - [25/Nov/2024:05:47:23 -0700] "GET /detail/jpsthk/files/Senior%20Secondary/files/Senior%20Secondary/PhysicalEducation-min.pdf HTTP/1.1" 500 - "-" "Mozilla/5.0 AppleWebKit/537.36 (KHTML, like Gecko; compatible; bingbot/2.0; +http://www.bing.com/bingbot.htm) Chrome/116.0.1938.76 Safari/537.36"
69.162.124.238 - - [25/Nov/2024:05:48:40 -0700] "HEAD /cbse-corner.php HTTP/1.1" 200 - "https://bharyallahri.akalacademy.ac.in/cbse-corner.php" "Mozilla/5.0+(compatible; UptimeRobot/2.0; http://www.uptimerobot.com/)"
66.249.79.104 - - [25/Nov/2024:05:49:42 -0700] "GET /robots.txt HTTP/1.1" 500 - "-" "Mozilla/5.0 (compatible; Googlebot/2.1; +http://www.google.com/bot.html)"
66.249.79.104 - - [25/Nov/2024:05:50:42 -0700] "GET /robots.txt HTTP/1.1" 500 - "-" "Mozilla/5.0 (compatible; Googlebot/2.1; +http://www.google.com/bot.html)"
66.249.79.104 - - [25/Nov/2024:05:51:50 -0700] "GET /robots.txt HTTP/1.1" 500 - "-" "Mozilla/5.0 (compatible; Googlebot/2.1; +http://www.google.com/bot.html)"
66.249.79.104 - - [25/Nov/2024:05:53:04 -0700] "GET /robots.txt HTTP/1.1" 500 - "-" "Mozilla/5.0 (compatible; Googlebot/2.1; +http://www.google.com/bot.html)"
69.162.124.238 - - [25/Nov/2024:05:53:39 -0700] "HEAD /cbse-corner.php HTTP/1.1" 200 - "https://bharyallahri.akalacademy.ac.in/cbse-corner.php" "Mozilla/5.0+(compatible; UptimeRobot/2.0; http://www.uptimerobot.com/)"
66.249.79.104 - - [25/Nov/2024:05:54:08 -0700] "GET /robots.txt HTTP/1.1" 500 - "-" "Mozilla/5.0 (compatible; Googlebot/2.1; +http://www.google.com/bot.html)"
66.249.79.104 - - [25/Nov/2024:05:55:29 -0700] "GET /robots.txt HTTP/1.1" 500 - "-" "Mozilla/5.0 (compatible; Googlebot/2.1; +http://www.google.com/bot.html)"
66.249.79.104 - - [25/Nov/2024:05:56:31 -0700] "GET /robots.txt HTTP/1.1" 500 - "-" "Mozilla/5.0 (compatible; Googlebot/2.1; +http://www.google.com/bot.html)"
40.77.167.126 - - [25/Nov/2024:05:56:48 -0700] "GET /news/nemnfu/files/Secondary/files/IX-X/Grade%20(XI)%20-min.pdf HTTP/1.1" 500 - "-" "Mozilla/5.0 AppleWebKit/537.36 (KHTML, like Gecko; compatible; bingbot/2.0; +http://www.bing.com/bingbot.htm) Chrome/116.0.1938.76 Safari/537.36"
66.249.79.104 - - [25/Nov/2024:05:57:40 -0700] "GET /robots.txt HTTP/1.1" 500 - "-" "Mozilla/5.0 (compatible; Googlebot/2.1; +http://www.google.com/bot.html)"
69.162.124.238 - - [25/Nov/2024:05:58:39 -0700] "HEAD /cbse-corner.php HTTP/1.1" 200 - "https://bharyallahri.akalacademy.ac.in/cbse-corner.php" "Mozilla/5.0+(compatible; UptimeRobot/2.0; http://www.uptimerobot.com/)"
66.249.79.104 - - [25/Nov/2024:05:59:56 -0700] "GET /robots.txt HTTP/1.1" 500 - "-" "Mozilla/5.0 (compatible; Googlebot/2.1; +http://www.google.com/bot.html)"
52.167.144.168 - - [25/Nov/2024:06:01:04 -0700] "GET /news/tzwevq/files/Secondary/files/Senior%20Secondary/PhysicalEducation-min.pdf HTTP/1.1" 500 - "-" "Mozilla/5.0 AppleWebKit/537.36 (KHTML, like Gecko; compatible; bingbot/2.0; +http://www.bing.com/bingbot.htm) Chrome/116.0.1938.76 Safari/537.36"
52.167.144.168 - - [25/Nov/2024:06:01:05 -0700] "GET /detail/pnaqjx/files/I-VIII/files/Senior%20Secondary/Punjabi_XII-min.pdf HTTP/1.1" 500 - "-" "Mozilla/5.0 AppleWebKit/537.36 (KHTML, like Gecko; compatible; bingbot/2.0; +http://www.bing.com/bingbot.htm) Chrome/116.0.1938.76 Safari/537.36"
66.249.79.104 - - [25/Nov/2024:06:03:09 -0700] "GET /robots.txt HTTP/1.1" 500 - "-" "Mozilla/5.0 (compatible; Googlebot/2.1; +http://www.google.com/bot.html)"
69.162.124.238 - - [25/Nov/2024:06:03:39 -0700] "HEAD /cbse-corner.php HTTP/1.1" 200 - "https://bharyallahri.akalacademy.ac.in/cbse-corner.php" "Mozilla/5.0+(compatible; UptimeRobot/2.0; http://www.uptimerobot.com/)"
66.249.79.104 - - [25/Nov/2024:06:04:15 -0700] "GET /robots.txt HTTP/1.1" 500 - "-" "Mozilla/5.0 (compatible; Googlebot/2.1; +http://www.google.com/bot.html)"
40.77.167.126 - - [25/Nov/2024:06:04:22 -0700] "GET /news/ehtygz/files/I-VIII/VI-X%20Punjabi-min.pdf HTTP/1.1" 500 - "-" "Mozilla/5.0 AppleWebKit/537.36 (KHTML, like Gecko; compatible; bingbot/2.0; +http://www.bing.com/bingbot.htm) Chrome/116.0.1938.76 Safari/537.36"
213.180.203.21 - - [25/Nov/2024:06:04:23 -0700] "GET /robots.txt HTTP/1.1" 500 - "-" "Mozilla/5.0 (compatible; YandexBot/3.0; +http://yandex.com/bots)"
66.249.79.104 - - [25/Nov/2024:06:05:30 -0700] "GET /robots.txt HTTP/1.1" 500 - "-" "Mozilla/5.0 (compatible; Googlebot/2.1; +http://www.google.com/bot.html)"
5.255.231.173 - - [25/Nov/2024:06:06:24 -0700] "GET /robots.txt HTTP/1.1" 500 - "-" "Mozilla/5.0 (compatible; YandexBot/3.0; +http://yandex.com/bots)"
66.249.79.104 - - [25/Nov/2024:06:06:36 -0700] "GET /robots.txt HTTP/1.1" 500 - "-" "Mozilla/5.0 (compatible; Googlebot/2.1; +http://www.google.com/bot.html)"
66.249.79.104 - - [25/Nov/2024:06:07:44 -0700] "GET /robots.txt HTTP/1.1" 500 - "-" "Mozilla/5.0 (compatible; Googlebot/2.1; +http://www.google.com/bot.html)"
213.180.203.61 - - [25/Nov/2024:06:08:25 -0700] "GET /robots.txt HTTP/1.1" 500 - "-" "Mozilla/5.0 (compatible; YandexBot/3.0; +http://yandex.com/bots)"
69.162.124.238 - - [25/Nov/2024:06:08:39 -0700] "HEAD /cbse-corner.php HTTP/1.1" 200 - "https://bharyallahri.akalacademy.ac.in/cbse-corner.php" "Mozilla/5.0+(compatible; UptimeRobot/2.0; http://www.uptimerobot.com/)"
66.249.79.104 - - [25/Nov/2024:06:09:09 -0700] "GET /robots.txt HTTP/1.1" 500 - "-" "Mozilla/5.0 (compatible; Googlebot/2.1; +http://www.google.com/bot.html)"
40.77.167.15 - - [25/Nov/2024:06:09:14 -0700] "GET /detail/hcmmea/files/Senior%20Secondary/files/IX-X/Grade%20(XI)%20-min.pdf HTTP/1.1" 500 - "-" "Mozilla/5.0 AppleWebKit/537.36 (KHTML, like Gecko; compatible; bingbot/2.0; +http://www.bing.com/bingbot.htm) Chrome/116.0.1938.76 Safari/537.36"
52.167.144.205 - - [25/Nov/2024:06:09:19 -0700] "GET /news/zedwie/files/Senior%20Secondary/files/IX-X/Grade%20(X)-min.pdf HTTP/1.1" 500 - "-" "Mozilla/5.0 AppleWebKit/537.36 (KHTML, like Gecko; compatible; bingbot/2.0; +http://www.bing.com/bingbot.htm) Chrome/116.0.1938.76 Safari/537.36"
5.255.231.55 - - [25/Nov/2024:06:10:24 -0700] "GET /robots.txt HTTP/1.1" 500 - "-" "Mozilla/5.0 (compatible; YandexBot/3.0; +http://yandex.com/bots)"
66.249.79.104 - - [25/Nov/2024:06:10:32 -0700] "GET /robots.txt HTTP/1.1" 500 - "-" "Mozilla/5.0 (compatible; Googlebot/2.1; +http://www.google.com/bot.html)"
66.249.79.104 - - [25/Nov/2024:06:11:44 -0700] "GET /robots.txt HTTP/1.1" 500 - "-" "Mozilla/5.0 (compatible; Googlebot/2.1; +http://www.google.com/bot.html)"
87.250.224.203 - - [25/Nov/2024:06:12:23 -0700] "GET /robots.txt HTTP/1.1" 500 - "-" "Mozilla/5.0 (compatible; YandexBot/3.0; +http://yandex.com/bots)"
66.249.79.104 - - [25/Nov/2024:06:12:44 -0700] "GET /robots.txt HTTP/1.1" 500 - "-" "Mozilla/5.0 (compatible; Googlebot/2.1; +http://www.google.com/bot.html)"
40.77.167.70 - - [25/Nov/2024:06:13:32 -0700] "GET /detail/jpxhzg/files/I-VIII/shining-star.php HTTP/1.1" 500 - "-" "Mozilla/5.0 AppleWebKit/537.36 (KHTML, like Gecko; compatible; bingbot/2.0; +http://www.bing.com/bingbot.htm) Chrome/116.0.1938.76 Safari/537.36"
69.162.124.238 - - [25/Nov/2024:06:13:39 -0700] "HEAD /cbse-corner.php HTTP/1.1" 200 - "https://bharyallahri.akalacademy.ac.in/cbse-corner.php" "Mozilla/5.0+(compatible; UptimeRobot/2.0; http://www.uptimerobot.com/)"
66.249.79.104 - - [25/Nov/2024:06:13:47 -0700] "GET /robots.txt HTTP/1.1" 500 - "-" "Mozilla/5.0 (compatible; Googlebot/2.1; +http://www.google.com/bot.html)"
95.108.213.182 - - [25/Nov/2024:06:14:24 -0700] "GET /robots.txt HTTP/1.1" 500 - "-" "Mozilla/5.0 (compatible; YandexBot/3.0; +http://yandex.com/bots)"
213.180.203.157 - - [25/Nov/2024:06:14:25 -0700] "GET /files/Secondary/files/Senior%20Secondary/files/Secondary/Intitial_pages_srsec_2019-20-min.pdf HTTP/1.1" 500 - "-" "Mozilla/5.0 (compatible; YandexBot/3.0; +http://yandex.com/bots)"
5.255.231.38 - - [25/Nov/2024:06:16:24 -0700] "GET /robots.txt HTTP/1.1" 500 - "-" "Mozilla/5.0 (compatible; YandexBot/3.0; +http://yandex.com/bots)"
66.249.79.104 - - [25/Nov/2024:06:16:49 -0700] "GET /robots.txt HTTP/1.1" 500 - "-" "Mozilla/5.0 (compatible; Googlebot/2.1; +http://www.google.com/bot.html)"
66.249.79.104 - - [25/Nov/2024:06:17:57 -0700] "GET /robots.txt HTTP/1.1" 500 - "-" "Mozilla/5.0 (compatible; Googlebot/2.1; +http://www.google.com/bot.html)"
69.162.124.238 - - [25/Nov/2024:06:18:39 -0700] "HEAD /cbse-corner.php HTTP/1.1" 200 - "https://bharyallahri.akalacademy.ac.in/cbse-corner.php" "Mozilla/5.0+(compatible; UptimeRobot/2.0; http://www.uptimerobot.com/)"
66.249.79.104 - - [25/Nov/2024:06:19:12 -0700] "GET /robots.txt HTTP/1.1" 500 - "-" "Mozilla/5.0 (compatible; Googlebot/2.1; +http://www.google.com/bot.html)"
213.180.203.223 - - [25/Nov/2024:06:20:25 -0700] "GET /robots.txt HTTP/1.1" 500 - "-" "Mozilla/5.0 (compatible; YandexBot/3.0; +http://yandex.com/bots)"
66.249.79.104 - - [25/Nov/2024:06:20:28 -0700] "GET /robots.txt HTTP/1.1" 500 - "-" "Mozilla/5.0 (compatible; Googlebot/2.1; +http://www.google.com/bot.html)"
66.249.79.104 - - [25/Nov/2024:06:21:47 -0700] "GET /robots.txt HTTP/1.1" 500 - "-" "Mozilla/5.0 (compatible; Googlebot/2.1; +http://www.google.com/bot.html)"
66.249.79.104 - - [25/Nov/2024:06:22:50 -0700] "GET /robots.txt HTTP/1.1" 500 - "-" "Mozilla/5.0 (compatible; Googlebot/2.1; +http://www.google.com/bot.html)"
52.167.144.232 - - [25/Nov/2024:06:23:14 -0700] "GET /news/qiubcx/files/Secondary/files/Secondary/Intitial_pages_srsec_2019-20-min.pdf HTTP/1.1" 500 - "-" "Mozilla/5.0 AppleWebKit/537.36 (KHTML, like Gecko; compatible; bingbot/2.0; +http://www.bing.com/bingbot.htm) Chrome/116.0.1938.76 Safari/537.36"
69.162.124.238 - - [25/Nov/2024:06:23:39 -0700] "HEAD /cbse-corner.php HTTP/1.1" 200 - "https://bharyallahri.akalacademy.ac.in/cbse-corner.php" "Mozilla/5.0+(compatible; UptimeRobot/2.0; http://www.uptimerobot.com/)"
66.249.79.104 - - [25/Nov/2024:06:23:54 -0700] "GET /robots.txt HTTP/1.1" 500 - "-" "Mozilla/5.0 (compatible; Googlebot/2.1; +http://www.google.com/bot.html)"
87.250.224.18 - - [25/Nov/2024:06:24:19 -0700] "GET /robots.txt HTTP/1.1" 500 - "-" "Mozilla/5.0 (compatible; YandexBot/3.0; +http://yandex.com/bots)"
66.249.79.104 - - [25/Nov/2024:06:24:57 -0700] "GET /robots.txt HTTP/1.1" 500 - "-" "Mozilla/5.0 (compatible; Googlebot/2.1; +http://www.google.com/bot.html)"
66.249.79.104 - - [25/Nov/2024:06:26:06 -0700] "GET /robots.txt HTTP/1.1" 500 - "-" "Mozilla/5.0 (compatible; Googlebot/2.1; +http://www.google.com/bot.html)"
95.108.213.157 - - [25/Nov/2024:06:26:19 -0700] "GET /robots.txt HTTP/1.1" 500 - "-" "Mozilla/5.0 (compatible; YandexBot/3.0; +http://yandex.com/bots)"
66.249.79.104 - - [25/Nov/2024:06:27:10 -0700] "GET /robots.txt HTTP/1.1" 500 - "-" "Mozilla/5.0 (compatible; Googlebot/2.1; +http://www.google.com/bot.html)"
40.77.167.51 - - [25/Nov/2024:06:27:41 -0700] "GET /news/hiazum/files/I-VIII/files/IX-X/Grade%20(XI)%20-min.pdf HTTP/1.1" 500 - "-" "Mozilla/5.0 AppleWebKit/537.36 (KHTML, like Gecko; compatible; bingbot/2.0; +http://www.bing.com/bingbot.htm) Chrome/116.0.1938.76 Safari/537.36"
213.180.203.22 - - [25/Nov/2024:06:28:19 -0700] "GET /robots.txt HTTP/1.1" 500 - "-" "Mozilla/5.0 (compatible; YandexBot/3.0; +http://yandex.com/bots)"
69.162.124.238 - - [25/Nov/2024:06:28:39 -0700] "HEAD /cbse-corner.php HTTP/1.1" 200 - "https://bharyallahri.akalacademy.ac.in/cbse-corner.php" "Mozilla/5.0+(compatible; UptimeRobot/2.0; http://www.uptimerobot.com/)"
95.108.213.180 - - [25/Nov/2024:06:29:39 -0700] "GET /robots.txt HTTP/1.1" 500 - "-" "Mozilla/5.0 (compatible; YandexBot/3.0; +http://yandex.com/bots)"
66.249.79.104 - - [25/Nov/2024:06:30:12 -0700] "GET /robots.txt HTTP/1.1" 500 - "-" "Mozilla/5.0 (compatible; Googlebot/2.1; +http://www.google.com/bot.html)"
213.180.203.28 - - [25/Nov/2024:06:30:20 -0700] "GET /robots.txt HTTP/1.1" 500 - "-" "Mozilla/5.0 (compatible; YandexBot/3.0; +http://yandex.com/bots)"
66.249.79.104 - - [25/Nov/2024:06:31:32 -0700] "GET /robots.txt HTTP/1.1" 500 - "-" "Mozilla/5.0 (compatible; Googlebot/2.1; +http://www.google.com/bot.html)"
5.255.231.42 - - [25/Nov/2024:06:32:20 -0700] "GET /robots.txt HTTP/1.1" 500 - "-" "Mozilla/5.0 (compatible; YandexBot/3.0; +http://yandex.com/bots)"
66.249.79.104 - - [25/Nov/2024:06:32:35 -0700] "GET /robots.txt HTTP/1.1" 500 - "-" "Mozilla/5.0 (compatible; Googlebot/2.1; +http://www.google.com/bot.html)"
52.167.144.162 - - [25/Nov/2024:06:33:24 -0700] "GET /news/rmzrst/files/Senior%20Secondary/files/I-VIII/English%20%20(VI%20-%20VIII)-min.pdf HTTP/1.1" 500 - "-" "Mozilla/5.0 AppleWebKit/537.36 (KHTML, like Gecko; compatible; bingbot/2.0; +http://www.bing.com/bingbot.htm) Chrome/116.0.1938.76 Safari/537.36"
69.162.124.238 - - [25/Nov/2024:06:33:39 -0700] "HEAD /cbse-corner.php HTTP/1.1" 200 - "https://bharyallahri.akalacademy.ac.in/cbse-corner.php" "Mozilla/5.0+(compatible; UptimeRobot/2.0; http://www.uptimerobot.com/)"
66.249.79.104 - - [25/Nov/2024:06:33:48 -0700] "GET /robots.txt HTTP/1.1" 500 - "-" "Mozilla/5.0 (compatible; Googlebot/2.1; +http://www.google.com/bot.html)"
5.255.231.202 - - [25/Nov/2024:06:34:19 -0700] "GET /robots.txt HTTP/1.1" 500 - "-" "Mozilla/5.0 (compatible; YandexBot/3.0; +http://yandex.com/bots)"
95.108.213.127 - - [25/Nov/2024:06:34:20 -0700] "GET /files/Secondary/files/Senior%20Secondary/files/Senior%20Secondary/PoliticalScience-min.pdf HTTP/1.1" 500 - "-" "Mozilla/5.0 (compatible; YandexBot/3.0; +http://yandex.com/bots)"
66.249.79.104 - - [25/Nov/2024:06:35:05 -0700] "GET /robots.txt HTTP/1.1" 500 - "-" "Mozilla/5.0 (compatible; Googlebot/2.1; +http://www.google.com/bot.html)"
66.249.79.104 - - [25/Nov/2024:06:36:06 -0700] "GET /robots.txt HTTP/1.1" 500 - "-" "Mozilla/5.0 (compatible; Googlebot/2.1; +http://www.google.com/bot.html)"
5.255.231.178 - - [25/Nov/2024:06:36:20 -0700] "GET /robots.txt HTTP/1.1" 500 - "-" "Mozilla/5.0 (compatible; YandexBot/3.0; +http://yandex.com/bots)"
66.249.79.104 - - [25/Nov/2024:06:37:23 -0700] "GET /robots.txt HTTP/1.1" 500 - "-" "Mozilla/5.0 (compatible; Googlebot/2.1; +http://www.google.com/bot.html)"
66.249.79.104 - - [25/Nov/2024:06:38:34 -0700] "GET /robots.txt HTTP/1.1" 500 - "-" "Mozilla/5.0 (compatible; Googlebot/2.1; +http://www.google.com/bot.html)"
69.162.124.238 - - [25/Nov/2024:06:38:39 -0700] "HEAD /cbse-corner.php HTTP/1.1" 200 - "https://bharyallahri.akalacademy.ac.in/cbse-corner.php" "Mozilla/5.0+(compatible; UptimeRobot/2.0; http://www.uptimerobot.com/)"
185.191.171.18 - - [25/Nov/2024:06:38:51 -0700] "GET /robots.txt HTTP/1.1" 500 - "-" "Mozilla/5.0 (compatible; SemrushBot/7~bl; +http://www.semrush.com/bot.html)"
66.249.79.104 - - [25/Nov/2024:06:39:39 -0700] "GET /robots.txt HTTP/1.1" 500 - "-" "Mozilla/5.0 (compatible; Googlebot/2.1; +http://www.google.com/bot.html)"
5.255.231.58 - - [25/Nov/2024:06:40:22 -0700] "GET /robots.txt HTTP/1.1" 500 - "-" "Mozilla/5.0 (compatible; YandexBot/3.0; +http://yandex.com/bots)"
66.249.79.104 - - [25/Nov/2024:06:40:42 -0700] "GET /robots.txt HTTP/1.1" 500 - "-" "Mozilla/5.0 (compatible; Googlebot/2.1; +http://www.google.com/bot.html)"
40.77.167.52 - - [25/Nov/2024:06:41:37 -0700] "GET /detail/xvijjn/files/Secondary/files/Secondary/Punjabi_Sec_2019-20-min.pdf HTTP/1.1" 500 - "-" "Mozilla/5.0 AppleWebKit/537.36 (KHTML, like Gecko; compatible; bingbot/2.0; +http://www.bing.com/bingbot.htm) Chrome/116.0.1938.76 Safari/537.36"
95.108.213.203 - - [25/Nov/2024:06:43:22 -0700] "GET /robots.txt HTTP/1.1" 500 - "-" "Mozilla/5.0 (compatible; YandexBot/3.0; +http://yandex.com/bots)"
69.162.124.238 - - [25/Nov/2024:06:43:39 -0700] "HEAD /cbse-corner.php HTTP/1.1" 200 - "https://bharyallahri.akalacademy.ac.in/cbse-corner.php" "Mozilla/5.0+(compatible; UptimeRobot/2.0; http://www.uptimerobot.com/)"
66.249.79.104 - - [25/Nov/2024:06:43:55 -0700] "GET /robots.txt HTTP/1.1" 500 - "-" "Mozilla/5.0 (compatible; Googlebot/2.1; +http://www.google.com/bot.html)"
66.249.79.104 - - [25/Nov/2024:06:45:01 -0700] "GET /robots.txt HTTP/1.1" 500 - "-" "Mozilla/5.0 (compatible; Googlebot/2.1; +http://www.google.com/bot.html)"
95.108.213.243 - - [25/Nov/2024:06:45:22 -0700] "GET /robots.txt HTTP/1.1" 500 - "-" "Mozilla/5.0 (compatible; YandexBot/3.0; +http://yandex.com/bots)"
66.249.79.104 - - [25/Nov/2024:06:46:18 -0700] "GET /robots.txt HTTP/1.1" 500 - "-" "Mozilla/5.0 (compatible; Googlebot/2.1; +http://www.google.com/bot.html)"
66.249.79.104 - - [25/Nov/2024:06:47:18 -0700] "GET /robots.txt HTTP/1.1" 500 - "-" "Mozilla/5.0 (compatible; Googlebot/2.1; +http://www.google.com/bot.html)"
95.108.213.155 - - [25/Nov/2024:06:47:22 -0700] "GET /robots.txt HTTP/1.1" 500 - "-" "Mozilla/5.0 (compatible; YandexBot/3.0; +http://yandex.com/bots)"
66.249.79.104 - - [25/Nov/2024:06:48:20 -0700] "GET /robots.txt HTTP/1.1" 500 - "-" "Mozilla/5.0 (compatible; Googlebot/2.1; +http://www.google.com/bot.html)"
69.162.124.238 - - [25/Nov/2024:06:48:40 -0700] "HEAD /cbse-corner.php HTTP/1.1" 200 - "https://bharyallahri.akalacademy.ac.in/cbse-corner.php" "Mozilla/5.0+(compatible; UptimeRobot/2.0; http://www.uptimerobot.com/)"
52.167.144.141 - - [25/Nov/2024:06:48:57 -0700] "GET /news/nemnfu/files/Secondary/files/I-VIII/S.St%20(III%20to%20VIII)-min.pdf HTTP/1.1" 500 - "-" "Mozilla/5.0 AppleWebKit/537.36 (KHTML, like Gecko; compatible; bingbot/2.0; +http://www.bing.com/bingbot.htm) Chrome/116.0.1938.76 Safari/537.36"
95.108.213.95 - - [25/Nov/2024:06:49:23 -0700] "GET /robots.txt HTTP/1.1" 500 - "-" "Mozilla/5.0 (compatible; YandexBot/3.0; +http://yandex.com/bots)"
66.249.79.104 - - [25/Nov/2024:06:49:37 -0700] "GET /robots.txt HTTP/1.1" 500 - "-" "Mozilla/5.0 (compatible; Googlebot/2.1; +http://www.google.com/bot.html)"
66.249.79.104 - - [25/Nov/2024:06:50:43 -0700] "GET /robots.txt HTTP/1.1" 500 - "-" "Mozilla/5.0 (compatible; Googlebot/2.1; +http://www.google.com/bot.html)"
5.255.231.80 - - [25/Nov/2024:06:51:22 -0700] "GET /robots.txt HTTP/1.1" 500 - "-" "Mozilla/5.0 (compatible; YandexBot/3.0; +http://yandex.com/bots)"
66.249.79.104 - - [25/Nov/2024:06:51:56 -0700] "GET /robots.txt HTTP/1.1" 500 - "-" "Mozilla/5.0 (compatible; Googlebot/2.1; +http://www.google.com/bot.html)"
52.167.144.229 - - [25/Nov/2024:06:52:06 -0700] "GET /news/oosmya/files/IX-X/files/Senior%20Secondary/Econonics-min.pdf HTTP/1.1" 500 - "-" "Mozilla/5.0 AppleWebKit/537.36 (KHTML, like Gecko; compatible; bingbot/2.0; +http://www.bing.com/bingbot.htm) Chrome/116.0.1938.76 Safari/537.36"
66.249.79.104 - - [25/Nov/2024:06:53:02 -0700] "GET /robots.txt HTTP/1.1" 500 - "-" "Mozilla/5.0 (compatible; Googlebot/2.1; +http://www.google.com/bot.html)"
95.108.213.197 - - [25/Nov/2024:06:53:22 -0700] "GET /robots.txt HTTP/1.1" 500 - "-" "Mozilla/5.0 (compatible; YandexBot/3.0; +http://yandex.com/bots)"
5.255.231.38 - - [25/Nov/2024:06:53:23 -0700] "GET /files/Secondary/files/Senior%20Secondary/files/Secondary/402-INFO_TECH-min.pdf HTTP/1.1" 500 - "-" "Mozilla/5.0 (compatible; YandexBot/3.0; +http://yandex.com/bots)"
95.108.213.168 - - [25/Nov/2024:06:53:24 -0700] "GET /index.php/fanagogics6pdd2q_e/files/Senior%20Secondary/files/I-VIII/files/IX-X/Grade%20(XII)-min.pdf HTTP/1.1" 500 - "-" "Mozilla/5.0 (compatible; YandexBot/3.0; +http://yandex.com/bots)"
69.162.124.238 - - [25/Nov/2024:06:53:39 -0700] "HEAD /cbse-corner.php HTTP/1.1" 200 - "https://bharyallahri.akalacademy.ac.in/cbse-corner.php" "Mozilla/5.0+(compatible; UptimeRobot/2.0; http://www.uptimerobot.com/)"
40.77.167.15 - - [25/Nov/2024:06:53:49 -0700] "GET /detail/vapzov/files/Secondary/files/Senior%20Secondary/Sociology-min.pdf HTTP/1.1" 500 - "-" "Mozilla/5.0 AppleWebKit/537.36 (KHTML, like Gecko; compatible; bingbot/2.0; +http://www.bing.com/bingbot.htm) Chrome/116.0.1938.76 Safari/537.36"
66.249.79.104 - - [25/Nov/2024:06:54:03 -0700] "GET /robots.txt HTTP/1.1" 500 - "-" "Mozilla/5.0 (compatible; Googlebot/2.1; +http://www.google.com/bot.html)"
213.180.203.82 - - [25/Nov/2024:06:55:23 -0700] "GET /robots.txt HTTP/1.1" 500 - "-" "Mozilla/5.0 (compatible; YandexBot/3.0; +http://yandex.com/bots)"
66.249.79.104 - - [25/Nov/2024:06:57:09 -0700] "GET /robots.txt HTTP/1.1" 500 - "-" "Mozilla/5.0 (compatible; Googlebot/2.1; +http://www.google.com/bot.html)"
66.249.79.104 - - [25/Nov/2024:06:58:15 -0700] "GET /robots.txt HTTP/1.1" 500 - "-" "Mozilla/5.0 (compatible; Googlebot/2.1; +http://www.google.com/bot.html)"
69.162.124.238 - - [25/Nov/2024:06:58:39 -0700] "HEAD /cbse-corner.php HTTP/1.1" 200 - "https://bharyallahri.akalacademy.ac.in/cbse-corner.php" "Mozilla/5.0+(compatible; UptimeRobot/2.0; http://www.uptimerobot.com/)"
66.249.79.104 - - [25/Nov/2024:06:59:18 -0700] "GET /robots.txt HTTP/1.1" 500 - "-" "Mozilla/5.0 (compatible; Googlebot/2.1; +http://www.google.com/bot.html)"
95.108.213.157 - - [25/Nov/2024:06:59:24 -0700] "GET /robots.txt HTTP/1.1" 500 - "-" "Mozilla/5.0 (compatible; YandexBot/3.0; +http://yandex.com/bots)"
66.249.79.104 - - [25/Nov/2024:07:00:20 -0700] "GET /robots.txt HTTP/1.1" 500 - "-" "Mozilla/5.0 (compatible; Googlebot/2.1; +http://www.google.com/bot.html)"
66.249.79.104 - - [25/Nov/2024:07:01:30 -0700] "GET /robots.txt HTTP/1.1" 500 - "-" "Mozilla/5.0 (compatible; Googlebot/2.1; +http://www.google.com/bot.html)"
66.249.79.104 - - [25/Nov/2024:07:02:32 -0700] "GET /robots.txt HTTP/1.1" 500 - "-" "Mozilla/5.0 (compatible; Googlebot/2.1; +http://www.google.com/bot.html)"
66.249.79.104 - - [25/Nov/2024:07:03:36 -0700] "GET /robots.txt HTTP/1.1" 500 - "-" "Mozilla/5.0 (compatible; Googlebot/2.1; +http://www.google.com/bot.html)"
69.162.124.238 - - [25/Nov/2024:07:03:39 -0700] "HEAD /cbse-corner.php HTTP/1.1" 200 - "https://bharyallahri.akalacademy.ac.in/cbse-corner.php" "Mozilla/5.0+(compatible; UptimeRobot/2.0; http://www.uptimerobot.com/)"
216.244.66.233 - - [25/Nov/2024:07:04:34 -0700] "GET /robots.txt HTTP/1.1" 500 - "-" "Mozilla/5.0 (compatible; DotBot/1.2; +https://opensiteexplorer.org/dotbot; help@moz.com)"
66.249.79.104 - - [25/Nov/2024:07:04:36 -0700] "GET /robots.txt HTTP/1.1" 500 - "-" "Mozilla/5.0 (compatible; Googlebot/2.1; +http://www.google.com/bot.html)"
66.249.79.104 - - [25/Nov/2024:07:06:45 -0700] "GET /robots.txt HTTP/1.1" 500 - "-" "Mozilla/5.0 (compatible; Googlebot/2.1; +http://www.google.com/bot.html)"
95.108.213.190 - - [25/Nov/2024:07:07:25 -0700] "GET /robots.txt HTTP/1.1" 500 - "-" "Mozilla/5.0 (compatible; YandexBot/3.0; +http://yandex.com/bots)"
69.162.124.238 - - [25/Nov/2024:07:08:39 -0700] "HEAD /cbse-corner.php HTTP/1.1" 200 - "https://bharyallahri.akalacademy.ac.in/cbse-corner.php" "Mozilla/5.0+(compatible; UptimeRobot/2.0; http://www.uptimerobot.com/)"
66.249.79.104 - - [25/Nov/2024:07:10:05 -0700] "GET /robots.txt HTTP/1.1" 500 - "-" "Mozilla/5.0 (compatible; Googlebot/2.1; +http://www.google.com/bot.html)"
66.249.79.104 - - [25/Nov/2024:07:11:05 -0700] "GET /robots.txt HTTP/1.1" 500 - "-" "Mozilla/5.0 (compatible; Googlebot/2.1; +http://www.google.com/bot.html)"
66.249.79.104 - - [25/Nov/2024:07:12:14 -0700] "GET /robots.txt HTTP/1.1" 500 - "-" "Mozilla/5.0 (compatible; Googlebot/2.1; +http://www.google.com/bot.html)"
66.249.79.104 - - [25/Nov/2024:07:13:23 -0700] "GET /robots.txt HTTP/1.1" 500 - "-" "Mozilla/5.0 (compatible; Googlebot/2.1; +http://www.google.com/bot.html)"
69.162.124.238 - - [25/Nov/2024:07:13:39 -0700] "HEAD /cbse-corner.php HTTP/1.1" 200 - "https://bharyallahri.akalacademy.ac.in/cbse-corner.php" "Mozilla/5.0+(compatible; UptimeRobot/2.0; http://www.uptimerobot.com/)"
66.249.79.104 - - [25/Nov/2024:07:14:24 -0700] "GET /robots.txt HTTP/1.1" 500 - "-" "Mozilla/5.0 (compatible; Googlebot/2.1; +http://www.google.com/bot.html)"
52.167.144.214 - - [25/Nov/2024:07:15:04 -0700] "GET /news/files/Senior%20Secondary/files/Secondary/Punjabi_Sec_2019-20-min.pdf HTTP/1.1" 500 - "-" "Mozilla/5.0 AppleWebKit/537.36 (KHTML, like Gecko; compatible; bingbot/2.0; +http://www.bing.com/bingbot.htm) Chrome/116.0.1938.76 Safari/537.36"
66.249.79.104 - - [25/Nov/2024:07:15:31 -0700] "GET /robots.txt HTTP/1.1" 500 - "-" "Mozilla/5.0 (compatible; Googlebot/2.1; +http://www.google.com/bot.html)"
66.249.79.104 - - [25/Nov/2024:07:16:50 -0700] "GET /robots.txt HTTP/1.1" 500 - "-" "Mozilla/5.0 (compatible; Googlebot/2.1; +http://www.google.com/bot.html)"
69.162.124.238 - - [25/Nov/2024:07:18:39 -0700] "HEAD /cbse-corner.php HTTP/1.1" 200 - "https://bharyallahri.akalacademy.ac.in/cbse-corner.php" "Mozilla/5.0+(compatible; UptimeRobot/2.0; http://www.uptimerobot.com/)"
66.249.79.104 - - [25/Nov/2024:07:19:10 -0700] "GET /robots.txt HTTP/1.1" 500 - "-" "Mozilla/5.0 (compatible; Googlebot/2.1; +http://www.google.com/bot.html)"
66.249.79.104 - - [25/Nov/2024:07:20:13 -0700] "GET /robots.txt HTTP/1.1" 500 - "-" "Mozilla/5.0 (compatible; Googlebot/2.1; +http://www.google.com/bot.html)"
66.249.79.104 - - [25/Nov/2024:07:23:32 -0700] "GET /robots.txt HTTP/1.1" 500 - "-" "Mozilla/5.0 (compatible; Googlebot/2.1; +http://www.google.com/bot.html)"
69.162.124.238 - - [25/Nov/2024:07:23:39 -0700] "HEAD /cbse-corner.php HTTP/1.1" 200 - "https://bharyallahri.akalacademy.ac.in/cbse-corner.php" "Mozilla/5.0+(compatible; UptimeRobot/2.0; http://www.uptimerobot.com/)"
66.249.79.104 - - [25/Nov/2024:07:24:49 -0700] "GET /robots.txt HTTP/1.1" 500 - "-" "Mozilla/5.0 (compatible; Googlebot/2.1; +http://www.google.com/bot.html)"
66.249.79.104 - - [25/Nov/2024:07:26:03 -0700] "GET /robots.txt HTTP/1.1" 500 - "-" "Mozilla/5.0 (compatible; Googlebot/2.1; +http://www.google.com/bot.html)"
66.249.79.104 - - [25/Nov/2024:07:27:27 -0700] "GET /robots.txt HTTP/1.1" 500 - "-" "Mozilla/5.0 (compatible; Googlebot/2.1; +http://www.google.com/bot.html)"
52.167.144.203 - - [25/Nov/2024:07:28:33 -0700] "GET /detail/ecnxjn/files/Secondary/files/Secondary/14_Circular_2019ANX1-min.pdf HTTP/1.1" 500 - "-" "Mozilla/5.0 AppleWebKit/537.36 (KHTML, like Gecko; compatible; bingbot/2.0; +http://www.bing.com/bingbot.htm) Chrome/116.0.1938.76 Safari/537.36"
69.162.124.238 - - [25/Nov/2024:07:28:39 -0700] "HEAD /cbse-corner.php HTTP/1.1" 200 - "https://bharyallahri.akalacademy.ac.in/cbse-corner.php" "Mozilla/5.0+(compatible; UptimeRobot/2.0; http://www.uptimerobot.com/)"
66.249.79.104 - - [25/Nov/2024:07:29:12 -0700] "GET /robots.txt HTTP/1.1" 500 - "-" "Mozilla/5.0 (compatible; Googlebot/2.1; +http://www.google.com/bot.html)"
66.249.79.104 - - [25/Nov/2024:07:30:15 -0700] "GET /robots.txt HTTP/1.1" 500 - "-" "Mozilla/5.0 (compatible; Googlebot/2.1; +http://www.google.com/bot.html)"
66.249.79.104 - - [25/Nov/2024:07:31:18 -0700] "GET /robots.txt HTTP/1.1" 500 - "-" "Mozilla/5.0 (compatible; Googlebot/2.1; +http://www.google.com/bot.html)"
66.249.79.104 - - [25/Nov/2024:07:32:44 -0700] "GET /robots.txt HTTP/1.1" 500 - "-" "Mozilla/5.0 (compatible; Googlebot/2.1; +http://www.google.com/bot.html)"
69.162.124.238 - - [25/Nov/2024:07:33:39 -0700] "HEAD /cbse-corner.php HTTP/1.1" 200 - "https://bharyallahri.akalacademy.ac.in/cbse-corner.php" "Mozilla/5.0+(compatible; UptimeRobot/2.0; http://www.uptimerobot.com/)"
66.249.79.104 - - [25/Nov/2024:07:33:53 -0700] "GET /robots.txt HTTP/1.1" 500 - "-" "Mozilla/5.0 (compatible; Googlebot/2.1; +http://www.google.com/bot.html)"
40.77.167.8 - - [25/Nov/2024:07:35:16 -0700] "GET /ikon777vip1/files/Senior%20Secondary/files/Secondary/Science_Sec_2019-20-min.pdf HTTP/1.1" 500 - "-" "Mozilla/5.0 AppleWebKit/537.36 (KHTML, like Gecko; compatible; bingbot/2.0; +http://www.bing.com/bingbot.htm) Chrome/116.0.1938.76 Safari/537.36"
66.249.79.104 - - [25/Nov/2024:07:37:05 -0700] "GET /robots.txt HTTP/1.1" 500 - "-" "Mozilla/5.0 (compatible; Googlebot/2.1; +http://www.google.com/bot.html)"
66.249.79.104 - - [25/Nov/2024:07:38:12 -0700] "GET /robots.txt HTTP/1.1" 500 - "-" "Mozilla/5.0 (compatible; Googlebot/2.1; +http://www.google.com/bot.html)"
69.162.124.238 - - [25/Nov/2024:07:38:39 -0700] "HEAD /cbse-corner.php HTTP/1.1" 200 - "https://bharyallahri.akalacademy.ac.in/cbse-corner.php" "Mozilla/5.0+(compatible; UptimeRobot/2.0; http://www.uptimerobot.com/)"
66.249.79.104 - - [25/Nov/2024:07:39:41 -0700] "GET /robots.txt HTTP/1.1" 500 - "-" "Mozilla/5.0 (compatible; Googlebot/2.1; +http://www.google.com/bot.html)"
66.249.79.104 - - [25/Nov/2024:07:41:13 -0700] "GET /robots.txt HTTP/1.1" 500 - "-" "Mozilla/5.0 (compatible; Googlebot/2.1; +http://www.google.com/bot.html)"
66.249.79.104 - - [25/Nov/2024:07:42:30 -0700] "GET /robots.txt HTTP/1.1" 500 - "-" "Mozilla/5.0 (compatible; Googlebot/2.1; +http://www.google.com/bot.html)"
66.249.79.104 - - [25/Nov/2024:07:43:33 -0700] "GET /robots.txt HTTP/1.1" 500 - "-" "Mozilla/5.0 (compatible; Googlebot/2.1; +http://www.google.com/bot.html)"
69.162.124.238 - - [25/Nov/2024:07:43:40 -0700] "HEAD /cbse-corner.php HTTP/1.1" 200 - "https://bharyallahri.akalacademy.ac.in/cbse-corner.php" "Mozilla/5.0+(compatible; UptimeRobot/2.0; http://www.uptimerobot.com/)"
66.249.79.104 - - [25/Nov/2024:07:46:07 -0700] "GET /robots.txt HTTP/1.1" 500 - "-" "Mozilla/5.0 (compatible; Googlebot/2.1; +http://www.google.com/bot.html)"
40.77.167.78 - - [25/Nov/2024:07:48:39 -0700] "GET /news/splxoo/files/Secondary/files/Senior%20Secondary/Econonics-min.pdf HTTP/1.1" 500 - "-" "Mozilla/5.0 AppleWebKit/537.36 (KHTML, like Gecko; compatible; bingbot/2.0; +http://www.bing.com/bingbot.htm) Chrome/116.0.1938.76 Safari/537.36"
69.162.124.238 - - [25/Nov/2024:07:48:39 -0700] "HEAD /cbse-corner.php HTTP/1.1" 200 - "https://bharyallahri.akalacademy.ac.in/cbse-corner.php" "Mozilla/5.0+(compatible; UptimeRobot/2.0; http://www.uptimerobot.com/)"
66.249.79.104 - - [25/Nov/2024:07:49:41 -0700] "GET /robots.txt HTTP/1.1" 500 - "-" "Mozilla/5.0 (compatible; Googlebot/2.1; +http://www.google.com/bot.html)"
66.249.79.104 - - [25/Nov/2024:07:50:44 -0700] "GET /robots.txt HTTP/1.1" 500 - "-" "Mozilla/5.0 (compatible; Googlebot/2.1; +http://www.google.com/bot.html)"
66.249.79.104 - - [25/Nov/2024:07:51:52 -0700] "GET /robots.txt HTTP/1.1" 500 - "-" "Mozilla/5.0 (compatible; Googlebot/2.1; +http://www.google.com/bot.html)"
40.77.167.78 - - [25/Nov/2024:07:52:40 -0700] "GET /detail/sknmnu/files/Secondary/files/IX-X/Grade%20(IX)-min.pdf HTTP/1.1" 500 - "-" "Mozilla/5.0 AppleWebKit/537.36 (KHTML, like Gecko; compatible; bingbot/2.0; +http://www.bing.com/bingbot.htm) Chrome/116.0.1938.76 Safari/537.36"
66.249.79.104 - - [25/Nov/2024:07:52:56 -0700] "GET /robots.txt HTTP/1.1" 500 - "-" "Mozilla/5.0 (compatible; Googlebot/2.1; +http://www.google.com/bot.html)"
52.167.144.147 - - [25/Nov/2024:07:53:13 -0700] "GET /news/rmzrst/files/Secondary/files/IX-X/Grade%20(X)-min.pdf HTTP/1.1" 500 - "-" "Mozilla/5.0 AppleWebKit/537.36 (KHTML, like Gecko; compatible; bingbot/2.0; +http://www.bing.com/bingbot.htm) Chrome/116.0.1938.76 Safari/537.36"
69.162.124.238 - - [25/Nov/2024:07:53:39 -0700] "HEAD /cbse-corner.php HTTP/1.1" 200 - "https://bharyallahri.akalacademy.ac.in/cbse-corner.php" "Mozilla/5.0+(compatible; UptimeRobot/2.0; http://www.uptimerobot.com/)"
40.77.167.78 - - [25/Nov/2024:07:54:01 -0700] "GET /detail/fcylpu/files/Senior%20Secondary/files/I-VIII/S.St%20(III%20to%20VIII)-min.pdf HTTP/1.1" 500 - "-" "Mozilla/5.0 AppleWebKit/537.36 (KHTML, like Gecko; compatible; bingbot/2.0; +http://www.bing.com/bingbot.htm) Chrome/116.0.1938.76 Safari/537.36"
66.249.79.104 - - [25/Nov/2024:07:54:04 -0700] "GET /robots.txt HTTP/1.1" 500 - "-" "Mozilla/5.0 (compatible; Googlebot/2.1; +http://www.google.com/bot.html)"
216.244.66.233 - - [25/Nov/2024:07:54:23 -0700] "GET /robots.txt HTTP/1.1" 500 - "-" "Mozilla/5.0 (compatible; DotBot/1.2; +https://opensiteexplorer.org/dotbot; help@moz.com)"
66.249.79.104 - - [25/Nov/2024:07:55:06 -0700] "GET /robots.txt HTTP/1.1" 500 - "-" "Mozilla/5.0 (compatible; Googlebot/2.1; +http://www.google.com/bot.html)"
66.249.79.104 - - [25/Nov/2024:07:56:12 -0700] "GET /robots.txt HTTP/1.1" 500 - "-" "Mozilla/5.0 (compatible; Googlebot/2.1; +http://www.google.com/bot.html)"
52.167.144.18 - - [25/Nov/2024:07:56:20 -0700] "GET /detail/gwfvwl/files/Secondary/files/Senior%20Secondary/Biology-min.pdf HTTP/1.1" 500 - "-" "Mozilla/5.0 AppleWebKit/537.36 (KHTML, like Gecko; compatible; bingbot/2.0; +http://www.bing.com/bingbot.htm) Chrome/116.0.1938.76 Safari/537.36"
66.249.79.104 - - [25/Nov/2024:07:57:13 -0700] "GET /robots.txt HTTP/1.1" 500 - "-" "Mozilla/5.0 (compatible; Googlebot/2.1; +http://www.google.com/bot.html)"
66.249.79.104 - - [25/Nov/2024:07:58:20 -0700] "GET /robots.txt HTTP/1.1" 500 - "-" "Mozilla/5.0 (compatible; Googlebot/2.1; +http://www.google.com/bot.html)"
69.162.124.238 - - [25/Nov/2024:07:58:39 -0700] "HEAD /cbse-corner.php HTTP/1.1" 200 - "https://bharyallahri.akalacademy.ac.in/cbse-corner.php" "Mozilla/5.0+(compatible; UptimeRobot/2.0; http://www.uptimerobot.com/)"
66.249.79.104 - - [25/Nov/2024:08:00:04 -0700] "GET /robots.txt HTTP/1.1" 500 - "-" "Mozilla/5.0 (compatible; Googlebot/2.1; +http://www.google.com/bot.html)"
40.77.167.154 - - [25/Nov/2024:08:01:09 -0700] "GET /detail/tcnytx/files/Senior%20Secondary/files/Senior%20Secondary/Econonics%20(1)-min.pdf HTTP/1.1" 500 - "-" "Mozilla/5.0 AppleWebKit/537.36 (KHTML, like Gecko; compatible; bingbot/2.0; +http://www.bing.com/bingbot.htm) Chrome/116.0.1938.76 Safari/537.36"
52.167.144.18 - - [25/Nov/2024:08:02:02 -0700] "GET /detail/lfrlme/files/Secondary/files/Secondary/417-FAQ-min.pdf HTTP/1.1" 500 - "-" "Mozilla/5.0 AppleWebKit/537.36 (KHTML, like Gecko; compatible; bingbot/2.0; +http://www.bing.com/bingbot.htm) Chrome/116.0.1938.76 Safari/537.36"
52.167.144.161 - - [25/Nov/2024:08:02:53 -0700] "GET /bet/iimojp/files/Senior%20Secondary/files/Secondary/files/Senior%20Secondary/Accountancy-min.pdf HTTP/1.1" 500 - "-" "Mozilla/5.0 AppleWebKit/537.36 (KHTML, like Gecko; compatible; bingbot/2.0; +http://www.bing.com/bingbot.htm) Chrome/116.0.1938.76 Safari/537.36"
66.249.79.104 - - [25/Nov/2024:08:03:09 -0700] "GET /robots.txt HTTP/1.1" 500 - "-" "Mozilla/5.0 (compatible; Googlebot/2.1; +http://www.google.com/bot.html)"
69.162.124.238 - - [25/Nov/2024:08:03:39 -0700] "HEAD /cbse-corner.php HTTP/1.1" 200 - "https://bharyallahri.akalacademy.ac.in/cbse-corner.php" "Mozilla/5.0+(compatible; UptimeRobot/2.0; http://www.uptimerobot.com/)"
66.249.79.104 - - [25/Nov/2024:08:04:36 -0700] "GET /robots.txt HTTP/1.1" 500 - "-" "Mozilla/5.0 (compatible; Googlebot/2.1; +http://www.google.com/bot.html)"
52.167.144.161 - - [25/Nov/2024:08:05:16 -0700] "GET /detail/emrtgk/files/Secondary/files/Senior%20Secondary/14_Circular_2019ANX2-min.pdf HTTP/1.1" 500 - "-" "Mozilla/5.0 AppleWebKit/537.36 (KHTML, like Gecko; compatible; bingbot/2.0; +http://www.bing.com/bingbot.htm) Chrome/116.0.1938.76 Safari/537.36"
66.249.79.104 - - [25/Nov/2024:08:05:46 -0700] "GET /robots.txt HTTP/1.1" 500 - "-" "Mozilla/5.0 (compatible; Googlebot/2.1; +http://www.google.com/bot.html)"
66.249.79.104 - - [25/Nov/2024:08:06:49 -0700] "GET /robots.txt HTTP/1.1" 500 - "-" "Mozilla/5.0 (compatible; Googlebot/2.1; +http://www.google.com/bot.html)"
66.249.79.104 - - [25/Nov/2024:08:08:05 -0700] "GET /robots.txt HTTP/1.1" 500 - "-" "Mozilla/5.0 (compatible; Googlebot/2.1; +http://www.google.com/bot.html)"
69.162.124.238 - - [25/Nov/2024:08:08:41 -0700] "HEAD /cbse-corner.php HTTP/1.1" 200 - "https://bharyallahri.akalacademy.ac.in/cbse-corner.php" "Mozilla/5.0+(compatible; UptimeRobot/2.0; http://www.uptimerobot.com/)"
66.249.79.104 - - [25/Nov/2024:08:09:22 -0700] "GET /robots.txt HTTP/1.1" 500 - "-" "Mozilla/5.0 (compatible; Googlebot/2.1; +http://www.google.com/bot.html)"
66.249.79.104 - - [25/Nov/2024:08:10:25 -0700] "GET /robots.txt HTTP/1.1" 500 - "-" "Mozilla/5.0 (compatible; Googlebot/2.1; +http://www.google.com/bot.html)"
66.249.79.104 - - [25/Nov/2024:08:11:25 -0700] "GET /robots.txt HTTP/1.1" 500 - "-" "Mozilla/5.0 (compatible; Googlebot/2.1; +http://www.google.com/bot.html)"
66.249.79.104 - - [25/Nov/2024:08:12:29 -0700] "GET /robots.txt HTTP/1.1" 500 - "-" "Mozilla/5.0 (compatible; Googlebot/2.1; +http://www.google.com/bot.html)"
69.162.124.238 - - [25/Nov/2024:08:13:39 -0700] "HEAD /cbse-corner.php HTTP/1.1" 200 - "https://bharyallahri.akalacademy.ac.in/cbse-corner.php" "Mozilla/5.0+(compatible; UptimeRobot/2.0; http://www.uptimerobot.com/)"
66.249.79.104 - - [25/Nov/2024:08:13:58 -0700] "GET /robots.txt HTTP/1.1" 500 - "-" "Mozilla/5.0 (compatible; Googlebot/2.1; +http://www.google.com/bot.html)"
52.167.144.207 - - [25/Nov/2024:08:16:36 -0700] "GET /detail/jpxhzg/files/I-VIII/pafirawaruntu.org HTTP/1.1" 500 - "-" "Mozilla/5.0 AppleWebKit/537.36 (KHTML, like Gecko; compatible; bingbot/2.0; +http://www.bing.com/bingbot.htm) Chrome/116.0.1938.76 Safari/537.36"
66.249.79.104 - - [25/Nov/2024:08:17:15 -0700] "GET /robots.txt HTTP/1.1" 500 - "-" "Mozilla/5.0 (compatible; Googlebot/2.1; +http://www.google.com/bot.html)"
66.249.79.104 - - [25/Nov/2024:08:18:21 -0700] "GET /robots.txt HTTP/1.1" 500 - "-" "Mozilla/5.0 (compatible; Googlebot/2.1; +http://www.google.com/bot.html)"
69.162.124.238 - - [25/Nov/2024:08:18:39 -0700] "HEAD /cbse-corner.php HTTP/1.1" 200 - "https://bharyallahri.akalacademy.ac.in/cbse-corner.php" "Mozilla/5.0+(compatible; UptimeRobot/2.0; http://www.uptimerobot.com/)"
66.249.79.104 - - [25/Nov/2024:08:19:31 -0700] "GET /robots.txt HTTP/1.1" 500 - "-" "Mozilla/5.0 (compatible; Googlebot/2.1; +http://www.google.com/bot.html)"
66.249.79.104 - - [25/Nov/2024:08:20:33 -0700] "GET /robots.txt HTTP/1.1" 500 - "-" "Mozilla/5.0 (compatible; Googlebot/2.1; +http://www.google.com/bot.html)"
66.249.79.104 - - [25/Nov/2024:08:21:54 -0700] "GET /robots.txt HTTP/1.1" 500 - "-" "Mozilla/5.0 (compatible; Googlebot/2.1; +http://www.google.com/bot.html)"
40.77.167.2 - - [25/Nov/2024:08:22:24 -0700] "GET /news/rmzrst/files/Secondary/files/Senior%20Secondary/BusinessStudies-min.pdf HTTP/1.1" 500 - "-" "Mozilla/5.0 AppleWebKit/537.36 (KHTML, like Gecko; compatible; bingbot/2.0; +http://www.bing.com/bingbot.htm) Chrome/116.0.1938.76 Safari/537.36"
66.249.79.104 - - [25/Nov/2024:08:23:14 -0700] "GET /robots.txt HTTP/1.1" 500 - "-" "Mozilla/5.0 (compatible; Googlebot/2.1; +http://www.google.com/bot.html)"
69.162.124.238 - - [25/Nov/2024:08:23:39 -0700] "HEAD /cbse-corner.php HTTP/1.1" 200 - "https://bharyallahri.akalacademy.ac.in/cbse-corner.php" "Mozilla/5.0+(compatible; UptimeRobot/2.0; http://www.uptimerobot.com/)"
66.249.79.104 - - [25/Nov/2024:08:24:17 -0700] "GET /robots.txt HTTP/1.1" 500 - "-" "Mozilla/5.0 (compatible; Googlebot/2.1; +http://www.google.com/bot.html)"
66.249.79.104 - - [25/Nov/2024:08:25:33 -0700] "GET /robots.txt HTTP/1.1" 500 - "-" "Mozilla/5.0 (compatible; Googlebot/2.1; +http://www.google.com/bot.html)"
66.249.79.104 - - [25/Nov/2024:08:26:46 -0700] "GET /robots.txt HTTP/1.1" 500 - "-" "Mozilla/5.0 (compatible; Googlebot/2.1; +http://www.google.com/bot.html)"
52.167.144.166 - - [25/Nov/2024:08:27:26 -0700] "GET /detail/xvijjn/files/Secondary/theschool.php HTTP/1.1" 500 - "-" "Mozilla/5.0 AppleWebKit/537.36 (KHTML, like Gecko; compatible; bingbot/2.0; +http://www.bing.com/bingbot.htm) Chrome/116.0.1938.76 Safari/537.36"
66.249.79.104 - - [25/Nov/2024:08:27:47 -0700] "GET /robots.txt HTTP/1.1" 500 - "-" "Mozilla/5.0 (compatible; Googlebot/2.1; +http://www.google.com/bot.html)"
69.162.124.238 - - [25/Nov/2024:08:28:39 -0700] "HEAD /cbse-corner.php HTTP/1.1" 200 - "https://bharyallahri.akalacademy.ac.in/cbse-corner.php" "Mozilla/5.0+(compatible; UptimeRobot/2.0; http://www.uptimerobot.com/)"
66.249.79.104 - - [25/Nov/2024:08:31:00 -0700] "GET /robots.txt HTTP/1.1" 500 - "-" "Mozilla/5.0 (compatible; Googlebot/2.1; +http://www.google.com/bot.html)"
66.249.79.104 - - [25/Nov/2024:08:32:10 -0700] "GET /robots.txt HTTP/1.1" 500 - "-" "Mozilla/5.0 (compatible; Googlebot/2.1; +http://www.google.com/bot.html)"
66.249.79.104 - - [25/Nov/2024:08:33:20 -0700] "GET /robots.txt HTTP/1.1" 500 - "-" "Mozilla/5.0 (compatible; Googlebot/2.1; +http://www.google.com/bot.html)"
69.162.124.238 - - [25/Nov/2024:08:33:39 -0700] "HEAD /cbse-corner.php HTTP/1.1" 200 - "https://bharyallahri.akalacademy.ac.in/cbse-corner.php" "Mozilla/5.0+(compatible; UptimeRobot/2.0; http://www.uptimerobot.com/)"
66.249.79.104 - - [25/Nov/2024:08:34:24 -0700] "GET /robots.txt HTTP/1.1" 500 - "-" "Mozilla/5.0 (compatible; Googlebot/2.1; +http://www.google.com/bot.html)"
