66.249.79.129 - - [25/Nov/2024:06:51:16 -0700] "GET /news/vghhos/t20-world-cup-2014-time-table-hindi.html HTTP/1.1" 200 94 "-" "Mozilla/5.0 (compatible; Googlebot/2.1; +http://www.google.com/bot.html)"
66.249.79.128 - - [25/Nov/2024:06:51:28 -0700] "GET /news/?tubvjx/bedava-bonus-veren-casino-siteleri.html HTTP/1.1" 200 94 "-" "Mozilla/5.0 (compatible; Googlebot/2.1; +http://www.google.com/bot.html)"
66.249.79.128 - - [25/Nov/2024:06:51:46 -0700] "GET /detail/icqplq/ HTTP/1.1" 200 94 "-" "Mozilla/5.0 (compatible; Googlebot/2.1; +http://www.google.com/bot.html)"
52.167.144.223 - - [25/Nov/2024:06:51:57 -0700] "GET /detail/crjdtr/files/I-VIII/files/Senior%20Secondary/Biology-min.pdf HTTP/1.1" 200 94 "-" "Mozilla/5.0 AppleWebKit/537.36 (KHTML, like Gecko; compatible; bingbot/2.0; +http://www.bing.com/bingbot.htm) Chrome/116.0.1938.76 Safari/537.36"
66.249.79.128 - - [25/Nov/2024:06:52:24 -0700] "GET /detail/?mvtfro/ HTTP/1.1" 200 94 "-" "Mozilla/5.0 (compatible; Googlebot/2.1; +http://www.google.com/bot.html)"
66.249.79.129 - - [25/Nov/2024:06:52:41 -0700] "GET /bet/ljcrrf/ HTTP/1.1" 200 94 "-" "Mozilla/5.0 (compatible; Googlebot/2.1; +http://www.google.com/bot.html)"
66.249.79.128 - - [25/Nov/2024:06:52:50 -0700] "GET /bet/nnwbav/ HTTP/1.1" 200 94 "-" "Mozilla/5.0 (compatible; Googlebot/2.1; +http://www.google.com/bot.html)"
66.249.79.128 - - [25/Nov/2024:06:53:06 -0700] "GET /detail/uedrca/cricket-news-paper-ms-dhoni-2019.html HTTP/1.1" 200 94 "-" "Mozilla/5.0 (compatible; Googlebot/2.1; +http://www.google.com/bot.html)"
66.249.79.128 - - [25/Nov/2024:06:53:32 -0700] "GET /detail/xueomf/ HTTP/1.1" 200 94 "-" "Mozilla/5.0 (compatible; Googlebot/2.1; +http://www.google.com/bot.html)"
40.77.167.47 - - [25/Nov/2024:06:53:36 -0700] "GET /news/qcmpvj/files/Secondary/files/I-VIII/Maths%20(I%20to%20VIII)-min.pdf HTTP/1.1" 200 94 "-" "Mozilla/5.0 AppleWebKit/537.36 (KHTML, like Gecko; compatible; bingbot/2.0; +http://www.bing.com/bingbot.htm) Chrome/116.0.1938.76 Safari/537.36"
66.249.79.128 - - [25/Nov/2024:06:53:39 -0700] "GET /news/dsfewb/india-bangladesh-cricket-score-2016.html HTTP/1.1" 200 94 "-" "Mozilla/5.0 (compatible; Googlebot/2.1; +http://www.google.com/bot.html)"
66.249.79.130 - - [25/Nov/2024:06:54:13 -0700] "GET /bet/npgjlk/uc-football-score-live.html HTTP/1.1" 200 94 "-" "Mozilla/5.0 (compatible; Googlebot/2.1; +http://www.google.com/bot.html)"
66.249.79.129 - - [25/Nov/2024:06:54:27 -0700] "GET /detail/?vnyzfl/chumash-promo-code.html HTTP/1.1" 200 94 "-" "Mozilla/5.0 (compatible; Googlebot/2.1; +http://www.google.com/bot.html)"
66.249.79.128 - - [25/Nov/2024:06:54:33 -0700] "GET /bet/cjottx/pro-kabaddi-all-teams.html HTTP/1.1" 200 94 "-" "Mozilla/5.0 (compatible; Googlebot/2.1; +http://www.google.com/bot.html)"
52.167.144.223 - - [25/Nov/2024:06:54:36 -0700] "GET /news/ecobwc/files/I-VIII/files/Secondary/files/Senior%20Secondary/files/IX-X/Grade%20(IX)-min.pdf HTTP/1.1" 200 94 "-" "Mozilla/5.0 AppleWebKit/537.36 (KHTML, like Gecko; compatible; bingbot/2.0; +http://www.bing.com/bingbot.htm) Chrome/116.0.1938.76 Safari/537.36"
66.249.79.128 - - [25/Nov/2024:06:54:50 -0700] "GET /detail/oajtmy/ HTTP/1.1" 200 94 "-" "Mozilla/5.0 (compatible; Googlebot/2.1; +http://www.google.com/bot.html)"
66.249.79.130 - - [25/Nov/2024:06:55:15 -0700] "GET /bet/zscwyw/ HTTP/1.1" 200 94 "-" "Mozilla/5.0 (compatible; Googlebot/2.1; +http://www.google.com/bot.html)"
66.249.79.129 - - [25/Nov/2024:06:55:18 -0700] "GET /detail/?suelye/ HTTP/1.1" 200 94 "-" "Mozilla/5.0 (compatible; Googlebot/2.1; +http://www.google.com/bot.html)"
69.162.124.238 - - [25/Nov/2024:06:55:33 -0700] "HEAD /cbse-corner.php HTTP/1.1" 200 - "https://bharana.akalacademy.ac.in/cbse-corner.php" "Mozilla/5.0+(compatible; UptimeRobot/2.0; http://www.uptimerobot.com/)"
66.249.79.128 - - [25/Nov/2024:06:55:56 -0700] "GET /news/?mfromx/online-games-with-good-storylines.html HTTP/1.1" 200 94 "-" "Mozilla/5.0 (compatible; Googlebot/2.1; +http://www.google.com/bot.html)"
66.249.79.130 - - [25/Nov/2024:06:56:03 -0700] "GET /detail/tziyfp/kings-xi-punjab-how-to-qualify-playoffs.html HTTP/1.1" 200 94 "-" "Mozilla/5.0 (compatible; Googlebot/2.1; +http://www.google.com/bot.html)"
66.249.79.128 - - [25/Nov/2024:06:56:43 -0700] "GET /news/tyrvys/kings-11-punjab-owner-name-2019.html HTTP/1.1" 200 94 "-" "Mozilla/5.0 (compatible; Googlebot/2.1; +http://www.google.com/bot.html)"
66.249.79.128 - - [25/Nov/2024:06:57:09 -0700] "GET /bet/frizao/ HTTP/1.1" 200 94 "-" "Mozilla/5.0 (compatible; Googlebot/2.1; +http://www.google.com/bot.html)"
66.249.79.128 - - [25/Nov/2024:06:57:35 -0700] "GET /bet/?idxkgf/ipl-highlight-match-final.html HTTP/1.1" 200 94 "-" "Mozilla/5.0 (compatible; Googlebot/2.1; +http://www.google.com/bot.html)"
66.249.79.130 - - [25/Nov/2024:06:58:38 -0700] "GET /news/hsdsms/ HTTP/1.1" 200 94 "-" "Mozilla/5.0 (compatible; Googlebot/2.1; +http://www.google.com/bot.html)"
66.249.79.128 - - [25/Nov/2024:06:58:43 -0700] "GET /detail/cbxsbd/delhi-ki-capitals.html HTTP/1.1" 200 94 "-" "Mozilla/5.0 (compatible; Googlebot/2.1; +http://www.google.com/bot.html)"
66.249.79.128 - - [25/Nov/2024:06:58:49 -0700] "GET /news/ombfvl/ipl-2022-match-today.html HTTP/1.1" 200 94 "-" "Mozilla/5.0 (compatible; Googlebot/2.1; +http://www.google.com/bot.html)"
52.167.144.223 - - [25/Nov/2024:06:59:11 -0700] "GET /news/erghcc/files/Senior%20Secondary/files/Secondary/14_Circular_2019ANX1-min.pdf HTTP/1.1" 200 94 "-" "Mozilla/5.0 AppleWebKit/537.36 (KHTML, like Gecko; compatible; bingbot/2.0; +http://www.bing.com/bingbot.htm) Chrome/116.0.1938.76 Safari/537.36"
66.249.79.130 - - [25/Nov/2024:06:59:13 -0700] "GET /news/vgbahz/ HTTP/1.1" 200 94 "-" "Mozilla/5.0 (compatible; Googlebot/2.1; +http://www.google.com/bot.html)"
66.249.79.128 - - [25/Nov/2024:06:59:44 -0700] "GET /bet/ubscnw/germany-vs-sweden-world-cup-you-tobe.html HTTP/1.1" 200 94 "-" "Mozilla/5.0 (compatible; Googlebot/2.1; +http://www.google.com/bot.html)"
66.249.79.128 - - [25/Nov/2024:06:59:54 -0700] "GET /bet/oqszwx/grand-casino-com.html HTTP/1.1" 200 94 "-" "Mozilla/5.0 (compatible; Googlebot/2.1; +http://www.google.com/bot.html)"
85.208.96.207 - - [25/Nov/2024:06:59:59 -0700] "GET /robots.txt HTTP/1.1" 200 94 "-" "Mozilla/5.0 (compatible; SemrushBot/7~bl; +http://www.semrush.com/bot.html)"
85.208.96.201 - - [25/Nov/2024:07:00:00 -0700] "GET /myadmin/gallery/contact.php HTTP/1.1" 200 94 "-" "Mozilla/5.0 (compatible; SemrushBot/7~bl; +http://www.semrush.com/bot.html)"
66.249.79.130 - - [25/Nov/2024:07:00:02 -0700] "GET /bet/raarlq/akash-deep-owner.html HTTP/1.1" 200 94 "-" "Mozilla/5.0 (compatible; Googlebot/2.1; +http://www.google.com/bot.html)"
66.249.79.128 - - [25/Nov/2024:07:00:32 -0700] "GET /detail/dqyrdp/who-os-in-final-cricket-score-today.html HTTP/1.1" 200 94 "-" "Mozilla/5.0 (compatible; Googlebot/2.1; +http://www.google.com/bot.html)"
69.162.124.238 - - [25/Nov/2024:07:00:33 -0700] "HEAD /cbse-corner.php HTTP/1.1" 200 - "https://bharana.akalacademy.ac.in/cbse-corner.php" "Mozilla/5.0+(compatible; UptimeRobot/2.0; http://www.uptimerobot.com/)"
66.249.79.128 - - [25/Nov/2024:07:01:12 -0700] "GET /bet/aypjko/ HTTP/1.1" 200 94 "-" "Mozilla/5.0 (compatible; Googlebot/2.1; +http://www.google.com/bot.html)"
66.249.79.128 - - [25/Nov/2024:07:01:25 -0700] "GET /bet/?xvyguf/ HTTP/1.1" 200 94 "-" "Mozilla/5.0 (compatible; Googlebot/2.1; +http://www.google.com/bot.html)"
66.249.79.128 - - [25/Nov/2024:07:01:32 -0700] "GET /detail/zcjmlg/ HTTP/1.1" 200 94 "-" "Mozilla/5.0 (compatible; Googlebot/2.1; +http://www.google.com/bot.html)"
66.249.79.128 - - [25/Nov/2024:07:01:45 -0700] "GET /detail/ojnzsc/bbl-sbi-branch-code.html HTTP/1.1" 200 94 "-" "Mozilla/5.0 (compatible; Googlebot/2.1; +http://www.google.com/bot.html)"
52.167.144.205 - - [25/Nov/2024:07:01:59 -0700] "GET /news/ecobwc/files/IX-X/files/I-VIII/files/IX-X/Grade%20(IX)-min.pdf HTTP/1.1" 200 94 "-" "Mozilla/5.0 AppleWebKit/537.36 (KHTML, like Gecko; compatible; bingbot/2.0; +http://www.bing.com/bingbot.htm) Chrome/116.0.1938.76 Safari/537.36"
66.249.79.128 - - [25/Nov/2024:07:02:31 -0700] "GET /bet/jqyttx/ HTTP/1.1" 200 94 "-" "Mozilla/5.0 (compatible; Googlebot/2.1; +http://www.google.com/bot.html)"
52.167.144.198 - - [25/Nov/2024:07:03:06 -0700] "GET /news/ecobwc/files/I-VIII/files/IX-X/files/I-VIII/Maths%20(I%20to%20VIII)-min.pdf HTTP/1.1" 200 94 "-" "Mozilla/5.0 AppleWebKit/537.36 (KHTML, like Gecko; compatible; bingbot/2.0; +http://www.bing.com/bingbot.htm) Chrome/116.0.1938.76 Safari/537.36"
66.249.79.129 - - [25/Nov/2024:07:03:36 -0700] "GET /bet/bpiyxr/ HTTP/1.1" 200 94 "-" "Mozilla/5.0 (compatible; Googlebot/2.1; +http://www.google.com/bot.html)"
52.167.144.205 - - [25/Nov/2024:07:04:00 -0700] "GET /files/I-VIII/files/Senior%20Secondary/files/I-VIII/VI-X%20Hindi-min.pdf HTTP/1.1" 200 94 "-" "Mozilla/5.0 AppleWebKit/537.36 (KHTML, like Gecko; compatible; bingbot/2.0; +http://www.bing.com/bingbot.htm) Chrome/116.0.1938.76 Safari/537.36"
52.167.144.198 - - [25/Nov/2024:07:04:26 -0700] "GET /news/ecobwc/files/Senior%20Secondary/files/Secondary/result.php HTTP/1.1" 200 94 "-" "Mozilla/5.0 AppleWebKit/537.36 (KHTML, like Gecko; compatible; bingbot/2.0; +http://www.bing.com/bingbot.htm) Chrome/116.0.1938.76 Safari/537.36"
66.249.79.129 - - [25/Nov/2024:07:04:27 -0700] "GET /detail/qnjyys/ HTTP/1.1" 200 94 "-" "Mozilla/5.0 (compatible; Googlebot/2.1; +http://www.google.com/bot.html)"
66.249.79.130 - - [25/Nov/2024:07:05:28 -0700] "GET /news/?jpdydu/ipl-live-hotstar-score.html HTTP/1.1" 200 94 "-" "Mozilla/5.0 (compatible; Googlebot/2.1; +http://www.google.com/bot.html)"
69.162.124.238 - - [25/Nov/2024:07:05:33 -0700] "HEAD /cbse-corner.php HTTP/1.1" 200 - "https://bharana.akalacademy.ac.in/cbse-corner.php" "Mozilla/5.0+(compatible; UptimeRobot/2.0; http://www.uptimerobot.com/)"
52.167.144.205 - - [25/Nov/2024:07:06:26 -0700] "GET /detail/rcjnmi/league-of-legends-top-laners.html HTTP/1.1" 200 94 "-" "Mozilla/5.0 (Windows NT 10.0; Win64; x64) AppleWebKit/537.36 (KHTML, like Gecko) Chrome/112.0.0.0 Safari/537.36 Edg/112.0.1722.68"
66.249.79.130 - - [25/Nov/2024:07:07:11 -0700] "GET /detail/?avpydc/ HTTP/1.1" 200 94 "-" "Mozilla/5.0 (compatible; Googlebot/2.1; +http://www.google.com/bot.html)"
66.249.79.129 - - [25/Nov/2024:07:07:23 -0700] "GET /news/cwrero/ HTTP/1.1" 200 94 "-" "Mozilla/5.0 (compatible; Googlebot/2.1; +http://www.google.com/bot.html)"
66.249.79.128 - - [25/Nov/2024:07:07:25 -0700] "GET /bet/hyjsph/decentral-games-poker.html HTTP/1.1" 200 94 "-" "Mozilla/5.0 (compatible; Googlebot/2.1; +http://www.google.com/bot.html)"
66.249.79.128 - - [25/Nov/2024:07:08:42 -0700] "GET /bet/?mwevmz/ HTTP/1.1" 200 94 "-" "Mozilla/5.0 (compatible; Googlebot/2.1; +http://www.google.com/bot.html)"
66.249.79.128 - - [25/Nov/2024:07:08:44 -0700] "GET /detail/vlrdph/no-deposit-required-casino-bonus-codes.html HTTP/1.1" 200 94 "-" "Mozilla/5.0 (compatible; Googlebot/2.1; +http://www.google.com/bot.html)"
66.249.79.129 - - [25/Nov/2024:07:10:25 -0700] "GET /detail/xcsqvv/ HTTP/1.1" 200 94 "-" "Mozilla/5.0 (compatible; Googlebot/2.1; +http://www.google.com/bot.html)"
69.162.124.238 - - [25/Nov/2024:07:10:33 -0700] "HEAD /cbse-corner.php HTTP/1.1" 200 - "https://bharana.akalacademy.ac.in/cbse-corner.php" "Mozilla/5.0+(compatible; UptimeRobot/2.0; http://www.uptimerobot.com/)"
66.249.79.129 - - [25/Nov/2024:07:11:20 -0700] "GET /detail/njlbrv/ HTTP/1.1" 200 94 "-" "Mozilla/5.0 (compatible; Googlebot/2.1; +http://www.google.com/bot.html)"
66.249.79.128 - - [25/Nov/2024:07:11:31 -0700] "GET /news/sedcag/naym-mumbai-indians.html HTTP/1.1" 200 94 "-" "Mozilla/5.0 (compatible; Googlebot/2.1; +http://www.google.com/bot.html)"
66.249.79.129 - - [25/Nov/2024:07:12:37 -0700] "GET /news/?ajxemn/ HTTP/1.1" 200 94 "-" "Mozilla/5.0 (compatible; Googlebot/2.1; +http://www.google.com/bot.html)"
66.249.79.128 - - [25/Nov/2024:07:13:51 -0700] "GET /bet/rwevzn/ HTTP/1.1" 200 94 "-" "Mozilla/5.0 (compatible; Googlebot/2.1; +http://www.google.com/bot.html)"
66.249.79.129 - - [25/Nov/2024:07:13:59 -0700] "GET /detail/dnxxis/kolkata-knight-riders-news-2018.html HTTP/1.1" 200 94 "-" "Mozilla/5.0 (compatible; Googlebot/2.1; +http://www.google.com/bot.html)"
66.249.79.130 - - [25/Nov/2024:07:14:12 -0700] "GET /news/?yorjpe/ HTTP/1.1" 200 94 "-" "Mozilla/5.0 (compatible; Googlebot/2.1; +http://www.google.com/bot.html)"
66.249.79.129 - - [25/Nov/2024:07:14:12 -0700] "GET /bet/ylbmbz/football-world-cup-naked-girls.html HTTP/1.1" 200 94 "-" "Mozilla/5.0 (compatible; Googlebot/2.1; +http://www.google.com/bot.html)"
66.249.79.128 - - [25/Nov/2024:07:14:25 -0700] "GET /bet/qjaidt/icc-pro-cricket-2019-download-apkpure.html HTTP/1.1" 200 94 "-" "Mozilla/5.0 (compatible; Googlebot/2.1; +http://www.google.com/bot.html)"
52.167.144.206 - - [25/Nov/2024:07:14:29 -0700] "GET /detail/umsptd/files/Secondary/files/Senior%20Secondary/Accountancy-min.pdf HTTP/1.1" 200 94 "-" "Mozilla/5.0 AppleWebKit/537.36 (KHTML, like Gecko; compatible; bingbot/2.0; +http://www.bing.com/bingbot.htm) Chrome/116.0.1938.76 Safari/537.36"
66.249.79.128 - - [25/Nov/2024:07:14:31 -0700] "GET /detail/?xceymg/bet-rides.html HTTP/1.1" 200 94 "-" "Mozilla/5.0 (compatible; Googlebot/2.1; +http://www.google.com/bot.html)"
66.249.79.129 - - [25/Nov/2024:07:15:16 -0700] "GET /news/?qdllma/ HTTP/1.1" 200 94 "-" "Mozilla/5.0 (compatible; Googlebot/2.1; +http://www.google.com/bot.html)"
66.249.79.129 - - [25/Nov/2024:07:15:23 -0700] "GET /detail/zftqzf/cricket-world-cup-remaining-fixtures.html HTTP/1.1" 200 94 "-" "Mozilla/5.0 (compatible; Googlebot/2.1; +http://www.google.com/bot.html)"
66.249.79.128 - - [25/Nov/2024:07:15:30 -0700] "GET /news/gopxak/world-cup-2018-hot-russian-fan.html HTTP/1.1" 200 94 "-" "Mozilla/5.0 (compatible; Googlebot/2.1; +http://www.google.com/bot.html)"
69.162.124.238 - - [25/Nov/2024:07:15:33 -0700] "HEAD /cbse-corner.php HTTP/1.1" 200 - "https://bharana.akalacademy.ac.in/cbse-corner.php" "Mozilla/5.0+(compatible; UptimeRobot/2.0; http://www.uptimerobot.com/)"
66.249.79.128 - - [25/Nov/2024:07:16:02 -0700] "GET /bet/wrzazn/ HTTP/1.1" 200 94 "-" "Mozilla/5.0 (compatible; Googlebot/2.1; +http://www.google.com/bot.html)"
66.249.79.128 - - [25/Nov/2024:07:16:46 -0700] "GET /bet/rjpbvd/top-mlb-handicappers.html HTTP/1.1" 200 94 "-" "Mozilla/5.0 (compatible; Googlebot/2.1; +http://www.google.com/bot.html)"
66.249.79.128 - - [25/Nov/2024:07:17:24 -0700] "GET /news/nyaltw/ HTTP/1.1" 200 94 "-" "Mozilla/5.0 (compatible; Googlebot/2.1; +http://www.google.com/bot.html)"
66.249.79.130 - - [25/Nov/2024:07:17:27 -0700] "GET /detail/oljkvb/shikhar-dhawan-injury-update-today.html HTTP/1.1" 200 94 "-" "Mozilla/5.0 (compatible; Googlebot/2.1; +http://www.google.com/bot.html)"
66.249.79.129 - - [25/Nov/2024:07:18:29 -0700] "GET /bet/?adwphc/royal-challenge-bangalore.html HTTP/1.1" 200 94 "-" "Mozilla/5.0 (compatible; Googlebot/2.1; +http://www.google.com/bot.html)"
69.162.124.238 - - [25/Nov/2024:07:20:33 -0700] "HEAD /cbse-corner.php HTTP/1.1" 200 - "https://bharana.akalacademy.ac.in/cbse-corner.php" "Mozilla/5.0+(compatible; UptimeRobot/2.0; http://www.uptimerobot.com/)"
40.77.167.154 - - [25/Nov/2024:07:21:12 -0700] "GET /news/ecobwc/files/I-VIII/files/Senior%20Secondary/files/Secondary/cbse-corner.php HTTP/1.1" 200 94 "-" "Mozilla/5.0 AppleWebKit/537.36 (KHTML, like Gecko; compatible; bingbot/2.0; +http://www.bing.com/bingbot.htm) Chrome/116.0.1938.76 Safari/537.36"
66.249.79.129 - - [25/Nov/2024:07:21:16 -0700] "GET /bet/asfobu/my-cricket-live-score-demo.html HTTP/1.1" 200 94 "-" "Mozilla/5.0 (compatible; Googlebot/2.1; +http://www.google.com/bot.html)"
66.249.79.128 - - [25/Nov/2024:07:21:57 -0700] "GET /detail/dgdfic/ipl-money-earning-app.html HTTP/1.1" 200 94 "-" "Mozilla/5.0 (compatible; Googlebot/2.1; +http://www.google.com/bot.html)"
52.167.144.206 - - [25/Nov/2024:07:22:39 -0700] "GET /files/I-VIII/files/Secondary/Hindi_B_sec%202019-20-min.pdf HTTP/1.1" 200 94 "-" "Mozilla/5.0 AppleWebKit/537.36 (KHTML, like Gecko; compatible; bingbot/2.0; +http://www.bing.com/bingbot.htm) Chrome/116.0.1938.76 Safari/537.36"
66.249.79.130 - - [25/Nov/2024:07:22:49 -0700] "GET /detail/eyvuhx/ HTTP/1.1" 200 94 "-" "Mozilla/5.0 (compatible; Googlebot/2.1; +http://www.google.com/bot.html)"
66.249.79.129 - - [25/Nov/2024:07:23:23 -0700] "GET /bet/edpadh/hack-game-download.html HTTP/1.1" 200 94 "-" "Mozilla/5.0 (compatible; Googlebot/2.1; +http://www.google.com/bot.html)"
66.249.79.129 - - [25/Nov/2024:07:23:40 -0700] "GET /bet/heutaz/ HTTP/1.1" 200 94 "-" "Mozilla/5.0 (compatible; Googlebot/2.1; +http://www.google.com/bot.html)"
66.249.79.128 - - [25/Nov/2024:07:23:56 -0700] "GET /detail/hqcswu/ HTTP/1.1" 200 94 "-" "Mozilla/5.0 (compatible; Googlebot/2.1; +http://www.google.com/bot.html)"
69.162.124.238 - - [25/Nov/2024:07:25:33 -0700] "HEAD /cbse-corner.php HTTP/1.1" 200 - "https://bharana.akalacademy.ac.in/cbse-corner.php" "Mozilla/5.0+(compatible; UptimeRobot/2.0; http://www.uptimerobot.com/)"
66.249.79.128 - - [25/Nov/2024:07:26:27 -0700] "GET /news/?dngpth/ HTTP/1.1" 200 94 "-" "Mozilla/5.0 (compatible; Googlebot/2.1; +http://www.google.com/bot.html)"
66.249.79.128 - - [25/Nov/2024:07:26:38 -0700] "GET /news/?hmjqgm/ HTTP/1.1" 200 94 "-" "Mozilla/5.0 (compatible; Googlebot/2.1; +http://www.google.com/bot.html)"
66.249.79.130 - - [25/Nov/2024:07:28:02 -0700] "GET /detail/mtrsly/ HTTP/1.1" 200 94 "-" "Mozilla/5.0 (compatible; Googlebot/2.1; +http://www.google.com/bot.html)"
66.249.79.130 - - [25/Nov/2024:07:28:06 -0700] "GET /detail/ppwckz/ HTTP/1.1" 200 94 "-" "Mozilla/5.0 (compatible; Googlebot/2.1; +http://www.google.com/bot.html)"
66.249.79.128 - - [25/Nov/2024:07:28:26 -0700] "GET /detail/ucsbid/ HTTP/1.1" 200 94 "-" "Mozilla/5.0 (compatible; Googlebot/2.1; +http://www.google.com/bot.html)"
66.249.79.128 - - [25/Nov/2024:07:29:12 -0700] "GET /detail/ildrty/ HTTP/1.1" 200 94 "-" "Mozilla/5.0 (compatible; Googlebot/2.1; +http://www.google.com/bot.html)"
66.249.79.128 - - [25/Nov/2024:07:29:29 -0700] "GET /news/whxqhy/joe-and-jess-thwaite.html HTTP/1.1" 200 94 "-" "Mozilla/5.0 (compatible; Googlebot/2.1; +http://www.google.com/bot.html)"
66.249.79.130 - - [25/Nov/2024:07:30:17 -0700] "GET /news/?eyjoqn/online-lottery-in-india-2022-free.html HTTP/1.1" 200 94 "-" "Mozilla/5.0 (compatible; Googlebot/2.1; +http://www.google.com/bot.html)"
69.162.124.238 - - [25/Nov/2024:07:30:33 -0700] "HEAD /cbse-corner.php HTTP/1.1" 200 - "https://bharana.akalacademy.ac.in/cbse-corner.php" "Mozilla/5.0+(compatible; UptimeRobot/2.0; http://www.uptimerobot.com/)"
66.249.79.129 - - [25/Nov/2024:07:30:50 -0700] "GET /detail/?hjvayd/ HTTP/1.1" 200 94 "-" "Mozilla/5.0 (compatible; Googlebot/2.1; +http://www.google.com/bot.html)"
52.167.144.209 - - [25/Nov/2024:07:30:51 -0700] "GET /news/ecobwc/files/Senior%20Secondary/files/IX-X/files/Senior%20Secondary/ComputerSc_NewXII-min.pdf HTTP/1.1" 200 94 "-" "Mozilla/5.0 AppleWebKit/537.36 (KHTML, like Gecko; compatible; bingbot/2.0; +http://www.bing.com/bingbot.htm) Chrome/116.0.1938.76 Safari/537.36"
66.249.79.128 - - [25/Nov/2024:07:30:57 -0700] "GET /bet/apbymd/ HTTP/1.1" 200 94 "-" "Mozilla/5.0 (compatible; Googlebot/2.1; +http://www.google.com/bot.html)"
66.249.79.128 - - [25/Nov/2024:07:30:59 -0700] "GET /detail/?vphuym/valhalla-hours-of-gameplay.html HTTP/1.1" 200 94 "-" "Mozilla/5.0 (compatible; Googlebot/2.1; +http://www.google.com/bot.html)"
66.249.79.130 - - [25/Nov/2024:07:33:07 -0700] "GET /detail/?uxjwgw/top-poker-hands-chart.html HTTP/1.1" 200 94 "-" "Mozilla/5.0 (compatible; Googlebot/2.1; +http://www.google.com/bot.html)"
66.249.79.130 - - [25/Nov/2024:07:34:48 -0700] "GET /detail/rqpvvh/ HTTP/1.1" 200 94 "-" "Mozilla/5.0 (compatible; Googlebot/2.1; +http://www.google.com/bot.html)"
66.249.79.129 - - [25/Nov/2024:07:35:13 -0700] "GET /news/wmzltn/nevada-gaming-card-fees.html HTTP/1.1" 200 94 "-" "Mozilla/5.0 (compatible; Googlebot/2.1; +http://www.google.com/bot.html)"
66.249.79.129 - - [25/Nov/2024:07:35:15 -0700] "GET /detail/efaafr/ HTTP/1.1" 200 94 "-" "Mozilla/5.0 (compatible; Googlebot/2.1; +http://www.google.com/bot.html)"
66.249.79.129 - - [25/Nov/2024:07:35:26 -0700] "GET /news/xbnrre/band-of-missions-bingo-casino.html HTTP/1.1" 200 94 "-" "Mozilla/5.0 (compatible; Googlebot/2.1; +http://www.google.com/bot.html)"
69.162.124.238 - - [25/Nov/2024:07:35:33 -0700] "HEAD /cbse-corner.php HTTP/1.1" 200 - "https://bharana.akalacademy.ac.in/cbse-corner.php" "Mozilla/5.0+(compatible; UptimeRobot/2.0; http://www.uptimerobot.com/)"
66.249.79.128 - - [25/Nov/2024:07:35:46 -0700] "GET /news/jpmilm/manish-pandey-wedding-reception.html HTTP/1.1" 200 94 "-" "Mozilla/5.0 (compatible; Googlebot/2.1; +http://www.google.com/bot.html)"
66.249.79.128 - - [25/Nov/2024:07:35:53 -0700] "GET /news/yzeuwa/ HTTP/1.1" 200 94 "-" "Mozilla/5.0 (compatible; Googlebot/2.1; +http://www.google.com/bot.html)"
66.249.79.128 - - [25/Nov/2024:07:35:59 -0700] "GET /bet/xuvczx/ HTTP/1.1" 200 94 "-" "Mozilla/5.0 (compatible; Googlebot/2.1; +http://www.google.com/bot.html)"
66.249.79.130 - - [25/Nov/2024:07:36:20 -0700] "GET /bet/rbvjhv/ HTTP/1.1" 200 94 "-" "Mozilla/5.0 (compatible; Googlebot/2.1; +http://www.google.com/bot.html)"
66.249.79.128 - - [25/Nov/2024:07:36:46 -0700] "GET /bet/inczav/india-national-cricket-team-live-score.html HTTP/1.1" 200 94 "-" "Mozilla/5.0 (compatible; Googlebot/2.1; +http://www.google.com/bot.html)"
66.249.79.128 - - [25/Nov/2024:07:36:54 -0700] "GET /bet/jpfjhu/european-cricket-league-t20-live-score.html HTTP/1.1" 200 94 "-" "Mozilla/5.0 (compatible; Googlebot/2.1; +http://www.google.com/bot.html)"
66.249.79.128 - - [25/Nov/2024:07:37:02 -0700] "GET /news/qkxzsy/mumbai-indian-2015-final.html HTTP/1.1" 200 94 "-" "Mozilla/5.0 (compatible; Googlebot/2.1; +http://www.google.com/bot.html)"
66.249.79.128 - - [25/Nov/2024:07:37:22 -0700] "GET /detail/?kkzksg/sandown-saturday-tips.html HTTP/1.1" 200 94 "-" "Mozilla/5.0 (compatible; Googlebot/2.1; +http://www.google.com/bot.html)"
66.249.79.128 - - [25/Nov/2024:07:38:13 -0700] "GET /bet/atbwyu/what-if-mumbai-indian-losses-today.html HTTP/1.1" 200 94 "-" "Mozilla/5.0 (compatible; Googlebot/2.1; +http://www.google.com/bot.html)"
66.249.79.129 - - [25/Nov/2024:07:39:19 -0700] "GET /bet/?vovbvx/ HTTP/1.1" 200 94 "-" "Mozilla/5.0 (compatible; Googlebot/2.1; +http://www.google.com/bot.html)"
66.249.79.128 - - [25/Nov/2024:07:39:20 -0700] "GET /news/pizcap/online-betting-app-usa.html HTTP/1.1" 200 94 "-" "Mozilla/5.0 (compatible; Googlebot/2.1; +http://www.google.com/bot.html)"
185.191.171.19 - - [25/Nov/2024:07:39:54 -0700] "GET /images/ HTTP/1.1" 200 7206 "-" "Mozilla/5.0 (compatible; SemrushBot/7~bl; +http://www.semrush.com/bot.html)"
66.249.79.129 - - [25/Nov/2024:07:39:59 -0700] "GET /bet/ghpfjb/ HTTP/1.1" 200 94 "-" "Mozilla/5.0 (compatible; Googlebot/2.1; +http://www.google.com/bot.html)"
66.249.79.130 - - [25/Nov/2024:07:40:13 -0700] "GET /detail/hrjhok/netent-casino-bonus-ohne-einzahlung.html HTTP/1.1" 200 94 "-" "Mozilla/5.0 (compatible; Googlebot/2.1; +http://www.google.com/bot.html)"
69.162.124.238 - - [25/Nov/2024:07:40:33 -0700] "HEAD /cbse-corner.php HTTP/1.1" 200 - "https://bharana.akalacademy.ac.in/cbse-corner.php" "Mozilla/5.0+(compatible; UptimeRobot/2.0; http://www.uptimerobot.com/)"
66.249.79.129 - - [25/Nov/2024:07:40:45 -0700] "GET /bet/tslpdy/ HTTP/1.1" 200 94 "-" "Mozilla/5.0 (compatible; Googlebot/2.1; +http://www.google.com/bot.html)"
66.249.79.130 - - [25/Nov/2024:07:41:20 -0700] "GET /detail/?gotakm/ HTTP/1.1" 200 94 "-" "Mozilla/5.0 (compatible; Googlebot/2.1; +http://www.google.com/bot.html)"
66.249.79.129 - - [25/Nov/2024:07:41:32 -0700] "GET /news/?wztoae/ HTTP/1.1" 200 94 "-" "Mozilla/5.0 (compatible; Googlebot/2.1; +http://www.google.com/bot.html)"
66.249.79.128 - - [25/Nov/2024:07:41:33 -0700] "GET /bet/gxlkuu/ HTTP/1.1" 200 94 "-" "Mozilla/5.0 (compatible; Googlebot/2.1; +http://www.google.com/bot.html)"
66.249.79.128 - - [25/Nov/2024:07:41:34 -0700] "GET /bet/dxqfoh/ HTTP/1.1" 200 94 "-" "Mozilla/5.0 (compatible; Googlebot/2.1; +http://www.google.com/bot.html)"
66.249.79.128 - - [25/Nov/2024:07:41:37 -0700] "GET /news/ivxzjc/ HTTP/1.1" 200 94 "-" "Mozilla/5.0 (compatible; Googlebot/2.1; +http://www.google.com/bot.html)"
40.77.167.20 - - [25/Nov/2024:07:41:40 -0700] "GET /news/ecobwc/files/Secondary/files/I-VIII/files/IX-X/files/Senior%20Secondary/Punjabi_XI-min.pdf HTTP/1.1" 200 94 "-" "Mozilla/5.0 AppleWebKit/537.36 (KHTML, like Gecko; compatible; bingbot/2.0; +http://www.bing.com/bingbot.htm) Chrome/116.0.1938.76 Safari/537.36"
66.249.79.130 - - [25/Nov/2024:07:42:39 -0700] "GET /detail/iafcpo/ HTTP/1.1" 200 94 "-" "Mozilla/5.0 (compatible; Googlebot/2.1; +http://www.google.com/bot.html)"
66.249.79.128 - - [25/Nov/2024:07:43:09 -0700] "GET /bet/rcygtb/ HTTP/1.1" 200 94 "-" "Mozilla/5.0 (compatible; Googlebot/2.1; +http://www.google.com/bot.html)"
66.249.79.128 - - [25/Nov/2024:07:43:12 -0700] "GET /bet/eynrxx/when-was-world-cup-series-in-india.html HTTP/1.1" 200 94 "-" "Mozilla/5.0 (compatible; Googlebot/2.1; +http://www.google.com/bot.html)"
66.249.79.129 - - [25/Nov/2024:07:43:55 -0700] "GET /bet/?ykzmni/quy-lu%E1%BA%ADt-baccarat.html HTTP/1.1" 200 94 "-" "Mozilla/5.0 (compatible; Googlebot/2.1; +http://www.google.com/bot.html)"
66.249.79.130 - - [25/Nov/2024:07:44:07 -0700] "GET /news/qpcbxe/1975-world-cup-india-132-for-3.html HTTP/1.1" 200 94 "-" "Mozilla/5.0 (compatible; Googlebot/2.1; +http://www.google.com/bot.html)"
66.249.79.129 - - [25/Nov/2024:07:44:25 -0700] "GET /news/enldmm/keep-calm-card-game.html HTTP/1.1" 200 94 "-" "Mozilla/5.0 (compatible; Googlebot/2.1; +http://www.google.com/bot.html)"
66.249.79.128 - - [25/Nov/2024:07:44:58 -0700] "GET /bet/sxwezf/most-expensive-baccarat-crystal.html HTTP/1.1" 200 94 "-" "Mozilla/5.0 (compatible; Googlebot/2.1; +http://www.google.com/bot.html)"
66.249.79.128 - - [25/Nov/2024:07:45:20 -0700] "GET /bet/?mfiodh/betway-casino-download.html HTTP/1.1" 200 94 "-" "Mozilla/5.0 (compatible; Googlebot/2.1; +http://www.google.com/bot.html)"
69.162.124.238 - - [25/Nov/2024:07:45:33 -0700] "HEAD /cbse-corner.php HTTP/1.1" 200 - "https://bharana.akalacademy.ac.in/cbse-corner.php" "Mozilla/5.0+(compatible; UptimeRobot/2.0; http://www.uptimerobot.com/)"
66.249.79.129 - - [25/Nov/2024:07:45:45 -0700] "GET /news/caftgv/blackjack-even-money-rule.html HTTP/1.1" 200 94 "-" "Mozilla/5.0 (compatible; Googlebot/2.1; +http://www.google.com/bot.html)"
66.249.79.130 - - [25/Nov/2024:07:48:57 -0700] "GET /detail/xczjag/best-retro-pc-games.html HTTP/1.1" 200 94 "-" "Mozilla/5.0 (compatible; Googlebot/2.1; +http://www.google.com/bot.html)"
52.167.144.180 - - [25/Nov/2024:07:49:12 -0700] "GET /news/ssswpr/files/I-VIII/files/Secondary/Intitial_pages_sec_2019-20-min.pdf HTTP/1.1" 200 94 "-" "Mozilla/5.0 AppleWebKit/537.36 (KHTML, like Gecko; compatible; bingbot/2.0; +http://www.bing.com/bingbot.htm) Chrome/116.0.1938.76 Safari/537.36"
66.249.79.130 - - [25/Nov/2024:07:49:26 -0700] "GET /bet/?lqkvqx/how-to-online-betting-in-india.html HTTP/1.1" 200 94 "-" "Mozilla/5.0 (compatible; Googlebot/2.1; +http://www.google.com/bot.html)"
66.249.79.128 - - [25/Nov/2024:07:49:29 -0700] "GET /news/nsjndj/math-24-game-cards-south-africa.html HTTP/1.1" 200 94 "-" "Mozilla/5.0 (compatible; Googlebot/2.1; +http://www.google.com/bot.html)"
69.162.124.238 - - [25/Nov/2024:07:50:33 -0700] "HEAD /cbse-corner.php HTTP/1.1" 200 - "https://bharana.akalacademy.ac.in/cbse-corner.php" "Mozilla/5.0+(compatible; UptimeRobot/2.0; http://www.uptimerobot.com/)"
66.249.79.129 - - [25/Nov/2024:07:50:47 -0700] "GET /detail/?wzgtlm/win-in-online-poker.html HTTP/1.1" 200 94 "-" "Mozilla/5.0 (compatible; Googlebot/2.1; +http://www.google.com/bot.html)"
66.249.79.128 - - [25/Nov/2024:07:50:53 -0700] "GET /news/idjulj/kmart-online-coupons.html HTTP/1.1" 200 94 "-" "Mozilla/5.0 (compatible; Googlebot/2.1; +http://www.google.com/bot.html)"
66.249.79.128 - - [25/Nov/2024:07:51:27 -0700] "GET /news/?cocliy/free-bonus-betting-site.html HTTP/1.1" 200 94 "-" "Mozilla/5.0 (compatible; Googlebot/2.1; +http://www.google.com/bot.html)"
66.249.79.128 - - [25/Nov/2024:07:51:32 -0700] "GET /bet/rzjbkj/ HTTP/1.1" 200 94 "-" "Mozilla/5.0 (compatible; Googlebot/2.1; +http://www.google.com/bot.html)"
66.249.79.128 - - [25/Nov/2024:07:51:48 -0700] "GET /news/sycqbd/ HTTP/1.1" 200 94 "-" "Mozilla/5.0 (compatible; Googlebot/2.1; +http://www.google.com/bot.html)"
66.249.79.129 - - [25/Nov/2024:07:52:01 -0700] "GET /detail/?xoeozo/ HTTP/1.1" 200 94 "-" "Mozilla/5.0 (compatible; Googlebot/2.1; +http://www.google.com/bot.html)"
66.249.79.128 - - [25/Nov/2024:07:52:09 -0700] "GET /detail/?qifbvs/ HTTP/1.1" 200 94 "-" "Mozilla/5.0 (compatible; Googlebot/2.1; +http://www.google.com/bot.html)"
66.249.79.128 - - [25/Nov/2024:07:52:15 -0700] "GET /news/?svrmgp/royal-london-under-19-t20-cup-scorecard.html HTTP/1.1" 200 94 "-" "Mozilla/5.0 (compatible; Googlebot/2.1; +http://www.google.com/bot.html)"
66.249.79.128 - - [25/Nov/2024:07:52:54 -0700] "GET /bet/enjloy/mumbai-indians-wicket-time-1-april-2018.html HTTP/1.1" 200 94 "-" "Mozilla/5.0 (compatible; Googlebot/2.1; +http://www.google.com/bot.html)"
66.249.79.130 - - [25/Nov/2024:07:53:43 -0700] "GET /detail/ylhbmv/indian-women's-team-schedule-cricket.html HTTP/1.1" 200 94 "-" "Mozilla/5.0 (compatible; Googlebot/2.1; +http://www.google.com/bot.html)"
66.249.79.129 - - [25/Nov/2024:07:53:49 -0700] "GET /news/ckqkst/ HTTP/1.1" 200 94 "-" "Mozilla/5.0 (compatible; Googlebot/2.1; +http://www.google.com/bot.html)"
66.249.79.128 - - [25/Nov/2024:07:54:14 -0700] "GET /news/ffkheg/ HTTP/1.1" 200 94 "-" "Mozilla/5.0 (compatible; Googlebot/2.1; +http://www.google.com/bot.html)"
66.249.79.128 - - [25/Nov/2024:07:54:17 -0700] "GET /news/tlgltx/2017-ipl-match-video.html HTTP/1.1" 200 94 "-" "Mozilla/5.0 (compatible; Googlebot/2.1; +http://www.google.com/bot.html)"
66.249.79.129 - - [25/Nov/2024:07:54:35 -0700] "GET /news/aiygbg/ HTTP/1.1" 200 94 "-" "Mozilla/5.0 (compatible; Googlebot/2.1; +http://www.google.com/bot.html)"
69.162.124.238 - - [25/Nov/2024:07:55:34 -0700] "HEAD /cbse-corner.php HTTP/1.1" 200 - "https://bharana.akalacademy.ac.in/cbse-corner.php" "Mozilla/5.0+(compatible; UptimeRobot/2.0; http://www.uptimerobot.com/)"
66.249.79.130 - - [25/Nov/2024:07:55:56 -0700] "GET /detail/?fkcbqq/ HTTP/1.1" 200 94 "-" "Mozilla/5.0 (compatible; Googlebot/2.1; +http://www.google.com/bot.html)"
66.249.79.128 - - [25/Nov/2024:07:56:09 -0700] "GET /news/pqyvkk/icc-rules-for-by-and-leg-by.html HTTP/1.1" 200 94 "-" "Mozilla/5.0 (compatible; Googlebot/2.1; +http://www.google.com/bot.html)"
40.77.167.150 - - [25/Nov/2024:07:56:19 -0700] "GET /news/ecobwc/files/Senior%20Secondary/files/IX-X/files/IX-X/Grade%20(IX)-min.pdf HTTP/1.1" 200 94 "-" "Mozilla/5.0 AppleWebKit/537.36 (KHTML, like Gecko; compatible; bingbot/2.0; +http://www.bing.com/bingbot.htm) Chrome/116.0.1938.76 Safari/537.36"
40.77.167.65 - - [25/Nov/2024:07:56:26 -0700] "GET /news/ecobwc/files/I-VIII/files/IX-X/files/Secondary/402-INFO_TECH_X-min.pdf HTTP/1.1" 200 94 "-" "Mozilla/5.0 AppleWebKit/537.36 (KHTML, like Gecko; compatible; bingbot/2.0; +http://www.bing.com/bingbot.htm) Chrome/116.0.1938.76 Safari/537.36"
52.167.144.199 - - [25/Nov/2024:07:56:43 -0700] "GET /detail/vmcypa/files/Senior%20Secondary/Punjabi_XII-min.pdf HTTP/1.1" 200 94 "-" "Mozilla/5.0 AppleWebKit/537.36 (KHTML, like Gecko; compatible; bingbot/2.0; +http://www.bing.com/bingbot.htm) Chrome/116.0.1938.76 Safari/537.36"
66.249.79.130 - - [25/Nov/2024:07:57:52 -0700] "GET /news/lwhefv/ HTTP/1.1" 200 94 "-" "Mozilla/5.0 (compatible; Googlebot/2.1; +http://www.google.com/bot.html)"
66.249.79.129 - - [25/Nov/2024:07:58:16 -0700] "GET /news/duiirw/ HTTP/1.1" 200 94 "-" "Mozilla/5.0 (compatible; Googlebot/2.1; +http://www.google.com/bot.html)"
66.249.79.129 - - [25/Nov/2024:07:59:20 -0700] "GET /news/?osthps/ HTTP/1.1" 200 94 "-" "Mozilla/5.0 (compatible; Googlebot/2.1; +http://www.google.com/bot.html)"
66.249.79.128 - - [25/Nov/2024:07:59:52 -0700] "GET /bet/?wbavxo/ HTTP/1.1" 200 94 "-" "Mozilla/5.0 (compatible; Googlebot/2.1; +http://www.google.com/bot.html)"
69.162.124.238 - - [25/Nov/2024:08:00:33 -0700] "HEAD /cbse-corner.php HTTP/1.1" 200 - "https://bharana.akalacademy.ac.in/cbse-corner.php" "Mozilla/5.0+(compatible; UptimeRobot/2.0; http://www.uptimerobot.com/)"
66.249.79.130 - - [25/Nov/2024:08:00:46 -0700] "GET /bet/cmvhyc/ HTTP/1.1" 200 94 "-" "Mozilla/5.0 (compatible; Googlebot/2.1; +http://www.google.com/bot.html)"
66.249.79.128 - - [25/Nov/2024:08:00:48 -0700] "GET /bet/?dxixwe/ HTTP/1.1" 200 94 "-" "Mozilla/5.0 (compatible; Googlebot/2.1; +http://www.google.com/bot.html)"
66.249.79.128 - - [25/Nov/2024:08:01:02 -0700] "GET /bet/bxdwsx/pokerstars-network.html HTTP/1.1" 200 94 "-" "Mozilla/5.0 (compatible; Googlebot/2.1; +http://www.google.com/bot.html)"
66.249.79.128 - - [25/Nov/2024:08:02:00 -0700] "GET /news/vxaoiw/ HTTP/1.1" 200 94 "-" "Mozilla/5.0 (compatible; Googlebot/2.1; +http://www.google.com/bot.html)"
66.249.79.128 - - [25/Nov/2024:08:02:58 -0700] "GET /bet/bfojka/kevin-de-bruyne-courtois-wife.html HTTP/1.1" 200 94 "-" "Mozilla/5.0 (compatible; Googlebot/2.1; +http://www.google.com/bot.html)"
66.249.79.128 - - [25/Nov/2024:08:03:11 -0700] "GET /bet/chbwyw/futbol-predictz.html HTTP/1.1" 200 94 "-" "Mozilla/5.0 (compatible; Googlebot/2.1; +http://www.google.com/bot.html)"
66.249.79.129 - - [25/Nov/2024:08:03:16 -0700] "GET /detail/ffdkgk/ HTTP/1.1" 200 94 "-" "Mozilla/5.0 (compatible; Googlebot/2.1; +http://www.google.com/bot.html)"
66.249.79.128 - - [25/Nov/2024:08:03:37 -0700] "GET /news/lfmwzy/ HTTP/1.1" 200 94 "-" "Mozilla/5.0 (compatible; Googlebot/2.1; +http://www.google.com/bot.html)"
66.249.79.128 - - [25/Nov/2024:08:03:48 -0700] "GET /bet/mngeqh/ HTTP/1.1" 200 94 "-" "Mozilla/5.0 (compatible; Googlebot/2.1; +http://www.google.com/bot.html)"
66.249.79.128 - - [25/Nov/2024:08:03:57 -0700] "GET /detail/?mbwygb/mgm-nascar-odds.html HTTP/1.1" 200 94 "-" "Mozilla/5.0 (compatible; Googlebot/2.1; +http://www.google.com/bot.html)"
40.77.167.150 - - [25/Nov/2024:08:04:21 -0700] "GET /news/ecobwc/files/Secondary/files/Senior%20Secondary/files/Secondary/pedagogy.php HTTP/1.1" 200 94 "-" "Mozilla/5.0 AppleWebKit/537.36 (KHTML, like Gecko; compatible; bingbot/2.0; +http://www.bing.com/bingbot.htm) Chrome/116.0.1938.76 Safari/537.36"
69.162.124.238 - - [25/Nov/2024:08:05:37 -0700] "HEAD /cbse-corner.php HTTP/1.1" 200 - "https://bharana.akalacademy.ac.in/cbse-corner.php" "Mozilla/5.0+(compatible; UptimeRobot/2.0; http://www.uptimerobot.com/)"
66.249.79.130 - - [25/Nov/2024:08:05:59 -0700] "GET /bet/vtkbtv/ HTTP/1.1" 200 94 "-" "Mozilla/5.0 (compatible; Googlebot/2.1; +http://www.google.com/bot.html)"
66.249.79.130 - - [25/Nov/2024:08:07:23 -0700] "GET /bet/?hkymqk/ HTTP/1.1" 200 94 "-" "Mozilla/5.0 (compatible; Googlebot/2.1; +http://www.google.com/bot.html)"
66.249.79.128 - - [25/Nov/2024:08:07:28 -0700] "GET /news/jbrlbk/cod-online-game-modes.html HTTP/1.1" 200 94 "-" "Mozilla/5.0 (compatible; Googlebot/2.1; +http://www.google.com/bot.html)"
66.249.79.128 - - [25/Nov/2024:08:07:35 -0700] "GET /news/frkdbc/delhi-ipl-team-ke-malik.html HTTP/1.1" 200 94 "-" "Mozilla/5.0 (compatible; Googlebot/2.1; +http://www.google.com/bot.html)"
66.249.79.128 - - [25/Nov/2024:08:07:46 -0700] "GET /detail/kfvycg/ HTTP/1.1" 200 94 "-" "Mozilla/5.0 (compatible; Googlebot/2.1; +http://www.google.com/bot.html)"
66.249.79.128 - - [25/Nov/2024:08:07:57 -0700] "GET /news/fywztu/ HTTP/1.1" 200 94 "-" "Mozilla/5.0 (compatible; Googlebot/2.1; +http://www.google.com/bot.html)"
85.208.96.198 - - [25/Nov/2024:08:08:08 -0700] "GET /robots.txt HTTP/1.1" 200 94 "-" "Mozilla/5.0 (compatible; SemrushBot/7~bl; +http://www.semrush.com/bot.html)"
185.191.171.10 - - [25/Nov/2024:08:08:09 -0700] "GET /surabaya/academic.php HTTP/1.1" 200 94 "-" "Mozilla/5.0 (compatible; SemrushBot/7~bl; +http://www.semrush.com/bot.html)"
40.77.167.247 - - [25/Nov/2024:08:08:23 -0700] "GET /news/ecobwc/files/Senior%20Secondary/files/Senior%20Secondary/files/Secondary/417-VIII-min.pdf HTTP/1.1" 200 94 "-" "Mozilla/5.0 AppleWebKit/537.36 (KHTML, like Gecko; compatible; bingbot/2.0; +http://www.bing.com/bingbot.htm) Chrome/116.0.1938.76 Safari/537.36"
66.249.79.130 - - [25/Nov/2024:08:08:43 -0700] "GET /detail/weiqij/ HTTP/1.1" 200 94 "-" "Mozilla/5.0 (compatible; Googlebot/2.1; +http://www.google.com/bot.html)"
69.162.124.238 - - [25/Nov/2024:08:10:35 -0700] "HEAD /cbse-corner.php HTTP/1.1" 200 - "https://bharana.akalacademy.ac.in/cbse-corner.php" "Mozilla/5.0+(compatible; UptimeRobot/2.0; http://www.uptimerobot.com/)"
66.249.79.129 - - [25/Nov/2024:08:10:38 -0700] "GET /news/?fbezsu/ HTTP/1.1" 200 94 "-" "Mozilla/5.0 (compatible; Googlebot/2.1; +http://www.google.com/bot.html)"
66.249.79.128 - - [25/Nov/2024:08:10:59 -0700] "GET /detail/?sspeff/back-to-the-future-card-game.html HTTP/1.1" 200 94 "-" "Mozilla/5.0 (compatible; Googlebot/2.1; +http://www.google.com/bot.html)"
66.249.79.129 - - [25/Nov/2024:08:11:04 -0700] "GET /news/?kcyuwp/ HTTP/1.1" 200 94 "-" "Mozilla/5.0 (compatible; Googlebot/2.1; +http://www.google.com/bot.html)"
66.249.79.128 - - [25/Nov/2024:08:11:12 -0700] "GET /bet/bmqoas/ HTTP/1.1" 200 94 "-" "Mozilla/5.0 (compatible; Googlebot/2.1; +http://www.google.com/bot.html)"
66.249.79.128 - - [25/Nov/2024:08:11:28 -0700] "GET /news/aezevq/ HTTP/1.1" 200 94 "-" "Mozilla/5.0 (compatible; Googlebot/2.1; +http://www.google.com/bot.html)"
66.249.79.128 - - [25/Nov/2024:08:11:46 -0700] "GET /news/wfyemu/ HTTP/1.1" 200 94 "-" "Mozilla/5.0 (compatible; Googlebot/2.1; +http://www.google.com/bot.html)"
66.249.79.130 - - [25/Nov/2024:08:12:48 -0700] "GET /bet/?dewcjk/ HTTP/1.1" 200 94 "-" "Mozilla/5.0 (compatible; Googlebot/2.1; +http://www.google.com/bot.html)"
66.249.79.129 - - [25/Nov/2024:08:13:10 -0700] "GET /detail/ulfian/best-bets-for-week-12-nfl.html HTTP/1.1" 200 94 "-" "Mozilla/5.0 (compatible; Googlebot/2.1; +http://www.google.com/bot.html)"
69.162.124.238 - - [25/Nov/2024:08:15:33 -0700] "HEAD /cbse-corner.php HTTP/1.1" 200 - "https://bharana.akalacademy.ac.in/cbse-corner.php" "Mozilla/5.0+(compatible; UptimeRobot/2.0; http://www.uptimerobot.com/)"
185.191.171.7 - - [25/Nov/2024:08:16:00 -0700] "GET /myadmin/gallery/index.php HTTP/1.1" 200 94 "-" "Mozilla/5.0 (compatible; SemrushBot/7~bl; +http://www.semrush.com/bot.html)"
66.249.79.128 - - [25/Nov/2024:08:16:31 -0700] "GET /bet/dhkxut/ HTTP/1.1" 200 94 "-" "Mozilla/5.0 (compatible; Googlebot/2.1; +http://www.google.com/bot.html)"
66.249.79.128 - - [25/Nov/2024:08:17:11 -0700] "GET /bet/qkmzbv/t20-world-cup-schedule-2020.html HTTP/1.1" 200 94 "-" "Mozilla/5.0 (compatible; Googlebot/2.1; +http://www.google.com/bot.html)"
66.249.79.129 - - [25/Nov/2024:08:17:23 -0700] "GET /news/txwucd/ HTTP/1.1" 200 94 "-" "Mozilla/5.0 (compatible; Googlebot/2.1; +http://www.google.com/bot.html)"
66.249.79.128 - - [25/Nov/2024:08:18:06 -0700] "GET /detail/?deembg/ HTTP/1.1" 200 94 "-" "Mozilla/5.0 (compatible; Googlebot/2.1; +http://www.google.com/bot.html)"
66.249.79.130 - - [25/Nov/2024:08:19:09 -0700] "GET /detail/?vhaigl/ HTTP/1.1" 200 94 "-" "Mozilla/5.0 (compatible; Googlebot/2.1; +http://www.google.com/bot.html)"
66.249.79.128 - - [25/Nov/2024:08:19:25 -0700] "GET /detail/?vsbnsn/welcome-promo-code-wynn-bet.html HTTP/1.1" 200 94 "-" "Mozilla/5.0 (compatible; Googlebot/2.1; +http://www.google.com/bot.html)"
66.249.79.128 - - [25/Nov/2024:08:20:22 -0700] "GET /bet/wtyaej/india-women-hockey-team-news.html HTTP/1.1" 200 94 "-" "Mozilla/5.0 (compatible; Googlebot/2.1; +http://www.google.com/bot.html)"
69.162.124.238 - - [25/Nov/2024:08:20:33 -0700] "HEAD /cbse-corner.php HTTP/1.1" 200 - "https://bharana.akalacademy.ac.in/cbse-corner.php" "Mozilla/5.0+(compatible; UptimeRobot/2.0; http://www.uptimerobot.com/)"
52.167.144.217 - - [25/Nov/2024:08:21:01 -0700] "GET /news/ecobwc/files/I-VIII/files/I-VIII/files/Secondary/result.php HTTP/1.1" 200 94 "-" "Mozilla/5.0 AppleWebKit/537.36 (KHTML, like Gecko; compatible; bingbot/2.0; +http://www.bing.com/bingbot.htm) Chrome/116.0.1938.76 Safari/537.36"
52.167.144.203 - - [25/Nov/2024:08:21:06 -0700] "GET /news/ecobwc/files/I-VIII/files/I-VIII/files/Secondary/pedagogy.php HTTP/1.1" 200 94 "-" "Mozilla/5.0 AppleWebKit/537.36 (KHTML, like Gecko; compatible; bingbot/2.0; +http://www.bing.com/bingbot.htm) Chrome/116.0.1938.76 Safari/537.36"
66.249.79.130 - - [25/Nov/2024:08:21:07 -0700] "GET /detail/xnobwq/best-odds-games-in-casino.html HTTP/1.1" 200 94 "-" "Mozilla/5.0 (compatible; Googlebot/2.1; +http://www.google.com/bot.html)"
66.249.79.129 - - [25/Nov/2024:08:21:59 -0700] "GET /bet/oeqiux/ HTTP/1.1" 200 94 "-" "Mozilla/5.0 (compatible; Googlebot/2.1; +http://www.google.com/bot.html)"
66.249.79.128 - - [25/Nov/2024:08:22:16 -0700] "GET /detail/?qsmjoy/ HTTP/1.1" 200 94 "-" "Mozilla/5.0 (compatible; Googlebot/2.1; +http://www.google.com/bot.html)"
66.249.79.128 - - [25/Nov/2024:08:22:37 -0700] "GET /bet/kfdten/ HTTP/1.1" 200 94 "-" "Mozilla/5.0 (compatible; Googlebot/2.1; +http://www.google.com/bot.html)"
66.249.79.128 - - [25/Nov/2024:08:22:41 -0700] "GET /bet/jjvbty/footballer-with-most-world-cups.html HTTP/1.1" 200 94 "-" "Mozilla/5.0 (compatible; Googlebot/2.1; +http://www.google.com/bot.html)"
66.249.79.128 - - [25/Nov/2024:08:22:50 -0700] "GET /bet/isdmqs/online-cricket-satta-app.html HTTP/1.1" 200 94 "-" "Mozilla/5.0 (compatible; Googlebot/2.1; +http://www.google.com/bot.html)"
66.249.79.129 - - [25/Nov/2024:08:23:10 -0700] "GET /detail/?kpvtnz/ HTTP/1.1" 200 94 "-" "Mozilla/5.0 (compatible; Googlebot/2.1; +http://www.google.com/bot.html)"
66.249.79.129 - - [25/Nov/2024:08:24:02 -0700] "GET /news/rzugka/ HTTP/1.1" 200 94 "-" "Mozilla/5.0 (compatible; Googlebot/2.1; +http://www.google.com/bot.html)"
66.249.79.129 - - [25/Nov/2024:08:24:26 -0700] "GET /news/?cirosk/bingo-quiz.html HTTP/1.1" 200 94 "-" "Mozilla/5.0 (compatible; Googlebot/2.1; +http://www.google.com/bot.html)"
66.249.79.128 - - [25/Nov/2024:08:24:30 -0700] "GET /bet/nerswn/ HTTP/1.1" 200 94 "-" "Mozilla/5.0 (compatible; Googlebot/2.1; +http://www.google.com/bot.html)"
52.167.144.203 - - [25/Nov/2024:08:24:54 -0700] "GET /news/ecobwc/files/Senior%20Secondary/files/Secondary/files/I-VIII/VI-X%20Punjabi-min.pdf HTTP/1.1" 200 94 "-" "Mozilla/5.0 AppleWebKit/537.36 (KHTML, like Gecko; compatible; bingbot/2.0; +http://www.bing.com/bingbot.htm) Chrome/116.0.1938.76 Safari/537.36"
69.162.124.238 - - [25/Nov/2024:08:25:33 -0700] "HEAD /cbse-corner.php HTTP/1.1" 200 - "https://bharana.akalacademy.ac.in/cbse-corner.php" "Mozilla/5.0+(compatible; UptimeRobot/2.0; http://www.uptimerobot.com/)"
54.36.148.152 - - [25/Nov/2024:08:25:47 -0700] "GET /robots.txt HTTP/1.1" 200 94 "-" "Mozilla/5.0 (compatible; AhrefsBot/7.0; +http://ahrefs.com/robot/)"
51.222.253.15 - - [25/Nov/2024:08:25:49 -0700] "GET /cbse-corner.php?pageno=1 HTTP/1.1" 200 26049 "-" "Mozilla/5.0 (compatible; AhrefsBot/7.0; +http://ahrefs.com/robot/)"
./LuLlaby007 ♥ Tata Cantik - Copyright 2k18