Cylul007 Webshell
Server :
Linux ip-148-66-134-25.ip.secureserver.net 3.10.0-1160.119.1.el7.tuxcare.els10.x86_64 #1 SMP Fri Oct 11 21:40:41 UTC 2024 x86_64
php :
8.0.30
on
cgi-fcgi
Time
25 Nov 2024 15:33:17
Current Directory :
/
home
/
amvm
/
access-logs
/
Upload File :
Mass Deface
Home
Bypass Passwd
Current File : /home/amvm/access-logs/bharana.akalacademy.ac.in-ssl_log
66.249.79.130 - - [25/Nov/2024:05:11:40 -0700] "GET /news/gmgcwq/ HTTP/1.1" 200 94 "-" "Mozilla/5.0 (compatible; Googlebot/2.1; +http://www.google.com/bot.html)"
66.249.79.128 - - [25/Nov/2024:05:11:44 -0700] "GET /bet/pdggbm/2019-icc-world-cup-qualifier-teams.html HTTP/1.1" 200 94 "-" "Mozilla/5.0 (compatible; Googlebot/2.1; +http://www.google.com/bot.html)"
66.249.79.129 - - [25/Nov/2024:05:12:03 -0700] "GET /bet/jiwkvt/ HTTP/1.1" 200 94 "-" "Mozilla/5.0 (compatible; Googlebot/2.1; +http://www.google.com/bot.html)"
66.249.79.128 - - [25/Nov/2024:05:12:10 -0700] "GET /bet/?khrbbx/ HTTP/1.1" 200 94 "-" "Mozilla/5.0 (compatible; Googlebot/2.1; +http://www.google.com/bot.html)"
66.249.79.128 - - [25/Nov/2024:05:12:18 -0700] "GET /bet/?sqeypk/prabhsimran-singh-ipl-auction-players.html HTTP/1.1" 200 94 "-" "Mozilla/5.0 (compatible; Googlebot/2.1; +http://www.google.com/bot.html)"
66.249.79.128 - - [25/Nov/2024:05:12:19 -0700] "GET /bet/ubznzh/ HTTP/1.1" 200 94 "-" "Mozilla/5.0 (compatible; Googlebot/2.1; +http://www.google.com/bot.html)"
66.249.79.128 - - [25/Nov/2024:05:13:22 -0700] "GET /news/merbdy/evening-ipl-match-today.html HTTP/1.1" 200 94 "-" "Mozilla/5.0 (compatible; Googlebot/2.1; +http://www.google.com/bot.html)"
66.249.79.128 - - [25/Nov/2024:05:13:59 -0700] "GET /news/?vlzyep/online-casino-uae.html HTTP/1.1" 200 94 "-" "Mozilla/5.0 (compatible; Googlebot/2.1; +http://www.google.com/bot.html)"
40.77.167.57 - - [25/Nov/2024:05:14:19 -0700] "GET /news/ecobwc/files/Senior%20Secondary/files/Secondary/files/Senior%20Secondary/Biology-min.pdf HTTP/1.1" 200 94 "-" "Mozilla/5.0 AppleWebKit/537.36 (KHTML, like Gecko; compatible; bingbot/2.0; +http://www.bing.com/bingbot.htm) Chrome/116.0.1938.76 Safari/537.36"
69.162.124.238 - - [25/Nov/2024:05:14:54 -0700] "HEAD /cbse-corner.php HTTP/1.1" 200 - "https://bharana.akalacademy.ac.in/cbse-corner.php" "Mozilla/5.0+(compatible; UptimeRobot/2.0; http://www.uptimerobot.com/)"
66.249.79.130 - - [25/Nov/2024:05:16:01 -0700] "GET /bet/yevcin/ HTTP/1.1" 200 94 "-" "Mozilla/5.0 (compatible; Googlebot/2.1; +http://www.google.com/bot.html)"
66.249.79.129 - - [25/Nov/2024:05:16:11 -0700] "GET /detail/ampgmv/ HTTP/1.1" 200 94 "-" "Mozilla/5.0 (compatible; Googlebot/2.1; +http://www.google.com/bot.html)"
66.249.79.128 - - [25/Nov/2024:05:16:18 -0700] "GET /detail/wxniya/crazy-fish-game.html HTTP/1.1" 200 94 "-" "Mozilla/5.0 (compatible; Googlebot/2.1; +http://www.google.com/bot.html)"
66.249.79.128 - - [25/Nov/2024:05:16:50 -0700] "GET /bet/?vyheso/ HTTP/1.1" 200 94 "-" "Mozilla/5.0 (compatible; Googlebot/2.1; +http://www.google.com/bot.html)"
66.249.79.128 - - [25/Nov/2024:05:16:57 -0700] "GET /bet/qckvcu/ HTTP/1.1" 200 94 "-" "Mozilla/5.0 (compatible; Googlebot/2.1; +http://www.google.com/bot.html)"
66.249.79.128 - - [25/Nov/2024:05:17:02 -0700] "GET /news/?rbrrsw/mark-nicholas-icc-cricket.html HTTP/1.1" 200 94 "-" "Mozilla/5.0 (compatible; Googlebot/2.1; +http://www.google.com/bot.html)"
66.249.79.128 - - [25/Nov/2024:05:17:56 -0700] "GET /detail/kgsfge/ashwin-bowling-ipl.html HTTP/1.1" 200 94 "-" "Mozilla/5.0 (compatible; Googlebot/2.1; +http://www.google.com/bot.html)"
66.249.79.129 - - [25/Nov/2024:05:18:16 -0700] "GET /detail/qzoqxi/ HTTP/1.1" 200 94 "-" "Mozilla/5.0 (compatible; Googlebot/2.1; +http://www.google.com/bot.html)"
66.249.79.128 - - [25/Nov/2024:05:18:38 -0700] "GET /news/segoaa/ HTTP/1.1" 200 94 "-" "Mozilla/5.0 (compatible; Googlebot/2.1; +http://www.google.com/bot.html)"
66.249.79.128 - - [25/Nov/2024:05:18:44 -0700] "GET /bet/?iegixs/ HTTP/1.1" 200 94 "-" "Mozilla/5.0 (compatible; Googlebot/2.1; +http://www.google.com/bot.html)"
40.77.167.126 - - [25/Nov/2024:05:18:57 -0700] "GET /news/ecobwc/files/I-VIII/files/Secondary/files/Secondary/pedagogy.php HTTP/1.1" 200 94 "-" "Mozilla/5.0 AppleWebKit/537.36 (KHTML, like Gecko; compatible; bingbot/2.0; +http://www.bing.com/bingbot.htm) Chrome/116.0.1938.76 Safari/537.36"
40.77.167.57 - - [25/Nov/2024:05:19:02 -0700] "GET /news/ecobwc/files/I-VIII/files/IX-X/files/IX-X/Grade%20(XII)-min.pdf HTTP/1.1" 200 94 "-" "Mozilla/5.0 AppleWebKit/537.36 (KHTML, like Gecko; compatible; bingbot/2.0; +http://www.bing.com/bingbot.htm) Chrome/116.0.1938.76 Safari/537.36"
66.249.79.129 - - [25/Nov/2024:05:19:13 -0700] "GET /news/yybumo/ind-w-vs-pak-w-t20-results.html HTTP/1.1" 200 94 "-" "Mozilla/5.0 (compatible; Googlebot/2.1; +http://www.google.com/bot.html)"
66.249.79.129 - - [25/Nov/2024:05:19:17 -0700] "GET /news/yimqrm/ HTTP/1.1" 200 94 "-" "Mozilla/5.0 (compatible; Googlebot/2.1; +http://www.google.com/bot.html)"
69.162.124.238 - - [25/Nov/2024:05:19:54 -0700] "HEAD /cbse-corner.php HTTP/1.1" 200 - "https://bharana.akalacademy.ac.in/cbse-corner.php" "Mozilla/5.0+(compatible; UptimeRobot/2.0; http://www.uptimerobot.com/)"
66.249.79.128 - - [25/Nov/2024:05:19:55 -0700] "GET /bet/uaujko/ HTTP/1.1" 200 94 "-" "Mozilla/5.0 (compatible; Googlebot/2.1; +http://www.google.com/bot.html)"
40.77.167.126 - - [25/Nov/2024:05:20:10 -0700] "GET /detail/jzcfgt/files/Senior%20Secondary/ComputerSc_NewXI-min.pdf HTTP/1.1" 200 94 "-" "Mozilla/5.0 AppleWebKit/537.36 (KHTML, like Gecko; compatible; bingbot/2.0; +http://www.bing.com/bingbot.htm) Chrome/116.0.1938.76 Safari/537.36"
217.33.156.194 - - [25/Nov/2024:05:20:23 -0700] "GET /myadmin/slider/12-16-51.jpg HTTP/1.1" 200 152605 "https://www.google.com/" "Mozilla/5.0 (Windows NT 10.0; Win64; x64) AppleWebKit/537.36 (KHTML, like Gecko) Chrome/131.0.0.0 Safari/537.36 Edg/131.0.0.0"
217.33.156.194 - - [25/Nov/2024:05:20:29 -0700] "GET / HTTP/1.1" 200 94 "https://www.google.com/" "Mozilla/5.0 (Windows NT 10.0; Win64; x64) AppleWebKit/537.36 (KHTML, like Gecko) Chrome/131.0.0.0 Safari/537.36 Edg/131.0.0.0"
217.33.156.194 - - [25/Nov/2024:05:20:30 -0700] "GET /favicon.ico HTTP/1.1" 200 2622 "https://bharana.akalacademy.ac.in/" "Mozilla/5.0 (Windows NT 10.0; Win64; x64) AppleWebKit/537.36 (KHTML, like Gecko) Chrome/131.0.0.0 Safari/537.36 Edg/131.0.0.0"
66.249.79.130 - - [25/Nov/2024:05:20:41 -0700] "GET /bet/hzecxp/world-cup-champion-2014-cricket.html HTTP/1.1" 200 94 "-" "Mozilla/5.0 (compatible; Googlebot/2.1; +http://www.google.com/bot.html)"
217.33.156.194 - - [25/Nov/2024:05:20:45 -0700] "GET / HTTP/1.1" 200 94 "https://www.google.com/" "Mozilla/5.0 (Windows NT 10.0; Win64; x64) AppleWebKit/537.36 (KHTML, like Gecko) Chrome/131.0.0.0 Safari/537.36 Edg/131.0.0.0"
217.33.156.194 - - [25/Nov/2024:05:20:50 -0700] "GET /myadmin/slider/11-19-27.jpg HTTP/1.1" 200 217674 "https://www.google.com/" "Mozilla/5.0 (Windows NT 10.0; Win64; x64) AppleWebKit/537.36 (KHTML, like Gecko) Chrome/131.0.0.0 Safari/537.36 Edg/131.0.0.0"
66.249.79.130 - - [25/Nov/2024:05:21:49 -0700] "GET /news/ncimiy/ HTTP/1.1" 200 94 "-" "Mozilla/5.0 (compatible; Googlebot/2.1; +http://www.google.com/bot.html)"
40.77.167.46 - - [25/Nov/2024:05:21:58 -0700] "GET /news/ecobwc/files/Senior%20Secondary/files/Senior%20Secondary/files/I-VIII/VI-X%20Punjabi-min.pdf HTTP/1.1" 200 94 "-" "Mozilla/5.0 AppleWebKit/537.36 (KHTML, like Gecko; compatible; bingbot/2.0; +http://www.bing.com/bingbot.htm) Chrome/116.0.1938.76 Safari/537.36"
66.249.79.129 - - [25/Nov/2024:05:21:59 -0700] "GET /news/palmjs/ HTTP/1.1" 200 94 "-" "Mozilla/5.0 (compatible; Googlebot/2.1; +http://www.google.com/bot.html)"
66.249.79.128 - - [25/Nov/2024:05:22:31 -0700] "GET /news/okzdlc/ HTTP/1.1" 200 94 "-" "Mozilla/5.0 (compatible; Googlebot/2.1; +http://www.google.com/bot.html)"
66.249.79.129 - - [25/Nov/2024:05:22:39 -0700] "GET /news/zjfnbt/icc-world-cup-no-of-teams-2019.html HTTP/1.1" 200 94 "-" "Mozilla/5.0 (compatible; Googlebot/2.1; +http://www.google.com/bot.html)"
66.249.79.130 - - [25/Nov/2024:05:23:41 -0700] "GET /detail/?enlkam/ HTTP/1.1" 200 94 "-" "Mozilla/5.0 (compatible; Googlebot/2.1; +http://www.google.com/bot.html)"
66.249.79.130 - - [25/Nov/2024:05:24:02 -0700] "GET /news/icrgzm/mobile-games-on-pc.html HTTP/1.1" 200 94 "-" "Mozilla/5.0 (compatible; Googlebot/2.1; +http://www.google.com/bot.html)"
69.162.124.238 - - [25/Nov/2024:05:24:54 -0700] "HEAD /cbse-corner.php HTTP/1.1" 200 - "https://bharana.akalacademy.ac.in/cbse-corner.php" "Mozilla/5.0+(compatible; UptimeRobot/2.0; http://www.uptimerobot.com/)"
66.249.79.130 - - [25/Nov/2024:05:25:03 -0700] "GET /bet/quucre/ HTTP/1.1" 200 94 "-" "Mozilla/5.0 (compatible; Googlebot/2.1; +http://www.google.com/bot.html)"
52.167.144.218 - - [25/Nov/2024:05:25:12 -0700] "GET /detail/mtrcnc/files/Secondary/files/Senior%20Secondary/PhysicalEducation-min.pdf HTTP/1.1" 200 94 "-" "Mozilla/5.0 AppleWebKit/537.36 (KHTML, like Gecko; compatible; bingbot/2.0; +http://www.bing.com/bingbot.htm) Chrome/116.0.1938.76 Safari/537.36"
66.249.79.128 - - [25/Nov/2024:05:25:27 -0700] "GET /news/tacxuf/ HTTP/1.1" 200 94 "-" "Mozilla/5.0 (compatible; Googlebot/2.1; +http://www.google.com/bot.html)"
66.249.79.129 - - [25/Nov/2024:05:26:15 -0700] "GET /detail/gjftfs/ HTTP/1.1" 200 94 "-" "Mozilla/5.0 (compatible; Googlebot/2.1; +http://www.google.com/bot.html)"
66.249.79.128 - - [25/Nov/2024:05:26:28 -0700] "GET /detail/ywurtm/pmp-class.html HTTP/1.1" 200 94 "-" "Mozilla/5.0 (compatible; Googlebot/2.1; +http://www.google.com/bot.html)"
66.249.79.128 - - [25/Nov/2024:05:27:35 -0700] "GET /bet/xmzshm/ea-sports-cricket-2004-game-password.html HTTP/1.1" 200 94 "-" "Mozilla/5.0 (compatible; Googlebot/2.1; +http://www.google.com/bot.html)"
66.249.79.129 - - [25/Nov/2024:05:27:39 -0700] "GET /detail/xllhwo/ HTTP/1.1" 200 94 "-" "Mozilla/5.0 (compatible; Googlebot/2.1; +http://www.google.com/bot.html)"
66.249.79.128 - - [25/Nov/2024:05:27:52 -0700] "GET /news/yeqwnb/1930-world-cup-final-last-goal.html HTTP/1.1" 200 94 "-" "Mozilla/5.0 (compatible; Googlebot/2.1; +http://www.google.com/bot.html)"
66.249.79.130 - - [25/Nov/2024:05:28:32 -0700] "GET /detail/etfvid/world-record-for-highest-t20-scores.html HTTP/1.1" 200 94 "-" "Mozilla/5.0 (compatible; Googlebot/2.1; +http://www.google.com/bot.html)"
66.249.79.129 - - [25/Nov/2024:05:29:38 -0700] "GET /news/bhpfpq/ HTTP/1.1" 200 94 "-" "Mozilla/5.0 (compatible; Googlebot/2.1; +http://www.google.com/bot.html)"
66.249.79.128 - - [25/Nov/2024:05:29:50 -0700] "GET /detail/gkluvf/ HTTP/1.1" 200 94 "-" "Mozilla/5.0 (compatible; Googlebot/2.1; +http://www.google.com/bot.html)"
69.162.124.238 - - [25/Nov/2024:05:29:54 -0700] "HEAD /cbse-corner.php HTTP/1.1" 200 - "https://bharana.akalacademy.ac.in/cbse-corner.php" "Mozilla/5.0+(compatible; UptimeRobot/2.0; http://www.uptimerobot.com/)"
66.249.79.129 - - [25/Nov/2024:05:30:57 -0700] "GET /news/utncff/chahar-indian-cricketer.html HTTP/1.1" 200 94 "-" "Mozilla/5.0 (compatible; Googlebot/2.1; +http://www.google.com/bot.html)"
66.249.79.130 - - [25/Nov/2024:05:31:22 -0700] "GET /bet/rdnigg/ HTTP/1.1" 200 94 "-" "Mozilla/5.0 (compatible; Googlebot/2.1; +http://www.google.com/bot.html)"
66.249.79.129 - - [25/Nov/2024:05:31:46 -0700] "GET /detail/?tbcghl/top-poker-players.html HTTP/1.1" 200 94 "-" "Mozilla/5.0 (compatible; Googlebot/2.1; +http://www.google.com/bot.html)"
213.180.203.59 - - [25/Nov/2024:05:31:56 -0700] "GET /robots.txt HTTP/1.1" 200 94 "-" "Mozilla/5.0 (compatible; YandexBot/3.0; +http://yandex.com/bots)"
95.108.213.107 - - [25/Nov/2024:05:31:57 -0700] "GET /files/Senior%20Secondary/files/Secondary/files/IX-X/files/I-VIII/English%20%20(VI%20-%20VIII)-min.pdf HTTP/1.1" 200 94 "-" "Mozilla/5.0 (compatible; YandexBot/3.0; +http://yandex.com/bots)"
66.249.79.129 - - [25/Nov/2024:05:33:00 -0700] "GET /bet/mbfowy/ HTTP/1.1" 200 94 "-" "Mozilla/5.0 (compatible; Googlebot/2.1; +http://www.google.com/bot.html)"
52.167.144.189 - - [25/Nov/2024:05:33:40 -0700] "GET /news/ecobwc/files/Senior%20Secondary/files/Secondary/pedagogy.php HTTP/1.1" 200 94 "-" "Mozilla/5.0 AppleWebKit/537.36 (KHTML, like Gecko; compatible; bingbot/2.0; +http://www.bing.com/bingbot.htm) Chrome/116.0.1938.76 Safari/537.36"
66.249.79.128 - - [25/Nov/2024:05:33:56 -0700] "GET /news/?nhqgxm/todya-ipl-live-score.html HTTP/1.1" 200 94 "-" "Mozilla/5.0 (compatible; Googlebot/2.1; +http://www.google.com/bot.html)"
69.162.124.238 - - [25/Nov/2024:05:34:54 -0700] "HEAD /cbse-corner.php HTTP/1.1" 200 - "https://bharana.akalacademy.ac.in/cbse-corner.php" "Mozilla/5.0+(compatible; UptimeRobot/2.0; http://www.uptimerobot.com/)"
66.249.79.128 - - [25/Nov/2024:05:36:58 -0700] "GET /bet/qepurs/ HTTP/1.1" 200 94 "-" "Mozilla/5.0 (compatible; Googlebot/2.1; +http://www.google.com/bot.html)"
66.249.79.130 - - [25/Nov/2024:05:37:13 -0700] "GET /bet/bayodt/ HTTP/1.1" 200 94 "-" "Mozilla/5.0 (compatible; Googlebot/2.1; +http://www.google.com/bot.html)"
66.249.79.128 - - [25/Nov/2024:05:37:31 -0700] "GET /news/ezehge/ HTTP/1.1" 200 94 "-" "Mozilla/5.0 (compatible; Googlebot/2.1; +http://www.google.com/bot.html)"
52.167.144.189 - - [25/Nov/2024:05:38:01 -0700] "GET /news/ecobwc/files/Senior%20Secondary/files/Secondary/files/Senior%20Secondary/ComputerSc_NewXII-min.pdf HTTP/1.1" 200 94 "-" "Mozilla/5.0 AppleWebKit/537.36 (KHTML, like Gecko; compatible; bingbot/2.0; +http://www.bing.com/bingbot.htm) Chrome/116.0.1938.76 Safari/537.36"
66.249.79.128 - - [25/Nov/2024:05:38:27 -0700] "GET /detail/uqelnm/masters-par-3-odds.html HTTP/1.1" 200 94 "-" "Mozilla/5.0 (compatible; Googlebot/2.1; +http://www.google.com/bot.html)"
66.249.79.129 - - [25/Nov/2024:05:38:28 -0700] "GET /detail/taantx/ HTTP/1.1" 200 94 "-" "Mozilla/5.0 (compatible; Googlebot/2.1; +http://www.google.com/bot.html)"
66.249.79.128 - - [25/Nov/2024:05:38:37 -0700] "GET /detail/?dcrggm/ HTTP/1.1" 200 94 "-" "Mozilla/5.0 (compatible; Googlebot/2.1; +http://www.google.com/bot.html)"
66.249.79.129 - - [25/Nov/2024:05:38:38 -0700] "GET /news/xwrjoo/vortexbladeless.html HTTP/1.1" 200 94 "-" "Mozilla/5.0 (compatible; Googlebot/2.1; +http://www.google.com/bot.html)"
66.249.79.128 - - [25/Nov/2024:05:38:43 -0700] "GET /bet/odaeku/ HTTP/1.1" 200 94 "-" "Mozilla/5.0 (compatible; Googlebot/2.1; +http://www.google.com/bot.html)"
40.77.167.30 - - [25/Nov/2024:05:38:49 -0700] "GET /news/ecobwc/files/I-VIII/files/IX-X/files/I-VIII/English%20%20(VI%20-%20VIII)-min.pdf HTTP/1.1" 200 94 "-" "Mozilla/5.0 AppleWebKit/537.36 (KHTML, like Gecko; compatible; bingbot/2.0; +http://www.bing.com/bingbot.htm) Chrome/116.0.1938.76 Safari/537.36"
40.77.167.30 - - [25/Nov/2024:05:38:53 -0700] "GET /news/ecobwc/files/Secondary/files/Secondary/files/IX-X/result.php HTTP/1.1" 200 94 "-" "Mozilla/5.0 AppleWebKit/537.36 (KHTML, like Gecko; compatible; bingbot/2.0; +http://www.bing.com/bingbot.htm) Chrome/116.0.1938.76 Safari/537.36"
66.249.79.128 - - [25/Nov/2024:05:39:27 -0700] "GET /bet/wiiryv/2022-t20-world-cup-date-and-time.html HTTP/1.1" 200 94 "-" "Mozilla/5.0 (compatible; Googlebot/2.1; +http://www.google.com/bot.html)"
66.249.79.128 - - [25/Nov/2024:05:39:51 -0700] "GET /bet/aecpob/ HTTP/1.1" 200 94 "-" "Mozilla/5.0 (compatible; Googlebot/2.1; +http://www.google.com/bot.html)"
69.162.124.238 - - [25/Nov/2024:05:39:54 -0700] "HEAD /cbse-corner.php HTTP/1.1" 200 - "https://bharana.akalacademy.ac.in/cbse-corner.php" "Mozilla/5.0+(compatible; UptimeRobot/2.0; http://www.uptimerobot.com/)"
66.249.79.128 - - [25/Nov/2024:05:39:55 -0700] "GET /news/fnckfq/ HTTP/1.1" 200 94 "-" "Mozilla/5.0 (compatible; Googlebot/2.1; +http://www.google.com/bot.html)"
66.249.79.130 - - [25/Nov/2024:05:40:18 -0700] "GET /bet/esqeqi/ HTTP/1.1" 200 94 "-" "Mozilla/5.0 (compatible; Googlebot/2.1; +http://www.google.com/bot.html)"
66.249.79.129 - - [25/Nov/2024:05:41:08 -0700] "GET /detail/heeifx/ HTTP/1.1" 200 94 "-" "Mozilla/5.0 (compatible; Googlebot/2.1; +http://www.google.com/bot.html)"
66.249.79.128 - - [25/Nov/2024:05:41:14 -0700] "GET /bet/sdwsgo/ HTTP/1.1" 200 94 "-" "Mozilla/5.0 (compatible; Googlebot/2.1; +http://www.google.com/bot.html)"
66.249.79.128 - - [25/Nov/2024:05:41:16 -0700] "GET /news/ytcvho/ HTTP/1.1" 200 94 "-" "Mozilla/5.0 (compatible; Googlebot/2.1; +http://www.google.com/bot.html)"
66.249.79.128 - - [25/Nov/2024:05:41:35 -0700] "GET /bet/rmiuyr/truck-&-simulator-game-online-lay.html HTTP/1.1" 200 94 "-" "Mozilla/5.0 (compatible; Googlebot/2.1; +http://www.google.com/bot.html)"
66.249.79.128 - - [25/Nov/2024:05:41:57 -0700] "GET /bet/ofhovg/ HTTP/1.1" 200 94 "-" "Mozilla/5.0 (compatible; Googlebot/2.1; +http://www.google.com/bot.html)"
66.249.79.128 - - [25/Nov/2024:05:42:00 -0700] "GET /detail/tqgcjc/ HTTP/1.1" 200 94 "-" "Mozilla/5.0 (compatible; Googlebot/2.1; +http://www.google.com/bot.html)"
66.249.79.128 - - [25/Nov/2024:05:43:08 -0700] "GET /news/?tjdzbx/ HTTP/1.1" 200 94 "-" "Mozilla/5.0 (compatible; Googlebot/2.1; +http://www.google.com/bot.html)"
66.249.79.129 - - [25/Nov/2024:05:43:12 -0700] "GET /detail/?sdemcb/bandar-casino-indonesia.html HTTP/1.1" 200 94 "-" "Mozilla/5.0 (compatible; Googlebot/2.1; +http://www.google.com/bot.html)"
66.249.79.129 - - [25/Nov/2024:05:44:00 -0700] "GET /news/bvmiug/ HTTP/1.1" 200 94 "-" "Mozilla/5.0 (compatible; Googlebot/2.1; +http://www.google.com/bot.html)"
66.249.79.130 - - [25/Nov/2024:05:45:07 -0700] "GET /news/?vaetgo/game-rummy-circle-Medium.html HTTP/1.1" 200 94 "-" "Mozilla/5.0 (compatible; Googlebot/2.1; +http://www.google.com/bot.html)"
66.249.79.128 - - [25/Nov/2024:05:45:22 -0700] "GET /bet/zlcaux/ HTTP/1.1" 200 94 "-" "Mozilla/5.0 (compatible; Googlebot/2.1; +http://www.google.com/bot.html)"
40.77.167.78 - - [25/Nov/2024:05:45:55 -0700] "GET /detail/aroudz/files/Secondary/files/Secondary/402-INFO_TECH_X-min.pdf HTTP/1.1" 200 94 "-" "Mozilla/5.0 AppleWebKit/537.36 (KHTML, like Gecko; compatible; bingbot/2.0; +http://www.bing.com/bingbot.htm) Chrome/116.0.1938.76 Safari/537.36"
66.249.79.128 - - [25/Nov/2024:05:46:09 -0700] "GET /news/?qtdokp/ambani-ipl-fixing.html HTTP/1.1" 200 94 "-" "Mozilla/5.0 (compatible; Googlebot/2.1; +http://www.google.com/bot.html)"
66.249.79.129 - - [25/Nov/2024:05:46:15 -0700] "GET /detail/iyxpaz/ HTTP/1.1" 200 94 "-" "Mozilla/5.0 (compatible; Googlebot/2.1; +http://www.google.com/bot.html)"
66.249.79.128 - - [25/Nov/2024:05:46:36 -0700] "GET /detail/oalrbf/ HTTP/1.1" 200 94 "-" "Mozilla/5.0 (compatible; Googlebot/2.1; +http://www.google.com/bot.html)"
66.249.79.128 - - [25/Nov/2024:05:47:15 -0700] "GET /news/cfwrgs/ HTTP/1.1" 200 94 "-" "Mozilla/5.0 (compatible; Googlebot/2.1; +http://www.google.com/bot.html)"
40.77.167.78 - - [25/Nov/2024:05:47:55 -0700] "GET /news/erghcc/files/Secondary/files/Secondary/417-IX-min.pdf HTTP/1.1" 200 94 "-" "Mozilla/5.0 AppleWebKit/537.36 (KHTML, like Gecko; compatible; bingbot/2.0; +http://www.bing.com/bingbot.htm) Chrome/116.0.1938.76 Safari/537.36"
66.249.79.129 - - [25/Nov/2024:05:48:12 -0700] "GET /detail/?qcaufe/ HTTP/1.1" 200 94 "-" "Mozilla/5.0 (compatible; Googlebot/2.1; +http://www.google.com/bot.html)"
40.77.167.7 - - [25/Nov/2024:05:49:05 -0700] "GET /news/bznltr/files/Senior%20Secondary/files/Secondary/Science_Sec_2019-20-min.pdf HTTP/1.1" 200 94 "-" "Mozilla/5.0 AppleWebKit/537.36 (KHTML, like Gecko; compatible; bingbot/2.0; +http://www.bing.com/bingbot.htm) Chrome/116.0.1938.76 Safari/537.36"
66.249.79.130 - - [25/Nov/2024:05:50:11 -0700] "GET /bet/?awnwtc/who-won-first-t20-world-cup-cricket.html HTTP/1.1" 200 94 "-" "Mozilla/5.0 (compatible; Googlebot/2.1; +http://www.google.com/bot.html)"
66.249.79.129 - - [25/Nov/2024:05:50:12 -0700] "GET /detail/ezrbug/how-to-play-connect-4-card-game.html HTTP/1.1" 200 94 "-" "Mozilla/5.0 (compatible; Googlebot/2.1; +http://www.google.com/bot.html)"
66.249.79.129 - - [25/Nov/2024:05:50:15 -0700] "GET /detail/?gtvexx/slots-deposit-bonus-no-wagering.html HTTP/1.1" 200 94 "-" "Mozilla/5.0 (compatible; Googlebot/2.1; +http://www.google.com/bot.html)"
213.180.203.244 - - [25/Nov/2024:05:50:32 -0700] "GET /files/Senior%20Secondary/files/Secondary/files/Senior%20Secondary/Accountancy-min.pdf HTTP/1.1" 200 94 "-" "Mozilla/5.0 (compatible; YandexBot/3.0; +http://yandex.com/bots)"
69.162.124.238 - - [25/Nov/2024:05:50:33 -0700] "HEAD /cbse-corner.php HTTP/1.1" 200 - "https://bharana.akalacademy.ac.in/cbse-corner.php" "Mozilla/5.0+(compatible; UptimeRobot/2.0; http://www.uptimerobot.com/)"
66.249.79.130 - - [25/Nov/2024:05:52:26 -0700] "GET /detail/kkfgce/ HTTP/1.1" 200 94 "-" "Mozilla/5.0 (compatible; Googlebot/2.1; +http://www.google.com/bot.html)"
66.249.79.128 - - [25/Nov/2024:05:52:42 -0700] "GET /news/qqcvud/harrah's-casino-in-temecula.html HTTP/1.1" 200 94 "-" "Mozilla/5.0 (compatible; Googlebot/2.1; +http://www.google.com/bot.html)"
52.167.144.177 - - [25/Nov/2024:05:52:43 -0700] "GET /news/ecobwc/files/Senior%20Secondary/files/Secondary/files/IX-X/Grade%20(XII)-min.pdf HTTP/1.1" 200 94 "-" "Mozilla/5.0 AppleWebKit/537.36 (KHTML, like Gecko; compatible; bingbot/2.0; +http://www.bing.com/bingbot.htm) Chrome/116.0.1938.76 Safari/537.36"
52.167.144.177 - - [25/Nov/2024:05:53:43 -0700] "GET /news/ecobwc/files/Secondary/files/IX-X/files/Senior%20Secondary/index.php HTTP/1.1" 200 94 "-" "Mozilla/5.0 AppleWebKit/537.36 (KHTML, like Gecko; compatible; bingbot/2.0; +http://www.bing.com/bingbot.htm) Chrome/116.0.1938.76 Safari/537.36"
66.249.79.129 - - [25/Nov/2024:05:53:49 -0700] "GET /bet/nakocd/ HTTP/1.1" 200 94 "-" "Mozilla/5.0 (compatible; Googlebot/2.1; +http://www.google.com/bot.html)"
52.167.144.25 - - [25/Nov/2024:05:54:01 -0700] "GET /news/ecobwc/files/I-VIII/files/IX-X/files/Senior%20Secondary/Mathematics-min.pdf HTTP/1.1" 200 94 "-" "Mozilla/5.0 AppleWebKit/537.36 (KHTML, like Gecko; compatible; bingbot/2.0; +http://www.bing.com/bingbot.htm) Chrome/116.0.1938.76 Safari/537.36"
40.77.167.78 - - [25/Nov/2024:05:54:05 -0700] "GET /news/ecobwc/files/Senior%20Secondary/files/Secondary/files/Secondary/Hindi_B_sec%202019-20-min.pdf HTTP/1.1" 200 94 "-" "Mozilla/5.0 AppleWebKit/537.36 (KHTML, like Gecko; compatible; bingbot/2.0; +http://www.bing.com/bingbot.htm) Chrome/116.0.1938.76 Safari/537.36"
69.162.124.238 - - [25/Nov/2024:05:55:33 -0700] "HEAD /cbse-corner.php HTTP/1.1" 200 - "https://bharana.akalacademy.ac.in/cbse-corner.php" "Mozilla/5.0+(compatible; UptimeRobot/2.0; http://www.uptimerobot.com/)"
66.249.79.129 - - [25/Nov/2024:05:56:02 -0700] "GET /news/svqhjo/ HTTP/1.1" 200 94 "-" "Mozilla/5.0 (compatible; Googlebot/2.1; +http://www.google.com/bot.html)"
52.167.144.160 - - [25/Nov/2024:05:56:11 -0700] "GET /news/ecobwc/files/I-VIII/files/IX-X/files/Secondary/Science_Sec_2019-20-min.pdf HTTP/1.1" 200 94 "-" "Mozilla/5.0 AppleWebKit/537.36 (KHTML, like Gecko; compatible; bingbot/2.0; +http://www.bing.com/bingbot.htm) Chrome/116.0.1938.76 Safari/537.36"
66.249.79.128 - - [25/Nov/2024:05:56:11 -0700] "GET /news/dxiwrs/cricket-zine-t20-blast.html HTTP/1.1" 200 94 "-" "Mozilla/5.0 (compatible; Googlebot/2.1; +http://www.google.com/bot.html)"
66.249.79.129 - - [25/Nov/2024:05:56:14 -0700] "GET /bet/bgyqpc/delhi-capital-captaim.html HTTP/1.1" 200 94 "-" "Mozilla/5.0 (compatible; Googlebot/2.1; +http://www.google.com/bot.html)"
66.249.79.128 - - [25/Nov/2024:05:56:43 -0700] "GET /bet/?fowajo/ HTTP/1.1" 200 94 "-" "Mozilla/5.0 (compatible; Googlebot/2.1; +http://www.google.com/bot.html)"
52.167.144.177 - - [25/Nov/2024:05:56:44 -0700] "GET /news/ecobwc/files/Secondary/files/IX-X/files/I-VIII/files/Senior%20Secondary/PhysicalEducation-min.pdf HTTP/1.1" 200 94 "-" "Mozilla/5.0 AppleWebKit/537.36 (KHTML, like Gecko; compatible; bingbot/2.0; +http://www.bing.com/bingbot.htm) Chrome/116.0.1938.76 Safari/537.36"
66.249.79.128 - - [25/Nov/2024:05:56:53 -0700] "GET /bet/jllmal/advertisement-of-pro-kabaddi-yash.html HTTP/1.1" 200 94 "-" "Mozilla/5.0 (compatible; Googlebot/2.1; +http://www.google.com/bot.html)"
66.249.79.129 - - [25/Nov/2024:05:57:03 -0700] "GET /detail/gfweuw/probability-casino-games.html HTTP/1.1" 200 94 "-" "Mozilla/5.0 (compatible; Googlebot/2.1; +http://www.google.com/bot.html)"
66.249.79.130 - - [25/Nov/2024:05:57:06 -0700] "GET /news/?leuwvy/icc-network-corporate-office.html HTTP/1.1" 200 94 "-" "Mozilla/5.0 (compatible; Googlebot/2.1; +http://www.google.com/bot.html)"
52.167.144.181 - - [25/Nov/2024:05:57:07 -0700] "GET /news/ecobwc/files/I-VIII/files/IX-X/files/Senior%20Secondary/History-min.pdf HTTP/1.1" 200 94 "-" "Mozilla/5.0 AppleWebKit/537.36 (KHTML, like Gecko; compatible; bingbot/2.0; +http://www.bing.com/bingbot.htm) Chrome/116.0.1938.76 Safari/537.36"
66.249.79.129 - - [25/Nov/2024:05:57:30 -0700] "GET /news/?aghcjf/sporting-bets.html HTTP/1.1" 200 94 "-" "Mozilla/5.0 (compatible; Googlebot/2.1; +http://www.google.com/bot.html)"
66.249.79.130 - - [25/Nov/2024:05:58:09 -0700] "GET /detail/yicuro/ HTTP/1.1" 200 94 "-" "Mozilla/5.0 (compatible; Googlebot/2.1; +http://www.google.com/bot.html)"
5.255.231.128 - - [25/Nov/2024:05:58:13 -0700] "GET /surabaya/files/Secondary/ART_EDUCATION-min.pdf HTTP/1.1" 200 94 "-" "Mozilla/5.0 (compatible; YandexBot/3.0; +http://yandex.com/bots)"
66.249.79.128 - - [25/Nov/2024:05:59:14 -0700] "GET /news/yiupxo/ HTTP/1.1" 200 94 "-" "Mozilla/5.0 (compatible; Googlebot/2.1; +http://www.google.com/bot.html)"
69.162.124.238 - - [25/Nov/2024:06:00:34 -0700] "HEAD /cbse-corner.php HTTP/1.1" 200 - "https://bharana.akalacademy.ac.in/cbse-corner.php" "Mozilla/5.0+(compatible; UptimeRobot/2.0; http://www.uptimerobot.com/)"
52.167.144.177 - - [25/Nov/2024:06:00:35 -0700] "GET /news/ecobwc/files/Senior%20Secondary/files/Secondary/shining-star.php HTTP/1.1" 200 94 "-" "Mozilla/5.0 AppleWebKit/537.36 (KHTML, like Gecko; compatible; bingbot/2.0; +http://www.bing.com/bingbot.htm) Chrome/116.0.1938.76 Safari/537.36"
52.167.144.177 - - [25/Nov/2024:06:00:36 -0700] "GET /news/ecobwc/files/Senior%20Secondary/files/IX-X/files/Secondary/Intitial_pages_srsec_2019-20-min.pdf HTTP/1.1" 200 94 "-" "Mozilla/5.0 AppleWebKit/537.36 (KHTML, like Gecko; compatible; bingbot/2.0; +http://www.bing.com/bingbot.htm) Chrome/116.0.1938.76 Safari/537.36"
66.249.79.129 - - [25/Nov/2024:06:01:29 -0700] "GET /news/nuixey/green-zone-unibet.html HTTP/1.1" 200 94 "-" "Mozilla/5.0 (compatible; Googlebot/2.1; +http://www.google.com/bot.html)"
66.249.79.128 - - [25/Nov/2024:06:01:35 -0700] "GET /bet/qsgevh/t20-world-cup-game-free-download-for-pc.html HTTP/1.1" 200 94 "-" "Mozilla/5.0 (compatible; Googlebot/2.1; +http://www.google.com/bot.html)"
66.249.79.130 - - [25/Nov/2024:06:03:08 -0700] "GET /news/kfwgvu/garena-free-fire-booyah-day.html HTTP/1.1" 200 94 "-" "Mozilla/5.0 (compatible; Googlebot/2.1; +http://www.google.com/bot.html)"
66.249.79.128 - - [25/Nov/2024:06:03:15 -0700] "GET /detail/vhknbi/ HTTP/1.1" 200 94 "-" "Mozilla/5.0 (compatible; Googlebot/2.1; +http://www.google.com/bot.html)"
66.249.79.128 - - [25/Nov/2024:06:03:26 -0700] "GET /detail/qabuyp/ HTTP/1.1" 200 94 "-" "Mozilla/5.0 (compatible; Googlebot/2.1; +http://www.google.com/bot.html)"
66.249.79.128 - - [25/Nov/2024:06:03:27 -0700] "GET /bet/?pnojff/ HTTP/1.1" 200 94 "-" "Mozilla/5.0 (compatible; Googlebot/2.1; +http://www.google.com/bot.html)"
213.180.203.47 - - [25/Nov/2024:06:03:42 -0700] "GET /robots.txt HTTP/1.1" 200 94 "-" "Mozilla/5.0 (compatible; YandexBot/3.0; +http://yandex.com/bots)"
5.255.231.12 - - [25/Nov/2024:06:03:45 -0700] "GET /files/Senior%20Secondary/files/Secondary/files/I-VIII/files/Secondary/Mathematics_Sec_2019-20-min.pdf HTTP/1.1" 200 94 "-" "Mozilla/5.0 (compatible; YandexBot/3.0; +http://yandex.com/bots)"
66.249.79.128 - - [25/Nov/2024:06:04:10 -0700] "GET /bet/rbjnkk/blind-cricket-world-cup-2017-results.html HTTP/1.1" 200 94 "-" "Mozilla/5.0 (compatible; Googlebot/2.1; +http://www.google.com/bot.html)"
52.167.144.204 - - [25/Nov/2024:06:05:06 -0700] "GET /news/ecobwc/files/Secondary/files/IX-X/files/I-VIII/files/Senior%20Secondary/ComputerSc_NewXII-min.pdf HTTP/1.1" 200 94 "-" "Mozilla/5.0 AppleWebKit/537.36 (KHTML, like Gecko; compatible; bingbot/2.0; +http://www.bing.com/bingbot.htm) Chrome/116.0.1938.76 Safari/537.36"
66.249.79.129 - - [25/Nov/2024:06:05:19 -0700] "GET /news/nndyhx/casino-buttons-psd.html HTTP/1.1" 200 94 "-" "Mozilla/5.0 (compatible; Googlebot/2.1; +http://www.google.com/bot.html)"
66.249.79.129 - - [25/Nov/2024:06:05:32 -0700] "GET /news/weqarb/ HTTP/1.1" 200 94 "-" "Mozilla/5.0 (compatible; Googlebot/2.1; +http://www.google.com/bot.html)"
69.162.124.238 - - [25/Nov/2024:06:05:33 -0700] "HEAD /cbse-corner.php HTTP/1.1" 200 - "https://bharana.akalacademy.ac.in/cbse-corner.php" "Mozilla/5.0+(compatible; UptimeRobot/2.0; http://www.uptimerobot.com/)"
66.249.79.128 - - [25/Nov/2024:06:05:58 -0700] "GET /news/nvhezc/football-game-stats-today.html HTTP/1.1" 200 94 "-" "Mozilla/5.0 (compatible; Googlebot/2.1; +http://www.google.com/bot.html)"
66.249.79.129 - - [25/Nov/2024:06:06:04 -0700] "GET /news/svwckv/ HTTP/1.1" 200 94 "-" "Mozilla/5.0 (compatible; Googlebot/2.1; +http://www.google.com/bot.html)"
66.249.79.129 - - [25/Nov/2024:06:07:28 -0700] "GET /detail/?iqpqgt/apkpure-cricket-games.html HTTP/1.1" 200 94 "-" "Mozilla/5.0 (compatible; Googlebot/2.1; +http://www.google.com/bot.html)"
66.249.79.129 - - [25/Nov/2024:06:07:33 -0700] "GET /bet/pxiesr/odds-on-nascar-race-this-weekend.html HTTP/1.1" 200 94 "-" "Mozilla/5.0 (compatible; Googlebot/2.1; +http://www.google.com/bot.html)"
66.249.79.128 - - [25/Nov/2024:06:07:47 -0700] "GET /news/citthe/ HTTP/1.1" 200 94 "-" "Mozilla/5.0 (compatible; Googlebot/2.1; +http://www.google.com/bot.html)"
52.167.144.203 - - [25/Nov/2024:06:08:41 -0700] "GET /news/ecobwc/files/IX-X/files/I-VIII/files/Secondary/Punjabi_Sec_2019-20-min.pdf HTTP/1.1" 200 94 "-" "Mozilla/5.0 AppleWebKit/537.36 (KHTML, like Gecko; compatible; bingbot/2.0; +http://www.bing.com/bingbot.htm) Chrome/116.0.1938.76 Safari/537.36"
52.167.144.204 - - [25/Nov/2024:06:08:56 -0700] "GET /news/ecobwc/files/Senior%20Secondary/files/IX-X/files/Secondary/English_Sec_2019-20-min.pdf HTTP/1.1" 200 94 "-" "Mozilla/5.0 AppleWebKit/537.36 (KHTML, like Gecko; compatible; bingbot/2.0; +http://www.bing.com/bingbot.htm) Chrome/116.0.1938.76 Safari/537.36"
66.249.79.130 - - [25/Nov/2024:06:09:17 -0700] "GET /news/wklwlo/ HTTP/1.1" 200 94 "-" "Mozilla/5.0 (compatible; Googlebot/2.1; +http://www.google.com/bot.html)"
66.249.79.129 - - [25/Nov/2024:06:09:29 -0700] "GET /detail/ruishy/ HTTP/1.1" 200 94 "-" "Mozilla/5.0 (compatible; Googlebot/2.1; +http://www.google.com/bot.html)"
66.249.79.128 - - [25/Nov/2024:06:09:34 -0700] "GET /detail/wbusgh/biggest-onlne-casino-group-in-the-worls.html HTTP/1.1" 200 94 "-" "Mozilla/5.0 (compatible; Googlebot/2.1; +http://www.google.com/bot.html)"
69.162.124.238 - - [25/Nov/2024:06:10:33 -0700] "HEAD /cbse-corner.php HTTP/1.1" 200 - "https://bharana.akalacademy.ac.in/cbse-corner.php" "Mozilla/5.0+(compatible; UptimeRobot/2.0; http://www.uptimerobot.com/)"
66.249.79.128 - - [25/Nov/2024:06:11:02 -0700] "GET /news/?xmjaqj/ HTTP/1.1" 200 94 "-" "Mozilla/5.0 (compatible; Googlebot/2.1; +http://www.google.com/bot.html)"
66.249.79.129 - - [25/Nov/2024:06:11:12 -0700] "GET /news/lmwvzw/kolkata-knight-riders-19-players.html HTTP/1.1" 200 94 "-" "Mozilla/5.0 (compatible; Googlebot/2.1; +http://www.google.com/bot.html)"
66.249.79.128 - - [25/Nov/2024:06:12:52 -0700] "GET /bet/wzqspe/ HTTP/1.1" 200 94 "-" "Mozilla/5.0 (compatible; Googlebot/2.1; +http://www.google.com/bot.html)"
52.167.144.206 - - [25/Nov/2024:06:13:00 -0700] "GET /news/ecobwc/files/IX-X/files/Senior%20Secondary/files/I-VIII/files/Secondary/417-FAQ-min.pdf HTTP/1.1" 200 94 "-" "Mozilla/5.0 AppleWebKit/537.36 (KHTML, like Gecko; compatible; bingbot/2.0; +http://www.bing.com/bingbot.htm) Chrome/116.0.1938.76 Safari/537.36"
52.167.144.204 - - [25/Nov/2024:06:13:07 -0700] "GET /news/ecobwc/files/IX-X/files/Secondary/files/Senior%20Secondary/files/I-VIII/VI-X%20Hindi-min.pdf HTTP/1.1" 200 94 "-" "Mozilla/5.0 AppleWebKit/537.36 (KHTML, like Gecko; compatible; bingbot/2.0; +http://www.bing.com/bingbot.htm) Chrome/116.0.1938.76 Safari/537.36"
66.249.79.130 - - [25/Nov/2024:06:14:26 -0700] "GET /news/gzhvvs/india-vs-south-africa-today-live-t20.html HTTP/1.1" 200 94 "-" "Mozilla/5.0 (compatible; Googlebot/2.1; +http://www.google.com/bot.html)"
66.249.79.129 - - [25/Nov/2024:06:15:04 -0700] "GET /detail/jurodv/ HTTP/1.1" 200 94 "-" "Mozilla/5.0 (compatible; Googlebot/2.1; +http://www.google.com/bot.html)"
52.167.144.184 - - [25/Nov/2024:06:15:09 -0700] "GET /detail/twezoj/files/IX-X/files/Senior%20Secondary/Biology-min.pdf HTTP/1.1" 200 94 "-" "Mozilla/5.0 AppleWebKit/537.36 (KHTML, like Gecko; compatible; bingbot/2.0; +http://www.bing.com/bingbot.htm) Chrome/116.0.1938.76 Safari/537.36"
69.162.124.238 - - [25/Nov/2024:06:15:33 -0700] "HEAD /cbse-corner.php HTTP/1.1" 200 - "https://bharana.akalacademy.ac.in/cbse-corner.php" "Mozilla/5.0+(compatible; UptimeRobot/2.0; http://www.uptimerobot.com/)"
52.167.144.203 - - [25/Nov/2024:06:16:55 -0700] "GET /detail/dhkfcl/theschool.php HTTP/1.1" 200 94 "-" "Mozilla/5.0 AppleWebKit/537.36 (KHTML, like Gecko; compatible; bingbot/2.0; +http://www.bing.com/bingbot.htm) Chrome/116.0.1938.76 Safari/537.36"
66.249.79.129 - - [25/Nov/2024:06:17:32 -0700] "GET /news/blixlr/score-in-ipl-2019.html HTTP/1.1" 200 94 "-" "Mozilla/5.0 (compatible; Googlebot/2.1; +http://www.google.com/bot.html)"
52.167.144.186 - - [25/Nov/2024:06:18:33 -0700] "GET /news/ecobwc/files/IX-X/files/Senior%20Secondary/files/I-VIII/files/Secondary/Social_Science_Sec_2019-20-min.pdf HTTP/1.1" 200 94 "-" "Mozilla/5.0 AppleWebKit/537.36 (KHTML, like Gecko; compatible; bingbot/2.0; +http://www.bing.com/bingbot.htm) Chrome/116.0.1938.76 Safari/537.36"
52.167.144.186 - - [25/Nov/2024:06:19:32 -0700] "GET /news/ecobwc/files/Senior%20Secondary/files/Senior%20Secondary/result.php HTTP/1.1" 200 94 "-" "Mozilla/5.0 AppleWebKit/537.36 (KHTML, like Gecko; compatible; bingbot/2.0; +http://www.bing.com/bingbot.htm) Chrome/116.0.1938.76 Safari/537.36"
66.249.79.128 - - [25/Nov/2024:06:19:44 -0700] "GET /news/bbyqdm/ HTTP/1.1" 200 94 "-" "Mozilla/5.0 (compatible; Googlebot/2.1; +http://www.google.com/bot.html)"
66.249.79.128 - - [25/Nov/2024:06:20:21 -0700] "GET /news/bvauaa/ HTTP/1.1" 200 94 "-" "Mozilla/5.0 (compatible; Googlebot/2.1; +http://www.google.com/bot.html)"
69.162.124.238 - - [25/Nov/2024:06:20:34 -0700] "HEAD /cbse-corner.php HTTP/1.1" 200 - "https://bharana.akalacademy.ac.in/cbse-corner.php" "Mozilla/5.0+(compatible; UptimeRobot/2.0; http://www.uptimerobot.com/)"
66.249.79.128 - - [25/Nov/2024:06:20:41 -0700] "GET /news/wxbbqy/ HTTP/1.1" 200 94 "-" "Mozilla/5.0 (compatible; Googlebot/2.1; +http://www.google.com/bot.html)"
52.167.144.184 - - [25/Nov/2024:06:22:00 -0700] "GET /detail/ogrnsf/files/Senior%20Secondary/ComputerSc_NewXII-min.pdf HTTP/1.1" 200 94 "-" "Mozilla/5.0 AppleWebKit/537.36 (KHTML, like Gecko; compatible; bingbot/2.0; +http://www.bing.com/bingbot.htm) Chrome/116.0.1938.76 Safari/537.36"
66.249.79.128 - - [25/Nov/2024:06:22:15 -0700] "GET /news/aqohur/ HTTP/1.1" 200 94 "-" "Mozilla/5.0 (compatible; Googlebot/2.1; +http://www.google.com/bot.html)"
66.249.79.130 - - [25/Nov/2024:06:22:16 -0700] "GET /bet/?xegyrh/ HTTP/1.1" 200 94 "-" "Mozilla/5.0 (compatible; Googlebot/2.1; +http://www.google.com/bot.html)"
52.167.144.184 - - [25/Nov/2024:06:22:49 -0700] "GET /news/ecobwc/files/Senior%20Secondary/files/IX-X/files/I-VIII/VI-X%20Hindi-min.pdf HTTP/1.1" 200 94 "-" "Mozilla/5.0 AppleWebKit/537.36 (KHTML, like Gecko; compatible; bingbot/2.0; +http://www.bing.com/bingbot.htm) Chrome/116.0.1938.76 Safari/537.36"
52.167.144.186 - - [25/Nov/2024:06:23:33 -0700] "GET /news/ecobwc/files/Senior%20Secondary/files/Secondary/files/I-VIII/Maths%20(I%20to%20VIII)-min.pdf HTTP/1.1" 200 94 "-" "Mozilla/5.0 AppleWebKit/537.36 (KHTML, like Gecko; compatible; bingbot/2.0; +http://www.bing.com/bingbot.htm) Chrome/116.0.1938.76 Safari/537.36"
52.167.144.186 - - [25/Nov/2024:06:23:33 -0700] "GET /news/ecobwc/files/Senior%20Secondary/files/Secondary/files/IX-X/Grade%20(IX)-min.pdf HTTP/1.1" 200 94 "-" "Mozilla/5.0 AppleWebKit/537.36 (KHTML, like Gecko; compatible; bingbot/2.0; +http://www.bing.com/bingbot.htm) Chrome/116.0.1938.76 Safari/537.36"
66.249.79.129 - - [25/Nov/2024:06:23:37 -0700] "GET /detail/fnodyd/capitals-of-india-delhi-masjid.html HTTP/1.1" 200 94 "-" "Mozilla/5.0 (compatible; Googlebot/2.1; +http://www.google.com/bot.html)"
66.249.79.128 - - [25/Nov/2024:06:24:35 -0700] "GET /detail/?sccbwo/ipl-2023-telecast-rights.html HTTP/1.1" 200 94 "-" "Mozilla/5.0 (compatible; Googlebot/2.1; +http://www.google.com/bot.html)"
66.249.79.129 - - [25/Nov/2024:06:24:40 -0700] "GET /bet/?kuvjeh/zumball-deluxe.html HTTP/1.1" 200 94 "-" "Mozilla/5.0 (compatible; Googlebot/2.1; +http://www.google.com/bot.html)"
66.249.79.128 - - [25/Nov/2024:06:24:41 -0700] "GET /bet/ylosyu/ HTTP/1.1" 200 94 "-" "Mozilla/5.0 (compatible; Googlebot/2.1; +http://www.google.com/bot.html)"
66.249.79.128 - - [25/Nov/2024:06:25:06 -0700] "GET /news/cgrudl/ HTTP/1.1" 200 94 "-" "Mozilla/5.0 (compatible; Googlebot/2.1; +http://www.google.com/bot.html)"
66.249.79.129 - - [25/Nov/2024:06:25:12 -0700] "GET /detail/dxjamw/ HTTP/1.1" 200 94 "-" "Mozilla/5.0 (compatible; Googlebot/2.1; +http://www.google.com/bot.html)"
66.249.79.128 - - [25/Nov/2024:06:25:15 -0700] "GET /detail/ofgenc/pxp3-slim-station.html HTTP/1.1" 200 94 "-" "Mozilla/5.0 (compatible; Googlebot/2.1; +http://www.google.com/bot.html)"
69.162.124.238 - - [25/Nov/2024:06:25:33 -0700] "HEAD /cbse-corner.php HTTP/1.1" 200 - "https://bharana.akalacademy.ac.in/cbse-corner.php" "Mozilla/5.0+(compatible; UptimeRobot/2.0; http://www.uptimerobot.com/)"
66.249.79.129 - - [25/Nov/2024:06:26:16 -0700] "GET /bet/?umhfnx/bet-resorts-in-chennai.html HTTP/1.1" 200 94 "-" "Mozilla/5.0 (compatible; Googlebot/2.1; +http://www.google.com/bot.html)"
66.249.79.129 - - [25/Nov/2024:06:27:48 -0700] "GET /detail/?hdhdpp/south-africa-versus-pakistan-t20.html HTTP/1.1" 200 94 "-" "Mozilla/5.0 (compatible; Googlebot/2.1; +http://www.google.com/bot.html)"
66.249.79.128 - - [25/Nov/2024:06:27:54 -0700] "GET /detail/pxnmib/icc-world-test-championship-tim-table.html HTTP/1.1" 200 94 "-" "Mozilla/5.0 (compatible; Googlebot/2.1; +http://www.google.com/bot.html)"
66.249.79.129 - - [25/Nov/2024:06:29:05 -0700] "GET /news/zgufim/diff-bet-4-core-16mm-armoured-cable.html HTTP/1.1" 200 94 "-" "Mozilla/5.0 (compatible; Googlebot/2.1; +http://www.google.com/bot.html)"
66.249.79.128 - - [25/Nov/2024:06:29:12 -0700] "GET /detail/xmcpzr/ HTTP/1.1" 200 94 "-" "Mozilla/5.0 (compatible; Googlebot/2.1; +http://www.google.com/bot.html)"
66.249.79.129 - - [25/Nov/2024:06:29:15 -0700] "GET /bet/?rpgkrp/top-spinner-cricket-game-10-overs.html HTTP/1.1" 200 94 "-" "Mozilla/5.0 (compatible; Googlebot/2.1; +http://www.google.com/bot.html)"
66.249.79.128 - - [25/Nov/2024:06:29:55 -0700] "GET /news/?eahpeu/ HTTP/1.1" 200 94 "-" "Mozilla/5.0 (compatible; Googlebot/2.1; +http://www.google.com/bot.html)"
66.249.79.130 - - [25/Nov/2024:06:30:04 -0700] "GET /bet/mwabwj/town-games-online.html HTTP/1.1" 200 94 "-" "Mozilla/5.0 (compatible; Googlebot/2.1; +http://www.google.com/bot.html)"
69.162.124.238 - - [25/Nov/2024:06:30:33 -0700] "HEAD /cbse-corner.php HTTP/1.1" 200 - "https://bharana.akalacademy.ac.in/cbse-corner.php" "Mozilla/5.0+(compatible; UptimeRobot/2.0; http://www.uptimerobot.com/)"
66.249.79.129 - - [25/Nov/2024:06:30:51 -0700] "GET /news/wceide/ HTTP/1.1" 200 94 "-" "Mozilla/5.0 (compatible; Googlebot/2.1; +http://www.google.com/bot.html)"
66.249.79.128 - - [25/Nov/2024:06:31:34 -0700] "GET /news/qezfri/ HTTP/1.1" 200 94 "-" "Mozilla/5.0 (compatible; Googlebot/2.1; +http://www.google.com/bot.html)"
66.249.79.128 - - [25/Nov/2024:06:32:17 -0700] "GET /bet/kkxjeb/ HTTP/1.1" 200 94 "-" "Mozilla/5.0 (compatible; Googlebot/2.1; +http://www.google.com/bot.html)"
66.249.79.129 - - [25/Nov/2024:06:32:28 -0700] "GET /bet/?crdhsh/sarkaru-vaari-paata-in-hindi.html HTTP/1.1" 200 94 "-" "Mozilla/5.0 (compatible; Googlebot/2.1; +http://www.google.com/bot.html)"
66.249.79.129 - - [25/Nov/2024:06:33:03 -0700] "GET /detail/lxcbfu/ HTTP/1.1" 200 94 "-" "Mozilla/5.0 (compatible; Googlebot/2.1; +http://www.google.com/bot.html)"
66.249.79.128 - - [25/Nov/2024:06:33:16 -0700] "GET /bet/?etkyri/the-greatest-blackjack-book-pdf.html HTTP/1.1" 200 94 "-" "Mozilla/5.0 (compatible; Googlebot/2.1; +http://www.google.com/bot.html)"
66.249.79.128 - - [25/Nov/2024:06:33:16 -0700] "GET /news/rjumbe/most-valuable-player-in-cricket-2018.html HTTP/1.1" 200 94 "-" "Mozilla/5.0 (compatible; Googlebot/2.1; +http://www.google.com/bot.html)"
66.249.79.129 - - [25/Nov/2024:06:34:11 -0700] "GET /news/xznpdz/ HTTP/1.1" 200 94 "-" "Mozilla/5.0 (compatible; Googlebot/2.1; +http://www.google.com/bot.html)"
66.249.79.129 - - [25/Nov/2024:06:34:12 -0700] "GET /detail/aokqvf/tata-sky-ipl-channel-number.html HTTP/1.1" 200 94 "-" "Mozilla/5.0 (compatible; Googlebot/2.1; +http://www.google.com/bot.html)"
52.167.144.199 - - [25/Nov/2024:06:34:33 -0700] "GET /news/files/Senior%20Secondary/files/Secondary/Intitial_pages_srsec_2019-20-min.pdf HTTP/1.1" 200 94 "-" "Mozilla/5.0 AppleWebKit/537.36 (KHTML, like Gecko; compatible; bingbot/2.0; +http://www.bing.com/bingbot.htm) Chrome/116.0.1938.76 Safari/537.36"
69.162.124.238 - - [25/Nov/2024:06:35:33 -0700] "HEAD /cbse-corner.php HTTP/1.1" 200 - "https://bharana.akalacademy.ac.in/cbse-corner.php" "Mozilla/5.0+(compatible; UptimeRobot/2.0; http://www.uptimerobot.com/)"
66.249.79.129 - - [25/Nov/2024:06:35:57 -0700] "GET /detail/sbqsqs/ipl-19-table.html HTTP/1.1" 200 94 "-" "Mozilla/5.0 (compatible; Googlebot/2.1; +http://www.google.com/bot.html)"
66.249.79.128 - - [25/Nov/2024:06:36:10 -0700] "GET /news/fymrqx/india-vs-new-zealand-t20-where-to-watch.html HTTP/1.1" 200 94 "-" "Mozilla/5.0 (compatible; Googlebot/2.1; +http://www.google.com/bot.html)"
66.249.79.128 - - [25/Nov/2024:06:36:31 -0700] "GET /news/atmuka/ HTTP/1.1" 200 94 "-" "Mozilla/5.0 (compatible; Googlebot/2.1; +http://www.google.com/bot.html)"
66.249.79.128 - - [25/Nov/2024:06:37:51 -0700] "GET /news/ccctof/t20-world-cup-squad-2022-india.html HTTP/1.1" 200 94 "-" "Mozilla/5.0 (compatible; Googlebot/2.1; +http://www.google.com/bot.html)"
66.249.79.129 - - [25/Nov/2024:06:37:55 -0700] "GET /bet/itvjbc/ HTTP/1.1" 200 94 "-" "Mozilla/5.0 (compatible; Googlebot/2.1; +http://www.google.com/bot.html)"
66.249.79.129 - - [25/Nov/2024:06:38:37 -0700] "GET /detail/ykpqvs/ HTTP/1.1" 200 94 "-" "Mozilla/5.0 (compatible; Googlebot/2.1; +http://www.google.com/bot.html)"
66.249.79.129 - - [25/Nov/2024:06:39:05 -0700] "GET /news/ttzpvf/ HTTP/1.1" 200 94 "-" "Mozilla/5.0 (compatible; Googlebot/2.1; +http://www.google.com/bot.html)"
66.249.79.128 - - [25/Nov/2024:06:39:11 -0700] "GET /bet/riupwq/mumbai-indians-coach-2021.html HTTP/1.1" 200 94 "-" "Mozilla/5.0 (compatible; Googlebot/2.1; +http://www.google.com/bot.html)"
66.249.79.128 - - [25/Nov/2024:06:39:31 -0700] "GET /bet/imnuno/grand-jackpot-slots.html HTTP/1.1" 200 94 "-" "Mozilla/5.0 (compatible; Googlebot/2.1; +http://www.google.com/bot.html)"
66.249.79.128 - - [25/Nov/2024:06:39:48 -0700] "GET /news/ddfibf/tvking-online-casino.html HTTP/1.1" 200 94 "-" "Mozilla/5.0 (compatible; Googlebot/2.1; +http://www.google.com/bot.html)"
66.249.79.128 - - [25/Nov/2024:06:39:57 -0700] "GET /detail/zlayij/ HTTP/1.1" 200 94 "-" "Mozilla/5.0 (compatible; Googlebot/2.1; +http://www.google.com/bot.html)"
66.249.79.130 - - [25/Nov/2024:06:40:09 -0700] "GET /detail/cvlrxa/play-alienworlds-io.html HTTP/1.1" 200 94 "-" "Mozilla/5.0 (compatible; Googlebot/2.1; +http://www.google.com/bot.html)"
69.162.124.238 - - [25/Nov/2024:06:40:33 -0700] "HEAD /cbse-corner.php HTTP/1.1" 200 - "https://bharana.akalacademy.ac.in/cbse-corner.php" "Mozilla/5.0+(compatible; UptimeRobot/2.0; http://www.uptimerobot.com/)"
66.249.79.129 - - [25/Nov/2024:06:41:16 -0700] "GET /bet/lneyst/popcap-bookworm.html HTTP/1.1" 200 94 "-" "Mozilla/5.0 (compatible; Googlebot/2.1; +http://www.google.com/bot.html)"
66.249.79.128 - - [25/Nov/2024:06:41:39 -0700] "GET /news/xgxpqh/ HTTP/1.1" 200 94 "-" "Mozilla/5.0 (compatible; Googlebot/2.1; +http://www.google.com/bot.html)"
66.249.79.129 - - [25/Nov/2024:06:42:23 -0700] "GET /detail/hbljll/ HTTP/1.1" 200 94 "-" "Mozilla/5.0 (compatible; Googlebot/2.1; +http://www.google.com/bot.html)"
66.249.79.130 - - [25/Nov/2024:06:42:25 -0700] "GET /bet/apdsxj/no-of-bhramins-in-indian-cricket-team.html HTTP/1.1" 200 94 "-" "Mozilla/5.0 (compatible; Googlebot/2.1; +http://www.google.com/bot.html)"
66.249.79.128 - - [25/Nov/2024:06:42:38 -0700] "GET /bet/opkapt/esports-news-india.html HTTP/1.1" 200 94 "-" "Mozilla/5.0 (compatible; Googlebot/2.1; +http://www.google.com/bot.html)"
66.249.79.128 - - [25/Nov/2024:06:42:49 -0700] "GET /news/?mupbog/ HTTP/1.1" 200 94 "-" "Mozilla/5.0 (compatible; Googlebot/2.1; +http://www.google.com/bot.html)"
52.167.144.206 - - [25/Nov/2024:06:44:53 -0700] "GET /news/ecobwc/files/Secondary/files/IX-X/files/I-VIII/files/Senior%20Secondary/Intitial_pages_srsec_2019-20%20(1)-min.pdf HTTP/1.1" 200 94 "-" "Mozilla/5.0 AppleWebKit/537.36 (KHTML, like Gecko; compatible; bingbot/2.0; +http://www.bing.com/bingbot.htm) Chrome/116.0.1938.76 Safari/537.36"
66.249.79.130 - - [25/Nov/2024:06:45:16 -0700] "GET /news/uvpvsr/ HTTP/1.1" 200 94 "-" "Mozilla/5.0 (compatible; Googlebot/2.1; +http://www.google.com/bot.html)"
52.167.144.156 - - [25/Nov/2024:06:45:27 -0700] "GET /detail/doorho/files/Senior%20Secondary/Econonics-min.pdf HTTP/1.1" 200 94 "-" "Mozilla/5.0 AppleWebKit/537.36 (KHTML, like Gecko; compatible; bingbot/2.0; +http://www.bing.com/bingbot.htm) Chrome/116.0.1938.76 Safari/537.36"
66.249.79.128 - - [25/Nov/2024:06:45:28 -0700] "GET /bet/lypgiz/how-to-download-switch-games-from-card.html HTTP/1.1" 200 94 "-" "Mozilla/5.0 (compatible; Googlebot/2.1; +http://www.google.com/bot.html)"
69.162.124.238 - - [25/Nov/2024:06:45:33 -0700] "HEAD /cbse-corner.php HTTP/1.1" 200 - "https://bharana.akalacademy.ac.in/cbse-corner.php" "Mozilla/5.0+(compatible; UptimeRobot/2.0; http://www.uptimerobot.com/)"
66.249.79.128 - - [25/Nov/2024:06:45:43 -0700] "GET /news/?tbwoee/icc-futures-live-stream.html HTTP/1.1" 200 94 "-" "Mozilla/5.0 (compatible; Googlebot/2.1; +http://www.google.com/bot.html)"
52.167.144.206 - - [25/Nov/2024:06:46:03 -0700] "GET /news/ecobwc/files/Secondary/files/Secondary/files/Senior%20Secondary/about.php HTTP/1.1" 200 94 "-" "Mozilla/5.0 AppleWebKit/537.36 (KHTML, like Gecko; compatible; bingbot/2.0; +http://www.bing.com/bingbot.htm) Chrome/116.0.1938.76 Safari/537.36"
66.249.79.128 - - [25/Nov/2024:06:46:06 -0700] "GET /detail/amrwgn/how-do-plus-minus-odds-work.html HTTP/1.1" 200 94 "-" "Mozilla/5.0 (compatible; Googlebot/2.1; +http://www.google.com/bot.html)"
52.167.144.156 - - [25/Nov/2024:06:47:06 -0700] "GET /news/ecobwc/files/I-VIII/files/IX-X/files/Senior%20Secondary/BusinessStudies-min.pdf HTTP/1.1" 200 94 "-" "Mozilla/5.0 AppleWebKit/537.36 (KHTML, like Gecko; compatible; bingbot/2.0; +http://www.bing.com/bingbot.htm) Chrome/116.0.1938.76 Safari/537.36"
52.167.144.181 - - [25/Nov/2024:06:47:16 -0700] "GET /news/ecobwc/files/Secondary/files/IX-X/files/I-VIII/files/Senior%20Secondary/Psychology-min.pdf HTTP/1.1" 200 94 "-" "Mozilla/5.0 AppleWebKit/537.36 (KHTML, like Gecko; compatible; bingbot/2.0; +http://www.bing.com/bingbot.htm) Chrome/116.0.1938.76 Safari/537.36"
52.167.144.181 - - [25/Nov/2024:06:47:16 -0700] "GET /news/ecobwc/files/Senior%20Secondary/files/Secondary/files/Secondary/402-INFO_TECH_X-min.pdf HTTP/1.1" 200 94 "-" "Mozilla/5.0 AppleWebKit/537.36 (KHTML, like Gecko; compatible; bingbot/2.0; +http://www.bing.com/bingbot.htm) Chrome/116.0.1938.76 Safari/537.36"
66.249.79.129 - - [25/Nov/2024:06:47:31 -0700] "GET /news/?hseypd/ HTTP/1.1" 200 94 "-" "Mozilla/5.0 (compatible; Googlebot/2.1; +http://www.google.com/bot.html)"
40.77.167.47 - - [25/Nov/2024:06:47:44 -0700] "GET /news/ecobwc/files/Senior%20Secondary/files/IX-X/index.php HTTP/1.1" 200 94 "-" "Mozilla/5.0 AppleWebKit/537.36 (KHTML, like Gecko; compatible; bingbot/2.0; +http://www.bing.com/bingbot.htm) Chrome/116.0.1938.76 Safari/537.36"
66.249.79.130 - - [25/Nov/2024:06:48:01 -0700] "GET /detail/lopszp/host-of-world-cup-2019-england.html HTTP/1.1" 200 94 "-" "Mozilla/5.0 (compatible; Googlebot/2.1; +http://www.google.com/bot.html)"
66.249.79.128 - - [25/Nov/2024:06:48:31 -0700] "GET /detail/?olznah/ HTTP/1.1" 200 94 "-" "Mozilla/5.0 (compatible; Googlebot/2.1; +http://www.google.com/bot.html)"
66.249.79.130 - - [25/Nov/2024:06:49:14 -0700] "GET /news/kjflmv/icc-world-cup-2019-live-time.html HTTP/1.1" 200 94 "-" "Mozilla/5.0 (compatible; Googlebot/2.1; +http://www.google.com/bot.html)"
66.249.79.128 - - [25/Nov/2024:06:49:23 -0700] "GET /detail/ntfygl/ HTTP/1.1" 200 94 "-" "Mozilla/5.0 (compatible; Googlebot/2.1; +http://www.google.com/bot.html)"
66.249.79.128 - - [25/Nov/2024:06:49:54 -0700] "GET /bet/pdjthk/ HTTP/1.1" 200 94 "-" "Mozilla/5.0 (compatible; Googlebot/2.1; +http://www.google.com/bot.html)"
66.249.79.128 - - [25/Nov/2024:06:49:57 -0700] "GET /detail/pekbfw/free-world-group-games.html HTTP/1.1" 200 94 "-" "Mozilla/5.0 (compatible; Googlebot/2.1; +http://www.google.com/bot.html)"
66.249.79.129 - - [25/Nov/2024:06:50:15 -0700] "GET /news/wgbkih/ HTTP/1.1" 200 94 "-" "Mozilla/5.0 (compatible; Googlebot/2.1; +http://www.google.com/bot.html)"
69.162.124.238 - - [25/Nov/2024:06:50:33 -0700] "HEAD /cbse-corner.php HTTP/1.1" 200 - "https://bharana.akalacademy.ac.in/cbse-corner.php" "Mozilla/5.0+(compatible; UptimeRobot/2.0; http://www.uptimerobot.com/)"
66.249.79.129 - - [25/Nov/2024:06:50:42 -0700] "GET /news/ammfxw/free-slots-games-with-free-spins.html HTTP/1.1" 200 94 "-" "Mozilla/5.0 (compatible; Googlebot/2.1; +http://www.google.com/bot.html)"
