Cylul007 Webshell
Server :
Linux ip-148-66-134-25.ip.secureserver.net 3.10.0-1160.119.1.el7.tuxcare.els10.x86_64 #1 SMP Fri Oct 11 21:40:41 UTC 2024 x86_64
php :
8.0.30
on
cgi-fcgi
Time
25 Nov 2024 15:53:04
Current Directory :
/
home
/
amvm
/
access-logs
/
Upload File :
Mass Deface
Home
Bypass Passwd
Current File : /home/amvm/access-logs/bhaidesa.akalacademy.ac.in-ssl_log
52.167.144.215 - - [25/Nov/2024:05:09:57 -0700] "GET /news/pcnpqo/files/Senior%20Secondary/files/Secondary/417-FAQ-min.pdf HTTP/1.1" 200 94 "-" "Mozilla/5.0 AppleWebKit/537.36 (KHTML, like Gecko; compatible; bingbot/2.0; +http://www.bing.com/bingbot.htm) Chrome/116.0.1938.76 Safari/537.36"
66.249.79.107 - - [25/Nov/2024:05:10:32 -0700] "GET /detail/fttpna/absinthe-vegas.html HTTP/1.1" 200 94 "-" "Mozilla/5.0 (compatible; Googlebot/2.1; +http://www.google.com/bot.html)"
40.77.167.25 - - [25/Nov/2024:05:10:59 -0700] "GET /detail/fjqfir/files/IX-X/files/Senior%20Secondary/PoliticalScience-min.pdf HTTP/1.1" 200 94 "-" "Mozilla/5.0 AppleWebKit/537.36 (KHTML, like Gecko; compatible; bingbot/2.0; +http://www.bing.com/bingbot.htm) Chrome/116.0.1938.76 Safari/537.36"
66.249.79.105 - - [25/Nov/2024:05:11:02 -0700] "GET /detail/qtufsa/ HTTP/1.1" 200 94 "-" "Mozilla/5.0 (compatible; Googlebot/2.1; +http://www.google.com/bot.html)"
52.167.144.145 - - [25/Nov/2024:05:11:18 -0700] "GET /detail/pzrgia/files/Secondary/files/Secondary/Intitial_pages_srsec_2019-20-min.pdf HTTP/1.1" 200 94 "-" "Mozilla/5.0 AppleWebKit/537.36 (KHTML, like Gecko; compatible; bingbot/2.0; +http://www.bing.com/bingbot.htm) Chrome/116.0.1938.76 Safari/537.36"
66.249.79.105 - - [25/Nov/2024:05:11:57 -0700] "GET /bet/?rxortu/pradhan-bhraath-cricket-player.html HTTP/1.1" 200 94 "-" "Mozilla/5.0 (compatible; Googlebot/2.1; +http://www.google.com/bot.html)"
66.249.79.105 - - [25/Nov/2024:05:11:58 -0700] "GET /bet/dcgvsm/rcb-vs-kings-xi-punjab-highlights.html HTTP/1.1" 200 94 "-" "Mozilla/5.0 (compatible; Googlebot/2.1; +http://www.google.com/bot.html)"
66.249.79.105 - - [25/Nov/2024:05:12:31 -0700] "GET /news/?bopvgc/ HTTP/1.1" 200 94 "-" "Mozilla/5.0 (compatible; Googlebot/2.1; +http://www.google.com/bot.html)"
69.162.124.238 - - [25/Nov/2024:05:14:01 -0700] "HEAD /cbse-corner.php HTTP/1.1" 200 - "https://bhaidesa.akalacademy.ac.in/cbse-corner.php" "Mozilla/5.0+(compatible; UptimeRobot/2.0; http://www.uptimerobot.com/)"
66.249.79.107 - - [25/Nov/2024:05:14:22 -0700] "GET /bet/?ekszoy/womens-cricket-in-commonwealth-games.html HTTP/1.1" 200 94 "-" "Mozilla/5.0 (compatible; Googlebot/2.1; +http://www.google.com/bot.html)"
66.249.79.105 - - [25/Nov/2024:05:14:28 -0700] "GET /detail/?uguimz/ HTTP/1.1" 200 94 "-" "Mozilla/5.0 (compatible; Googlebot/2.1; +http://www.google.com/bot.html)"
66.249.79.105 - - [25/Nov/2024:05:14:55 -0700] "GET /news/?pwirdg/garfield-card-game.html HTTP/1.1" 200 94 "-" "Mozilla/5.0 (compatible; Googlebot/2.1; +http://www.google.com/bot.html)"
66.249.79.107 - - [25/Nov/2024:05:15:13 -0700] "GET /news/dxkjvf/ HTTP/1.1" 200 94 "-" "Mozilla/5.0 (compatible; Googlebot/2.1; +http://www.google.com/bot.html)"
52.167.144.145 - - [25/Nov/2024:05:15:19 -0700] "GET /detail/ylduyy/files/Secondary/files/Secondary/417-VIII-min.pdf HTTP/1.1" 200 94 "-" "Mozilla/5.0 AppleWebKit/537.36 (KHTML, like Gecko; compatible; bingbot/2.0; +http://www.bing.com/bingbot.htm) Chrome/116.0.1938.76 Safari/537.36"
52.167.144.145 - - [25/Nov/2024:05:15:29 -0700] "GET /detail/fguycr/files/IX-X/files/Senior%20Secondary/Biology-min.pdf HTTP/1.1" 200 94 "-" "Mozilla/5.0 AppleWebKit/537.36 (KHTML, like Gecko; compatible; bingbot/2.0; +http://www.bing.com/bingbot.htm) Chrome/116.0.1938.76 Safari/537.36"
51.8.102.210 - - [25/Nov/2024:05:15:40 -0700] "GET /index.php HTTP/1.1" 200 94 "-" "Mozilla/5.0 AppleWebKit/537.36 (KHTML, like Gecko); compatible; OAI-SearchBot/1.0; +https://openai.com/searchbot"
66.249.79.105 - - [25/Nov/2024:05:16:19 -0700] "GET /bet/mfjvqn/ HTTP/1.1" 200 94 "-" "Mozilla/5.0 (compatible; Googlebot/2.1; +http://www.google.com/bot.html)"
52.167.144.145 - - [25/Nov/2024:05:16:58 -0700] "GET /news/xastyc/files/Secondary/files/Secondary/Punjabi_Sec_2019-20-min.pdf HTTP/1.1" 200 94 "-" "Mozilla/5.0 AppleWebKit/537.36 (KHTML, like Gecko; compatible; bingbot/2.0; +http://www.bing.com/bingbot.htm) Chrome/116.0.1938.76 Safari/537.36"
66.249.79.105 - - [25/Nov/2024:05:17:01 -0700] "GET /news/?ehjiaw/ HTTP/1.1" 200 94 "-" "Mozilla/5.0 (compatible; Googlebot/2.1; +http://www.google.com/bot.html)"
66.249.79.105 - - [25/Nov/2024:05:17:29 -0700] "GET /detail/lnjsvi/ HTTP/1.1" 200 94 "-" "Mozilla/5.0 (compatible; Googlebot/2.1; +http://www.google.com/bot.html)"
66.249.79.105 - - [25/Nov/2024:05:17:38 -0700] "GET /news/dlojxs/ HTTP/1.1" 200 94 "-" "Mozilla/5.0 (compatible; Googlebot/2.1; +http://www.google.com/bot.html)"
66.249.79.105 - - [25/Nov/2024:05:18:00 -0700] "GET /detail/gtbrzz/ HTTP/1.1" 200 94 "-" "Mozilla/5.0 (compatible; Googlebot/2.1; +http://www.google.com/bot.html)"
69.162.124.238 - - [25/Nov/2024:05:19:01 -0700] "HEAD /cbse-corner.php HTTP/1.1" 200 - "https://bhaidesa.akalacademy.ac.in/cbse-corner.php" "Mozilla/5.0+(compatible; UptimeRobot/2.0; http://www.uptimerobot.com/)"
66.249.79.105 - - [25/Nov/2024:05:19:16 -0700] "GET /detail/jkiumv/kerala-lottery-online-onam-bumper-2022.html HTTP/1.1" 200 94 "-" "Mozilla/5.0 (compatible; Googlebot/2.1; +http://www.google.com/bot.html)"
66.249.79.105 - - [25/Nov/2024:05:19:27 -0700] "GET /news/syhbyr/ HTTP/1.1" 200 94 "-" "Mozilla/5.0 (compatible; Googlebot/2.1; +http://www.google.com/bot.html)"
66.249.79.105 - - [25/Nov/2024:05:19:56 -0700] "GET /detail/?ohzrtx/betnow-casino.html HTTP/1.1" 200 94 "-" "Mozilla/5.0 (compatible; Googlebot/2.1; +http://www.google.com/bot.html)"
66.249.79.106 - - [25/Nov/2024:05:20:24 -0700] "GET /bet/?xowckd/ HTTP/1.1" 200 94 "-" "Mozilla/5.0 (compatible; Googlebot/2.1; +http://www.google.com/bot.html)"
66.249.79.105 - - [25/Nov/2024:05:20:55 -0700] "GET /news/?vopegk/dream11-appdownload.html HTTP/1.1" 200 94 "-" "Mozilla/5.0 (compatible; Googlebot/2.1; +http://www.google.com/bot.html)"
66.249.79.107 - - [25/Nov/2024:05:21:28 -0700] "GET /news/txgoap/all-time-high-score-in-t20.html HTTP/1.1" 200 94 "-" "Mozilla/5.0 (compatible; Googlebot/2.1; +http://www.google.com/bot.html)"
66.249.79.106 - - [25/Nov/2024:05:21:29 -0700] "GET /detail/?xioadt/crabtree-super-bingo.html HTTP/1.1" 200 94 "-" "Mozilla/5.0 (compatible; Googlebot/2.1; +http://www.google.com/bot.html)"
66.249.79.106 - - [25/Nov/2024:05:22:25 -0700] "GET /detail/nfmuaj/who-your-bet-meaning.html HTTP/1.1" 200 94 "-" "Mozilla/5.0 (compatible; Googlebot/2.1; +http://www.google.com/bot.html)"
66.249.79.105 - - [25/Nov/2024:05:22:48 -0700] "GET /detail/?alfffp/betting-ipl-prediction.html HTTP/1.1" 200 94 "-" "Mozilla/5.0 (compatible; Googlebot/2.1; +http://www.google.com/bot.html)"
66.249.79.105 - - [25/Nov/2024:05:22:58 -0700] "GET /bet/vyxvgo/ HTTP/1.1" 200 94 "-" "Mozilla/5.0 (compatible; Googlebot/2.1; +http://www.google.com/bot.html)"
52.167.144.174 - - [25/Nov/2024:05:23:11 -0700] "GET /detail/opuies/files/Secondary/files/Senior%20Secondary/PoliticalScience-min.pdf HTTP/1.1" 200 94 "-" "Mozilla/5.0 AppleWebKit/537.36 (KHTML, like Gecko; compatible; bingbot/2.0; +http://www.bing.com/bingbot.htm) Chrome/116.0.1938.76 Safari/537.36"
66.249.79.107 - - [25/Nov/2024:05:23:19 -0700] "GET /news/bmlfxl/ HTTP/1.1" 200 94 "-" "Mozilla/5.0 (compatible; Googlebot/2.1; +http://www.google.com/bot.html)"
52.167.144.203 - - [25/Nov/2024:05:23:21 -0700] "GET /detail/zjkgeq/files/Senior%20Secondary/files/Secondary/14_Circular_2019ANX1-min.pdf HTTP/1.1" 200 94 "-" "Mozilla/5.0 AppleWebKit/537.36 (KHTML, like Gecko; compatible; bingbot/2.0; +http://www.bing.com/bingbot.htm) Chrome/116.0.1938.76 Safari/537.36"
66.249.79.105 - - [25/Nov/2024:05:23:43 -0700] "GET /bet/?tparjo/ HTTP/1.1" 200 94 "-" "Mozilla/5.0 (compatible; Googlebot/2.1; +http://www.google.com/bot.html)"
66.249.79.105 - - [25/Nov/2024:05:24:01 -0700] "GET /bet/?vvwsam/nfl-best-player-props-today.html HTTP/1.1" 200 94 "-" "Mozilla/5.0 (compatible; Googlebot/2.1; +http://www.google.com/bot.html)"
69.162.124.238 - - [25/Nov/2024:05:24:01 -0700] "HEAD /cbse-corner.php HTTP/1.1" 200 - "https://bhaidesa.akalacademy.ac.in/cbse-corner.php" "Mozilla/5.0+(compatible; UptimeRobot/2.0; http://www.uptimerobot.com/)"
66.249.79.106 - - [25/Nov/2024:05:24:22 -0700] "GET /detail/gjpffl/how-many-nfl-games-are-today.html HTTP/1.1" 200 94 "-" "Mozilla/5.0 (compatible; Googlebot/2.1; +http://www.google.com/bot.html)"
66.249.79.107 - - [25/Nov/2024:05:25:42 -0700] "GET /news/?rhspru/casino-wyandotte-ok.html HTTP/1.1" 200 94 "-" "Mozilla/5.0 (compatible; Googlebot/2.1; +http://www.google.com/bot.html)"
66.249.79.107 - - [25/Nov/2024:05:25:42 -0700] "GET /news/mgygkv/afg-vs-wi-t20-dream11-prediction.html HTTP/1.1" 200 94 "-" "Mozilla/5.0 (compatible; Googlebot/2.1; +http://www.google.com/bot.html)"
66.249.79.106 - - [25/Nov/2024:05:26:13 -0700] "GET /detail/?pfbuiq/ HTTP/1.1" 200 94 "-" "Mozilla/5.0 (compatible; Googlebot/2.1; +http://www.google.com/bot.html)"
66.249.79.105 - - [25/Nov/2024:05:26:13 -0700] "GET /detail/rpzffb/ HTTP/1.1" 200 94 "-" "Mozilla/5.0 (compatible; Googlebot/2.1; +http://www.google.com/bot.html)"
66.249.79.106 - - [25/Nov/2024:05:26:21 -0700] "GET /bet/?teqssc/watch-free-world-cup.html HTTP/1.1" 200 94 "-" "Mozilla/5.0 (compatible; Googlebot/2.1; +http://www.google.com/bot.html)"
66.249.79.105 - - [25/Nov/2024:05:27:33 -0700] "GET / HTTP/1.1" 200 94 "-" "Mozilla/5.0 (compatible; Googlebot/2.1; +http://www.google.com/bot.html)"
66.249.79.106 - - [25/Nov/2024:05:28:08 -0700] "GET /news/otvcmq/faf-du-plessis-world-xi-cricket-team.html HTTP/1.1" 200 94 "-" "Mozilla/5.0 (compatible; Googlebot/2.1; +http://www.google.com/bot.html)"
66.249.79.105 - - [25/Nov/2024:05:28:46 -0700] "GET /news/bjmfcr/women-laliga.html HTTP/1.1" 200 94 "-" "Mozilla/5.0 (compatible; Googlebot/2.1; +http://www.google.com/bot.html)"
69.162.124.238 - - [25/Nov/2024:05:29:01 -0700] "HEAD /cbse-corner.php HTTP/1.1" 200 - "https://bhaidesa.akalacademy.ac.in/cbse-corner.php" "Mozilla/5.0+(compatible; UptimeRobot/2.0; http://www.uptimerobot.com/)"
52.167.144.184 - - [25/Nov/2024:05:29:11 -0700] "GET /detail/deazdc/files/Senior%20Secondary/files/I-VIII/Science%20%20(III%20to%20VIII)-min.pdf HTTP/1.1" 200 94 "-" "Mozilla/5.0 AppleWebKit/537.36 (KHTML, like Gecko; compatible; bingbot/2.0; +http://www.bing.com/bingbot.htm) Chrome/116.0.1938.76 Safari/537.36"
66.249.79.105 - - [25/Nov/2024:05:29:43 -0700] "GET /news/?wyofba/indian-team-for-t20-against-new-zealand.html HTTP/1.1" 200 94 "-" "Mozilla/5.0 (compatible; Googlebot/2.1; +http://www.google.com/bot.html)"
66.249.79.106 - - [25/Nov/2024:05:29:45 -0700] "GET /detail/?rtgwvn/ HTTP/1.1" 200 94 "-" "Mozilla/5.0 (compatible; Googlebot/2.1; +http://www.google.com/bot.html)"
66.249.79.106 - - [25/Nov/2024:05:30:08 -0700] "GET /bet/gnqdzv/ HTTP/1.1" 200 94 "-" "Mozilla/5.0 (compatible; Googlebot/2.1; +http://www.google.com/bot.html)"
66.249.79.105 - - [25/Nov/2024:05:30:09 -0700] "GET /detail/iltnzu/aus-vs-nz-t20-scorecard.html HTTP/1.1" 200 94 "-" "Mozilla/5.0 (compatible; Googlebot/2.1; +http://www.google.com/bot.html)"
66.249.79.107 - - [25/Nov/2024:05:30:11 -0700] "GET /bet/?vkeakl/t20-cricket-update-today.html HTTP/1.1" 200 94 "-" "Mozilla/5.0 (compatible; Googlebot/2.1; +http://www.google.com/bot.html)"
66.249.79.105 - - [25/Nov/2024:05:30:46 -0700] "GET /news/?sfmlbd/ HTTP/1.1" 200 94 "-" "Mozilla/5.0 (compatible; Googlebot/2.1; +http://www.google.com/bot.html)"
66.249.79.105 - - [25/Nov/2024:05:30:49 -0700] "GET /news/kjsivt/online-computer-hacker-games.html HTTP/1.1" 200 94 "-" "Mozilla/5.0 (compatible; Googlebot/2.1; +http://www.google.com/bot.html)"
66.249.79.106 - - [25/Nov/2024:05:31:18 -0700] "GET /detail/fiekba/ HTTP/1.1" 200 94 "-" "Mozilla/5.0 (compatible; Googlebot/2.1; +http://www.google.com/bot.html)"
66.249.79.106 - - [25/Nov/2024:05:31:36 -0700] "GET /bet/?fvnvbn/ HTTP/1.1" 200 94 "-" "Mozilla/5.0 (compatible; Googlebot/2.1; +http://www.google.com/bot.html)"
66.249.79.105 - - [25/Nov/2024:05:31:52 -0700] "GET /news/?akoush/mcc-pakistan-t20.html HTTP/1.1" 200 94 "-" "Mozilla/5.0 (compatible; Googlebot/2.1; +http://www.google.com/bot.html)"
66.249.79.107 - - [25/Nov/2024:05:32:28 -0700] "GET /news/mgyvms/files/I-VIII/files/IX-X/files/Secondary/Intitial_pages_srsec_2019-20-min.pdf HTTP/1.1" 200 94 "-" "Mozilla/5.0 (Linux; Android 6.0.1; Nexus 5X Build/MMB29P) AppleWebKit/537.36 (KHTML, like Gecko) Chrome/131.0.6778.69 Mobile Safari/537.36 (compatible; GoogleOther)"
66.249.79.107 - - [25/Nov/2024:05:32:29 -0700] "GET /news/jvtlsa/ HTTP/1.1" 200 94 "-" "Mozilla/5.0 (compatible; Googlebot/2.1; +http://www.google.com/bot.html)"
66.249.79.106 - - [25/Nov/2024:05:32:42 -0700] "GET /detail/fhkogf/ HTTP/1.1" 200 94 "-" "Mozilla/5.0 (compatible; Googlebot/2.1; +http://www.google.com/bot.html)"
66.249.79.105 - - [25/Nov/2024:05:33:05 -0700] "GET /detail/oqtuio/ HTTP/1.1" 200 94 "-" "Mozilla/5.0 (compatible; Googlebot/2.1; +http://www.google.com/bot.html)"
85.208.96.203 - - [25/Nov/2024:05:33:47 -0700] "GET /robots.txt HTTP/1.1" 200 94 "-" "Mozilla/5.0 (compatible; SemrushBot/7~bl; +http://www.semrush.com/bot.html)"
185.191.171.9 - - [25/Nov/2024:05:33:49 -0700] "GET /myadmin/gallery/02-02-54_c2Nob29sXzMyLmpwZw== HTTP/1.1" 200 94 "-" "Mozilla/5.0 (compatible; SemrushBot/7~bl; +http://www.semrush.com/bot.html)"
69.162.124.238 - - [25/Nov/2024:05:34:01 -0700] "HEAD /cbse-corner.php HTTP/1.1" 200 - "https://bhaidesa.akalacademy.ac.in/cbse-corner.php" "Mozilla/5.0+(compatible; UptimeRobot/2.0; http://www.uptimerobot.com/)"
5.255.231.137 - - [25/Nov/2024:05:34:13 -0700] "GET /robots.txt HTTP/1.1" 200 94 "-" "Mozilla/5.0 (compatible; YandexBot/3.0; +http://yandex.com/bots)"
87.250.224.48 - - [25/Nov/2024:05:34:13 -0700] "GET /files/IX-X/files/Secondary/ART_EDUCATION-min.pdf HTTP/1.1" 200 94 "-" "Mozilla/5.0 (compatible; YandexBot/3.0; +http://yandex.com/bots)"
52.167.144.184 - - [25/Nov/2024:05:34:49 -0700] "GET /detail/xpbjhz/files/IX-X/files/Secondary/ART_EDUCATION-min.pdf HTTP/1.1" 200 94 "-" "Mozilla/5.0 AppleWebKit/537.36 (KHTML, like Gecko; compatible; bingbot/2.0; +http://www.bing.com/bingbot.htm) Chrome/116.0.1938.76 Safari/537.36"
66.249.79.105 - - [25/Nov/2024:05:35:02 -0700] "GET /detail/shscck/ HTTP/1.1" 200 94 "-" "Mozilla/5.0 (compatible; Googlebot/2.1; +http://www.google.com/bot.html)"
66.249.79.106 - - [25/Nov/2024:05:36:28 -0700] "GET /news/klpeoz/free-online-wedding-games.html HTTP/1.1" 200 94 "-" "Mozilla/5.0 (compatible; Googlebot/2.1; +http://www.google.com/bot.html)"
66.249.79.106 - - [25/Nov/2024:05:36:40 -0700] "GET /detail/?ghykpi/aristocrat-slot-games.html HTTP/1.1" 200 94 "-" "Mozilla/5.0 (compatible; Googlebot/2.1; +http://www.google.com/bot.html)"
66.249.79.105 - - [25/Nov/2024:05:36:47 -0700] "GET /news/rbyyzr/ HTTP/1.1" 200 94 "-" "Mozilla/5.0 (compatible; Googlebot/2.1; +http://www.google.com/bot.html)"
66.249.79.105 - - [25/Nov/2024:05:36:50 -0700] "GET /bet/?zyzqzd/icc-latest-batsman-ranking.html HTTP/1.1" 200 94 "-" "Mozilla/5.0 (compatible; Googlebot/2.1; +http://www.google.com/bot.html)"
66.249.79.106 - - [25/Nov/2024:05:37:07 -0700] "GET /detail/bphbxr/ HTTP/1.1" 200 94 "-" "Mozilla/5.0 (compatible; Googlebot/2.1; +http://www.google.com/bot.html)"
66.249.79.105 - - [25/Nov/2024:05:37:19 -0700] "GET /news/nyxqcn/ HTTP/1.1" 200 94 "-" "Mozilla/5.0 (compatible; Googlebot/2.1; +http://www.google.com/bot.html)"
66.249.79.105 - - [25/Nov/2024:05:37:34 -0700] "GET /detail/dwlkdh/ipho-india-team-2019.html HTTP/1.1" 200 94 "-" "Mozilla/5.0 (compatible; Googlebot/2.1; +http://www.google.com/bot.html)"
66.249.79.106 - - [25/Nov/2024:05:38:45 -0700] "GET /detail/gqbkrd/in-poker-which-card-is-highest.html HTTP/1.1" 200 94 "-" "Mozilla/5.0 (compatible; Googlebot/2.1; +http://www.google.com/bot.html)"
69.162.124.238 - - [25/Nov/2024:05:39:02 -0700] "HEAD /cbse-corner.php HTTP/1.1" 200 - "https://bhaidesa.akalacademy.ac.in/cbse-corner.php" "Mozilla/5.0+(compatible; UptimeRobot/2.0; http://www.uptimerobot.com/)"
66.249.79.106 - - [25/Nov/2024:05:39:42 -0700] "GET /bet/ndowke/sunrise-hospital-hyderabad-careers.html HTTP/1.1" 200 94 "-" "Mozilla/5.0 (compatible; Googlebot/2.1; +http://www.google.com/bot.html)"
66.249.79.107 - - [25/Nov/2024:05:40:02 -0700] "GET /news/uobqvg/ HTTP/1.1" 200 94 "-" "Mozilla/5.0 (compatible; Googlebot/2.1; +http://www.google.com/bot.html)"
66.249.79.105 - - [25/Nov/2024:05:41:02 -0700] "GET /bet/?kenzty/double-edge-online-game.html HTTP/1.1" 200 94 "-" "Mozilla/5.0 (compatible; Googlebot/2.1; +http://www.google.com/bot.html)"
66.249.79.106 - - [25/Nov/2024:05:41:50 -0700] "GET /detail/tgkynt/top-1-cricket-game-in-india.html HTTP/1.1" 200 94 "-" "Mozilla/5.0 (compatible; Googlebot/2.1; +http://www.google.com/bot.html)"
66.249.79.107 - - [25/Nov/2024:05:42:03 -0700] "GET /bet/?yvmcjm/team-building-facilitator-in-india.html HTTP/1.1" 200 94 "-" "Mozilla/5.0 (compatible; Googlebot/2.1; +http://www.google.com/bot.html)"
66.249.79.106 - - [25/Nov/2024:05:42:25 -0700] "GET /news/eiueob/red-hot-7-slot-machine.html HTTP/1.1" 200 94 "-" "Mozilla/5.0 (compatible; Googlebot/2.1; +http://www.google.com/bot.html)"
66.249.79.106 - - [25/Nov/2024:05:42:26 -0700] "GET /detail/unhkmz/pepeatips-com.html HTTP/1.1" 200 94 "-" "Mozilla/5.0 (compatible; Googlebot/2.1; +http://www.google.com/bot.html)"
66.249.79.105 - - [25/Nov/2024:05:42:58 -0700] "GET /bet/fkhhyt/ HTTP/1.1" 200 94 "-" "Mozilla/5.0 (compatible; Googlebot/2.1; +http://www.google.com/bot.html)"
66.249.79.105 - - [25/Nov/2024:05:43:10 -0700] "GET /detail/ptmmfk/navdeep-saini-new-zealand-india.html HTTP/1.1" 200 94 "-" "Mozilla/5.0 (compatible; Googlebot/2.1; +http://www.google.com/bot.html)"
52.167.144.230 - - [25/Nov/2024:05:43:52 -0700] "GET /detail/lwkbuc/files/IX-X/files/I-VIII/English%20%20(VI%20-%20VIII)-min.pdf HTTP/1.1" 200 94 "-" "Mozilla/5.0 AppleWebKit/537.36 (KHTML, like Gecko; compatible; bingbot/2.0; +http://www.bing.com/bingbot.htm) Chrome/116.0.1938.76 Safari/537.36"
66.249.79.105 - - [25/Nov/2024:05:43:59 -0700] "GET /detail/trxpce/ HTTP/1.1" 200 94 "-" "Mozilla/5.0 (compatible; Googlebot/2.1; +http://www.google.com/bot.html)"
66.249.79.107 - - [25/Nov/2024:05:44:31 -0700] "GET /detail/odovid/ HTTP/1.1" 200 94 "-" "Mozilla/5.0 (compatible; Googlebot/2.1; +http://www.google.com/bot.html)"
66.249.79.105 - - [25/Nov/2024:05:44:36 -0700] "GET /news/pmyxii/how-to-bet-on-ipl-in-india-medium.html HTTP/1.1" 200 94 "-" "Mozilla/5.0 (compatible; Googlebot/2.1; +http://www.google.com/bot.html)"
66.249.79.105 - - [25/Nov/2024:05:45:17 -0700] "GET /bet/?ljvrdm/zimbabwe-india-live-cricket.html HTTP/1.1" 200 94 "-" "Mozilla/5.0 (compatible; Googlebot/2.1; +http://www.google.com/bot.html)"
66.249.79.107 - - [25/Nov/2024:05:46:04 -0700] "GET /news/?moymmn/players-of-indian-womens-cricket-team.html HTTP/1.1" 200 94 "-" "Mozilla/5.0 (compatible; Googlebot/2.1; +http://www.google.com/bot.html)"
66.249.79.105 - - [25/Nov/2024:05:46:12 -0700] "GET /detail/pkgbvx/hard-truck-game-online.html HTTP/1.1" 200 94 "-" "Mozilla/5.0 (compatible; Googlebot/2.1; +http://www.google.com/bot.html)"
66.249.79.107 - - [25/Nov/2024:05:47:13 -0700] "GET /detail/?folwde/ipl-live-show-score.html HTTP/1.1" 200 94 "-" "Mozilla/5.0 (compatible; Googlebot/2.1; +http://www.google.com/bot.html)"
66.249.79.106 - - [25/Nov/2024:05:47:15 -0700] "GET /bet/iujfwa/el-dorado-reno.html HTTP/1.1" 200 94 "-" "Mozilla/5.0 (compatible; Googlebot/2.1; +http://www.google.com/bot.html)"
66.249.79.105 - - [25/Nov/2024:05:47:38 -0700] "GET /bet/cmondr/ HTTP/1.1" 200 94 "-" "Mozilla/5.0 (compatible; Googlebot/2.1; +http://www.google.com/bot.html)"
66.249.79.106 - - [25/Nov/2024:05:48:12 -0700] "GET /bet/?ixrnvw/knockout-tournament-poker.html HTTP/1.1" 200 94 "-" "Mozilla/5.0 (compatible; Googlebot/2.1; +http://www.google.com/bot.html)"
66.249.79.106 - - [25/Nov/2024:05:48:24 -0700] "GET /news/mdggkl/world-cup-2018-girls.html HTTP/1.1" 200 94 "-" "Mozilla/5.0 (compatible; Googlebot/2.1; +http://www.google.com/bot.html)"
52.167.144.213 - - [25/Nov/2024:05:48:37 -0700] "GET /detail/rtvfyy/files/Senior%20Secondary/files/Secondary/English_Sec_2019-20-min.pdf HTTP/1.1" 200 94 "-" "Mozilla/5.0 AppleWebKit/537.36 (KHTML, like Gecko; compatible; bingbot/2.0; +http://www.bing.com/bingbot.htm) Chrome/116.0.1938.76 Safari/537.36"
69.162.124.238 - - [25/Nov/2024:05:48:55 -0700] "HEAD /cbse-corner.php HTTP/1.1" 200 - "https://bhaidesa.akalacademy.ac.in/cbse-corner.php" "Mozilla/5.0+(compatible; UptimeRobot/2.0; http://www.uptimerobot.com/)"
66.249.79.107 - - [25/Nov/2024:05:49:01 -0700] "GET /detail/mqbsmn/ HTTP/1.1" 200 94 "-" "Mozilla/5.0 (compatible; Googlebot/2.1; +http://www.google.com/bot.html)"
66.249.79.106 - - [25/Nov/2024:05:49:14 -0700] "GET /detail/ccdvas/ind-vs-sa-3rd-t20-schedule.html HTTP/1.1" 200 94 "-" "Mozilla/5.0 (compatible; Googlebot/2.1; +http://www.google.com/bot.html)"
66.249.79.106 - - [25/Nov/2024:05:50:10 -0700] "GET /detail/?uetfbb/ HTTP/1.1" 200 94 "-" "Mozilla/5.0 (compatible; Googlebot/2.1; +http://www.google.com/bot.html)"
66.249.79.105 - - [25/Nov/2024:05:50:24 -0700] "GET /detail/cbwyiz/pro-kabaddi-live-2019-stats.html HTTP/1.1" 200 94 "-" "Mozilla/5.0 (compatible; Googlebot/2.1; +http://www.google.com/bot.html)"
66.249.79.105 - - [25/Nov/2024:05:50:57 -0700] "GET /bet/?rgupgb/ HTTP/1.1" 200 94 "-" "Mozilla/5.0 (compatible; Googlebot/2.1; +http://www.google.com/bot.html)"
66.249.79.107 - - [25/Nov/2024:05:51:03 -0700] "GET /news/yjratx/three-hand-poker-rules.html HTTP/1.1" 200 94 "-" "Mozilla/5.0 (compatible; Googlebot/2.1; +http://www.google.com/bot.html)"
66.249.79.106 - - [25/Nov/2024:05:51:16 -0700] "GET /bet/?kxxfcp/ HTTP/1.1" 200 94 "-" "Mozilla/5.0 (compatible; Googlebot/2.1; +http://www.google.com/bot.html)"
66.249.79.105 - - [25/Nov/2024:05:51:17 -0700] "GET /detail/xzpnem/ HTTP/1.1" 200 94 "-" "Mozilla/5.0 (compatible; Googlebot/2.1; +http://www.google.com/bot.html)"
66.249.79.105 - - [25/Nov/2024:05:51:28 -0700] "GET /bet/?bfmazr/ HTTP/1.1" 200 94 "-" "Mozilla/5.0 (compatible; Googlebot/2.1; +http://www.google.com/bot.html)"
66.249.79.105 - - [25/Nov/2024:05:51:28 -0700] "GET /bet/?bwlppg/ HTTP/1.1" 200 94 "-" "Mozilla/5.0 (compatible; Googlebot/2.1; +http://www.google.com/bot.html)"
66.249.79.105 - - [25/Nov/2024:05:51:53 -0700] "GET /detail/?cclajs/ HTTP/1.1" 200 94 "-" "Mozilla/5.0 (compatible; Googlebot/2.1; +http://www.google.com/bot.html)"
52.167.144.213 - - [25/Nov/2024:05:51:56 -0700] "GET /detail/cmhdzc/files/Secondary/files/I-VIII/Maths%20(I%20to%20VIII)-min.pdf HTTP/1.1" 200 94 "-" "Mozilla/5.0 AppleWebKit/537.36 (KHTML, like Gecko; compatible; bingbot/2.0; +http://www.bing.com/bingbot.htm) Chrome/116.0.1938.76 Safari/537.36"
66.249.79.106 - - [25/Nov/2024:05:52:39 -0700] "GET /news/zysvla/ HTTP/1.1" 200 94 "-" "Mozilla/5.0 (compatible; Googlebot/2.1; +http://www.google.com/bot.html)"
66.249.79.106 - - [25/Nov/2024:05:53:04 -0700] "GET /bet/tlrtnc/lakadi-wala-game-tash-ka.html HTTP/1.1" 200 94 "-" "Mozilla/5.0 (compatible; Googlebot/2.1; +http://www.google.com/bot.html)"
66.249.79.106 - - [25/Nov/2024:05:53:45 -0700] "GET /bet/szavmf/asia-cup-2019-point-table-cricket.html HTTP/1.1" 200 94 "-" "Mozilla/5.0 (compatible; Googlebot/2.1; +http://www.google.com/bot.html)"
69.162.124.238 - - [25/Nov/2024:05:53:55 -0700] "HEAD /cbse-corner.php HTTP/1.1" 200 - "https://bhaidesa.akalacademy.ac.in/cbse-corner.php" "Mozilla/5.0+(compatible; UptimeRobot/2.0; http://www.uptimerobot.com/)"
66.249.79.106 - - [25/Nov/2024:05:54:32 -0700] "GET /bet/cdugad/ HTTP/1.1" 200 94 "-" "Mozilla/5.0 (compatible; Googlebot/2.1; +http://www.google.com/bot.html)"
66.249.79.106 - - [25/Nov/2024:05:54:39 -0700] "GET /news/qmcphm/icc-cricket-world-cup-game-downlod.html HTTP/1.1" 200 94 "-" "Mozilla/5.0 (compatible; Googlebot/2.1; +http://www.google.com/bot.html)"
66.249.79.105 - - [25/Nov/2024:05:54:48 -0700] "GET /bet/mflhzo/volleyball-team-india-girls-and-boys.html HTTP/1.1" 200 94 "-" "Mozilla/5.0 (compatible; Googlebot/2.1; +http://www.google.com/bot.html)"
52.167.144.213 - - [25/Nov/2024:05:54:48 -0700] "GET /detail/stvsqn/files/Senior%20Secondary/files/I-VIII/English%20%20(VI%20-%20VIII)-min.pdf HTTP/1.1" 200 94 "-" "Mozilla/5.0 AppleWebKit/537.36 (KHTML, like Gecko; compatible; bingbot/2.0; +http://www.bing.com/bingbot.htm) Chrome/116.0.1938.76 Safari/537.36"
66.249.79.105 - - [25/Nov/2024:05:55:02 -0700] "GET /bet/vivdlu/under-19-world-cup-jaiswal.html HTTP/1.1" 200 94 "-" "Mozilla/5.0 (compatible; Googlebot/2.1; +http://www.google.com/bot.html)"
52.167.144.236 - - [25/Nov/2024:05:55:18 -0700] "GET /detail/ztgmiz/files/IX-X/files/Senior%20Secondary/Eng.Core-min.pdf HTTP/1.1" 200 94 "-" "Mozilla/5.0 AppleWebKit/537.36 (KHTML, like Gecko; compatible; bingbot/2.0; +http://www.bing.com/bingbot.htm) Chrome/116.0.1938.76 Safari/537.36"
66.249.79.105 - - [25/Nov/2024:05:55:24 -0700] "GET /news/?kbllpe/ HTTP/1.1" 200 94 "-" "Mozilla/5.0 (compatible; Googlebot/2.1; +http://www.google.com/bot.html)"
66.249.79.105 - - [25/Nov/2024:05:55:43 -0700] "GET /news/stpmrq/mukesh-kumar-yadav-linkedin-inurture.html HTTP/1.1" 200 94 "-" "Mozilla/5.0 (compatible; Googlebot/2.1; +http://www.google.com/bot.html)"
66.249.79.105 - - [25/Nov/2024:05:55:46 -0700] "GET /news/?oupori/texans-eagles-spread.html HTTP/1.1" 200 94 "-" "Mozilla/5.0 (compatible; Googlebot/2.1; +http://www.google.com/bot.html)"
66.249.79.105 - - [25/Nov/2024:05:55:48 -0700] "GET /detail/ghmjnk/download-indian-train-simulator-pc-game.html HTTP/1.1" 200 94 "-" "Mozilla/5.0 (compatible; Googlebot/2.1; +http://www.google.com/bot.html)"
66.249.79.105 - - [25/Nov/2024:05:55:56 -0700] "GET /news/?pbqnht/ HTTP/1.1" 200 94 "-" "Mozilla/5.0 (compatible; Googlebot/2.1; +http://www.google.com/bot.html)"
66.249.79.107 - - [25/Nov/2024:05:56:27 -0700] "GET /news/?fdvsle/hide-online-game-guardian-script.html HTTP/1.1" 200 94 "-" "Mozilla/5.0 (compatible; Googlebot/2.1; +http://www.google.com/bot.html)"
66.249.79.107 - - [25/Nov/2024:05:56:29 -0700] "GET /news/?nyyxxh/poker-set-with-case-High.html HTTP/1.1" 200 94 "-" "Mozilla/5.0 (compatible; Googlebot/2.1; +http://www.google.com/bot.html)"
66.249.79.105 - - [25/Nov/2024:05:56:52 -0700] "GET /bet/avyffw/e-sports-fifa-live.html HTTP/1.1" 200 94 "-" "Mozilla/5.0 (compatible; Googlebot/2.1; +http://www.google.com/bot.html)"
66.249.79.106 - - [25/Nov/2024:05:57:01 -0700] "GET /detail/cbvdfs/roulette-dirty.html HTTP/1.1" 200 94 "-" "Mozilla/5.0 (compatible; Googlebot/2.1; +http://www.google.com/bot.html)"
66.249.79.106 - - [25/Nov/2024:05:57:14 -0700] "GET /news/udhsed/ HTTP/1.1" 200 94 "-" "Mozilla/5.0 (compatible; Googlebot/2.1; +http://www.google.com/bot.html)"
66.249.79.105 - - [25/Nov/2024:05:57:15 -0700] "GET /detail/vswktb/ HTTP/1.1" 200 94 "-" "Mozilla/5.0 (compatible; Googlebot/2.1; +http://www.google.com/bot.html)"
66.249.79.105 - - [25/Nov/2024:05:57:15 -0700] "GET /news/zxxqki/ HTTP/1.1" 200 94 "-" "Mozilla/5.0 (compatible; Googlebot/2.1; +http://www.google.com/bot.html)"
66.249.79.106 - - [25/Nov/2024:05:58:01 -0700] "GET /bet/kwrwqd/yuvraj-singh-highest-score-in-odi.html HTTP/1.1" 200 94 "-" "Mozilla/5.0 (compatible; Googlebot/2.1; +http://www.google.com/bot.html)"
66.249.79.105 - - [25/Nov/2024:05:58:08 -0700] "GET /news/oaazlb/ HTTP/1.1" 200 94 "-" "Mozilla/5.0 (compatible; Googlebot/2.1; +http://www.google.com/bot.html)"
66.249.79.105 - - [25/Nov/2024:05:58:36 -0700] "GET /detail/unvydn/ HTTP/1.1" 200 94 "-" "Mozilla/5.0 (compatible; Googlebot/2.1; +http://www.google.com/bot.html)"
69.162.124.238 - - [25/Nov/2024:05:58:56 -0700] "HEAD /cbse-corner.php HTTP/1.1" 200 - "https://bhaidesa.akalacademy.ac.in/cbse-corner.php" "Mozilla/5.0+(compatible; UptimeRobot/2.0; http://www.uptimerobot.com/)"
66.249.79.107 - - [25/Nov/2024:05:59:30 -0700] "GET /news/erhtdn/cricket-score-t10.html HTTP/1.1" 200 94 "-" "Mozilla/5.0 (compatible; Googlebot/2.1; +http://www.google.com/bot.html)"
66.249.79.105 - - [25/Nov/2024:06:00:39 -0700] "GET /bet/?wjgkjc/ HTTP/1.1" 200 94 "-" "Mozilla/5.0 (compatible; Googlebot/2.1; +http://www.google.com/bot.html)"
66.249.79.105 - - [25/Nov/2024:06:00:52 -0700] "GET /bet/?ckfivy/india-won-t20-worlcup.html HTTP/1.1" 200 94 "-" "Mozilla/5.0 (compatible; Googlebot/2.1; +http://www.google.com/bot.html)"
66.249.79.105 - - [25/Nov/2024:06:01:18 -0700] "GET /bet/unfxlk/ HTTP/1.1" 200 94 "-" "Mozilla/5.0 (compatible; Googlebot/2.1; +http://www.google.com/bot.html)"
66.249.79.106 - - [25/Nov/2024:06:01:32 -0700] "GET /news/kkopqv/who-is-the-winner-of-today-ipl.html HTTP/1.1" 200 94 "-" "Mozilla/5.0 (compatible; Googlebot/2.1; +http://www.google.com/bot.html)"
66.249.79.105 - - [25/Nov/2024:06:01:58 -0700] "GET /bet/sdbihd/files/Secondary/files/Senior%20Secondary/files/IX-X/Grade%20(XII)-min.pdf HTTP/1.1" 200 94 "-" "Mozilla/5.0 (Linux; Android 6.0.1; Nexus 5X Build/MMB29P) AppleWebKit/537.36 (KHTML, like Gecko) Chrome/131.0.6778.69 Mobile Safari/537.36 (compatible; GoogleOther)"
66.249.79.107 - - [25/Nov/2024:06:02:35 -0700] "GET /news/lmqhgg/tycoon-casino-free-coins-gamehunters.html HTTP/1.1" 200 94 "-" "Mozilla/5.0 (compatible; Googlebot/2.1; +http://www.google.com/bot.html)"
66.249.79.107 - - [25/Nov/2024:06:03:29 -0700] "GET /detail/?vvcakq/ HTTP/1.1" 200 94 "-" "Mozilla/5.0 (compatible; Googlebot/2.1; +http://www.google.com/bot.html)"
66.249.79.106 - - [25/Nov/2024:06:03:39 -0700] "GET /detail/keirdd/ HTTP/1.1" 200 94 "-" "Mozilla/5.0 (compatible; Googlebot/2.1; +http://www.google.com/bot.html)"
69.162.124.238 - - [25/Nov/2024:06:03:55 -0700] "HEAD /cbse-corner.php HTTP/1.1" 200 - "https://bhaidesa.akalacademy.ac.in/cbse-corner.php" "Mozilla/5.0+(compatible; UptimeRobot/2.0; http://www.uptimerobot.com/)"
66.249.79.106 - - [25/Nov/2024:06:04:55 -0700] "GET /detail/?oyscjp/ladbrokes-mastercard.html HTTP/1.1" 200 94 "-" "Mozilla/5.0 (compatible; Googlebot/2.1; +http://www.google.com/bot.html)"
66.249.79.106 - - [25/Nov/2024:06:05:20 -0700] "GET /bet/lehcfi/super-bowl-odds-as-of-today.html HTTP/1.1" 200 94 "-" "Mozilla/5.0 (compatible; Googlebot/2.1; +http://www.google.com/bot.html)"
66.249.79.106 - - [25/Nov/2024:06:05:25 -0700] "GET /bet/?oumhsg/zynga-blackjack.html HTTP/1.1" 200 94 "-" "Mozilla/5.0 (compatible; Googlebot/2.1; +http://www.google.com/bot.html)"
66.249.79.105 - - [25/Nov/2024:06:05:36 -0700] "GET /bet/plfuhk/today-ipl-male-anchors.html HTTP/1.1" 200 94 "-" "Mozilla/5.0 (compatible; Googlebot/2.1; +http://www.google.com/bot.html)"
66.249.79.105 - - [25/Nov/2024:06:05:48 -0700] "GET /news/?wntxvi/ HTTP/1.1" 200 94 "-" "Mozilla/5.0 (compatible; Googlebot/2.1; +http://www.google.com/bot.html)"
66.249.79.106 - - [25/Nov/2024:06:06:01 -0700] "GET /news/tlevuf/ HTTP/1.1" 200 94 "-" "Mozilla/5.0 (compatible; Googlebot/2.1; +http://www.google.com/bot.html)"
66.249.79.105 - - [25/Nov/2024:06:06:02 -0700] "GET /detail/vimcev/rank-of-india-in-cricket-t20-men's.html HTTP/1.1" 200 94 "-" "Mozilla/5.0 (compatible; Googlebot/2.1; +http://www.google.com/bot.html)"
66.249.79.106 - - [25/Nov/2024:06:06:28 -0700] "GET /bet/?xjgeqx/ HTTP/1.1" 200 94 "-" "Mozilla/5.0 (compatible; Googlebot/2.1; +http://www.google.com/bot.html)"
52.167.144.207 - - [25/Nov/2024:06:06:54 -0700] "GET /detail/stbzqz/files/Secondary/files/Senior%20Secondary/PoliticalScience-min.pdf HTTP/1.1" 200 94 "-" "Mozilla/5.0 AppleWebKit/537.36 (KHTML, like Gecko; compatible; bingbot/2.0; +http://www.bing.com/bingbot.htm) Chrome/116.0.1938.76 Safari/537.36"
66.249.79.107 - - [25/Nov/2024:06:07:10 -0700] "GET /detail/zozzsv/ HTTP/1.1" 200 94 "-" "Mozilla/5.0 (compatible; Googlebot/2.1; +http://www.google.com/bot.html)"
66.249.79.106 - - [25/Nov/2024:06:07:30 -0700] "GET /news/sujlrx/rajasthan-royals-team-list-carant.html HTTP/1.1" 200 94 "-" "Mozilla/5.0 (compatible; Googlebot/2.1; +http://www.google.com/bot.html)"
66.249.79.106 - - [25/Nov/2024:06:08:32 -0700] "GET /news/?jhbaiy/ HTTP/1.1" 200 94 "-" "Mozilla/5.0 (compatible; Googlebot/2.1; +http://www.google.com/bot.html)"
52.167.144.232 - - [25/Nov/2024:06:08:50 -0700] "GET /news/mawcwg/files/Secondary/files/Secondary/417-IX-min.pdf HTTP/1.1" 200 94 "-" "Mozilla/5.0 AppleWebKit/537.36 (KHTML, like Gecko; compatible; bingbot/2.0; +http://www.bing.com/bingbot.htm) Chrome/116.0.1938.76 Safari/537.36"
69.162.124.238 - - [25/Nov/2024:06:08:55 -0700] "HEAD /cbse-corner.php HTTP/1.1" 200 - "https://bhaidesa.akalacademy.ac.in/cbse-corner.php" "Mozilla/5.0+(compatible; UptimeRobot/2.0; http://www.uptimerobot.com/)"
66.249.79.105 - - [25/Nov/2024:06:09:29 -0700] "GET /detail/ovngzj/livescore-results-today-psl.html HTTP/1.1" 200 94 "-" "Mozilla/5.0 (compatible; Googlebot/2.1; +http://www.google.com/bot.html)"
66.249.79.105 - - [25/Nov/2024:06:10:22 -0700] "GET /detail/?ixjkat/ HTTP/1.1" 200 94 "-" "Mozilla/5.0 (compatible; Googlebot/2.1; +http://www.google.com/bot.html)"
66.249.79.106 - - [25/Nov/2024:06:10:44 -0700] "GET /bet/awmksx/tennys-sandgren-tweets.html HTTP/1.1" 200 94 "-" "Mozilla/5.0 (compatible; Googlebot/2.1; +http://www.google.com/bot.html)"
66.249.79.107 - - [25/Nov/2024:06:11:22 -0700] "GET /news/ivypvx/chennai-super-kings-ipl-2014-team.html HTTP/1.1" 200 94 "-" "Mozilla/5.0 (compatible; Googlebot/2.1; +http://www.google.com/bot.html)"
66.249.79.107 - - [25/Nov/2024:06:12:20 -0700] "GET /news/?zeiakc/ipl-live-in-hotstar-today.html HTTP/1.1" 200 94 "-" "Mozilla/5.0 (compatible; Googlebot/2.1; +http://www.google.com/bot.html)"
66.249.79.105 - - [25/Nov/2024:06:12:31 -0700] "GET /bet/drnpmc/all-bet-casino.html HTTP/1.1" 200 94 "-" "Mozilla/5.0 (compatible; Googlebot/2.1; +http://www.google.com/bot.html)"
66.249.79.105 - - [25/Nov/2024:06:12:38 -0700] "GET /bet/icxzrb/ipl-cricket-live-videos-today.html HTTP/1.1" 200 94 "-" "Mozilla/5.0 (compatible; Googlebot/2.1; +http://www.google.com/bot.html)"
66.249.79.105 - - [25/Nov/2024:06:13:34 -0700] "GET /bet/jxkqgn/Call-Break-Game-Ke-Secrets.html HTTP/1.1" 200 94 "-" "Mozilla/5.0 (compatible; Googlebot/2.1; +http://www.google.com/bot.html)"
69.162.124.238 - - [25/Nov/2024:06:13:55 -0700] "HEAD /cbse-corner.php HTTP/1.1" 200 - "https://bhaidesa.akalacademy.ac.in/cbse-corner.php" "Mozilla/5.0+(compatible; UptimeRobot/2.0; http://www.uptimerobot.com/)"
66.249.79.105 - - [25/Nov/2024:06:14:37 -0700] "GET /bet/gcakxi/fifa-final-india-time.html HTTP/1.1" 200 94 "-" "Mozilla/5.0 (compatible; Googlebot/2.1; +http://www.google.com/bot.html)"
66.249.79.105 - - [25/Nov/2024:06:14:39 -0700] "GET /bet/?lsceld/ HTTP/1.1" 200 94 "-" "Mozilla/5.0 (compatible; Googlebot/2.1; +http://www.google.com/bot.html)"
66.249.79.106 - - [25/Nov/2024:06:15:03 -0700] "GET /news/mmrlom/ HTTP/1.1" 200 94 "-" "Mozilla/5.0 (compatible; Googlebot/2.1; +http://www.google.com/bot.html)"
52.167.144.236 - - [25/Nov/2024:06:15:10 -0700] "GET /detail/govtvn/files/Secondary/files/Senior%20Secondary/ComputerSc_NewXII-min.pdf HTTP/1.1" 200 94 "-" "Mozilla/5.0 AppleWebKit/537.36 (KHTML, like Gecko; compatible; bingbot/2.0; +http://www.bing.com/bingbot.htm) Chrome/116.0.1938.76 Safari/537.36"
66.249.79.105 - - [25/Nov/2024:06:15:15 -0700] "GET /bet/?zelxqs/best-web-game-sites.html HTTP/1.1" 200 94 "-" "Mozilla/5.0 (compatible; Googlebot/2.1; +http://www.google.com/bot.html)"
66.249.79.105 - - [25/Nov/2024:06:15:40 -0700] "GET /news/dqokin/4rabet-customer-care-number.html HTTP/1.1" 200 94 "-" "Mozilla/5.0 (compatible; Googlebot/2.1; +http://www.google.com/bot.html)"
52.167.144.199 - - [25/Nov/2024:06:15:45 -0700] "GET /detail/kttspm/files/Senior%20Secondary/files/Secondary/417-IX-min.pdf HTTP/1.1" 200 94 "-" "Mozilla/5.0 AppleWebKit/537.36 (KHTML, like Gecko; compatible; bingbot/2.0; +http://www.bing.com/bingbot.htm) Chrome/116.0.1938.76 Safari/537.36"
52.167.144.199 - - [25/Nov/2024:06:15:46 -0700] "GET /detail/unndpv/files/Secondary/files/Senior%20Secondary/Mathematics-min.pdf HTTP/1.1" 200 94 "-" "Mozilla/5.0 AppleWebKit/537.36 (KHTML, like Gecko; compatible; bingbot/2.0; +http://www.bing.com/bingbot.htm) Chrome/116.0.1938.76 Safari/537.36"
66.249.79.105 - - [25/Nov/2024:06:16:10 -0700] "GET /bet/ykiprn/ HTTP/1.1" 200 94 "-" "Mozilla/5.0 (compatible; Googlebot/2.1; +http://www.google.com/bot.html)"
66.249.79.105 - - [25/Nov/2024:06:16:35 -0700] "GET /news/tzjegn/who-is-the-sponsor-of-rajasthan-royals.html HTTP/1.1" 200 94 "-" "Mozilla/5.0 (compatible; Googlebot/2.1; +http://www.google.com/bot.html)"
66.249.79.105 - - [25/Nov/2024:06:16:43 -0700] "GET /detail/cbfpws/files/IX-X/files/Senior%20Secondary/files/I-VIII/VI-XII%20Divinity%20Syl.%20for%20Other%20Aca.-min.pdf HTTP/1.1" 200 94 "-" "Mozilla/5.0 (Linux; Android 6.0.1; Nexus 5X Build/MMB29P) AppleWebKit/537.36 (KHTML, like Gecko) Chrome/131.0.6778.69 Mobile Safari/537.36 (compatible; GoogleOther)"
66.249.79.105 - - [25/Nov/2024:06:17:28 -0700] "GET /bet/wxizba/2017-football-world-cup-final.html HTTP/1.1" 200 94 "-" "Mozilla/5.0 (compatible; Googlebot/2.1; +http://www.google.com/bot.html)"
66.249.79.105 - - [25/Nov/2024:06:17:32 -0700] "GET /bet/kmryzo/ HTTP/1.1" 200 94 "-" "Mozilla/5.0 (compatible; Googlebot/2.1; +http://www.google.com/bot.html)"
66.249.79.106 - - [25/Nov/2024:06:17:34 -0700] "GET /detail/?jobtjv/ HTTP/1.1" 200 94 "-" "Mozilla/5.0 (compatible; Googlebot/2.1; +http://www.google.com/bot.html)"
66.249.79.105 - - [25/Nov/2024:06:17:51 -0700] "GET /detail/rwyigf/final-t20-world-cup.html HTTP/1.1" 200 94 "-" "Mozilla/5.0 (compatible; Googlebot/2.1; +http://www.google.com/bot.html)"
66.249.79.105 - - [25/Nov/2024:06:18:00 -0700] "GET /bet/?mleoev/zar-casino-no-deposit-bonus-money.html HTTP/1.1" 200 94 "-" "Mozilla/5.0 (compatible; Googlebot/2.1; +http://www.google.com/bot.html)"
40.77.167.136 - - [25/Nov/2024:06:18:01 -0700] "GET /news/pledam/files/I-VIII/files/Senior%20Secondary/BusinessStudies-min.pdf HTTP/1.1" 200 94 "-" "Mozilla/5.0 AppleWebKit/537.36 (KHTML, like Gecko; compatible; bingbot/2.0; +http://www.bing.com/bingbot.htm) Chrome/116.0.1938.76 Safari/537.36"
66.249.79.105 - - [25/Nov/2024:06:18:06 -0700] "GET /news/nywgoc/ HTTP/1.1" 200 94 "-" "Mozilla/5.0 (compatible; Googlebot/2.1; +http://www.google.com/bot.html)"
66.249.79.105 - - [25/Nov/2024:06:18:18 -0700] "GET /news/kuoamy/ind-vs-wi-2nd-t20-prediction.html HTTP/1.1" 200 94 "-" "Mozilla/5.0 (compatible; Googlebot/2.1; +http://www.google.com/bot.html)"
69.162.124.238 - - [25/Nov/2024:06:18:55 -0700] "HEAD /cbse-corner.php HTTP/1.1" 200 - "https://bhaidesa.akalacademy.ac.in/cbse-corner.php" "Mozilla/5.0+(compatible; UptimeRobot/2.0; http://www.uptimerobot.com/)"
52.167.144.199 - - [25/Nov/2024:06:19:17 -0700] "GET /detail/unhxzl/files/Secondary/files/IX-X/Grade%20(XII)-min.pdf HTTP/1.1" 200 94 "-" "Mozilla/5.0 AppleWebKit/537.36 (KHTML, like Gecko; compatible; bingbot/2.0; +http://www.bing.com/bingbot.htm) Chrome/116.0.1938.76 Safari/537.36"
66.249.79.105 - - [25/Nov/2024:06:19:25 -0700] "GET /news/yqbtem/ HTTP/1.1" 200 94 "-" "Mozilla/5.0 (compatible; Googlebot/2.1; +http://www.google.com/bot.html)"
66.249.79.105 - - [25/Nov/2024:06:19:29 -0700] "GET /detail/phxgct/galaxy-macau-casino-owner.html HTTP/1.1" 200 94 "-" "Mozilla/5.0 (compatible; Googlebot/2.1; +http://www.google.com/bot.html)"
66.249.79.105 - - [25/Nov/2024:06:19:54 -0700] "GET /detail/kfnlef/ HTTP/1.1" 200 94 "-" "Mozilla/5.0 (compatible; Googlebot/2.1; +http://www.google.com/bot.html)"
66.249.79.105 - - [25/Nov/2024:06:20:00 -0700] "GET /news/plmozh/parlay-pay-outs.html HTTP/1.1" 200 94 "-" "Mozilla/5.0 (compatible; Googlebot/2.1; +http://www.google.com/bot.html)"
40.77.167.64 - - [25/Nov/2024:06:20:03 -0700] "GET /detail/rceydx/files/Secondary/files/Senior%20Secondary/ComputerSc_NewXII-min.pdf HTTP/1.1" 200 94 "-" "Mozilla/5.0 AppleWebKit/537.36 (KHTML, like Gecko; compatible; bingbot/2.0; +http://www.bing.com/bingbot.htm) Chrome/116.0.1938.76 Safari/537.36"
66.249.79.105 - - [25/Nov/2024:06:20:11 -0700] "GET /detail/?iatbaw/ HTTP/1.1" 200 94 "-" "Mozilla/5.0 (compatible; Googlebot/2.1; +http://www.google.com/bot.html)"
66.249.79.105 - - [25/Nov/2024:06:20:20 -0700] "GET /detail/bhrwvd/ HTTP/1.1" 200 94 "-" "Mozilla/5.0 (compatible; Googlebot/2.1; +http://www.google.com/bot.html)"
66.249.79.105 - - [25/Nov/2024:06:20:22 -0700] "GET /bet/bwovvr/ HTTP/1.1" 200 94 "-" "Mozilla/5.0 (compatible; Googlebot/2.1; +http://www.google.com/bot.html)"
66.249.79.105 - - [25/Nov/2024:06:20:54 -0700] "GET /detail/?kysntf/ HTTP/1.1" 200 94 "-" "Mozilla/5.0 (compatible; Googlebot/2.1; +http://www.google.com/bot.html)"
66.249.79.105 - - [25/Nov/2024:06:21:00 -0700] "GET /bet/zyorah/esports-ruin-twitch.html HTTP/1.1" 200 94 "-" "Mozilla/5.0 (compatible; Googlebot/2.1; +http://www.google.com/bot.html)"
66.249.79.105 - - [25/Nov/2024:06:21:27 -0700] "GET /news/pstfrq/abstract-noun-games-online.html HTTP/1.1" 200 94 "-" "Mozilla/5.0 (compatible; Googlebot/2.1; +http://www.google.com/bot.html)"
40.77.167.136 - - [25/Nov/2024:06:21:31 -0700] "GET /detail/lstnsr/files/Senior%20Secondary/files/I-VIII/Maths%20(I%20to%20VIII)-min.pdf HTTP/1.1" 200 94 "-" "Mozilla/5.0 AppleWebKit/537.36 (KHTML, like Gecko; compatible; bingbot/2.0; +http://www.bing.com/bingbot.htm) Chrome/116.0.1938.76 Safari/537.36"
66.249.79.105 - - [25/Nov/2024:06:21:36 -0700] "GET /bet/rbpwiw/ HTTP/1.1" 200 94 "-" "Mozilla/5.0 (compatible; Googlebot/2.1; +http://www.google.com/bot.html)"
66.249.79.105 - - [25/Nov/2024:06:21:41 -0700] "GET /bet/?xkppwz/sarfaraz-khan-actor-biography.html HTTP/1.1" 200 94 "-" "Mozilla/5.0 (compatible; Googlebot/2.1; +http://www.google.com/bot.html)"
40.77.167.241 - - [25/Nov/2024:06:21:44 -0700] "GET /news/rgbnfq/files/Senior%20Secondary/files/IX-X/Grade%20(XII)-min.pdf HTTP/1.1" 200 94 "-" "Mozilla/5.0 AppleWebKit/537.36 (KHTML, like Gecko; compatible; bingbot/2.0; +http://www.bing.com/bingbot.htm) Chrome/116.0.1938.76 Safari/537.36"
66.249.79.106 - - [25/Nov/2024:06:22:05 -0700] "GET /detail/?edruve/chrome-dino-play.html HTTP/1.1" 200 94 "-" "Mozilla/5.0 (compatible; Googlebot/2.1; +http://www.google.com/bot.html)"
66.249.79.106 - - [25/Nov/2024:06:22:19 -0700] "GET /news/euynrt/ HTTP/1.1" 200 94 "-" "Mozilla/5.0 (compatible; Googlebot/2.1; +http://www.google.com/bot.html)"
66.249.79.105 - - [25/Nov/2024:06:22:27 -0700] "GET /detail/cdazzi/ HTTP/1.1" 200 94 "-" "Mozilla/5.0 (compatible; Googlebot/2.1; +http://www.google.com/bot.html)"
40.77.167.241 - - [25/Nov/2024:06:22:35 -0700] "GET /detail/pzrgia/files/Secondary/files/Secondary/Hindi_B_sec%202019-20-min.pdf HTTP/1.1" 200 94 "-" "Mozilla/5.0 AppleWebKit/537.36 (KHTML, like Gecko; compatible; bingbot/2.0; +http://www.bing.com/bingbot.htm) Chrome/116.0.1938.76 Safari/537.36"
66.249.79.105 - - [25/Nov/2024:06:22:52 -0700] "GET /news/?rqlewk/cricket-world-cup-live-streaming-free.html HTTP/1.1" 200 94 "-" "Mozilla/5.0 (compatible; Googlebot/2.1; +http://www.google.com/bot.html)"
66.249.79.105 - - [25/Nov/2024:06:22:53 -0700] "GET /detail/kjgjwn/live-score-of-ipl-rajasthan-vs-rcb.html HTTP/1.1" 200 94 "-" "Mozilla/5.0 (compatible; Googlebot/2.1; +http://www.google.com/bot.html)"
69.162.124.238 - - [25/Nov/2024:06:23:56 -0700] "HEAD /cbse-corner.php HTTP/1.1" 200 - "https://bhaidesa.akalacademy.ac.in/cbse-corner.php" "Mozilla/5.0+(compatible; UptimeRobot/2.0; http://www.uptimerobot.com/)"
66.249.79.106 - - [25/Nov/2024:06:24:07 -0700] "GET /news/iwmwmc/genting-malaysia-casino-online.html HTTP/1.1" 200 94 "-" "Mozilla/5.0 (compatible; Googlebot/2.1; +http://www.google.com/bot.html)"
66.249.79.106 - - [25/Nov/2024:06:24:39 -0700] "GET /news/?laaonz/ HTTP/1.1" 200 94 "-" "Mozilla/5.0 (compatible; Googlebot/2.1; +http://www.google.com/bot.html)"
66.249.79.107 - - [25/Nov/2024:06:25:57 -0700] "GET /news/sknbnt/x-guru.html HTTP/1.1" 200 94 "-" "Mozilla/5.0 (compatible; Googlebot/2.1; +http://www.google.com/bot.html)"
40.77.167.241 - - [25/Nov/2024:06:26:06 -0700] "GET /detail/ncirmz/files/Senior%20Secondary/files/Secondary/ART_EDUCATION-min.pdf HTTP/1.1" 200 94 "-" "Mozilla/5.0 AppleWebKit/537.36 (KHTML, like Gecko; compatible; bingbot/2.0; +http://www.bing.com/bingbot.htm) Chrome/116.0.1938.76 Safari/537.36"
66.249.79.106 - - [25/Nov/2024:06:26:10 -0700] "GET /bet/?cdyhai/french-roulette-low-limit-bonus.html HTTP/1.1" 200 94 "-" "Mozilla/5.0 (compatible; Googlebot/2.1; +http://www.google.com/bot.html)"
66.249.79.106 - - [25/Nov/2024:06:26:11 -0700] "GET /news/?ixkrqr/ HTTP/1.1" 200 94 "-" "Mozilla/5.0 (compatible; Googlebot/2.1; +http://www.google.com/bot.html)"
66.249.79.105 - - [25/Nov/2024:06:26:20 -0700] "GET /news/jrggra/ HTTP/1.1" 200 94 "-" "Mozilla/5.0 (compatible; Googlebot/2.1; +http://www.google.com/bot.html)"
66.249.79.105 - - [25/Nov/2024:06:26:55 -0700] "GET /news/kcslfo/cricket-live-streaming-asia-cup-hotstar.html HTTP/1.1" 200 94 "-" "Mozilla/5.0 (compatible; Googlebot/2.1; +http://www.google.com/bot.html)"
66.249.79.105 - - [25/Nov/2024:06:26:57 -0700] "GET /detail/mtyfbk/india-t20-wc-squad-2021.html HTTP/1.1" 200 94 "-" "Mozilla/5.0 (compatible; Googlebot/2.1; +http://www.google.com/bot.html)"
40.77.167.64 - - [25/Nov/2024:06:27:04 -0700] "GET /news/krsvlb/files/Secondary/files/Secondary/Punjabi_Sec_2019-20-min.pdf HTTP/1.1" 200 94 "-" "Mozilla/5.0 AppleWebKit/537.36 (KHTML, like Gecko; compatible; bingbot/2.0; +http://www.bing.com/bingbot.htm) Chrome/116.0.1938.76 Safari/537.36"
66.249.79.106 - - [25/Nov/2024:06:27:18 -0700] "GET /news/vnnnvh/virgin-gambling.html HTTP/1.1" 200 94 "-" "Mozilla/5.0 (compatible; Googlebot/2.1; +http://www.google.com/bot.html)"
66.249.79.105 - - [25/Nov/2024:06:27:32 -0700] "GET /bet/zrpvzm/ HTTP/1.1" 200 94 "-" "Mozilla/5.0 (compatible; Googlebot/2.1; +http://www.google.com/bot.html)"
66.249.79.105 - - [25/Nov/2024:06:27:41 -0700] "GET /news/lrzxsc/ HTTP/1.1" 200 94 "-" "Mozilla/5.0 (compatible; Googlebot/2.1; +http://www.google.com/bot.html)"
66.249.79.105 - - [25/Nov/2024:06:27:43 -0700] "GET /bet/kescsg/ HTTP/1.1" 200 94 "-" "Mozilla/5.0 (compatible; Googlebot/2.1; +http://www.google.com/bot.html)"
66.249.79.105 - - [25/Nov/2024:06:28:01 -0700] "GET /bet/?myutnd/ HTTP/1.1" 200 94 "-" "Mozilla/5.0 (compatible; Googlebot/2.1; +http://www.google.com/bot.html)"
69.162.124.238 - - [25/Nov/2024:06:28:55 -0700] "HEAD /cbse-corner.php HTTP/1.1" 200 - "https://bhaidesa.akalacademy.ac.in/cbse-corner.php" "Mozilla/5.0+(compatible; UptimeRobot/2.0; http://www.uptimerobot.com/)"
66.249.79.105 - - [25/Nov/2024:06:29:17 -0700] "GET /detail/bmxhzb/ HTTP/1.1" 200 94 "-" "Mozilla/5.0 (compatible; Googlebot/2.1; +http://www.google.com/bot.html)"
40.77.167.32 - - [25/Nov/2024:06:29:34 -0700] "GET /detail/khkews/files/Secondary/files/Senior%20Secondary/Punjabi_XII-min.pdf HTTP/1.1" 200 94 "-" "Mozilla/5.0 AppleWebKit/537.36 (KHTML, like Gecko; compatible; bingbot/2.0; +http://www.bing.com/bingbot.htm) Chrome/116.0.1938.76 Safari/537.36"
66.249.79.105 - - [25/Nov/2024:06:29:39 -0700] "GET / HTTP/1.1" 200 94 "-" "Mozilla/5.0 (compatible; Googlebot/2.1; +http://www.google.com/bot.html)"
66.249.79.107 - - [25/Nov/2024:06:30:09 -0700] "GET /detail/?lfrfid/ HTTP/1.1" 200 94 "-" "Mozilla/5.0 (compatible; Googlebot/2.1; +http://www.google.com/bot.html)"
66.249.79.105 - - [25/Nov/2024:06:30:39 -0700] "GET /detail/jbcheq/ HTTP/1.1" 200 94 "-" "Mozilla/5.0 (compatible; Googlebot/2.1; +http://www.google.com/bot.html)"
66.249.79.105 - - [25/Nov/2024:06:30:43 -0700] "GET /news/jvtnjj/ HTTP/1.1" 200 94 "-" "Mozilla/5.0 (compatible; Googlebot/2.1; +http://www.google.com/bot.html)"
52.167.144.181 - - [25/Nov/2024:06:31:12 -0700] "GET /detail/vogfwc/files/Senior%20Secondary/files/Secondary/Mathematics_Sec_2019-20-min.pdf HTTP/1.1" 200 94 "-" "Mozilla/5.0 AppleWebKit/537.36 (KHTML, like Gecko; compatible; bingbot/2.0; +http://www.bing.com/bingbot.htm) Chrome/116.0.1938.76 Safari/537.36"
66.249.79.105 - - [25/Nov/2024:06:31:31 -0700] "GET /detail/?ngeeht/ HTTP/1.1" 200 94 "-" "Mozilla/5.0 (compatible; Googlebot/2.1; +http://www.google.com/bot.html)"
66.249.79.105 - - [25/Nov/2024:06:32:10 -0700] "GET /detail/rsdwid/ HTTP/1.1" 200 94 "-" "Mozilla/5.0 (compatible; Googlebot/2.1; +http://www.google.com/bot.html)"
52.167.144.193 - - [25/Nov/2024:06:32:36 -0700] "GET /detail/qyyemp/files/Senior%20Secondary/files/IX-X/Grade%20(X)-min.pdf HTTP/1.1" 200 94 "-" "Mozilla/5.0 AppleWebKit/537.36 (KHTML, like Gecko; compatible; bingbot/2.0; +http://www.bing.com/bingbot.htm) Chrome/116.0.1938.76 Safari/537.36"
66.249.79.106 - - [25/Nov/2024:06:32:38 -0700] "GET /detail/?cbhoyi/zazai-hazratullah-icc-world-cup.html HTTP/1.1" 200 94 "-" "Mozilla/5.0 (compatible; Googlebot/2.1; +http://www.google.com/bot.html)"
66.249.79.105 - - [25/Nov/2024:06:32:45 -0700] "GET /news/?tmqgim/ HTTP/1.1" 200 94 "-" "Mozilla/5.0 (compatible; Googlebot/2.1; +http://www.google.com/bot.html)"
66.249.79.105 - - [25/Nov/2024:06:32:46 -0700] "GET /detail/ejaxuk/ HTTP/1.1" 200 94 "-" "Mozilla/5.0 (compatible; Googlebot/2.1; +http://www.google.com/bot.html)"
52.167.144.181 - - [25/Nov/2024:06:32:53 -0700] "GET /news/qbqqjc/files/Secondary/files/IX-X/Grade%20(X)-min.pdf HTTP/1.1" 200 94 "-" "Mozilla/5.0 AppleWebKit/537.36 (KHTML, like Gecko; compatible; bingbot/2.0; +http://www.bing.com/bingbot.htm) Chrome/116.0.1938.76 Safari/537.36"
66.249.79.105 - - [25/Nov/2024:06:33:08 -0700] "GET /news/qwelkw/cricket-live-line-betting-tips.html HTTP/1.1" 200 94 "-" "Mozilla/5.0 (compatible; Googlebot/2.1; +http://www.google.com/bot.html)"
66.249.79.106 - - [25/Nov/2024:06:33:14 -0700] "GET /news/jhbats/lowest-total-in-women's-t20.html HTTP/1.1" 200 94 "-" "Mozilla/5.0 (compatible; Googlebot/2.1; +http://www.google.com/bot.html)"
52.167.144.181 - - [25/Nov/2024:06:33:42 -0700] "GET /detail/vogfwc/files/Senior%20Secondary/files/Secondary/14_Circular_2019ANX1-min.pdf HTTP/1.1" 200 94 "-" "Mozilla/5.0 AppleWebKit/537.36 (KHTML, like Gecko; compatible; bingbot/2.0; +http://www.bing.com/bingbot.htm) Chrome/116.0.1938.76 Safari/537.36"
