66.249.79.71 - - [25/Nov/2024:07:02:11 -0700] "GET /bet/swvhvq/dragon-ball-z-card-game-switch.html HTTP/1.1" 200 - "-" "Mozilla/5.0 (compatible; Googlebot/2.1; +http://www.google.com/bot.html)"
194.233.72.158 - - [25/Nov/2024:07:02:43 -0700] "GET /myadmin/slider/noop.php HTTP/1.1" 200 - "-" "Uptime-Kuma/1.23.3"
69.162.124.238 - - [25/Nov/2024:07:02:51 -0700] "HEAD /cbse-corner.php HTTP/1.1" 200 - "https://benra.akalacademy.ac.in/cbse-corner.php" "Mozilla/5.0+(compatible; UptimeRobot/2.0; http://www.uptimerobot.com/)"
66.249.79.72 - - [25/Nov/2024:07:03:05 -0700] "GET /bet/?uhircu/ HTTP/1.1" 200 - "-" "Mozilla/5.0 (compatible; Googlebot/2.1; +http://www.google.com/bot.html)"
66.249.79.72 - - [25/Nov/2024:07:03:13 -0700] "GET /news/lgdlzw/casino-gaming-news-sites.html HTTP/1.1" 200 - "-" "Mozilla/5.0 (compatible; Googlebot/2.1; +http://www.google.com/bot.html)"
66.249.79.71 - - [25/Nov/2024:07:03:23 -0700] "GET /detail/ywtyzy/ HTTP/1.1" 200 - "-" "Mozilla/5.0 (compatible; Googlebot/2.1; +http://www.google.com/bot.html)"
66.249.79.73 - - [25/Nov/2024:07:04:29 -0700] "GET /bet/?myjrrh/ HTTP/1.1" 200 - "-" "Mozilla/5.0 (compatible; Googlebot/2.1; +http://www.google.com/bot.html)"
216.244.66.233 - - [25/Nov/2024:07:04:35 -0700] "GET /robots.txt HTTP/1.1" 200 76 "-" "Mozilla/5.0 (compatible; DotBot/1.2; +https://opensiteexplorer.org/dotbot; help@moz.com)"
66.249.79.72 - - [25/Nov/2024:07:04:43 -0700] "GET /detail/?ihtdsx/ HTTP/1.1" 200 - "-" "Mozilla/5.0 (compatible; Googlebot/2.1; +http://www.google.com/bot.html)"
66.249.79.72 - - [25/Nov/2024:07:05:25 -0700] "GET /bet/?lmwcwj/ HTTP/1.1" 200 - "-" "Mozilla/5.0 (compatible; Googlebot/2.1; +http://www.google.com/bot.html)"
52.167.144.204 - - [25/Nov/2024:07:05:30 -0700] "GET /news/ewfmfq/files/IX-X/Grade%20(XI)%20-min.pdf HTTP/1.1" 200 - "-" "Mozilla/5.0 AppleWebKit/537.36 (KHTML, like Gecko; compatible; bingbot/2.0; +http://www.bing.com/bingbot.htm) Chrome/116.0.1938.76 Safari/537.36"
66.249.79.72 - - [25/Nov/2024:07:07:34 -0700] "GET /news/fhwdfa/ HTTP/1.1" 200 - "-" "Mozilla/5.0 (compatible; Googlebot/2.1; +http://www.google.com/bot.html)"
69.162.124.238 - - [25/Nov/2024:07:07:50 -0700] "HEAD /cbse-corner.php HTTP/1.1" 200 - "https://benra.akalacademy.ac.in/cbse-corner.php" "Mozilla/5.0+(compatible; UptimeRobot/2.0; http://www.uptimerobot.com/)"
66.249.79.71 - - [25/Nov/2024:07:08:14 -0700] "GET /detail/?jgmpye/ HTTP/1.1" 200 - "-" "Mozilla/5.0 (compatible; Googlebot/2.1; +http://www.google.com/bot.html)"
66.249.79.71 - - [25/Nov/2024:07:08:30 -0700] "GET /bet/?wfcnnv/ HTTP/1.1" 200 - "-" "Mozilla/5.0 (compatible; Googlebot/2.1; +http://www.google.com/bot.html)"
66.249.79.72 - - [25/Nov/2024:07:08:32 -0700] "GET /detail/?mauzbf/symetra-tour-leaderboard-today.html HTTP/1.1" 200 - "-" "Mozilla/5.0 (compatible; Googlebot/2.1; +http://www.google.com/bot.html)"
66.249.79.71 - - [25/Nov/2024:07:08:46 -0700] "GET /detail/tikawy/ HTTP/1.1" 200 - "-" "Mozilla/5.0 (compatible; Googlebot/2.1; +http://www.google.com/bot.html)"
66.249.79.71 - - [25/Nov/2024:07:08:47 -0700] "GET /news/?bpijnj/krish-cricket-game-downloads.html HTTP/1.1" 200 - "-" "Mozilla/5.0 (compatible; Googlebot/2.1; +http://www.google.com/bot.html)"
66.249.79.71 - - [25/Nov/2024:07:08:53 -0700] "GET /bet/?mbgchx/ HTTP/1.1" 200 - "-" "Mozilla/5.0 (compatible; Googlebot/2.1; +http://www.google.com/bot.html)"
66.249.79.73 - - [25/Nov/2024:07:09:14 -0700] "GET /bet/ikxtlq/ HTTP/1.1" 200 - "-" "Mozilla/5.0 (compatible; Googlebot/2.1; +http://www.google.com/bot.html)"
66.249.79.72 - - [25/Nov/2024:07:09:49 -0700] "GET /detail/bbxkxf/ HTTP/1.1" 200 - "-" "Mozilla/5.0 (compatible; Googlebot/2.1; +http://www.google.com/bot.html)"
47.128.58.83 - - [25/Nov/2024:07:10:18 -0700] "GET /index.php/sitemapimages1366.xml HTTP/1.1" 200 - "-" "Mozilla/5.0 (Linux; Android 5.0) AppleWebKit/537.36 (KHTML, like Gecko) Mobile Safari/537.36 (compatible; Bytespider; spider-feedback@bytedance.com)"
47.128.119.198 - - [25/Nov/2024:07:10:20 -0700] "GET /index.php/sitemapimages6.xml HTTP/1.1" 200 - "-" "Mozilla/5.0 (Linux; Android 5.0) AppleWebKit/537.36 (KHTML, like Gecko) Mobile Safari/537.36 (compatible; Bytespider; spider-feedback@bytedance.com)"
47.128.114.30 - - [25/Nov/2024:07:10:27 -0700] "GET /index.php/sitemapimages651.xml HTTP/1.1" 200 - "-" "Mozilla/5.0 (Linux; Android 5.0) AppleWebKit/537.36 (KHTML, like Gecko) Mobile Safari/537.36 (compatible; Bytespider; spider-feedback@bytedance.com)"
47.128.115.70 - - [25/Nov/2024:07:10:37 -0700] "GET /index.php/sitemapmobile9.xml HTTP/1.1" 200 - "-" "Mozilla/5.0 (Linux; Android 5.0) AppleWebKit/537.36 (KHTML, like Gecko) Mobile Safari/537.36 (compatible; Bytespider; spider-feedback@bytedance.com)"
47.128.24.123 - - [25/Nov/2024:07:10:39 -0700] "GET /index.php/sitemapmobile91.xml HTTP/1.1" 200 - "-" "Mozilla/5.0 (Linux; Android 5.0) AppleWebKit/537.36 (KHTML, like Gecko) Mobile Safari/537.36 (compatible; Bytespider; spider-feedback@bytedance.com)"
47.128.42.122 - - [25/Nov/2024:07:10:43 -0700] "GET /index.php/sitemapmobile115.xml HTTP/1.1" 200 - "-" "Mozilla/5.0 (Linux; Android 5.0) AppleWebKit/537.36 (KHTML, like Gecko) Mobile Safari/537.36 (compatible; Bytespider; spider-feedback@bytedance.com)"
47.128.41.234 - - [25/Nov/2024:07:10:44 -0700] "GET /index.php/sitemapmobile1943.xml HTTP/1.1" 200 - "-" "Mozilla/5.0 (Linux; Android 5.0) AppleWebKit/537.36 (KHTML, like Gecko) Mobile Safari/537.36 (compatible; Bytespider; spider-feedback@bytedance.com)"
66.249.79.72 - - [25/Nov/2024:07:10:49 -0700] "GET /news/?xxfrnv/ HTTP/1.1" 200 - "-" "Mozilla/5.0 (compatible; Googlebot/2.1; +http://www.google.com/bot.html)"
216.244.66.233 - - [25/Nov/2024:07:11:33 -0700] "GET /detail/szzqwl/cbse-corner.php HTTP/1.1" 200 - "-" "Mozilla/5.0 (compatible; DotBot/1.2; +https://opensiteexplorer.org/dotbot; help@moz.com)"
66.249.79.72 - - [25/Nov/2024:07:11:43 -0700] "GET /detail/ddujmg/two-new-ipl-teams-2022.html HTTP/1.1" 200 - "-" "Mozilla/5.0 (compatible; Googlebot/2.1; +http://www.google.com/bot.html)"
66.249.79.72 - - [25/Nov/2024:07:11:52 -0700] "GET /bet/?vpfbky/ HTTP/1.1" 200 - "-" "Mozilla/5.0 (compatible; Googlebot/2.1; +http://www.google.com/bot.html)"
66.249.79.71 - - [25/Nov/2024:07:12:01 -0700] "GET /bet/gzfvbe/ HTTP/1.1" 200 - "-" "Mozilla/5.0 (compatible; Googlebot/2.1; +http://www.google.com/bot.html)"
66.249.79.71 - - [25/Nov/2024:07:12:19 -0700] "GET /news/?hbnbde/ HTTP/1.1" 200 - "-" "Mozilla/5.0 (compatible; Googlebot/2.1; +http://www.google.com/bot.html)"
194.233.72.158 - - [25/Nov/2024:07:12:43 -0700] "GET /myadmin/slider/noop.php HTTP/1.1" 200 - "-" "Uptime-Kuma/1.23.3"
66.249.79.71 - - [25/Nov/2024:07:12:44 -0700] "GET /detail/ywbwuo/ HTTP/1.1" 200 - "-" "Mozilla/5.0 (compatible; Googlebot/2.1; +http://www.google.com/bot.html)"
66.249.79.71 - - [25/Nov/2024:07:12:48 -0700] "GET /detail/?ydamss/next-t20-world-cup-where.html HTTP/1.1" 200 - "-" "Mozilla/5.0 (compatible; Googlebot/2.1; +http://www.google.com/bot.html)"
69.162.124.238 - - [25/Nov/2024:07:12:54 -0700] "HEAD /cbse-corner.php HTTP/1.1" 200 - "https://benra.akalacademy.ac.in/cbse-corner.php" "Mozilla/5.0+(compatible; UptimeRobot/2.0; http://www.uptimerobot.com/)"
66.249.79.71 - - [25/Nov/2024:07:12:57 -0700] "GET /news/fhkfqa/yuzvendra-chahal-ipl-team.html HTTP/1.1" 200 - "-" "Mozilla/5.0 (compatible; Googlebot/2.1; +http://www.google.com/bot.html)"
66.249.79.73 - - [25/Nov/2024:07:13:07 -0700] "GET /news/lufton/poker-idn-play.html HTTP/1.1" 200 - "-" "Mozilla/5.0 (compatible; Googlebot/2.1; +http://www.google.com/bot.html)"
66.249.79.72 - - [25/Nov/2024:07:13:16 -0700] "GET /bet/johvum/ HTTP/1.1" 200 - "-" "Mozilla/5.0 (compatible; Googlebot/2.1; +http://www.google.com/bot.html)"
66.249.79.73 - - [25/Nov/2024:07:14:24 -0700] "GET /detail/?dippat/cricket-17-fully-pc-games.html HTTP/1.1" 200 - "-" "Mozilla/5.0 (compatible; Googlebot/2.1; +http://www.google.com/bot.html)"
66.249.79.71 - - [25/Nov/2024:07:14:31 -0700] "GET /news/?olwyzj/ HTTP/1.1" 200 - "-" "Mozilla/5.0 (compatible; Googlebot/2.1; +http://www.google.com/bot.html)"
66.249.79.71 - - [25/Nov/2024:07:14:31 -0700] "GET /news/tlekzu/bet-lucknow.html HTTP/1.1" 200 - "-" "Mozilla/5.0 (compatible; Googlebot/2.1; +http://www.google.com/bot.html)"
66.249.79.71 - - [25/Nov/2024:07:14:48 -0700] "GET /bet/?sngolu/ HTTP/1.1" 200 - "-" "Mozilla/5.0 (compatible; Googlebot/2.1; +http://www.google.com/bot.html)"
66.249.79.71 - - [25/Nov/2024:07:14:53 -0700] "GET /news/bnvzlr/ HTTP/1.1" 200 - "-" "Mozilla/5.0 (compatible; Googlebot/2.1; +http://www.google.com/bot.html)"
66.249.79.71 - - [25/Nov/2024:07:15:19 -0700] "GET /news/?tpfybl/dolphins-pearl-deluxe-real-money.html HTTP/1.1" 200 - "-" "Mozilla/5.0 (compatible; Googlebot/2.1; +http://www.google.com/bot.html)"
66.249.79.73 - - [25/Nov/2024:07:16:15 -0700] "GET /detail/?uqsxxa/ HTTP/1.1" 200 - "-" "Mozilla/5.0 (compatible; Googlebot/2.1; +http://www.google.com/bot.html)"
66.249.79.72 - - [25/Nov/2024:07:16:24 -0700] "GET /detail/xcjeeq/zynga-poker-free-chips-video.html HTTP/1.1" 200 - "-" "Mozilla/5.0 (compatible; Googlebot/2.1; +http://www.google.com/bot.html)"
66.249.79.71 - - [25/Nov/2024:07:16:44 -0700] "GET /detail/?hojtqc/latest-t20-score-india.html HTTP/1.1" 200 - "-" "Mozilla/5.0 (compatible; Googlebot/2.1; +http://www.google.com/bot.html)"
66.249.79.71 - - [25/Nov/2024:07:16:46 -0700] "GET /bet/?ilfjgv/ HTTP/1.1" 200 - "-" "Mozilla/5.0 (compatible; Googlebot/2.1; +http://www.google.com/bot.html)"
69.162.124.238 - - [25/Nov/2024:07:17:50 -0700] "HEAD /cbse-corner.php HTTP/1.1" 200 - "https://benra.akalacademy.ac.in/cbse-corner.php" "Mozilla/5.0+(compatible; UptimeRobot/2.0; http://www.uptimerobot.com/)"
66.249.79.72 - - [25/Nov/2024:07:18:15 -0700] "GET /news/bjfwlv/maxwell-cricketer-ipl-2018.html HTTP/1.1" 200 - "-" "Mozilla/5.0 (compatible; Googlebot/2.1; +http://www.google.com/bot.html)"
66.249.79.73 - - [25/Nov/2024:07:18:15 -0700] "GET /detail/yicduv/ HTTP/1.1" 200 - "-" "Mozilla/5.0 (compatible; Googlebot/2.1; +http://www.google.com/bot.html)"
66.249.79.72 - - [25/Nov/2024:07:19:37 -0700] "GET /news/dowllh/ HTTP/1.1" 200 - "-" "Mozilla/5.0 (compatible; Googlebot/2.1; +http://www.google.com/bot.html)"
66.249.79.72 - - [25/Nov/2024:07:19:41 -0700] "GET /news/?jglgmo/bet-shalom.html HTTP/1.1" 200 - "-" "Mozilla/5.0 (compatible; Googlebot/2.1; +http://www.google.com/bot.html)"
66.249.79.72 - - [25/Nov/2024:07:20:06 -0700] "GET /detail/exiith/ishan-kishan-ipl-teams-2022.html HTTP/1.1" 200 - "-" "Mozilla/5.0 (compatible; Googlebot/2.1; +http://www.google.com/bot.html)"
66.249.79.73 - - [25/Nov/2024:07:20:06 -0700] "GET /detail/kxmzqb/asia-cup-2014-final-cricket.html HTTP/1.1" 200 - "-" "Mozilla/5.0 (compatible; Googlebot/2.1; +http://www.google.com/bot.html)"
66.249.79.72 - - [25/Nov/2024:07:21:22 -0700] "GET /bet/cbyesw/bbl-2016-winner.html HTTP/1.1" 200 - "-" "Mozilla/5.0 (compatible; Googlebot/2.1; +http://www.google.com/bot.html)"
66.249.79.72 - - [25/Nov/2024:07:21:30 -0700] "GET /bet/vqqwql/ HTTP/1.1" 200 - "-" "Mozilla/5.0 (compatible; Googlebot/2.1; +http://www.google.com/bot.html)"
66.249.79.71 - - [25/Nov/2024:07:21:40 -0700] "GET /bet/?oiavpw/ HTTP/1.1" 200 - "-" "Mozilla/5.0 (compatible; Googlebot/2.1; +http://www.google.com/bot.html)"
194.233.72.158 - - [25/Nov/2024:07:22:43 -0700] "GET /myadmin/slider/noop.php HTTP/1.1" 200 - "-" "Uptime-Kuma/1.23.3"
69.162.124.238 - - [25/Nov/2024:07:22:50 -0700] "HEAD /cbse-corner.php HTTP/1.1" 200 - "https://benra.akalacademy.ac.in/cbse-corner.php" "Mozilla/5.0+(compatible; UptimeRobot/2.0; http://www.uptimerobot.com/)"
66.249.79.72 - - [25/Nov/2024:07:22:56 -0700] "GET /detail/tglhgp/ HTTP/1.1" 200 - "-" "Mozilla/5.0 (compatible; Googlebot/2.1; +http://www.google.com/bot.html)"
66.249.79.71 - - [25/Nov/2024:07:24:11 -0700] "GET /news/rmciqg/optix-meg381cqr-plus.html HTTP/1.1" 200 - "-" "Mozilla/5.0 (compatible; Googlebot/2.1; +http://www.google.com/bot.html)"
66.249.79.72 - - [25/Nov/2024:07:24:14 -0700] "GET /detail/osgrol/ HTTP/1.1" 200 - "-" "Mozilla/5.0 (compatible; Googlebot/2.1; +http://www.google.com/bot.html)"
66.249.79.71 - - [25/Nov/2024:07:24:16 -0700] "GET /detail/?vbgrox/ HTTP/1.1" 200 - "-" "Mozilla/5.0 (compatible; Googlebot/2.1; +http://www.google.com/bot.html)"
66.249.79.71 - - [25/Nov/2024:07:25:07 -0700] "GET /bet/mwxeix/mumbai-indians-malayalam-trolls.html HTTP/1.1" 200 - "-" "Mozilla/5.0 (compatible; Googlebot/2.1; +http://www.google.com/bot.html)"
66.249.79.73 - - [25/Nov/2024:07:26:04 -0700] "GET /bet/umzquz/american-truck-simulator-save-game-file.html HTTP/1.1" 200 - "-" "Mozilla/5.0 (compatible; Googlebot/2.1; +http://www.google.com/bot.html)"
66.249.79.71 - - [25/Nov/2024:07:26:06 -0700] "GET /news/kfawaz/world-cup-gif-cricket.html HTTP/1.1" 200 - "-" "Mozilla/5.0 (compatible; Googlebot/2.1; +http://www.google.com/bot.html)"
66.249.79.71 - - [25/Nov/2024:07:26:26 -0700] "GET /bet/dakddn/ HTTP/1.1" 200 - "-" "Mozilla/5.0 (compatible; Googlebot/2.1; +http://www.google.com/bot.html)"
66.249.79.72 - - [25/Nov/2024:07:27:36 -0700] "GET /detail/rtiyei/ HTTP/1.1" 200 - "-" "Mozilla/5.0 (compatible; Googlebot/2.1; +http://www.google.com/bot.html)"
69.162.124.238 - - [25/Nov/2024:07:27:50 -0700] "HEAD /cbse-corner.php HTTP/1.1" 200 - "https://benra.akalacademy.ac.in/cbse-corner.php" "Mozilla/5.0+(compatible; UptimeRobot/2.0; http://www.uptimerobot.com/)"
66.249.79.73 - - [25/Nov/2024:07:28:32 -0700] "GET /bet/?nbhhlu/ravens-broncos-point-spread.html HTTP/1.1" 200 - "-" "Mozilla/5.0 (compatible; Googlebot/2.1; +http://www.google.com/bot.html)"
66.249.79.71 - - [25/Nov/2024:07:28:42 -0700] "GET /detail/irivmv/games-of-cricket-for-world.html HTTP/1.1" 200 - "-" "Mozilla/5.0 (compatible; Googlebot/2.1; +http://www.google.com/bot.html)"
66.249.79.72 - - [25/Nov/2024:07:29:14 -0700] "GET /news/?gezmzw/ HTTP/1.1" 200 - "-" "Mozilla/5.0 (compatible; Googlebot/2.1; +http://www.google.com/bot.html)"
66.249.79.72 - - [25/Nov/2024:07:30:27 -0700] "GET /detail/?drxqdt/today-india-australia-t20-match-score.html HTTP/1.1" 200 - "-" "Mozilla/5.0 (compatible; Googlebot/2.1; +http://www.google.com/bot.html)"
66.249.79.73 - - [25/Nov/2024:07:30:27 -0700] "GET /bet/okvkoa/shreyas-iyer-price-in-ipl-2020.html HTTP/1.1" 200 - "-" "Mozilla/5.0 (compatible; Googlebot/2.1; +http://www.google.com/bot.html)"
66.249.79.72 - - [25/Nov/2024:07:30:30 -0700] "GET /bet/edwcmd/ HTTP/1.1" 200 - "-" "Mozilla/5.0 (compatible; Googlebot/2.1; +http://www.google.com/bot.html)"
66.249.79.72 - - [25/Nov/2024:07:30:46 -0700] "GET /news/timbsx/cricket-game-2017-all-star.html HTTP/1.1" 200 - "-" "Mozilla/5.0 (compatible; Googlebot/2.1; +http://www.google.com/bot.html)"
66.249.79.71 - - [25/Nov/2024:07:31:16 -0700] "GET /news/?idcvuv/leaderboard-memorial-2022.html HTTP/1.1" 200 - "-" "Mozilla/5.0 (compatible; Googlebot/2.1; +http://www.google.com/bot.html)"
66.249.79.72 - - [25/Nov/2024:07:31:27 -0700] "GET /detail/hjoygx/ HTTP/1.1" 200 - "-" "Mozilla/5.0 (compatible; Googlebot/2.1; +http://www.google.com/bot.html)"
66.249.79.71 - - [25/Nov/2024:07:31:43 -0700] "GET /bet/lyoxyr/ HTTP/1.1" 200 - "-" "Mozilla/5.0 (compatible; Googlebot/2.1; +http://www.google.com/bot.html)"
66.249.79.71 - - [25/Nov/2024:07:31:46 -0700] "GET /news/?didjwv/ HTTP/1.1" 200 - "-" "Mozilla/5.0 (compatible; Googlebot/2.1; +http://www.google.com/bot.html)"
66.249.79.71 - - [25/Nov/2024:07:31:54 -0700] "GET /bet/wyavpn/ HTTP/1.1" 200 - "-" "Mozilla/5.0 (compatible; Googlebot/2.1; +http://www.google.com/bot.html)"
194.233.72.158 - - [25/Nov/2024:07:32:43 -0700] "GET /myadmin/slider/noop.php HTTP/1.1" 200 - "-" "Uptime-Kuma/1.23.3"
69.162.124.238 - - [25/Nov/2024:07:32:50 -0700] "HEAD /cbse-corner.php HTTP/1.1" 200 - "https://benra.akalacademy.ac.in/cbse-corner.php" "Mozilla/5.0+(compatible; UptimeRobot/2.0; http://www.uptimerobot.com/)"
66.249.79.71 - - [25/Nov/2024:07:32:56 -0700] "GET /bet/hiirkt/ HTTP/1.1" 200 - "-" "Mozilla/5.0 (compatible; Googlebot/2.1; +http://www.google.com/bot.html)"
66.249.79.72 - - [25/Nov/2024:07:33:01 -0700] "GET /bet/?gqutui/ HTTP/1.1" 200 - "-" "Mozilla/5.0 (compatible; Googlebot/2.1; +http://www.google.com/bot.html)"
66.249.79.71 - - [25/Nov/2024:07:33:36 -0700] "GET /bet/ynodhm/ HTTP/1.1" 200 - "-" "Mozilla/5.0 (compatible; Googlebot/2.1; +http://www.google.com/bot.html)"
66.249.79.71 - - [25/Nov/2024:07:34:50 -0700] "GET /bet/?ydmbeg/zynga-poker-unlimited-chips.html HTTP/1.1" 200 - "-" "Mozilla/5.0 (compatible; Googlebot/2.1; +http://www.google.com/bot.html)"
66.249.79.73 - - [25/Nov/2024:07:35:16 -0700] "GET /bet/ipipqk/ HTTP/1.1" 200 - "-" "Mozilla/5.0 (compatible; Googlebot/2.1; +http://www.google.com/bot.html)"
66.249.79.72 - - [25/Nov/2024:07:35:51 -0700] "GET /detail/?lhctfz/prairie-band-casino-promotions.html HTTP/1.1" 200 - "-" "Mozilla/5.0 (compatible; Googlebot/2.1; +http://www.google.com/bot.html)"
66.249.79.73 - - [25/Nov/2024:07:36:02 -0700] "GET /detail/ozinpk/del-vsvhar-kabaddi-match-prediction.html HTTP/1.1" 200 - "-" "Mozilla/5.0 (compatible; Googlebot/2.1; +http://www.google.com/bot.html)"
66.249.79.71 - - [25/Nov/2024:07:36:19 -0700] "GET /news/ixofcw/icc-germany.html HTTP/1.1" 200 - "-" "Mozilla/5.0 (compatible; Googlebot/2.1; +http://www.google.com/bot.html)"
66.249.79.71 - - [25/Nov/2024:07:36:43 -0700] "GET /bet/uhqepq/ HTTP/1.1" 200 - "-" "Mozilla/5.0 (compatible; Googlebot/2.1; +http://www.google.com/bot.html)"
66.249.79.71 - - [25/Nov/2024:07:36:59 -0700] "GET /news/kxzhss/ HTTP/1.1" 200 - "-" "Mozilla/5.0 (compatible; Googlebot/2.1; +http://www.google.com/bot.html)"
66.249.79.73 - - [25/Nov/2024:07:37:31 -0700] "GET /bet/zyexsq/ HTTP/1.1" 200 - "-" "Mozilla/5.0 (compatible; Googlebot/2.1; +http://www.google.com/bot.html)"
66.249.79.71 - - [25/Nov/2024:07:37:37 -0700] "GET /news/rnyyiz/team-india-graphics.html HTTP/1.1" 200 - "-" "Mozilla/5.0 (compatible; Googlebot/2.1; +http://www.google.com/bot.html)"
69.162.124.238 - - [25/Nov/2024:07:37:50 -0700] "HEAD /cbse-corner.php HTTP/1.1" 200 - "https://benra.akalacademy.ac.in/cbse-corner.php" "Mozilla/5.0+(compatible; UptimeRobot/2.0; http://www.uptimerobot.com/)"
66.249.79.71 - - [25/Nov/2024:07:38:10 -0700] "GET /detail/tscbll/ HTTP/1.1" 200 - "-" "Mozilla/5.0 (compatible; Googlebot/2.1; +http://www.google.com/bot.html)"
66.249.79.72 - - [25/Nov/2024:07:40:43 -0700] "GET /bet/?ssbrtb/ HTTP/1.1" 200 - "-" "Mozilla/5.0 (compatible; Googlebot/2.1; +http://www.google.com/bot.html)"
66.249.79.71 - - [25/Nov/2024:07:40:50 -0700] "GET /bet/?ptstbg/ HTTP/1.1" 200 - "-" "Mozilla/5.0 (compatible; Googlebot/2.1; +http://www.google.com/bot.html)"
66.249.79.71 - - [25/Nov/2024:07:40:56 -0700] "GET /bet/entnfr/ HTTP/1.1" 200 - "-" "Mozilla/5.0 (compatible; Googlebot/2.1; +http://www.google.com/bot.html)"
66.249.79.73 - - [25/Nov/2024:07:41:10 -0700] "GET /news/?ebcieg/poker-game-nawazuddin.html HTTP/1.1" 200 - "-" "Mozilla/5.0 (compatible; Googlebot/2.1; +http://www.google.com/bot.html)"
66.249.79.71 - - [25/Nov/2024:07:41:43 -0700] "GET /detail/?lpxjuu/astros-phillies-prediction.html HTTP/1.1" 200 - "-" "Mozilla/5.0 (compatible; Googlebot/2.1; +http://www.google.com/bot.html)"
66.249.79.71 - - [25/Nov/2024:07:41:54 -0700] "GET /detail/tiwjau/match-t20-match.html HTTP/1.1" 200 - "-" "Mozilla/5.0 (compatible; Googlebot/2.1; +http://www.google.com/bot.html)"
66.249.79.71 - - [25/Nov/2024:07:41:55 -0700] "GET /detail/pddvlz/new-casino-free-spins.html HTTP/1.1" 200 - "-" "Mozilla/5.0 (compatible; Googlebot/2.1; +http://www.google.com/bot.html)"
66.249.79.71 - - [25/Nov/2024:07:42:06 -0700] "GET /bet/?hgjsxo/betting-meaning-money-line.html HTTP/1.1" 200 - "-" "Mozilla/5.0 (compatible; Googlebot/2.1; +http://www.google.com/bot.html)"
194.233.72.158 - - [25/Nov/2024:07:42:43 -0700] "GET /myadmin/slider/noop.php HTTP/1.1" 200 - "-" "Uptime-Kuma/1.23.3"
69.162.124.238 - - [25/Nov/2024:07:42:50 -0700] "HEAD /cbse-corner.php HTTP/1.1" 200 - "https://benra.akalacademy.ac.in/cbse-corner.php" "Mozilla/5.0+(compatible; UptimeRobot/2.0; http://www.uptimerobot.com/)"
66.249.79.71 - - [25/Nov/2024:07:43:44 -0700] "GET /bet/tvymvy/local-wifi-multiplayer-cricket-game.html HTTP/1.1" 200 - "-" "Mozilla/5.0 (compatible; Googlebot/2.1; +http://www.google.com/bot.html)"
66.249.79.73 - - [25/Nov/2024:07:45:23 -0700] "GET /news/?hlcasr/ HTTP/1.1" 200 - "-" "Mozilla/5.0 (compatible; Googlebot/2.1; +http://www.google.com/bot.html)"
66.249.79.72 - - [25/Nov/2024:07:45:33 -0700] "GET /news/?qwoznw/ipl-brand-ambassador.html HTTP/1.1" 200 - "-" "Mozilla/5.0 (compatible; Googlebot/2.1; +http://www.google.com/bot.html)"
66.249.79.71 - - [25/Nov/2024:07:45:39 -0700] "GET /bet/thskqr/ HTTP/1.1" 200 - "-" "Mozilla/5.0 (compatible; Googlebot/2.1; +http://www.google.com/bot.html)"
66.249.79.72 - - [25/Nov/2024:07:46:14 -0700] "GET /bet/ncjhnh/russia-soccer-world-cup.html HTTP/1.1" 200 - "-" "Mozilla/5.0 (compatible; Googlebot/2.1; +http://www.google.com/bot.html)"
66.249.79.71 - - [25/Nov/2024:07:46:59 -0700] "GET /news/ayoyab/magdeburg-darmstadt-98.html HTTP/1.1" 200 - "-" "Mozilla/5.0 (compatible; Googlebot/2.1; +http://www.google.com/bot.html)"
66.249.79.71 - - [25/Nov/2024:07:47:06 -0700] "GET /bet/?uhrixo/ HTTP/1.1" 200 - "-" "Mozilla/5.0 (compatible; Googlebot/2.1; +http://www.google.com/bot.html)"
69.162.124.238 - - [25/Nov/2024:07:47:50 -0700] "HEAD /cbse-corner.php HTTP/1.1" 200 - "https://benra.akalacademy.ac.in/cbse-corner.php" "Mozilla/5.0+(compatible; UptimeRobot/2.0; http://www.uptimerobot.com/)"
66.249.79.73 - - [25/Nov/2024:07:48:09 -0700] "GET /detail/?ejueut/india-australia-t20-highlights-score.html HTTP/1.1" 200 - "-" "Mozilla/5.0 (compatible; Googlebot/2.1; +http://www.google.com/bot.html)"
66.249.79.71 - - [25/Nov/2024:07:48:17 -0700] "GET /detail/gscvim/flush-game-online.html HTTP/1.1" 200 - "-" "Mozilla/5.0 (compatible; Googlebot/2.1; +http://www.google.com/bot.html)"
66.249.79.72 - - [25/Nov/2024:07:49:02 -0700] "GET /detail/?dlaiqi/ HTTP/1.1" 200 - "-" "Mozilla/5.0 (compatible; Googlebot/2.1; +http://www.google.com/bot.html)"
66.249.79.72 - - [25/Nov/2024:07:50:01 -0700] "GET /news/cabozc/msd-records-in-ipl.html HTTP/1.1" 200 - "-" "Mozilla/5.0 (compatible; Googlebot/2.1; +http://www.google.com/bot.html)"
66.249.79.71 - - [25/Nov/2024:07:50:02 -0700] "GET /news/xarhhb/sky-bet-league-1-predictions.html HTTP/1.1" 200 - "-" "Mozilla/5.0 (compatible; Googlebot/2.1; +http://www.google.com/bot.html)"
66.249.79.72 - - [25/Nov/2024:07:50:19 -0700] "GET /news/cqesra/ HTTP/1.1" 200 - "-" "Mozilla/5.0 (compatible; Googlebot/2.1; +http://www.google.com/bot.html)"
66.249.79.71 - - [25/Nov/2024:07:50:29 -0700] "GET /news/?ourrik/casino-view.html HTTP/1.1" 200 - "-" "Mozilla/5.0 (compatible; Googlebot/2.1; +http://www.google.com/bot.html)"
66.249.79.71 - - [25/Nov/2024:07:50:33 -0700] "GET /detail/?bsbgqh/game-stores-online-catalogue.html HTTP/1.1" 200 - "-" "Mozilla/5.0 (compatible; Googlebot/2.1; +http://www.google.com/bot.html)"
66.249.79.73 - - [25/Nov/2024:07:51:07 -0700] "GET /bet/ggdxiv/ HTTP/1.1" 200 - "-" "Mozilla/5.0 (compatible; Googlebot/2.1; +http://www.google.com/bot.html)"
66.249.79.71 - - [25/Nov/2024:07:51:15 -0700] "GET /news/?xrphdl/ipl-score-line.html HTTP/1.1" 200 - "-" "Mozilla/5.0 (compatible; Googlebot/2.1; +http://www.google.com/bot.html)"
66.249.79.71 - - [25/Nov/2024:07:51:44 -0700] "GET /bet/kzgucz/ HTTP/1.1" 200 - "-" "Mozilla/5.0 (compatible; Googlebot/2.1; +http://www.google.com/bot.html)"
66.249.79.71 - - [25/Nov/2024:07:51:58 -0700] "GET /detail/gghjqh/ HTTP/1.1" 200 - "-" "Mozilla/5.0 (compatible; Googlebot/2.1; +http://www.google.com/bot.html)"
194.233.72.158 - - [25/Nov/2024:07:52:43 -0700] "GET /myadmin/slider/noop.php HTTP/1.1" 200 - "-" "Uptime-Kuma/1.23.3"
69.162.124.238 - - [25/Nov/2024:07:52:50 -0700] "HEAD /cbse-corner.php HTTP/1.1" 200 - "https://benra.akalacademy.ac.in/cbse-corner.php" "Mozilla/5.0+(compatible; UptimeRobot/2.0; http://www.uptimerobot.com/)"
66.249.79.72 - - [25/Nov/2024:07:52:57 -0700] "GET /detail/?kqypmg/ HTTP/1.1" 200 - "-" "Mozilla/5.0 (compatible; Googlebot/2.1; +http://www.google.com/bot.html)"
66.249.79.73 - - [25/Nov/2024:07:53:04 -0700] "GET /news/?ynfcoj/ HTTP/1.1" 200 - "-" "Mozilla/5.0 (compatible; Googlebot/2.1; +http://www.google.com/bot.html)"
66.249.79.72 - - [25/Nov/2024:07:53:12 -0700] "GET /detail/?euzbbl/ HTTP/1.1" 200 - "-" "Mozilla/5.0 (compatible; Googlebot/2.1; +http://www.google.com/bot.html)"
66.249.79.71 - - [25/Nov/2024:07:53:21 -0700] "GET /news/gctaxb/ HTTP/1.1" 200 - "-" "Mozilla/5.0 (compatible; Googlebot/2.1; +http://www.google.com/bot.html)"
66.249.79.71 - - [25/Nov/2024:07:53:48 -0700] "GET /news/oclyey/portable-poker-table-mumbai-chor-bazar.html HTTP/1.1" 200 - "-" "Mozilla/5.0 (compatible; Googlebot/2.1; +http://www.google.com/bot.html)"
66.249.79.72 - - [25/Nov/2024:07:54:09 -0700] "GET /news/hdnvbw/ HTTP/1.1" 200 - "-" "Mozilla/5.0 (compatible; Googlebot/2.1; +http://www.google.com/bot.html)"
69.162.124.238 - - [25/Nov/2024:07:57:50 -0700] "HEAD /cbse-corner.php HTTP/1.1" 200 - "https://benra.akalacademy.ac.in/cbse-corner.php" "Mozilla/5.0+(compatible; UptimeRobot/2.0; http://www.uptimerobot.com/)"
66.249.79.73 - - [25/Nov/2024:07:57:50 -0700] "GET /bet/?bjdpue/ HTTP/1.1" 200 - "-" "Mozilla/5.0 (compatible; Googlebot/2.1; +http://www.google.com/bot.html)"
114.119.157.112 - - [25/Nov/2024:07:58:30 -0700] "GET /images/education/files/Senior%20Secondary/files/Secondary/files/IX-X/images/school%20(9).jpg HTTP/1.1" 200 - "http://benra.akalacademy.ac.in/images/education/files/Senior%20Secondary/files/Secondary/files/IX-X/Grade%20%28XI%29%20-min.pdf" "Mozilla/5.0 (Linux; Android 7.0;) AppleWebKit/537.36 (KHTML, like Gecko) Mobile Safari/537.36 (compatible; PetalBot;+https://webmaster.petalsearch.com/site/petalbot)"
66.249.79.71 - - [25/Nov/2024:07:59:28 -0700] "GET /news/hqkjzt/live-match-online-watch-ipl.html HTTP/1.1" 200 - "-" "Mozilla/5.0 (compatible; Googlebot/2.1; +http://www.google.com/bot.html)"
66.249.79.71 - - [25/Nov/2024:07:59:49 -0700] "GET /news/jnksvp/ HTTP/1.1" 200 - "-" "Mozilla/5.0 (compatible; Googlebot/2.1; +http://www.google.com/bot.html)"
66.249.79.72 - - [25/Nov/2024:08:00:45 -0700] "GET /detail/iienrf/world-cup-xi-vs-non-world-cup-xi.html HTTP/1.1" 200 - "-" "Mozilla/5.0 (compatible; Googlebot/2.1; +http://www.google.com/bot.html)"
66.249.79.71 - - [25/Nov/2024:08:00:49 -0700] "GET /news/?bbfnbg/best-survivor-io-gear.html HTTP/1.1" 200 - "-" "Mozilla/5.0 (compatible; Googlebot/2.1; +http://www.google.com/bot.html)"
66.249.79.73 - - [25/Nov/2024:08:01:53 -0700] "GET /detail/gzkweg/ HTTP/1.1" 200 - "-" "Mozilla/5.0 (compatible; Googlebot/2.1; +http://www.google.com/bot.html)"
66.249.79.72 - - [25/Nov/2024:08:02:17 -0700] "GET /bet/?plhpwp/ncaaf-upset-predictions.html HTTP/1.1" 200 - "-" "Mozilla/5.0 (compatible; Googlebot/2.1; +http://www.google.com/bot.html)"
66.249.79.72 - - [25/Nov/2024:08:02:21 -0700] "GET /bet/fuonnu/sabine-lisicki.html HTTP/1.1" 200 - "-" "Mozilla/5.0 (compatible; Googlebot/2.1; +http://www.google.com/bot.html)"
66.249.79.71 - - [25/Nov/2024:08:02:36 -0700] "GET /bet/?vkyqwg/esc-welt-the-quest-pyramid.html HTTP/1.1" 200 - "-" "Mozilla/5.0 (compatible; Googlebot/2.1; +http://www.google.com/bot.html)"
194.233.72.158 - - [25/Nov/2024:08:02:43 -0700] "GET /myadmin/slider/noop.php HTTP/1.1" 200 - "-" "Uptime-Kuma/1.23.3"
69.162.124.238 - - [25/Nov/2024:08:02:50 -0700] "HEAD /cbse-corner.php HTTP/1.1" 200 - "https://benra.akalacademy.ac.in/cbse-corner.php" "Mozilla/5.0+(compatible; UptimeRobot/2.0; http://www.uptimerobot.com/)"
66.249.79.71 - - [25/Nov/2024:08:02:59 -0700] "GET /bet/?vukmys/ HTTP/1.1" 200 - "-" "Mozilla/5.0 (compatible; Googlebot/2.1; +http://www.google.com/bot.html)"
66.249.79.71 - - [25/Nov/2024:08:03:11 -0700] "GET /detail/?tqwwca/ HTTP/1.1" 200 - "-" "Mozilla/5.0 (compatible; Googlebot/2.1; +http://www.google.com/bot.html)"
66.249.79.72 - - [25/Nov/2024:08:03:31 -0700] "GET /bet/lkxatl/rummy-500-offline.html HTTP/1.1" 200 - "-" "Mozilla/5.0 (compatible; Googlebot/2.1; +http://www.google.com/bot.html)"
66.249.79.71 - - [25/Nov/2024:08:03:36 -0700] "GET /bet/?wnxret/ HTTP/1.1" 200 - "-" "Mozilla/5.0 (compatible; Googlebot/2.1; +http://www.google.com/bot.html)"
66.249.79.72 - - [25/Nov/2024:08:05:33 -0700] "GET /bet/zkfkud/ipl-message.html HTTP/1.1" 200 - "-" "Mozilla/5.0 (compatible; Googlebot/2.1; +http://www.google.com/bot.html)"
66.249.79.71 - - [25/Nov/2024:08:05:50 -0700] "GET /detail/kistnv/21-blackjack-watch.html HTTP/1.1" 200 - "-" "Mozilla/5.0 (compatible; Googlebot/2.1; +http://www.google.com/bot.html)"
66.249.79.71 - - [25/Nov/2024:08:05:52 -0700] "GET /detail/?jzvomh/ HTTP/1.1" 200 - "-" "Mozilla/5.0 (compatible; Googlebot/2.1; +http://www.google.com/bot.html)"
66.249.79.71 - - [25/Nov/2024:08:05:57 -0700] "GET /news/dwkzhh/ HTTP/1.1" 200 - "-" "Mozilla/5.0 (compatible; Googlebot/2.1; +http://www.google.com/bot.html)"
66.249.79.72 - - [25/Nov/2024:08:07:37 -0700] "GET /news/?afanev/ HTTP/1.1" 200 - "-" "Mozilla/5.0 (compatible; Googlebot/2.1; +http://www.google.com/bot.html)"
69.162.124.238 - - [25/Nov/2024:08:07:50 -0700] "HEAD /cbse-corner.php HTTP/1.1" 200 - "https://benra.akalacademy.ac.in/cbse-corner.php" "Mozilla/5.0+(compatible; UptimeRobot/2.0; http://www.uptimerobot.com/)"
66.249.79.71 - - [25/Nov/2024:08:08:10 -0700] "GET /detail/zcyqzi/support-team-india-quotes-in-hindi.html HTTP/1.1" 200 - "-" "Mozilla/5.0 (compatible; Googlebot/2.1; +http://www.google.com/bot.html)"
66.249.79.71 - - [25/Nov/2024:08:09:12 -0700] "GET /detail/?fiyhhj/24betting-login.html HTTP/1.1" 200 - "-" "Mozilla/5.0 (compatible; Googlebot/2.1; +http://www.google.com/bot.html)"
66.249.79.71 - - [25/Nov/2024:08:09:25 -0700] "GET /news/?djldab/ HTTP/1.1" 200 - "-" "Mozilla/5.0 (compatible; Googlebot/2.1; +http://www.google.com/bot.html)"
66.249.79.71 - - [25/Nov/2024:08:09:54 -0700] "GET /news/ijbkte/ HTTP/1.1" 200 - "-" "Mozilla/5.0 (compatible; Googlebot/2.1; +http://www.google.com/bot.html)"
66.249.79.71 - - [25/Nov/2024:08:10:20 -0700] "GET /news/wvmjnp/ea-sports-cricket-2011-ocean-of-games.html HTTP/1.1" 200 - "-" "Mozilla/5.0 (compatible; Googlebot/2.1; +http://www.google.com/bot.html)"
47.128.116.51 - - [25/Nov/2024:08:10:28 -0700] "GET /index.php/sitemap64.xml HTTP/1.1" 200 - "-" "Mozilla/5.0 (Linux; Android 5.0) AppleWebKit/537.36 (KHTML, like Gecko) Mobile Safari/537.36 (compatible; Bytespider; spider-feedback@bytedance.com)"
66.249.79.71 - - [25/Nov/2024:08:10:52 -0700] "GET /bet/?layzvt/ HTTP/1.1" 200 - "-" "Mozilla/5.0 (compatible; Googlebot/2.1; +http://www.google.com/bot.html)"
66.249.79.72 - - [25/Nov/2024:08:11:14 -0700] "GET /news/?omxmzn/ HTTP/1.1" 200 - "-" "Mozilla/5.0 (compatible; Googlebot/2.1; +http://www.google.com/bot.html)"
66.249.79.72 - - [25/Nov/2024:08:11:22 -0700] "GET /bet/qljgfd/ HTTP/1.1" 200 - "-" "Mozilla/5.0 (compatible; Googlebot/2.1; +http://www.google.com/bot.html)"
66.249.79.71 - - [25/Nov/2024:08:11:39 -0700] "GET /bet/ykqpei/google-doodle-cricket-game-full-screen.html HTTP/1.1" 200 - "-" "Mozilla/5.0 (compatible; Googlebot/2.1; +http://www.google.com/bot.html)"
194.233.72.158 - - [25/Nov/2024:08:12:43 -0700] "GET /myadmin/slider/noop.php HTTP/1.1" 200 - "-" "Uptime-Kuma/1.23.3"
69.162.124.238 - - [25/Nov/2024:08:12:50 -0700] "HEAD /cbse-corner.php HTTP/1.1" 200 - "https://benra.akalacademy.ac.in/cbse-corner.php" "Mozilla/5.0+(compatible; UptimeRobot/2.0; http://www.uptimerobot.com/)"
66.249.79.73 - - [25/Nov/2024:08:13:25 -0700] "GET /detail/?fvctdi/under-19-world-cup-top-10.html HTTP/1.1" 200 - "-" "Mozilla/5.0 (compatible; Googlebot/2.1; +http://www.google.com/bot.html)"
66.249.79.73 - - [25/Nov/2024:08:13:26 -0700] "GET /detail/?aopzje/ HTTP/1.1" 200 - "-" "Mozilla/5.0 (compatible; Googlebot/2.1; +http://www.google.com/bot.html)"
66.249.79.72 - - [25/Nov/2024:08:13:33 -0700] "GET /detail/ogrpig/ HTTP/1.1" 200 - "-" "Mozilla/5.0 (compatible; Googlebot/2.1; +http://www.google.com/bot.html)"
66.249.79.71 - - [25/Nov/2024:08:13:36 -0700] "GET /detail/czdssh/indias-first-mobile-esports-team.html HTTP/1.1" 200 - "-" "Mozilla/5.0 (compatible; Googlebot/2.1; +http://www.google.com/bot.html)"
66.249.79.73 - - [25/Nov/2024:08:14:40 -0700] "GET /detail/?sjzqyv/indias-first-t20-game.html HTTP/1.1" 200 - "-" "Mozilla/5.0 (compatible; Googlebot/2.1; +http://www.google.com/bot.html)"
66.249.79.71 - - [25/Nov/2024:08:14:58 -0700] "GET /bet/?ctgwed/ HTTP/1.1" 200 - "-" "Mozilla/5.0 (compatible; Googlebot/2.1; +http://www.google.com/bot.html)"
66.249.79.71 - - [25/Nov/2024:08:15:11 -0700] "GET /news/wmkhqi/best-web-idle-games.html HTTP/1.1" 200 - "-" "Mozilla/5.0 (compatible; Googlebot/2.1; +http://www.google.com/bot.html)"
66.249.79.71 - - [25/Nov/2024:08:16:11 -0700] "GET /detail/zrsupr/ HTTP/1.1" 200 - "-" "Mozilla/5.0 (compatible; Googlebot/2.1; +http://www.google.com/bot.html)"
51.222.253.1 - - [25/Nov/2024:08:16:29 -0700] "GET /fonts/icomoon/fonts/style/ HTTP/1.1" 200 - "-" "Mozilla/5.0 (compatible; AhrefsBot/7.0; +http://ahrefs.com/robot/)"
66.249.79.72 - - [25/Nov/2024:08:16:49 -0700] "GET /detail/dtnfgo/christian-fuchs-esports.html HTTP/1.1" 200 - "-" "Mozilla/5.0 (compatible; Googlebot/2.1; +http://www.google.com/bot.html)"
66.249.79.71 - - [25/Nov/2024:08:16:55 -0700] "GET /news/kokuhr/ HTTP/1.1" 200 - "-" "Mozilla/5.0 (compatible; Googlebot/2.1; +http://www.google.com/bot.html)"
66.249.79.71 - - [25/Nov/2024:08:17:09 -0700] "GET /news/?nuwije/ HTTP/1.1" 200 - "-" "Mozilla/5.0 (compatible; Googlebot/2.1; +http://www.google.com/bot.html)"
69.162.124.238 - - [25/Nov/2024:08:17:50 -0700] "HEAD /cbse-corner.php HTTP/1.1" 200 - "https://benra.akalacademy.ac.in/cbse-corner.php" "Mozilla/5.0+(compatible; UptimeRobot/2.0; http://www.uptimerobot.com/)"
66.249.79.71 - - [25/Nov/2024:08:18:09 -0700] "GET /bet/?uudeho/ HTTP/1.1" 200 - "-" "Mozilla/5.0 (compatible; Googlebot/2.1; +http://www.google.com/bot.html)"
66.249.79.72 - - [25/Nov/2024:08:18:37 -0700] "GET /news/?tzzarj/icc-world-t20-world-cup-2022-venue.html HTTP/1.1" 200 - "-" "Mozilla/5.0 (compatible; Googlebot/2.1; +http://www.google.com/bot.html)"
66.249.79.71 - - [25/Nov/2024:08:18:41 -0700] "GET /detail/lylsze/bookies-politics.html HTTP/1.1" 200 - "-" "Mozilla/5.0 (compatible; Googlebot/2.1; +http://www.google.com/bot.html)"
66.249.79.71 - - [25/Nov/2024:08:18:56 -0700] "GET /news/uteiqe/real-cricket-18-game-download-apk.html HTTP/1.1" 200 - "-" "Mozilla/5.0 (compatible; Googlebot/2.1; +http://www.google.com/bot.html)"
66.249.79.71 - - [25/Nov/2024:08:18:56 -0700] "GET /news/azozuc/cover-the-spread-football.html HTTP/1.1" 200 - "-" "Mozilla/5.0 (compatible; Googlebot/2.1; +http://www.google.com/bot.html)"
66.249.79.71 - - [25/Nov/2024:08:18:56 -0700] "GET /bet/vdxbtw/ HTTP/1.1" 200 - "-" "Mozilla/5.0 (compatible; Googlebot/2.1; +http://www.google.com/bot.html)"
66.249.79.72 - - [25/Nov/2024:08:19:07 -0700] "GET /news/wvtajh/ HTTP/1.1" 200 - "-" "Mozilla/5.0 (compatible; Googlebot/2.1; +http://www.google.com/bot.html)"
66.249.79.72 - - [25/Nov/2024:08:19:27 -0700] "GET /bet/?qauhyz/penair-india-team.html HTTP/1.1" 200 - "-" "Mozilla/5.0 (compatible; Googlebot/2.1; +http://www.google.com/bot.html)"
66.249.79.72 - - [25/Nov/2024:08:20:19 -0700] "GET /news/?rinskb/mn-casinos-list.html HTTP/1.1" 200 - "-" "Mozilla/5.0 (compatible; Googlebot/2.1; +http://www.google.com/bot.html)"
66.249.79.71 - - [25/Nov/2024:08:20:43 -0700] "GET /bet/nlebhg/icc-2019-live-streaming-online.html HTTP/1.1" 200 - "-" "Mozilla/5.0 (compatible; Googlebot/2.1; +http://www.google.com/bot.html)"
66.249.79.71 - - [25/Nov/2024:08:21:14 -0700] "GET /news/?wgbleq/cambodia-casino-phnom-penh.html HTTP/1.1" 200 - "-" "Mozilla/5.0 (compatible; Googlebot/2.1; +http://www.google.com/bot.html)"
66.249.79.72 - - [25/Nov/2024:08:21:30 -0700] "GET /news/jnowln/ach-chin-casino.html HTTP/1.1" 200 - "-" "Mozilla/5.0 (compatible; Googlebot/2.1; +http://www.google.com/bot.html)"
66.249.79.71 - - [25/Nov/2024:08:21:42 -0700] "GET /news/qsvkqp/venkatesh-prasad-1996-world-cup-pakistan.html HTTP/1.1" 200 - "-" "Mozilla/5.0 (compatible; Googlebot/2.1; +http://www.google.com/bot.html)"
194.233.72.158 - - [25/Nov/2024:08:22:43 -0700] "GET /myadmin/slider/noop.php HTTP/1.1" 200 - "-" "Uptime-Kuma/1.23.3"
69.162.124.238 - - [25/Nov/2024:08:22:50 -0700] "HEAD /cbse-corner.php HTTP/1.1" 200 - "https://benra.akalacademy.ac.in/cbse-corner.php" "Mozilla/5.0+(compatible; UptimeRobot/2.0; http://www.uptimerobot.com/)"
66.249.79.71 - - [25/Nov/2024:08:23:07 -0700] "GET /bet/obixmr/cricket-betting-tips.html HTTP/1.1" 200 - "-" "Mozilla/5.0 (compatible; Googlebot/2.1; +http://www.google.com/bot.html)"
66.249.79.72 - - [25/Nov/2024:08:24:00 -0700] "GET /news/?ytyyvn/ HTTP/1.1" 200 - "-" "Mozilla/5.0 (compatible; Googlebot/2.1; +http://www.google.com/bot.html)"
66.249.79.71 - - [25/Nov/2024:08:24:02 -0700] "GET /news/kazams/ HTTP/1.1" 200 - "-" "Mozilla/5.0 (compatible; Googlebot/2.1; +http://www.google.com/bot.html)"
66.249.79.71 - - [25/Nov/2024:08:24:12 -0700] "GET /bet/?epazio/roulette-tips-casino.html HTTP/1.1" 200 - "-" "Mozilla/5.0 (compatible; Googlebot/2.1; +http://www.google.com/bot.html)"
66.249.79.71 - - [25/Nov/2024:08:24:28 -0700] "GET /bet/?xgmwaz/ HTTP/1.1" 200 - "-" "Mozilla/5.0 (compatible; Googlebot/2.1; +http://www.google.com/bot.html)"
66.249.79.71 - - [25/Nov/2024:08:24:33 -0700] "GET /news/oyrsty/ HTTP/1.1" 200 - "-" "Mozilla/5.0 (compatible; Googlebot/2.1; +http://www.google.com/bot.html)"
66.249.79.71 - - [25/Nov/2024:08:25:49 -0700] "GET /detail/hcgymy/world-cup-cricket-live-score-rediff.html HTTP/1.1" 200 - "-" "Mozilla/5.0 (compatible; Googlebot/2.1; +http://www.google.com/bot.html)"
64.233.173.169 - - [25/Nov/2024:08:26:45 -0700] "GET /.well-known/traffic-advice HTTP/1.1" 200 - "-" "Chrome Privacy Preserving Prefetch Proxy"
72.14.201.141 - - [25/Nov/2024:08:26:45 -0700] "GET / HTTP/1.1" 200 - "https://www.google.com/" "Mozilla/5.0 (Windows NT 10.0; Win64; x64) AppleWebKit/537.36 (KHTML, like Gecko) Chrome/131.0.0.0 Safari/537.36"
66.249.79.71 - - [25/Nov/2024:08:27:11 -0700] "GET /detail/?shluru/latest-casino-games-news.html HTTP/1.1" 200 - "-" "Mozilla/5.0 (compatible; Googlebot/2.1; +http://www.google.com/bot.html)"
66.249.79.72 - - [25/Nov/2024:08:27:30 -0700] "GET /news/qqgyku/ HTTP/1.1" 200 - "-" "Mozilla/5.0 (compatible; Googlebot/2.1; +http://www.google.com/bot.html)"
69.162.124.238 - - [25/Nov/2024:08:27:50 -0700] "HEAD /cbse-corner.php HTTP/1.1" 200 - "https://benra.akalacademy.ac.in/cbse-corner.php" "Mozilla/5.0+(compatible; UptimeRobot/2.0; http://www.uptimerobot.com/)"
66.249.79.71 - - [25/Nov/2024:08:28:27 -0700] "GET /detail/lpfxav/ HTTP/1.1" 200 - "-" "Mozilla/5.0 (compatible; Googlebot/2.1; +http://www.google.com/bot.html)"
66.249.79.71 - - [25/Nov/2024:08:28:42 -0700] "GET /bet/?shbtid/top-android-adventure-games-for-android.html HTTP/1.1" 200 - "-" "Mozilla/5.0 (compatible; Googlebot/2.1; +http://www.google.com/bot.html)"
66.249.79.71 - - [25/Nov/2024:08:28:43 -0700] "GET /detail/prikor/ HTTP/1.1" 200 - "-" "Mozilla/5.0 (compatible; Googlebot/2.1; +http://www.google.com/bot.html)"
66.249.79.71 - - [25/Nov/2024:08:28:49 -0700] "GET /detail/?dlpmln/jellybean-casino-spiele.html HTTP/1.1" 200 - "-" "Mozilla/5.0 (compatible; Googlebot/2.1; +http://www.google.com/bot.html)"
66.249.79.71 - - [25/Nov/2024:08:29:25 -0700] "GET /bet/?lwakyw/ HTTP/1.1" 200 - "-" "Mozilla/5.0 (compatible; Googlebot/2.1; +http://www.google.com/bot.html)"
66.249.79.72 - - [25/Nov/2024:08:29:27 -0700] "GET /bet/fitrgr/caesars-palace-statues.html HTTP/1.1" 200 - "-" "Mozilla/5.0 (compatible; Googlebot/2.1; +http://www.google.com/bot.html)"
66.249.79.72 - - [25/Nov/2024:08:29:32 -0700] "GET /news/?pcaxwp/ HTTP/1.1" 200 - "-" "Mozilla/5.0 (compatible; Googlebot/2.1; +http://www.google.com/bot.html)"
66.249.79.71 - - [25/Nov/2024:08:29:49 -0700] "GET /detail/btpoim/chennai-stadium-high-score-ipl.html HTTP/1.1" 200 - "-" "Mozilla/5.0 (compatible; Googlebot/2.1; +http://www.google.com/bot.html)"
66.249.79.73 - - [25/Nov/2024:08:30:01 -0700] "GET /news/zahqeq/download-offline-rummy-game-for-pc.html HTTP/1.1" 200 - "-" "Mozilla/5.0 (compatible; Googlebot/2.1; +http://www.google.com/bot.html)"
66.249.79.71 - - [25/Nov/2024:08:30:41 -0700] "GET /bet/?jhqyyi/ HTTP/1.1" 200 - "-" "Mozilla/5.0 (compatible; Googlebot/2.1; +http://www.google.com/bot.html)"
66.249.79.71 - - [25/Nov/2024:08:31:01 -0700] "GET /bet/?accdor/ipl-team-with-word-india.html HTTP/1.1" 200 - "-" "Mozilla/5.0 (compatible; Googlebot/2.1; +http://www.google.com/bot.html)"
66.249.79.71 - - [25/Nov/2024:08:31:03 -0700] "GET /detail/gxjtfp/boku-casino-uk.html HTTP/1.1" 200 - "-" "Mozilla/5.0 (compatible; Googlebot/2.1; +http://www.google.com/bot.html)"
66.249.79.71 - - [25/Nov/2024:08:31:35 -0700] "GET /detail/?lliskv/ HTTP/1.1" 200 - "-" "Mozilla/5.0 (compatible; Googlebot/2.1; +http://www.google.com/bot.html)"
66.249.79.73 - - [25/Nov/2024:08:32:27 -0700] "GET /detail/kmcvrx/ HTTP/1.1" 200 - "-" "Mozilla/5.0 (compatible; Googlebot/2.1; +http://www.google.com/bot.html)"
194.233.72.158 - - [25/Nov/2024:08:32:43 -0700] "GET /myadmin/slider/noop.php HTTP/1.1" 200 - "-" "Uptime-Kuma/1.23.3"
66.249.79.72 - - [25/Nov/2024:08:32:45 -0700] "GET /news/?umwchc/ HTTP/1.1" 200 - "-" "Mozilla/5.0 (compatible; Googlebot/2.1; +http://www.google.com/bot.html)"
66.249.79.71 - - [25/Nov/2024:08:32:48 -0700] "GET /news/?mexvxo/slot-apps-to-win-real-money.html HTTP/1.1" 200 - "-" "Mozilla/5.0 (compatible; Googlebot/2.1; +http://www.google.com/bot.html)"
69.162.124.238 - - [25/Nov/2024:08:32:50 -0700] "HEAD /cbse-corner.php HTTP/1.1" 200 - "https://benra.akalacademy.ac.in/cbse-corner.php" "Mozilla/5.0+(compatible; UptimeRobot/2.0; http://www.uptimerobot.com/)"
66.249.79.71 - - [25/Nov/2024:08:32:56 -0700] "GET /news/isamqx/eng-vs-sa-t20-team.html HTTP/1.1" 200 - "-" "Mozilla/5.0 (compatible; Googlebot/2.1; +http://www.google.com/bot.html)"
66.249.79.73 - - [25/Nov/2024:08:34:00 -0700] "GET /bet/dyvwrt/indian-cricket-team-test-squad.html HTTP/1.1" 200 - "-" "Mozilla/5.0 (compatible; Googlebot/2.1; +http://www.google.com/bot.html)"
66.249.79.72 - - [25/Nov/2024:08:34:14 -0700] "GET /news/?ksatoj/ HTTP/1.1" 200 - "-" "Mozilla/5.0 (compatible; Googlebot/2.1; +http://www.google.com/bot.html)"
66.249.79.71 - - [25/Nov/2024:08:35:09 -0700] "GET /bet/?wwwnvs/ HTTP/1.1" 200 - "-" "Mozilla/5.0 (compatible; Googlebot/2.1; +http://www.google.com/bot.html)"
95.108.213.88 - - [25/Nov/2024:08:35:24 -0700] "GET /robots.txt HTTP/1.1" 200 76 "-" "Mozilla/5.0 (compatible; YandexBot/3.0; +http://yandex.com/bots)"
213.180.203.198 - - [25/Nov/2024:08:35:26 -0700] "GET /htdocs/dominoqq/files/I-VIII/files/Senior%20Secondary/files/Secondary/files/IX-X/Grade%20(X)-min.pdf HTTP/1.1" 200 - "-" "Mozilla/5.0 (compatible; YandexBot/3.0; +http://yandex.com/bots)"
66.249.79.71 - - [25/Nov/2024:08:35:28 -0700] "GET /detail/?mnxzqv/cricket-games-freeroms.html HTTP/1.1" 200 - "-" "Mozilla/5.0 (compatible; Googlebot/2.1; +http://www.google.com/bot.html)"
66.249.79.72 - - [25/Nov/2024:08:35:29 -0700] "GET /news/bduxil/poker-night-in-america-cash-game.html HTTP/1.1" 200 - "-" "Mozilla/5.0 (compatible; Googlebot/2.1; +http://www.google.com/bot.html)"
66.249.79.71 - - [25/Nov/2024:08:35:40 -0700] "GET /news/wlorpy/icc-england-jersey-2019.html HTTP/1.1" 200 - "-" "Mozilla/5.0 (compatible; Googlebot/2.1; +http://www.google.com/bot.html)"
66.249.79.71 - - [25/Nov/2024:08:36:17 -0700] "GET /news/?zpwjoc/ HTTP/1.1" 200 - "-" "Mozilla/5.0 (compatible; Googlebot/2.1; +http://www.google.com/bot.html)"
66.249.79.72 - - [25/Nov/2024:08:36:28 -0700] "GET /news/jnefuj/see-people-card-in-online-card-games.html HTTP/1.1" 200 - "-" "Mozilla/5.0 (compatible; Googlebot/2.1; +http://www.google.com/bot.html)"
66.249.79.71 - - [25/Nov/2024:08:37:44 -0700] "GET /bet/llzvun/ticket-for-hockey-world-cup.html HTTP/1.1" 200 - "-" "Mozilla/5.0 (compatible; Googlebot/2.1; +http://www.google.com/bot.html)"
114.122.4.112 - - [25/Nov/2024:08:37:48 -0700] "GET / HTTP/1.1" 200 - "-" "Mozilla/5.0 (Windows NT 10.0; Win64; x64) AppleWebKit/537.36 (KHTML, like Gecko) Chrome/79.0 Safari/537.36"
114.122.4.112 - - [25/Nov/2024:08:37:49 -0700] "GET //wp-includes/wlwmanifest.xml HTTP/1.1" 200 - "-" "Mozilla/5.0 (Windows NT 10.0; Win64; x64) AppleWebKit/537.36 (KHTML, like Gecko) Chrome/79.0 Safari/537.36"
69.162.124.238 - - [25/Nov/2024:08:37:50 -0700] "HEAD /cbse-corner.php HTTP/1.1" 200 - "https://benra.akalacademy.ac.in/cbse-corner.php" "Mozilla/5.0+(compatible; UptimeRobot/2.0; http://www.uptimerobot.com/)"
114.122.4.112 - - [25/Nov/2024:08:37:50 -0700] "GET //xmlrpc.php?rsd HTTP/1.1" 200 - "-" "Mozilla/5.0 (Windows NT 10.0; Win64; x64) AppleWebKit/537.36 (KHTML, like Gecko) Chrome/79.0 Safari/537.36"
114.122.4.112 - - [25/Nov/2024:08:37:52 -0700] "GET / HTTP/1.1" 200 - "-" "Mozilla/5.0 (Windows NT 10.0; Win64; x64) AppleWebKit/537.36 (KHTML, like Gecko) Chrome/79.0 Safari/537.36"
114.122.4.112 - - [25/Nov/2024:08:37:54 -0700] "GET //blog/wp-includes/wlwmanifest.xml HTTP/1.1" 200 - "-" "Mozilla/5.0 (Windows NT 10.0; Win64; x64) AppleWebKit/537.36 (KHTML, like Gecko) Chrome/79.0 Safari/537.36"
114.122.4.112 - - [25/Nov/2024:08:37:56 -0700] "GET //web/wp-includes/wlwmanifest.xml HTTP/1.1" 200 - "-" "Mozilla/5.0 (Windows NT 10.0; Win64; x64) AppleWebKit/537.36 (KHTML, like Gecko) Chrome/79.0 Safari/537.36"
114.122.4.112 - - [25/Nov/2024:08:38:09 -0700] "GET //website/wp-includes/wlwmanifest.xml HTTP/1.1" 200 - "-" "Mozilla/5.0 (Windows NT 10.0; Win64; x64) AppleWebKit/537.36 (KHTML, like Gecko) Chrome/79.0 Safari/537.36"
66.249.79.71 - - [25/Nov/2024:08:38:15 -0700] "GET /bet/?cuqjfr/rummy-free-50-rs.html HTTP/1.1" 200 - "-" "Mozilla/5.0 (compatible; Googlebot/2.1; +http://www.google.com/bot.html)"
114.122.4.112 - - [25/Nov/2024:08:38:20 -0700] "GET //news/wp-includes/wlwmanifest.xml HTTP/1.1" 200 - "-" "Mozilla/5.0 (Windows NT 10.0; Win64; x64) AppleWebKit/537.36 (KHTML, like Gecko) Chrome/79.0 Safari/537.36"
114.122.4.112 - - [25/Nov/2024:08:38:21 -0700] "GET //wp1/wp-includes/wlwmanifest.xml HTTP/1.1" 200 - "-" "Mozilla/5.0 (Windows NT 10.0; Win64; x64) AppleWebKit/537.36 (KHTML, like Gecko) Chrome/79.0 Safari/537.36"
./LuLlaby007 ♥ Tata Cantik - Copyright 2k18