Cylul007 Webshell
Server :
Linux ip-148-66-134-25.ip.secureserver.net 3.10.0-1160.119.1.el7.tuxcare.els10.x86_64 #1 SMP Fri Oct 11 21:40:41 UTC 2024 x86_64
php :
8.0.30
on
cgi-fcgi
Time
25 Nov 2024 15:40:13
Current Directory :
/
home
/
amvm
/
access-logs
/
Upload File :
Mass Deface
Home
Bypass Passwd
Current File : /home/amvm/access-logs/benra.akalacademy.ac.in-ssl_log
66.249.79.73 - - [25/Nov/2024:05:10:02 -0700] "GET /detail/?swfkhy/ HTTP/1.1" 200 - "-" "Mozilla/5.0 (compatible; Googlebot/2.1; +http://www.google.com/bot.html)"
66.249.79.72 - - [25/Nov/2024:05:10:16 -0700] "GET /bet/?vxmard/chennai-super-king-dawloge.html HTTP/1.1" 200 - "-" "Mozilla/5.0 (compatible; Googlebot/2.1; +http://www.google.com/bot.html)"
47.128.62.18 - - [25/Nov/2024:05:10:35 -0700] "GET /index.php/sitemapimages96.xml HTTP/1.1" 200 - "-" "Mozilla/5.0 (Linux; Android 5.0) AppleWebKit/537.36 (KHTML, like Gecko) Mobile Safari/537.36 (compatible; Bytespider; spider-feedback@bytedance.com)"
47.128.35.2 - - [25/Nov/2024:05:10:43 -0700] "GET /index.php/sitemapindex.xml HTTP/1.1" 200 - "-" "Mozilla/5.0 (Linux; Android 5.0) AppleWebKit/537.36 (KHTML, like Gecko) Mobile Safari/537.36 (compatible; Bytespider; spider-feedback@bytedance.com)"
66.249.79.71 - - [25/Nov/2024:05:10:55 -0700] "GET /news/?jetvns/ HTTP/1.1" 200 - "-" "Mozilla/5.0 (compatible; Googlebot/2.1; +http://www.google.com/bot.html)"
69.162.124.238 - - [25/Nov/2024:05:11:07 -0700] "HEAD /cbse-corner.php HTTP/1.1" 200 - "https://benra.akalacademy.ac.in/cbse-corner.php" "Mozilla/5.0+(compatible; UptimeRobot/2.0; http://www.uptimerobot.com/)"
66.249.79.72 - - [25/Nov/2024:05:11:13 -0700] "GET /detail/ostskl/plo-rules-poker.html HTTP/1.1" 200 - "-" "Mozilla/5.0 (compatible; Googlebot/2.1; +http://www.google.com/bot.html)"
66.249.79.71 - - [25/Nov/2024:05:11:42 -0700] "GET /detail/ntjsvm/www-cricket-games-download-2007-com.html HTTP/1.1" 200 - "-" "Mozilla/5.0 (compatible; Googlebot/2.1; +http://www.google.com/bot.html)"
66.249.79.73 - - [25/Nov/2024:05:12:02 -0700] "GET /news/myuwuf/indian-cricket-live-score-board.html HTTP/1.1" 200 - "-" "Mozilla/5.0 (compatible; Googlebot/2.1; +http://www.google.com/bot.html)"
66.249.79.72 - - [25/Nov/2024:05:12:41 -0700] "GET /bet/bywrju/best-strategy-games-android-2022.html HTTP/1.1" 200 - "-" "Mozilla/5.0 (compatible; Googlebot/2.1; +http://www.google.com/bot.html)"
194.233.72.158 - - [25/Nov/2024:05:12:42 -0700] "GET /myadmin/slider/noop.php HTTP/1.1" 200 - "-" "Uptime-Kuma/1.23.3"
66.249.79.71 - - [25/Nov/2024:05:12:42 -0700] "GET /detail/esbuaj/donny-and-marie-las-vegas.html HTTP/1.1" 200 - "-" "Mozilla/5.0 (compatible; Googlebot/2.1; +http://www.google.com/bot.html)"
216.244.66.233 - - [25/Nov/2024:05:13:06 -0700] "GET /robots.txt HTTP/1.1" 200 76 "-" "Mozilla/5.0 (compatible; DotBot/1.2; +https://opensiteexplorer.org/dotbot; help@moz.com)"
66.249.79.72 - - [25/Nov/2024:05:13:44 -0700] "GET /news/apvpsc/betting-puns.html HTTP/1.1" 200 - "-" "Mozilla/5.0 (compatible; Googlebot/2.1; +http://www.google.com/bot.html)"
66.249.79.71 - - [25/Nov/2024:05:14:10 -0700] "GET /news/?mjjxdf/ipl-2022-full-schedule.html HTTP/1.1" 200 - "-" "Mozilla/5.0 (compatible; Googlebot/2.1; +http://www.google.com/bot.html)"
66.249.79.72 - - [25/Nov/2024:05:14:53 -0700] "GET /news/?ebjagy/ HTTP/1.1" 200 - "-" "Mozilla/5.0 (compatible; Googlebot/2.1; +http://www.google.com/bot.html)"
66.249.79.73 - - [25/Nov/2024:05:15:09 -0700] "GET /news/?cwniep/ HTTP/1.1" 200 - "-" "Mozilla/5.0 (compatible; Googlebot/2.1; +http://www.google.com/bot.html)"
66.249.79.71 - - [25/Nov/2024:05:15:20 -0700] "GET /bet/ibatro/ HTTP/1.1" 200 - "-" "Mozilla/5.0 (compatible; Googlebot/2.1; +http://www.google.com/bot.html)"
66.249.79.73 - - [25/Nov/2024:05:16:07 -0700] "GET /bet/qibukw/ HTTP/1.1" 200 - "-" "Mozilla/5.0 (compatible; Googlebot/2.1; +http://www.google.com/bot.html)"
69.162.124.238 - - [25/Nov/2024:05:16:07 -0700] "HEAD /cbse-corner.php HTTP/1.1" 200 - "https://benra.akalacademy.ac.in/cbse-corner.php" "Mozilla/5.0+(compatible; UptimeRobot/2.0; http://www.uptimerobot.com/)"
66.249.79.72 - - [25/Nov/2024:05:16:23 -0700] "GET /bet/?zufbip/4-cards-poker-rules-in-kehlo365.html HTTP/1.1" 200 - "-" "Mozilla/5.0 (compatible; Googlebot/2.1; +http://www.google.com/bot.html)"
66.249.79.71 - - [25/Nov/2024:05:17:02 -0700] "GET /detail/baxjdk/ HTTP/1.1" 200 - "-" "Mozilla/5.0 (compatible; Googlebot/2.1; +http://www.google.com/bot.html)"
66.249.79.72 - - [25/Nov/2024:05:17:33 -0700] "GET /detail/xyprwj/correct-score-today-game.html HTTP/1.1" 200 - "-" "Mozilla/5.0 (compatible; Googlebot/2.1; +http://www.google.com/bot.html)"
66.249.79.72 - - [25/Nov/2024:05:18:46 -0700] "GET /news/pytgbj/hp-icc-profiles.html HTTP/1.1" 200 - "-" "Mozilla/5.0 (compatible; Googlebot/2.1; +http://www.google.com/bot.html)"
66.249.79.72 - - [25/Nov/2024:05:19:20 -0700] "GET /news/?pgyteq/ HTTP/1.1" 200 - "-" "Mozilla/5.0 (compatible; Googlebot/2.1; +http://www.google.com/bot.html)"
66.249.79.73 - - [25/Nov/2024:05:19:22 -0700] "GET /bet/?umdkos/ HTTP/1.1" 200 - "-" "Mozilla/5.0 (compatible; Googlebot/2.1; +http://www.google.com/bot.html)"
66.249.79.71 - - [25/Nov/2024:05:19:31 -0700] "GET /detail/wapslc/www-online-cricket-match.html HTTP/1.1" 200 - "-" "Mozilla/5.0 (compatible; Googlebot/2.1; +http://www.google.com/bot.html)"
66.249.79.71 - - [25/Nov/2024:05:19:36 -0700] "GET /detail/?dlsapp/ HTTP/1.1" 200 - "-" "Mozilla/5.0 (compatible; Googlebot/2.1; +http://www.google.com/bot.html)"
66.249.79.72 - - [25/Nov/2024:05:20:05 -0700] "GET /detail/?lpnsev/ HTTP/1.1" 200 - "-" "Mozilla/5.0 (compatible; Googlebot/2.1; +http://www.google.com/bot.html)"
66.249.79.72 - - [25/Nov/2024:05:20:26 -0700] "GET /detail/?ndlogm/ HTTP/1.1" 200 - "-" "Mozilla/5.0 (compatible; Googlebot/2.1; +http://www.google.com/bot.html)"
66.249.79.71 - - [25/Nov/2024:05:20:41 -0700] "GET /news/?kwjmac/hot-chilli-ice-cream.html HTTP/1.1" 200 - "-" "Mozilla/5.0 (compatible; Googlebot/2.1; +http://www.google.com/bot.html)"
66.249.79.71 - - [25/Nov/2024:05:20:42 -0700] "GET /detail/?sbjopp/ HTTP/1.1" 200 - "-" "Mozilla/5.0 (compatible; Googlebot/2.1; +http://www.google.com/bot.html)"
66.249.79.71 - - [25/Nov/2024:05:20:59 -0700] "GET /news/cgavjo/ HTTP/1.1" 200 - "-" "Mozilla/5.0 (compatible; Googlebot/2.1; +http://www.google.com/bot.html)"
69.162.124.238 - - [25/Nov/2024:05:21:07 -0700] "HEAD /cbse-corner.php HTTP/1.1" 200 - "https://benra.akalacademy.ac.in/cbse-corner.php" "Mozilla/5.0+(compatible; UptimeRobot/2.0; http://www.uptimerobot.com/)"
66.249.79.73 - - [25/Nov/2024:05:21:16 -0700] "GET /news/fdjpuz/ HTTP/1.1" 200 - "-" "Mozilla/5.0 (compatible; Googlebot/2.1; +http://www.google.com/bot.html)"
66.249.79.72 - - [25/Nov/2024:05:21:16 -0700] "GET /detail/?aykfpc/next-tournament-indian-cricket-team.html HTTP/1.1" 200 - "-" "Mozilla/5.0 (compatible; Googlebot/2.1; +http://www.google.com/bot.html)"
66.249.79.71 - - [25/Nov/2024:05:22:01 -0700] "GET /news/?faswjd/ HTTP/1.1" 200 - "-" "Mozilla/5.0 (compatible; Googlebot/2.1; +http://www.google.com/bot.html)"
66.249.79.71 - - [25/Nov/2024:05:22:15 -0700] "GET /news/uafkwt/matches-won-by-delhi-capitals.html HTTP/1.1" 200 - "-" "Mozilla/5.0 (compatible; Googlebot/2.1; +http://www.google.com/bot.html)"
194.233.72.158 - - [25/Nov/2024:05:22:42 -0700] "GET /myadmin/slider/noop.php HTTP/1.1" 200 - "-" "Uptime-Kuma/1.23.3"
66.249.79.72 - - [25/Nov/2024:05:23:25 -0700] "GET /news/?uovlxy/zynga-real-money-gambling.html HTTP/1.1" 200 - "-" "Mozilla/5.0 (compatible; Googlebot/2.1; +http://www.google.com/bot.html)"
66.249.79.71 - - [25/Nov/2024:05:24:21 -0700] "GET /news/xbvsdr/ HTTP/1.1" 200 - "-" "Mozilla/5.0 (compatible; Googlebot/2.1; +http://www.google.com/bot.html)"
66.249.79.73 - - [25/Nov/2024:05:24:24 -0700] "GET /detail/?vdrjhl/wolverhampton-nottingham-forest.html HTTP/1.1" 200 - "-" "Mozilla/5.0 (compatible; Googlebot/2.1; +http://www.google.com/bot.html)"
66.249.79.71 - - [25/Nov/2024:05:25:08 -0700] "GET /detail/?xjzpld/ HTTP/1.1" 200 - "-" "Mozilla/5.0 (compatible; Googlebot/2.1; +http://www.google.com/bot.html)"
66.249.79.72 - - [25/Nov/2024:05:25:18 -0700] "GET /news/gwudvh/ HTTP/1.1" 200 - "-" "Mozilla/5.0 (compatible; Googlebot/2.1; +http://www.google.com/bot.html)"
69.162.124.238 - - [25/Nov/2024:05:26:08 -0700] "HEAD /cbse-corner.php HTTP/1.1" 200 - "https://benra.akalacademy.ac.in/cbse-corner.php" "Mozilla/5.0+(compatible; UptimeRobot/2.0; http://www.uptimerobot.com/)"
66.249.79.73 - - [25/Nov/2024:05:26:29 -0700] "GET /detail/?txzowh/ HTTP/1.1" 200 - "-" "Mozilla/5.0 (compatible; Googlebot/2.1; +http://www.google.com/bot.html)"
66.249.79.71 - - [25/Nov/2024:05:26:56 -0700] "GET /bet/rmdekn/mark-cricket-player.html HTTP/1.1" 200 - "-" "Mozilla/5.0 (compatible; Googlebot/2.1; +http://www.google.com/bot.html)"
66.249.79.71 - - [25/Nov/2024:05:28:09 -0700] "GET /detail/?pyilzx/9-card-game-contest.html HTTP/1.1" 200 - "-" "Mozilla/5.0 (compatible; Googlebot/2.1; +http://www.google.com/bot.html)"
66.249.79.71 - - [25/Nov/2024:05:28:19 -0700] "GET /bet/pnkuwt/my-dream-11-apk.html HTTP/1.1" 200 - "-" "Mozilla/5.0 (compatible; Googlebot/2.1; +http://www.google.com/bot.html)"
66.249.79.72 - - [25/Nov/2024:05:29:10 -0700] "GET /bet/?cmtogp/ HTTP/1.1" 200 - "-" "Mozilla/5.0 (compatible; Googlebot/2.1; +http://www.google.com/bot.html)"
66.249.79.71 - - [25/Nov/2024:05:29:13 -0700] "GET /bet/?tjcuyg/stray-on-pc.html HTTP/1.1" 200 - "-" "Mozilla/5.0 (compatible; Googlebot/2.1; +http://www.google.com/bot.html)"
69.162.124.238 - - [25/Nov/2024:05:31:07 -0700] "HEAD /cbse-corner.php HTTP/1.1" 200 - "https://benra.akalacademy.ac.in/cbse-corner.php" "Mozilla/5.0+(compatible; UptimeRobot/2.0; http://www.uptimerobot.com/)"
66.249.79.71 - - [25/Nov/2024:05:31:34 -0700] "GET /news/kjwula/ HTTP/1.1" 200 - "-" "Mozilla/5.0 (compatible; Googlebot/2.1; +http://www.google.com/bot.html)"
66.249.79.72 - - [25/Nov/2024:05:31:40 -0700] "GET /bet/?yxqrey/bet-experience-weekend.html HTTP/1.1" 200 - "-" "Mozilla/5.0 (compatible; Googlebot/2.1; +http://www.google.com/bot.html)"
194.233.72.158 - - [25/Nov/2024:05:32:42 -0700] "GET /myadmin/slider/noop.php HTTP/1.1" 200 - "-" "Uptime-Kuma/1.23.3"
51.222.253.2 - - [25/Nov/2024:05:32:45 -0700] "GET /?C=D;O=D HTTP/1.1" 200 - "-" "Mozilla/5.0 (compatible; AhrefsBot/7.0; +http://ahrefs.com/robot/)"
66.249.79.72 - - [25/Nov/2024:05:33:07 -0700] "GET /detail/srmhod/hotstar-tamil-ipl-csk-today-match.html HTTP/1.1" 200 - "-" "Mozilla/5.0 (compatible; Googlebot/2.1; +http://www.google.com/bot.html)"
66.249.79.72 - - [25/Nov/2024:05:33:22 -0700] "GET /detail/syidmq/ HTTP/1.1" 200 - "-" "Mozilla/5.0 (compatible; Googlebot/2.1; +http://www.google.com/bot.html)"
66.249.79.71 - - [25/Nov/2024:05:33:54 -0700] "GET /bet/bksjhk/ HTTP/1.1" 200 - "-" "Mozilla/5.0 (compatible; Googlebot/2.1; +http://www.google.com/bot.html)"
66.249.79.72 - - [25/Nov/2024:05:34:11 -0700] "GET /news/?qvjrwg/euro-millions.html HTTP/1.1" 200 - "-" "Mozilla/5.0 (compatible; Googlebot/2.1; +http://www.google.com/bot.html)"
66.249.79.71 - - [25/Nov/2024:05:34:20 -0700] "GET /bet/frbqka/ HTTP/1.1" 200 - "-" "Mozilla/5.0 (compatible; Googlebot/2.1; +http://www.google.com/bot.html)"
66.249.79.71 - - [25/Nov/2024:05:34:26 -0700] "GET /bet/?tgrxje/what-card-games-are-there.html HTTP/1.1" 200 - "-" "Mozilla/5.0 (compatible; Googlebot/2.1; +http://www.google.com/bot.html)"
66.249.79.71 - - [25/Nov/2024:05:34:28 -0700] "GET /bet/?lomyjc/ HTTP/1.1" 200 - "-" "Mozilla/5.0 (compatible; Googlebot/2.1; +http://www.google.com/bot.html)"
66.249.79.72 - - [25/Nov/2024:05:35:48 -0700] "GET /news/eslczv/ipl-2015-today-match-live-tv.html HTTP/1.1" 200 - "-" "Mozilla/5.0 (compatible; Googlebot/2.1; +http://www.google.com/bot.html)"
66.249.79.72 - - [25/Nov/2024:05:35:52 -0700] "GET /news/uohflb/icc-profile-mac.html HTTP/1.1" 200 - "-" "Mozilla/5.0 (compatible; Googlebot/2.1; +http://www.google.com/bot.html)"
69.162.124.238 - - [25/Nov/2024:05:36:07 -0700] "HEAD /cbse-corner.php HTTP/1.1" 200 - "https://benra.akalacademy.ac.in/cbse-corner.php" "Mozilla/5.0+(compatible; UptimeRobot/2.0; http://www.uptimerobot.com/)"
66.249.79.71 - - [25/Nov/2024:05:36:29 -0700] "GET /news/wdonnw/octane-red-challenger.html HTTP/1.1" 200 - "-" "Mozilla/5.0 (compatible; Googlebot/2.1; +http://www.google.com/bot.html)"
66.249.79.71 - - [25/Nov/2024:05:36:42 -0700] "GET /bet/muewog/ipl-2021-results-list.html HTTP/1.1" 200 - "-" "Mozilla/5.0 (compatible; Googlebot/2.1; +http://www.google.com/bot.html)"
66.249.79.72 - - [25/Nov/2024:05:36:45 -0700] "GET /news/qmefex/ HTTP/1.1" 200 - "-" "Mozilla/5.0 (compatible; Googlebot/2.1; +http://www.google.com/bot.html)"
216.244.66.233 - - [25/Nov/2024:05:37:01 -0700] "GET /bet/myjeio/theschool.php HTTP/1.1" 200 - "-" "Mozilla/5.0 (compatible; DotBot/1.2; +https://opensiteexplorer.org/dotbot; help@moz.com)"
66.249.79.71 - - [25/Nov/2024:05:37:12 -0700] "GET /detail/?cqygrb/ HTTP/1.1" 200 - "-" "Mozilla/5.0 (compatible; Googlebot/2.1; +http://www.google.com/bot.html)"
66.249.79.71 - - [25/Nov/2024:05:37:37 -0700] "GET /detail/?xpcnxk/ HTTP/1.1" 200 - "-" "Mozilla/5.0 (compatible; Googlebot/2.1; +http://www.google.com/bot.html)"
66.249.79.71 - - [25/Nov/2024:05:38:36 -0700] "GET /news/vleuew/quick-hit-slots-best-online-casino.html HTTP/1.1" 200 - "-" "Mozilla/5.0 (compatible; Googlebot/2.1; +http://www.google.com/bot.html)"
66.249.79.73 - - [25/Nov/2024:05:39:17 -0700] "GET /detail/yyssye/american-blackjack.html HTTP/1.1" 200 - "-" "Mozilla/5.0 (compatible; Googlebot/2.1; +http://www.google.com/bot.html)"
66.249.79.72 - - [25/Nov/2024:05:39:18 -0700] "GET /bet/?bwqxin/ HTTP/1.1" 200 - "-" "Mozilla/5.0 (compatible; Googlebot/2.1; +http://www.google.com/bot.html)"
66.249.79.72 - - [25/Nov/2024:05:39:35 -0700] "GET /detail/wisfex/genting-casino-play-online.html HTTP/1.1" 200 - "-" "Mozilla/5.0 (compatible; Googlebot/2.1; +http://www.google.com/bot.html)"
66.249.79.71 - - [25/Nov/2024:05:39:56 -0700] "GET /bet/?yaahzz/indian-cricket-calnder.html HTTP/1.1" 200 - "-" "Mozilla/5.0 (compatible; Googlebot/2.1; +http://www.google.com/bot.html)"
66.249.79.72 - - [25/Nov/2024:05:40:59 -0700] "GET /news/?bzxulo/ HTTP/1.1" 200 - "-" "Mozilla/5.0 (compatible; Googlebot/2.1; +http://www.google.com/bot.html)"
66.249.79.73 - - [25/Nov/2024:05:41:07 -0700] "GET /news/?cffnbc/pro-kabaddi-team-prediction-dream11.html HTTP/1.1" 200 - "-" "Mozilla/5.0 (compatible; Googlebot/2.1; +http://www.google.com/bot.html)"
69.162.124.238 - - [25/Nov/2024:05:41:08 -0700] "HEAD /cbse-corner.php HTTP/1.1" 200 - "https://benra.akalacademy.ac.in/cbse-corner.php" "Mozilla/5.0+(compatible; UptimeRobot/2.0; http://www.uptimerobot.com/)"
66.249.79.73 - - [25/Nov/2024:05:42:04 -0700] "GET /bet/?nzbcai/zyngapoker.html HTTP/1.1" 200 - "-" "Mozilla/5.0 (compatible; Googlebot/2.1; +http://www.google.com/bot.html)"
66.249.79.72 - - [25/Nov/2024:05:42:18 -0700] "GET /bet/yuumym/best-online-casino-app-real-money.html HTTP/1.1" 200 - "-" "Mozilla/5.0 (compatible; Googlebot/2.1; +http://www.google.com/bot.html)"
66.249.79.71 - - [25/Nov/2024:05:42:37 -0700] "GET /news/?nztxin/cricket-game-j2-download.html HTTP/1.1" 200 - "-" "Mozilla/5.0 (compatible; Googlebot/2.1; +http://www.google.com/bot.html)"
194.233.72.158 - - [25/Nov/2024:05:42:42 -0700] "GET /myadmin/slider/noop.php HTTP/1.1" 200 - "-" "Uptime-Kuma/1.23.3"
66.249.79.72 - - [25/Nov/2024:05:43:22 -0700] "GET /bet/?ekxcrl/election-betting-odds-2022.html HTTP/1.1" 200 - "-" "Mozilla/5.0 (compatible; Googlebot/2.1; +http://www.google.com/bot.html)"
66.249.79.72 - - [25/Nov/2024:05:43:44 -0700] "GET /news/?xahgyl/ HTTP/1.1" 200 - "-" "Mozilla/5.0 (compatible; Googlebot/2.1; +http://www.google.com/bot.html)"
66.249.79.73 - - [25/Nov/2024:05:44:26 -0700] "GET /bet/knnoig/ HTTP/1.1" 200 - "-" "Mozilla/5.0 (compatible; Googlebot/2.1; +http://www.google.com/bot.html)"
66.249.79.72 - - [25/Nov/2024:05:44:28 -0700] "GET /detail/vljwwm/real-m-laliga.html HTTP/1.1" 200 - "-" "Mozilla/5.0 (compatible; Googlebot/2.1; +http://www.google.com/bot.html)"
66.249.79.73 - - [25/Nov/2024:05:45:03 -0700] "GET /detail/jiyqog/rummyculture-rules-Medium.html HTTP/1.1" 200 - "-" "Mozilla/5.0 (compatible; Googlebot/2.1; +http://www.google.com/bot.html)"
66.249.79.72 - - [25/Nov/2024:05:45:18 -0700] "GET /bet/enxyyv/ HTTP/1.1" 200 - "-" "Mozilla/5.0 (compatible; Googlebot/2.1; +http://www.google.com/bot.html)"
66.249.79.71 - - [25/Nov/2024:05:45:44 -0700] "GET /bet/?dilsuf/ HTTP/1.1" 200 - "-" "Mozilla/5.0 (compatible; Googlebot/2.1; +http://www.google.com/bot.html)"
66.249.79.73 - - [25/Nov/2024:05:46:05 -0700] "GET /news/?fthuig/coral-cup-betting-odds.html HTTP/1.1" 200 - "-" "Mozilla/5.0 (compatible; Googlebot/2.1; +http://www.google.com/bot.html)"
66.249.79.71 - - [25/Nov/2024:05:46:35 -0700] "GET /news/gvllkz/ HTTP/1.1" 200 - "-" "Mozilla/5.0 (compatible; Googlebot/2.1; +http://www.google.com/bot.html)"
66.249.79.71 - - [25/Nov/2024:05:46:42 -0700] "GET /detail/eyetvn/ HTTP/1.1" 200 - "-" "Mozilla/5.0 (compatible; Googlebot/2.1; +http://www.google.com/bot.html)"
66.249.79.71 - - [25/Nov/2024:05:46:50 -0700] "GET /detail/lsnhux/esports-brasil.html HTTP/1.1" 200 - "-" "Mozilla/5.0 (compatible; Googlebot/2.1; +http://www.google.com/bot.html)"
66.249.79.72 - - [25/Nov/2024:05:47:09 -0700] "GET /bet/?oasylm/real-money-poker-app-paypal.html HTTP/1.1" 200 - "-" "Mozilla/5.0 (compatible; Googlebot/2.1; +http://www.google.com/bot.html)"
66.249.79.71 - - [25/Nov/2024:05:47:15 -0700] "GET /news/jphigp/ HTTP/1.1" 200 - "-" "Mozilla/5.0 (compatible; Googlebot/2.1; +http://www.google.com/bot.html)"
66.249.79.71 - - [25/Nov/2024:05:47:45 -0700] "GET /detail/?ldhbxf/ HTTP/1.1" 200 - "-" "Mozilla/5.0 (compatible; Googlebot/2.1; +http://www.google.com/bot.html)"
69.162.124.238 - - [25/Nov/2024:05:47:51 -0700] "HEAD /cbse-corner.php HTTP/1.1" 200 - "https://benra.akalacademy.ac.in/cbse-corner.php" "Mozilla/5.0+(compatible; UptimeRobot/2.0; http://www.uptimerobot.com/)"
66.249.79.71 - - [25/Nov/2024:05:48:05 -0700] "GET /bet/?qyhahh/ HTTP/1.1" 200 - "-" "Mozilla/5.0 (compatible; Googlebot/2.1; +http://www.google.com/bot.html)"
66.249.79.72 - - [25/Nov/2024:05:48:07 -0700] "GET /detail/?pimeev/game-of-life-cards-pdf.html HTTP/1.1" 200 - "-" "Mozilla/5.0 (compatible; Googlebot/2.1; +http://www.google.com/bot.html)"
66.249.79.71 - - [25/Nov/2024:05:48:42 -0700] "GET /detail/mofqav/ HTTP/1.1" 200 - "-" "Mozilla/5.0 (compatible; Googlebot/2.1; +http://www.google.com/bot.html)"
66.249.79.73 - - [25/Nov/2024:05:49:53 -0700] "GET /detail/koinwt/ HTTP/1.1" 200 - "-" "Mozilla/5.0 (compatible; Googlebot/2.1; +http://www.google.com/bot.html)"
66.249.79.72 - - [25/Nov/2024:05:50:02 -0700] "GET /news/?bwoafh/ HTTP/1.1" 200 - "-" "Mozilla/5.0 (compatible; Googlebot/2.1; +http://www.google.com/bot.html)"
66.249.79.72 - - [25/Nov/2024:05:50:23 -0700] "GET /detail/?fmfszh/ HTTP/1.1" 200 - "-" "Mozilla/5.0 (compatible; Googlebot/2.1; +http://www.google.com/bot.html)"
66.249.79.71 - - [25/Nov/2024:05:50:25 -0700] "GET /detail/?jqxirx/ HTTP/1.1" 200 - "-" "Mozilla/5.0 (compatible; Googlebot/2.1; +http://www.google.com/bot.html)"
66.249.79.71 - - [25/Nov/2024:05:50:55 -0700] "GET /detail/?pmigbl/ensan-poker.html HTTP/1.1" 200 - "-" "Mozilla/5.0 (compatible; Googlebot/2.1; +http://www.google.com/bot.html)"
66.249.79.71 - - [25/Nov/2024:05:51:14 -0700] "GET /news/?rjgfej/casino-ohne-konto.html HTTP/1.1" 200 - "-" "Mozilla/5.0 (compatible; Googlebot/2.1; +http://www.google.com/bot.html)"
66.249.79.71 - - [25/Nov/2024:05:51:35 -0700] "GET /bet/livqej/ HTTP/1.1" 200 - "-" "Mozilla/5.0 (compatible; Googlebot/2.1; +http://www.google.com/bot.html)"
66.249.79.73 - - [25/Nov/2024:05:52:09 -0700] "GET /news/?hlyjua/make-your-own-town-game.html HTTP/1.1" 200 - "-" "Mozilla/5.0 (compatible; Googlebot/2.1; +http://www.google.com/bot.html)"
194.233.72.158 - - [25/Nov/2024:05:52:42 -0700] "GET /myadmin/slider/noop.php HTTP/1.1" 200 - "-" "Uptime-Kuma/1.23.3"
69.162.124.238 - - [25/Nov/2024:05:52:50 -0700] "HEAD /cbse-corner.php HTTP/1.1" 200 - "https://benra.akalacademy.ac.in/cbse-corner.php" "Mozilla/5.0+(compatible; UptimeRobot/2.0; http://www.uptimerobot.com/)"
66.249.79.71 - - [25/Nov/2024:05:52:56 -0700] "GET /detail/?vtqhaq/ HTTP/1.1" 200 - "-" "Mozilla/5.0 (compatible; Googlebot/2.1; +http://www.google.com/bot.html)"
66.249.79.71 - - [25/Nov/2024:05:53:27 -0700] "GET /detail/?pnrlrc/ HTTP/1.1" 200 - "-" "Mozilla/5.0 (compatible; Googlebot/2.1; +http://www.google.com/bot.html)"
66.249.79.72 - - [25/Nov/2024:05:54:24 -0700] "GET /detail/ahqnpc/dow-jones-index-live-update.html HTTP/1.1" 200 - "-" "Mozilla/5.0 (compatible; Googlebot/2.1; +http://www.google.com/bot.html)"
66.249.79.73 - - [25/Nov/2024:05:54:27 -0700] "GET /news/?rrtcnq/double-casino-slots.html HTTP/1.1" 200 - "-" "Mozilla/5.0 (compatible; Googlebot/2.1; +http://www.google.com/bot.html)"
66.249.79.71 - - [25/Nov/2024:05:54:30 -0700] "GET /detail/?osdfhb/cricinfo-icc-news.html HTTP/1.1" 200 - "-" "Mozilla/5.0 (compatible; Googlebot/2.1; +http://www.google.com/bot.html)"
51.222.253.1 - - [25/Nov/2024:05:54:53 -0700] "GET /fonts/icomoon/fonts/style/contact.php HTTP/1.1" 200 - "-" "Mozilla/5.0 (compatible; AhrefsBot/7.0; +http://ahrefs.com/robot/)"
51.222.253.4 - - [25/Nov/2024:05:55:50 -0700] "GET /fonts/icomoon/fonts/style/theschool.php HTTP/1.1" 200 - "-" "Mozilla/5.0 (compatible; AhrefsBot/7.0; +http://ahrefs.com/robot/)"
66.249.79.73 - - [25/Nov/2024:05:55:53 -0700] "GET /bet/?frkmhp/28-game-card-rules.html HTTP/1.1" 200 - "-" "Mozilla/5.0 (compatible; Googlebot/2.1; +http://www.google.com/bot.html)"
66.249.79.72 - - [25/Nov/2024:05:56:06 -0700] "GET /news/?ewduzf/ HTTP/1.1" 200 - "-" "Mozilla/5.0 (compatible; Googlebot/2.1; +http://www.google.com/bot.html)"
66.249.79.71 - - [25/Nov/2024:05:56:27 -0700] "GET /bet/?bdgwwd/ HTTP/1.1" 200 - "-" "Mozilla/5.0 (compatible; Googlebot/2.1; +http://www.google.com/bot.html)"
51.222.253.9 - - [25/Nov/2024:05:56:30 -0700] "GET /fonts/icomoon/fonts/style/result.php HTTP/1.1" 200 - "-" "Mozilla/5.0 (compatible; AhrefsBot/7.0; +http://ahrefs.com/robot/)"
66.249.79.71 - - [25/Nov/2024:05:56:42 -0700] "GET /news/tqzvct/ HTTP/1.1" 200 - "-" "Mozilla/5.0 (compatible; Googlebot/2.1; +http://www.google.com/bot.html)"
69.162.124.238 - - [25/Nov/2024:05:57:50 -0700] "HEAD /cbse-corner.php HTTP/1.1" 200 - "https://benra.akalacademy.ac.in/cbse-corner.php" "Mozilla/5.0+(compatible; UptimeRobot/2.0; http://www.uptimerobot.com/)"
66.249.79.73 - - [25/Nov/2024:05:58:20 -0700] "GET /detail/duntuy/super-over-in-ipl-2021.html HTTP/1.1" 200 - "-" "Mozilla/5.0 (compatible; Googlebot/2.1; +http://www.google.com/bot.html)"
66.249.79.71 - - [25/Nov/2024:05:58:29 -0700] "GET /news/?tmkcga/ HTTP/1.1" 200 - "-" "Mozilla/5.0 (compatible; Googlebot/2.1; +http://www.google.com/bot.html)"
66.249.79.71 - - [25/Nov/2024:05:58:51 -0700] "GET /news/?bisjph/ HTTP/1.1" 200 - "-" "Mozilla/5.0 (compatible; Googlebot/2.1; +http://www.google.com/bot.html)"
66.249.79.71 - - [25/Nov/2024:05:58:53 -0700] "GET /news/?kyzgyb/ HTTP/1.1" 200 - "-" "Mozilla/5.0 (compatible; Googlebot/2.1; +http://www.google.com/bot.html)"
66.249.79.72 - - [25/Nov/2024:05:59:47 -0700] "GET /detail/ptnsmn/crown-casino-ad-2016.html HTTP/1.1" 200 - "-" "Mozilla/5.0 (compatible; Googlebot/2.1; +http://www.google.com/bot.html)"
66.249.79.71 - - [25/Nov/2024:05:59:55 -0700] "GET /bet/?pjbvfd/fina-high-diving-world-cup.html HTTP/1.1" 200 - "-" "Mozilla/5.0 (compatible; Googlebot/2.1; +http://www.google.com/bot.html)"
66.249.79.73 - - [25/Nov/2024:06:00:04 -0700] "GET /detail/lnkcbi/ HTTP/1.1" 200 - "-" "Mozilla/5.0 (compatible; Googlebot/2.1; +http://www.google.com/bot.html)"
51.222.253.14 - - [25/Nov/2024:06:00:37 -0700] "GET /fonts/icomoon/fonts/style/addmission.php HTTP/1.1" 200 - "-" "Mozilla/5.0 (compatible; AhrefsBot/7.0; +http://ahrefs.com/robot/)"
66.249.79.73 - - [25/Nov/2024:06:01:12 -0700] "GET /detail/?vunfsk/fastest-50-in-icc.html HTTP/1.1" 200 - "-" "Mozilla/5.0 (compatible; Googlebot/2.1; +http://www.google.com/bot.html)"
47.128.58.206 - - [25/Nov/2024:06:01:28 -0700] "GET /index.php/sitemapimages284.xml HTTP/1.1" 200 - "-" "Mozilla/5.0 (Linux; Android 5.0) AppleWebKit/537.36 (KHTML, like Gecko) Mobile Safari/537.36 (compatible; Bytespider; spider-feedback@bytedance.com)"
66.249.79.72 - - [25/Nov/2024:06:01:32 -0700] "GET /news/phpyzb/ HTTP/1.1" 200 - "-" "Mozilla/5.0 (compatible; Googlebot/2.1; +http://www.google.com/bot.html)"
51.222.253.13 - - [25/Nov/2024:06:01:41 -0700] "GET /fonts/icomoon/fonts/style/academic.php HTTP/1.1" 200 - "-" "Mozilla/5.0 (compatible; AhrefsBot/7.0; +http://ahrefs.com/robot/)"
194.233.72.158 - - [25/Nov/2024:06:02:42 -0700] "GET /myadmin/slider/noop.php HTTP/1.1" 200 - "-" "Uptime-Kuma/1.23.3"
69.162.124.238 - - [25/Nov/2024:06:02:50 -0700] "HEAD /cbse-corner.php HTTP/1.1" 200 - "https://benra.akalacademy.ac.in/cbse-corner.php" "Mozilla/5.0+(compatible; UptimeRobot/2.0; http://www.uptimerobot.com/)"
66.249.79.73 - - [25/Nov/2024:06:03:39 -0700] "GET /detail/?bpeuxo/free-blackjack-money-no-deposit.html HTTP/1.1" 200 - "-" "Mozilla/5.0 (compatible; Googlebot/2.1; +http://www.google.com/bot.html)"
66.249.79.72 - - [25/Nov/2024:06:03:49 -0700] "GET /bet/?iasydw/ HTTP/1.1" 200 - "-" "Mozilla/5.0 (compatible; Googlebot/2.1; +http://www.google.com/bot.html)"
66.249.79.72 - - [25/Nov/2024:06:04:09 -0700] "GET /detail/nsxeio/ HTTP/1.1" 200 - "-" "Mozilla/5.0 (compatible; Googlebot/2.1; +http://www.google.com/bot.html)"
66.249.79.71 - - [25/Nov/2024:06:04:12 -0700] "GET /bet/?rtfqly/ HTTP/1.1" 200 - "-" "Mozilla/5.0 (compatible; Googlebot/2.1; +http://www.google.com/bot.html)"
66.249.79.73 - - [25/Nov/2024:06:05:16 -0700] "GET /bet/hxzixw/ HTTP/1.1" 200 - "-" "Mozilla/5.0 (compatible; Googlebot/2.1; +http://www.google.com/bot.html)"
66.249.79.71 - - [25/Nov/2024:06:06:20 -0700] "GET /bet/rnjjjs/fortune-slot-88-login.html HTTP/1.1" 200 - "-" "Mozilla/5.0 (compatible; Googlebot/2.1; +http://www.google.com/bot.html)"
66.249.79.72 - - [25/Nov/2024:06:07:03 -0700] "GET /bet/?assark/ HTTP/1.1" 200 - "-" "Mozilla/5.0 (compatible; Googlebot/2.1; +http://www.google.com/bot.html)"
66.249.79.71 - - [25/Nov/2024:06:07:07 -0700] "GET /news/?uaprmu/zedge-cricket-games-free-download.html HTTP/1.1" 200 - "-" "Mozilla/5.0 (compatible; Googlebot/2.1; +http://www.google.com/bot.html)"
66.249.79.72 - - [25/Nov/2024:06:07:16 -0700] "GET /detail/mzrzil/poker-hand-ratings-chart.html HTTP/1.1" 200 - "-" "Mozilla/5.0 (compatible; Googlebot/2.1; +http://www.google.com/bot.html)"
66.249.79.71 - - [25/Nov/2024:06:07:43 -0700] "GET /detail/?emlinu/ HTTP/1.1" 200 - "-" "Mozilla/5.0 (compatible; Googlebot/2.1; +http://www.google.com/bot.html)"
69.162.124.238 - - [25/Nov/2024:06:07:50 -0700] "HEAD /cbse-corner.php HTTP/1.1" 200 - "https://benra.akalacademy.ac.in/cbse-corner.php" "Mozilla/5.0+(compatible; UptimeRobot/2.0; http://www.uptimerobot.com/)"
66.249.79.73 - - [25/Nov/2024:06:08:14 -0700] "GET /detail/?hnoakm/ HTTP/1.1" 200 - "-" "Mozilla/5.0 (compatible; Googlebot/2.1; +http://www.google.com/bot.html)"
66.249.79.71 - - [25/Nov/2024:06:08:48 -0700] "GET /bet/?djugxl/red-hawk-casino-gift-card.html HTTP/1.1" 200 - "-" "Mozilla/5.0 (compatible; Googlebot/2.1; +http://www.google.com/bot.html)"
66.249.79.73 - - [25/Nov/2024:06:09:18 -0700] "GET /detail/?lesvla/seven-red-roulette.html HTTP/1.1" 200 - "-" "Mozilla/5.0 (compatible; Googlebot/2.1; +http://www.google.com/bot.html)"
216.244.66.233 - - [25/Nov/2024:06:09:22 -0700] "GET /robots.txt HTTP/1.1" 200 76 "-" "Mozilla/5.0 (compatible; DotBot/1.2; +https://opensiteexplorer.org/dotbot; help@moz.com)"
66.249.79.71 - - [25/Nov/2024:06:11:16 -0700] "GET /bet/?xqqzqm/best-romantic-caller-tunes-in-hindi.html HTTP/1.1" 200 - "-" "Mozilla/5.0 (compatible; Googlebot/2.1; +http://www.google.com/bot.html)"
66.249.79.72 - - [25/Nov/2024:06:11:19 -0700] "GET /detail/wpqeak/ HTTP/1.1" 200 - "-" "Mozilla/5.0 (compatible; Googlebot/2.1; +http://www.google.com/bot.html)"
66.249.79.71 - - [25/Nov/2024:06:11:38 -0700] "GET /bet/qvhqtw/ HTTP/1.1" 200 - "-" "Mozilla/5.0 (compatible; Googlebot/2.1; +http://www.google.com/bot.html)"
66.249.79.71 - - [25/Nov/2024:06:12:30 -0700] "GET /detail/?iywnqb/best-indian-cricket-funny-moments.html HTTP/1.1" 200 - "-" "Mozilla/5.0 (compatible; Googlebot/2.1; +http://www.google.com/bot.html)"
194.233.72.158 - - [25/Nov/2024:06:12:42 -0700] "GET /myadmin/slider/noop.php HTTP/1.1" 200 - "-" "Uptime-Kuma/1.23.3"
69.162.124.238 - - [25/Nov/2024:06:12:50 -0700] "HEAD /cbse-corner.php HTTP/1.1" 200 - "https://benra.akalacademy.ac.in/cbse-corner.php" "Mozilla/5.0+(compatible; UptimeRobot/2.0; http://www.uptimerobot.com/)"
51.222.253.12 - - [25/Nov/2024:06:13:21 -0700] "GET /files/Secondary/config/about.php HTTP/1.1" 200 - "-" "Mozilla/5.0 (compatible; AhrefsBot/7.0; +http://ahrefs.com/robot/)"
66.249.79.72 - - [25/Nov/2024:06:13:46 -0700] "GET /news/tpewya/ HTTP/1.1" 200 - "-" "Mozilla/5.0 (compatible; Googlebot/2.1; +http://www.google.com/bot.html)"
66.249.79.71 - - [25/Nov/2024:06:13:59 -0700] "GET /bet/?aouzaz/ HTTP/1.1" 200 - "-" "Mozilla/5.0 (compatible; Googlebot/2.1; +http://www.google.com/bot.html)"
66.249.79.71 - - [25/Nov/2024:06:14:14 -0700] "GET /bet/zkuchw/dhruv-shorey-ipl-career.html HTTP/1.1" 200 - "-" "Mozilla/5.0 (compatible; Googlebot/2.1; +http://www.google.com/bot.html)"
66.249.79.71 - - [25/Nov/2024:06:15:03 -0700] "GET /bet/ptsjmw/ HTTP/1.1" 200 - "-" "Mozilla/5.0 (compatible; Googlebot/2.1; +http://www.google.com/bot.html)"
66.249.79.72 - - [25/Nov/2024:06:15:08 -0700] "GET /detail/rbygxh/ HTTP/1.1" 200 - "-" "Mozilla/5.0 (compatible; Googlebot/2.1; +http://www.google.com/bot.html)"
66.249.79.71 - - [25/Nov/2024:06:15:22 -0700] "GET /bet/?amvkrt/ HTTP/1.1" 200 - "-" "Mozilla/5.0 (compatible; Googlebot/2.1; +http://www.google.com/bot.html)"
66.249.79.71 - - [25/Nov/2024:06:15:50 -0700] "GET /detail/plvcen/indian-cricket-team-jersey-year-wise.html HTTP/1.1" 200 - "-" "Mozilla/5.0 (compatible; Googlebot/2.1; +http://www.google.com/bot.html)"
66.249.79.71 - - [25/Nov/2024:06:15:50 -0700] "GET /bet/qyphyn/betting-offers.html HTTP/1.1" 200 - "-" "Mozilla/5.0 (compatible; Googlebot/2.1; +http://www.google.com/bot.html)"
66.249.79.71 - - [25/Nov/2024:06:16:08 -0700] "GET /bet/?yxypud/zumba-kinect-360.html HTTP/1.1" 200 - "-" "Mozilla/5.0 (compatible; Googlebot/2.1; +http://www.google.com/bot.html)"
66.249.79.71 - - [25/Nov/2024:06:16:27 -0700] "GET /detail/dqtisz/kolkata-knight-riders-ipl-cricket.html HTTP/1.1" 200 - "-" "Mozilla/5.0 (compatible; Googlebot/2.1; +http://www.google.com/bot.html)"
66.249.79.71 - - [25/Nov/2024:06:16:39 -0700] "GET /detail/?tbgdks/new-game-online-play.html HTTP/1.1" 200 - "-" "Mozilla/5.0 (compatible; Googlebot/2.1; +http://www.google.com/bot.html)"
66.249.79.73 - - [25/Nov/2024:06:17:09 -0700] "GET /bet/cjaffa/ HTTP/1.1" 200 - "-" "Mozilla/5.0 (compatible; Googlebot/2.1; +http://www.google.com/bot.html)"
69.162.124.238 - - [25/Nov/2024:06:17:50 -0700] "HEAD /cbse-corner.php HTTP/1.1" 200 - "https://benra.akalacademy.ac.in/cbse-corner.php" "Mozilla/5.0+(compatible; UptimeRobot/2.0; http://www.uptimerobot.com/)"
66.249.79.73 - - [25/Nov/2024:06:18:11 -0700] "GET /news/pzclxr/ HTTP/1.1" 200 - "-" "Mozilla/5.0 (compatible; Googlebot/2.1; +http://www.google.com/bot.html)"
66.249.79.73 - - [25/Nov/2024:06:18:14 -0700] "GET /detail/bsewwh/ HTTP/1.1" 200 - "-" "Mozilla/5.0 (compatible; Googlebot/2.1; +http://www.google.com/bot.html)"
66.249.79.71 - - [25/Nov/2024:06:18:36 -0700] "GET /news/?fgrimd/maria-casino-norway.html HTTP/1.1" 200 - "-" "Mozilla/5.0 (compatible; Googlebot/2.1; +http://www.google.com/bot.html)"
66.249.79.71 - - [25/Nov/2024:06:18:45 -0700] "GET /bet/eeqmle/ HTTP/1.1" 200 - "-" "Mozilla/5.0 (compatible; Googlebot/2.1; +http://www.google.com/bot.html)"
66.249.79.72 - - [25/Nov/2024:06:19:37 -0700] "GET /detail/?sebrmg/afe-afehyiapa-asan-bet-yen-biom.html HTTP/1.1" 200 - "-" "Mozilla/5.0 (compatible; Googlebot/2.1; +http://www.google.com/bot.html)"
66.249.79.71 - - [25/Nov/2024:06:19:44 -0700] "GET /news/eqolgf/ HTTP/1.1" 200 - "-" "Mozilla/5.0 (compatible; Googlebot/2.1; +http://www.google.com/bot.html)"
66.249.79.71 - - [25/Nov/2024:06:20:17 -0700] "GET /bet/umeebz/ HTTP/1.1" 200 - "-" "Mozilla/5.0 (compatible; Googlebot/2.1; +http://www.google.com/bot.html)"
66.249.79.71 - - [25/Nov/2024:06:21:24 -0700] "GET /fonts/products/prozen/?codeblue=%E0%B8%AA%E0%B8%A5%E0%B9%87%E0%B8%AD%E0%B8%95+999+%E0%B9%80%E0%B8%A7%E0%B9%87%E0%B8%9A+%E0%B8%95%E0%B8%A3%E0%B8%87 HTTP/1.1" 200 - "-" "Mozilla/5.0 (Linux; Android 6.0.1; Nexus 5X Build/MMB29P) AppleWebKit/537.36 (KHTML, like Gecko) Chrome/131.0.6778.69 Mobile Safari/537.36 (compatible; Googlebot/2.1; +http://www.google.com/bot.html)"
66.249.79.71 - - [25/Nov/2024:06:21:36 -0700] "GET /news/vumoky/delhi-capitals-ipl-team-captain.html HTTP/1.1" 200 - "-" "Mozilla/5.0 (compatible; Googlebot/2.1; +http://www.google.com/bot.html)"
66.249.79.72 - - [25/Nov/2024:06:21:39 -0700] "GET /detail/?xjlqvx/kemps-card-game-spoons.html HTTP/1.1" 200 - "-" "Mozilla/5.0 (compatible; Googlebot/2.1; +http://www.google.com/bot.html)"
66.249.79.71 - - [25/Nov/2024:06:21:56 -0700] "GET /news/xnhxgc/india-t20-with-south-africa-date.html HTTP/1.1" 200 - "-" "Mozilla/5.0 (compatible; Googlebot/2.1; +http://www.google.com/bot.html)"
66.249.79.71 - - [25/Nov/2024:06:22:23 -0700] "GET /bet/?fpsloc/free-solitaire-card-games-offline.html HTTP/1.1" 200 - "-" "Mozilla/5.0 (compatible; Googlebot/2.1; +http://www.google.com/bot.html)"
66.249.79.72 - - [25/Nov/2024:06:22:34 -0700] "GET /news/?uwnels/royal-flush-poker-table.html HTTP/1.1" 200 - "-" "Mozilla/5.0 (compatible; Googlebot/2.1; +http://www.google.com/bot.html)"
66.249.79.71 - - [25/Nov/2024:06:22:38 -0700] "GET /bet/?hjjrzr/ HTTP/1.1" 200 - "-" "Mozilla/5.0 (compatible; Googlebot/2.1; +http://www.google.com/bot.html)"
66.249.79.71 - - [25/Nov/2024:06:22:40 -0700] "GET /news/dpgbkn/ HTTP/1.1" 200 - "-" "Mozilla/5.0 (compatible; Googlebot/2.1; +http://www.google.com/bot.html)"
194.233.72.158 - - [25/Nov/2024:06:22:42 -0700] "GET /myadmin/slider/noop.php HTTP/1.1" 200 - "-" "Uptime-Kuma/1.23.3"
66.249.79.71 - - [25/Nov/2024:06:22:47 -0700] "GET /news/tegyzi/prithvi-shaw-under-19.html HTTP/1.1" 200 - "-" "Mozilla/5.0 (compatible; Googlebot/2.1; +http://www.google.com/bot.html)"
69.162.124.238 - - [25/Nov/2024:06:22:50 -0700] "HEAD /cbse-corner.php HTTP/1.1" 200 - "https://benra.akalacademy.ac.in/cbse-corner.php" "Mozilla/5.0+(compatible; UptimeRobot/2.0; http://www.uptimerobot.com/)"
66.249.79.72 - - [25/Nov/2024:06:23:18 -0700] "GET /news/ojkkoo/ HTTP/1.1" 200 - "-" "Mozilla/5.0 (compatible; Googlebot/2.1; +http://www.google.com/bot.html)"
66.249.79.71 - - [25/Nov/2024:06:24:29 -0700] "GET /fonts/products/prozen/?codeblue=www+%E0%B9%80%E0%B8%A7%E0%B9%87%E0%B8%9A+%E0%B8%95%E0%B8%A3%E0%B8%87 HTTP/1.1" 200 - "-" "Mozilla/5.0 (Linux; Android 6.0.1; Nexus 5X Build/MMB29P) AppleWebKit/537.36 (KHTML, like Gecko) Chrome/131.0.6778.69 Mobile Safari/537.36 (compatible; Googlebot/2.1; +http://www.google.com/bot.html)"
66.249.79.71 - - [25/Nov/2024:06:24:32 -0700] "GET /bet/mxbhxr/scatter-slots-free-coins.html HTTP/1.1" 200 - "-" "Mozilla/5.0 (compatible; Googlebot/2.1; +http://www.google.com/bot.html)"
66.249.79.71 - - [25/Nov/2024:06:25:18 -0700] "GET /bet/ffspmu/ HTTP/1.1" 200 - "-" "Mozilla/5.0 (compatible; Googlebot/2.1; +http://www.google.com/bot.html)"
66.249.79.71 - - [25/Nov/2024:06:25:18 -0700] "GET /news/?jlngwo/ HTTP/1.1" 200 - "-" "Mozilla/5.0 (compatible; Googlebot/2.1; +http://www.google.com/bot.html)"
66.249.79.73 - - [25/Nov/2024:06:26:03 -0700] "GET /bet/jenapk/angular-web-app-to-mobile-app.html HTTP/1.1" 200 - "-" "Mozilla/5.0 (compatible; Googlebot/2.1; +http://www.google.com/bot.html)"
66.249.79.71 - - [25/Nov/2024:06:26:07 -0700] "GET /news/hsdssh/futaa-bet-prediction.html HTTP/1.1" 200 - "-" "Mozilla/5.0 (compatible; Googlebot/2.1; +http://www.google.com/bot.html)"
69.162.124.238 - - [25/Nov/2024:06:27:50 -0700] "HEAD /cbse-corner.php HTTP/1.1" 200 - "https://benra.akalacademy.ac.in/cbse-corner.php" "Mozilla/5.0+(compatible; UptimeRobot/2.0; http://www.uptimerobot.com/)"
66.249.79.71 - - [25/Nov/2024:06:29:07 -0700] "GET /detail/kejyzy/slot-pragmatic-bonanza.html HTTP/1.1" 200 - "-" "Mozilla/5.0 (compatible; Googlebot/2.1; +http://www.google.com/bot.html)"
66.249.79.72 - - [25/Nov/2024:06:29:19 -0700] "GET /detail/?tszzbu/ HTTP/1.1" 200 - "-" "Mozilla/5.0 (compatible; Googlebot/2.1; +http://www.google.com/bot.html)"
66.249.79.71 - - [25/Nov/2024:06:29:43 -0700] "GET /detail/qrpjxa/tamil-nadu-betting.html HTTP/1.1" 200 - "-" "Mozilla/5.0 (compatible; Googlebot/2.1; +http://www.google.com/bot.html)"
66.249.79.71 - - [25/Nov/2024:06:29:46 -0700] "GET /bet/?ygtheq/ HTTP/1.1" 200 - "-" "Mozilla/5.0 (compatible; Googlebot/2.1; +http://www.google.com/bot.html)"
47.128.48.38 - - [25/Nov/2024:06:29:49 -0700] "GET /index.php/sitemap673.xml HTTP/1.1" 200 - "-" "Mozilla/5.0 (Linux; Android 5.0) AppleWebKit/537.36 (KHTML, like Gecko) Mobile Safari/537.36 (compatible; Bytespider; spider-feedback@bytedance.com)"
66.249.79.73 - - [25/Nov/2024:06:30:15 -0700] "GET /bet/yzlugt/ HTTP/1.1" 200 - "-" "Mozilla/5.0 (compatible; Googlebot/2.1; +http://www.google.com/bot.html)"
66.249.79.72 - - [25/Nov/2024:06:31:29 -0700] "GET /bet/?dbflfl/ HTTP/1.1" 200 - "-" "Mozilla/5.0 (compatible; Googlebot/2.1; +http://www.google.com/bot.html)"
66.249.79.71 - - [25/Nov/2024:06:31:41 -0700] "GET /detail/?tfrfff/ HTTP/1.1" 200 - "-" "Mozilla/5.0 (compatible; Googlebot/2.1; +http://www.google.com/bot.html)"
66.249.79.72 - - [25/Nov/2024:06:32:08 -0700] "GET /detail/ngeapy/ HTTP/1.1" 200 - "-" "Mozilla/5.0 (compatible; Googlebot/2.1; +http://www.google.com/bot.html)"
66.249.79.72 - - [25/Nov/2024:06:32:35 -0700] "GET /news/?ufzzoc/ HTTP/1.1" 200 - "-" "Mozilla/5.0 (compatible; Googlebot/2.1; +http://www.google.com/bot.html)"
194.233.72.158 - - [25/Nov/2024:06:32:42 -0700] "GET /myadmin/slider/noop.php HTTP/1.1" 200 - "-" "Uptime-Kuma/1.23.3"
69.162.124.238 - - [25/Nov/2024:06:32:50 -0700] "HEAD /cbse-corner.php HTTP/1.1" 200 - "https://benra.akalacademy.ac.in/cbse-corner.php" "Mozilla/5.0+(compatible; UptimeRobot/2.0; http://www.uptimerobot.com/)"
66.249.79.71 - - [25/Nov/2024:06:32:54 -0700] "GET /bet/?rdfwjp/lc-exchange-cricket.html HTTP/1.1" 200 - "-" "Mozilla/5.0 (compatible; Googlebot/2.1; +http://www.google.com/bot.html)"
66.249.79.72 - - [25/Nov/2024:06:33:02 -0700] "GET /news/tszijj/ HTTP/1.1" 200 - "-" "Mozilla/5.0 (compatible; Googlebot/2.1; +http://www.google.com/bot.html)"
66.249.79.71 - - [25/Nov/2024:06:33:28 -0700] "GET /news/?ogmtvl/blazin-buffalo-slot.html HTTP/1.1" 200 - "-" "Mozilla/5.0 (compatible; Googlebot/2.1; +http://www.google.com/bot.html)"
216.244.66.233 - - [25/Nov/2024:06:33:40 -0700] "GET /bet/ddmtkz/academic.php HTTP/1.1" 200 - "-" "Mozilla/5.0 (compatible; DotBot/1.2; +https://opensiteexplorer.org/dotbot; help@moz.com)"
66.249.79.71 - - [25/Nov/2024:06:33:57 -0700] "GET /detail/dminzp/itf-world-cup-2018.html HTTP/1.1" 200 - "-" "Mozilla/5.0 (compatible; Googlebot/2.1; +http://www.google.com/bot.html)"
66.249.79.73 - - [25/Nov/2024:06:34:07 -0700] "GET /bet/yxnrli/royal-london-twenty-t20-results.html HTTP/1.1" 200 - "-" "Mozilla/5.0 (compatible; Googlebot/2.1; +http://www.google.com/bot.html)"
66.249.79.71 - - [25/Nov/2024:06:34:26 -0700] "GET /detail/hnhxvz/hotstar-live-kabaddi-match-2019.html HTTP/1.1" 200 - "-" "Mozilla/5.0 (compatible; Googlebot/2.1; +http://www.google.com/bot.html)"
66.249.79.72 - - [25/Nov/2024:06:35:36 -0700] "GET /detail/?rjdjnd/ HTTP/1.1" 200 - "-" "Mozilla/5.0 (compatible; Googlebot/2.1; +http://www.google.com/bot.html)"
66.249.79.72 - - [25/Nov/2024:06:35:53 -0700] "GET /detail/ehmvzq/ HTTP/1.1" 200 - "-" "Mozilla/5.0 (compatible; Googlebot/2.1; +http://www.google.com/bot.html)"
66.249.79.72 - - [25/Nov/2024:06:35:53 -0700] "GET /news/?kglsjj/ HTTP/1.1" 200 - "-" "Mozilla/5.0 (compatible; Googlebot/2.1; +http://www.google.com/bot.html)"
66.249.79.71 - - [25/Nov/2024:06:36:25 -0700] "GET /news/?kszxvy/ HTTP/1.1" 200 - "-" "Mozilla/5.0 (compatible; Googlebot/2.1; +http://www.google.com/bot.html)"
66.249.79.71 - - [25/Nov/2024:06:36:28 -0700] "GET /news/sjdxiu/ HTTP/1.1" 200 - "-" "Mozilla/5.0 (compatible; Googlebot/2.1; +http://www.google.com/bot.html)"
66.249.79.72 - - [25/Nov/2024:06:36:59 -0700] "GET /detail/romsyp/ HTTP/1.1" 200 - "-" "Mozilla/5.0 (compatible; Googlebot/2.1; +http://www.google.com/bot.html)"
66.249.79.71 - - [25/Nov/2024:06:37:06 -0700] "GET /detail/qqkyfc/ HTTP/1.1" 200 - "-" "Mozilla/5.0 (compatible; Googlebot/2.1; +http://www.google.com/bot.html)"
69.162.124.238 - - [25/Nov/2024:06:37:50 -0700] "HEAD /cbse-corner.php HTTP/1.1" 200 - "https://benra.akalacademy.ac.in/cbse-corner.php" "Mozilla/5.0+(compatible; UptimeRobot/2.0; http://www.uptimerobot.com/)"
66.249.79.72 - - [25/Nov/2024:06:38:08 -0700] "GET /detail/wvaifi/how-to-play-online-games-on-mobile.html HTTP/1.1" 200 - "-" "Mozilla/5.0 (compatible; Googlebot/2.1; +http://www.google.com/bot.html)"
66.249.79.71 - - [25/Nov/2024:06:38:12 -0700] "GET /detail/kjuuvm/ HTTP/1.1" 200 - "-" "Mozilla/5.0 (compatible; Googlebot/2.1; +http://www.google.com/bot.html)"
66.249.79.71 - - [25/Nov/2024:06:39:01 -0700] "GET /bet/xzjrbk/ HTTP/1.1" 200 - "-" "Mozilla/5.0 (compatible; Googlebot/2.1; +http://www.google.com/bot.html)"
66.249.79.72 - - [25/Nov/2024:06:39:15 -0700] "GET /bet/?kyyxfc/multi-word-anagram-solver.html HTTP/1.1" 200 - "-" "Mozilla/5.0 (compatible; Googlebot/2.1; +http://www.google.com/bot.html)"
66.249.79.72 - - [25/Nov/2024:06:39:18 -0700] "GET /news/shpfzu/world-cup-pakistan-team.html HTTP/1.1" 200 - "-" "Mozilla/5.0 (compatible; Googlebot/2.1; +http://www.google.com/bot.html)"
66.249.79.71 - - [25/Nov/2024:06:40:14 -0700] "GET /news/?chcaxv/ HTTP/1.1" 200 - "-" "Mozilla/5.0 (compatible; Googlebot/2.1; +http://www.google.com/bot.html)"
66.249.79.72 - - [25/Nov/2024:06:40:50 -0700] "GET /detail/?ugfsmj/incinerator-casino.html HTTP/1.1" 200 - "-" "Mozilla/5.0 (compatible; Googlebot/2.1; +http://www.google.com/bot.html)"
66.249.79.72 - - [25/Nov/2024:06:41:36 -0700] "GET /bet/aittgb/online-casino-terminology.html HTTP/1.1" 200 - "-" "Mozilla/5.0 (compatible; Googlebot/2.1; +http://www.google.com/bot.html)"
66.249.79.73 - - [25/Nov/2024:06:42:10 -0700] "GET /bet/kwiopi/ HTTP/1.1" 200 - "-" "Mozilla/5.0 (compatible; Googlebot/2.1; +http://www.google.com/bot.html)"
194.233.72.158 - - [25/Nov/2024:06:42:42 -0700] "GET /myadmin/slider/noop.php HTTP/1.1" 200 - "-" "Uptime-Kuma/1.23.3"
69.162.124.238 - - [25/Nov/2024:06:42:50 -0700] "HEAD /cbse-corner.php HTTP/1.1" 200 - "https://benra.akalacademy.ac.in/cbse-corner.php" "Mozilla/5.0+(compatible; UptimeRobot/2.0; http://www.uptimerobot.com/)"
66.249.79.73 - - [25/Nov/2024:06:43:04 -0700] "GET /news/yfnozu/ HTTP/1.1" 200 - "-" "Mozilla/5.0 (compatible; Googlebot/2.1; +http://www.google.com/bot.html)"
66.249.79.71 - - [25/Nov/2024:06:43:31 -0700] "GET /news/?zquhkp/ HTTP/1.1" 200 - "-" "Mozilla/5.0 (compatible; Googlebot/2.1; +http://www.google.com/bot.html)"
66.249.79.73 - - [25/Nov/2024:06:44:22 -0700] "GET /detail/?jwkxet/ HTTP/1.1" 200 - "-" "Mozilla/5.0 (compatible; Googlebot/2.1; +http://www.google.com/bot.html)"
66.249.79.71 - - [25/Nov/2024:06:44:29 -0700] "GET /bet/?zzpeuu/ipl-rate-player.html HTTP/1.1" 200 - "-" "Mozilla/5.0 (compatible; Googlebot/2.1; +http://www.google.com/bot.html)"
66.249.79.71 - - [25/Nov/2024:06:44:48 -0700] "GET /bet/ftexai/las-vegas-pro-football-betting-line.html HTTP/1.1" 200 - "-" "Mozilla/5.0 (compatible; Googlebot/2.1; +http://www.google.com/bot.html)"
66.249.79.71 - - [25/Nov/2024:06:44:54 -0700] "GET /detail/?sctblv/table-poker-games-adult.html HTTP/1.1" 200 - "-" "Mozilla/5.0 (compatible; Googlebot/2.1; +http://www.google.com/bot.html)"
66.249.79.71 - - [25/Nov/2024:06:45:09 -0700] "GET /bet/espukh/ HTTP/1.1" 200 - "-" "Mozilla/5.0 (compatible; Googlebot/2.1; +http://www.google.com/bot.html)"
66.249.79.73 - - [25/Nov/2024:06:45:10 -0700] "GET /bet/ydprmd/ HTTP/1.1" 200 - "-" "Mozilla/5.0 (compatible; Googlebot/2.1; +http://www.google.com/bot.html)"
66.249.79.72 - - [25/Nov/2024:06:47:20 -0700] "GET /news/aerqzx/ HTTP/1.1" 200 - "-" "Mozilla/5.0 (compatible; Googlebot/2.1; +http://www.google.com/bot.html)"
69.162.124.238 - - [25/Nov/2024:06:47:50 -0700] "HEAD /cbse-corner.php HTTP/1.1" 200 - "https://benra.akalacademy.ac.in/cbse-corner.php" "Mozilla/5.0+(compatible; UptimeRobot/2.0; http://www.uptimerobot.com/)"
66.249.79.73 - - [25/Nov/2024:06:48:29 -0700] "GET /detail/ofckgc/ty-pennington-caesars-slots.html HTTP/1.1" 200 - "-" "Mozilla/5.0 (compatible; Googlebot/2.1; +http://www.google.com/bot.html)"
66.249.79.71 - - [25/Nov/2024:06:48:33 -0700] "GET /news/ujiyls/eoin-morgan-ipl-team.html HTTP/1.1" 200 - "-" "Mozilla/5.0 (compatible; Googlebot/2.1; +http://www.google.com/bot.html)"
66.249.79.71 - - [25/Nov/2024:06:48:42 -0700] "GET /bet/?tyhvcw/asia-cup-club.html HTTP/1.1" 200 - "-" "Mozilla/5.0 (compatible; Googlebot/2.1; +http://www.google.com/bot.html)"
66.249.79.72 - - [25/Nov/2024:06:48:45 -0700] "GET /bet/?rdazty/cricket-game-hindi-meaning.html HTTP/1.1" 200 - "-" "Mozilla/5.0 (compatible; Googlebot/2.1; +http://www.google.com/bot.html)"
66.249.79.72 - - [25/Nov/2024:06:49:40 -0700] "GET /bet/ptwmho/ HTTP/1.1" 200 - "-" "Mozilla/5.0 (compatible; Googlebot/2.1; +http://www.google.com/bot.html)"
66.249.79.73 - - [25/Nov/2024:06:49:40 -0700] "GET /detail/hsrmea/visakhapatnam-cricket-grounds-score.html HTTP/1.1" 200 - "-" "Mozilla/5.0 (compatible; Googlebot/2.1; +http://www.google.com/bot.html)"
66.249.79.71 - - [25/Nov/2024:06:49:50 -0700] "GET /news/?yymkjv/ HTTP/1.1" 200 - "-" "Mozilla/5.0 (compatible; Googlebot/2.1; +http://www.google.com/bot.html)"
47.128.48.196 - - [25/Nov/2024:06:50:25 -0700] "GET /index.php/sitemapimages683.xml HTTP/1.1" 200 - "-" "Mozilla/5.0 (Linux; Android 5.0) AppleWebKit/537.36 (KHTML, like Gecko) Mobile Safari/537.36 (compatible; Bytespider; spider-feedback@bytedance.com)"
66.249.79.73 - - [25/Nov/2024:06:50:43 -0700] "GET /bet/eqcndi/caesars-nfl-futures.html HTTP/1.1" 200 - "-" "Mozilla/5.0 (compatible; Googlebot/2.1; +http://www.google.com/bot.html)"
66.249.79.71 - - [25/Nov/2024:06:52:03 -0700] "GET /detail/nujknw/who-won-the-ipl-match-yesterday-night.html HTTP/1.1" 200 - "-" "Mozilla/5.0 (compatible; Googlebot/2.1; +http://www.google.com/bot.html)"
66.249.79.72 - - [25/Nov/2024:06:52:16 -0700] "GET /detail/bgqhro/how-to-install-games-in-sd-card.html HTTP/1.1" 200 - "-" "Mozilla/5.0 (compatible; Googlebot/2.1; +http://www.google.com/bot.html)"
194.233.72.158 - - [25/Nov/2024:06:52:42 -0700] "GET /myadmin/slider/noop.php HTTP/1.1" 200 - "-" "Uptime-Kuma/1.23.3"
69.162.124.238 - - [25/Nov/2024:06:52:50 -0700] "HEAD /cbse-corner.php HTTP/1.1" 200 - "https://benra.akalacademy.ac.in/cbse-corner.php" "Mozilla/5.0+(compatible; UptimeRobot/2.0; http://www.uptimerobot.com/)"
66.249.79.72 - - [25/Nov/2024:06:53:17 -0700] "GET /news/ktdpnc/ HTTP/1.1" 200 - "-" "Mozilla/5.0 (compatible; Googlebot/2.1; +http://www.google.com/bot.html)"
66.249.79.72 - - [25/Nov/2024:06:53:18 -0700] "GET /news/lkabeq/m-vvip-bet.html HTTP/1.1" 200 - "-" "Mozilla/5.0 (compatible; Googlebot/2.1; +http://www.google.com/bot.html)"
66.249.79.71 - - [25/Nov/2024:06:53:49 -0700] "GET /detail/bsgkpg/ HTTP/1.1" 200 - "-" "Mozilla/5.0 (compatible; Googlebot/2.1; +http://www.google.com/bot.html)"
5.255.231.18 - - [25/Nov/2024:06:53:58 -0700] "GET /robots.txt HTTP/1.1" 200 76 "-" "Mozilla/5.0 (compatible; YandexBot/3.0; +http://yandex.com/bots)"
95.108.213.146 - - [25/Nov/2024:06:53:59 -0700] "GET /htdocs/dominoqq/files/Secondary/files/Secondary/files/Senior%20Secondary/ComputerSc_NewXI-min.pdf HTTP/1.1" 200 - "-" "Mozilla/5.0 (compatible; YandexBot/3.0; +http://yandex.com/bots)"
66.249.79.71 - - [25/Nov/2024:06:54:14 -0700] "GET /bet/sihxug/ HTTP/1.1" 200 - "-" "Mozilla/5.0 (compatible; Googlebot/2.1; +http://www.google.com/bot.html)"
66.249.79.72 - - [25/Nov/2024:06:54:33 -0700] "GET /bet/wdwtva/ HTTP/1.1" 200 - "-" "Mozilla/5.0 (compatible; Googlebot/2.1; +http://www.google.com/bot.html)"
66.249.79.71 - - [25/Nov/2024:06:54:47 -0700] "GET /bet/?ontzvg/ HTTP/1.1" 200 - "-" "Mozilla/5.0 (compatible; Googlebot/2.1; +http://www.google.com/bot.html)"
66.249.79.72 - - [25/Nov/2024:06:55:32 -0700] "GET /detail/sgypjs/ipl-venue-2022-stadium.html HTTP/1.1" 200 - "-" "Mozilla/5.0 (compatible; Googlebot/2.1; +http://www.google.com/bot.html)"
66.249.79.72 - - [25/Nov/2024:06:56:11 -0700] "GET /detail/?nbpeam/free-blackjack-no-deposit.html HTTP/1.1" 200 - "-" "Mozilla/5.0 (compatible; Googlebot/2.1; +http://www.google.com/bot.html)"
66.249.79.71 - - [25/Nov/2024:06:56:26 -0700] "GET /news/flyywx/ HTTP/1.1" 200 - "-" "Mozilla/5.0 (compatible; Googlebot/2.1; +http://www.google.com/bot.html)"
66.249.79.71 - - [25/Nov/2024:06:57:45 -0700] "GET /bet/wxjlmu/3-player-card-games-play-store.html HTTP/1.1" 200 - "-" "Mozilla/5.0 (compatible; Googlebot/2.1; +http://www.google.com/bot.html)"
69.162.124.238 - - [25/Nov/2024:06:57:50 -0700] "HEAD /cbse-corner.php HTTP/1.1" 200 - "https://benra.akalacademy.ac.in/cbse-corner.php" "Mozilla/5.0+(compatible; UptimeRobot/2.0; http://www.uptimerobot.com/)"
66.249.79.72 - - [25/Nov/2024:07:00:17 -0700] "GET /bet/?ljpbjr/cricket-score-sheet-in-marathi.html HTTP/1.1" 200 - "-" "Mozilla/5.0 (compatible; Googlebot/2.1; +http://www.google.com/bot.html)"
66.249.79.72 - - [25/Nov/2024:07:00:28 -0700] "GET /bet/ulpbcf/ HTTP/1.1" 200 - "-" "Mozilla/5.0 (compatible; Googlebot/2.1; +http://www.google.com/bot.html)"
66.249.79.72 - - [25/Nov/2024:07:01:03 -0700] "GET /bet/?qabclb/top-10-cricket-earning-app.html HTTP/1.1" 200 - "-" "Mozilla/5.0 (compatible; Googlebot/2.1; +http://www.google.com/bot.html)"
