66.249.79.1 - - [25/Nov/2024:07:17:22 -0700] "GET /detail/eorpzu/ HTTP/1.1" 200 94 "-" "Mozilla/5.0 (compatible; Googlebot/2.1; +http://www.google.com/bot.html)"
66.249.79.1 - - [25/Nov/2024:07:17:27 -0700] "GET /detail/?miruco/ HTTP/1.1" 200 94 "-" "Mozilla/5.0 (compatible; Googlebot/2.1; +http://www.google.com/bot.html)"
66.249.79.1 - - [25/Nov/2024:07:17:49 -0700] "GET /detail/nukujp/ HTTP/1.1" 200 94 "-" "Mozilla/5.0 (compatible; Googlebot/2.1; +http://www.google.com/bot.html)"
66.249.79.1 - - [25/Nov/2024:07:17:55 -0700] "GET /news/?tjcaji/ HTTP/1.1" 200 94 "-" "Mozilla/5.0 (compatible; Googlebot/2.1; +http://www.google.com/bot.html)"
66.249.79.3 - - [25/Nov/2024:07:18:29 -0700] "GET /bet/znqyfg/ HTTP/1.1" 200 94 "-" "Mozilla/5.0 (compatible; Googlebot/2.1; +http://www.google.com/bot.html)"
66.249.79.2 - - [25/Nov/2024:07:18:57 -0700] "GET /detail/uvlxjn/gaa-hurling-betting.html HTTP/1.1" 200 94 "-" "Mozilla/5.0 (compatible; Googlebot/2.1; +http://www.google.com/bot.html)"
66.249.79.2 - - [25/Nov/2024:07:19:29 -0700] "GET /bet/?uplwai/superbet-casino.html HTTP/1.1" 200 94 "-" "Mozilla/5.0 (compatible; Googlebot/2.1; +http://www.google.com/bot.html)"
69.162.124.238 - - [25/Nov/2024:07:19:53 -0700] "HEAD /cbse-corner.php HTTP/1.1" 200 - "https://behakfattu.akalacademy.ac.in/cbse-corner.php" "Mozilla/5.0+(compatible; UptimeRobot/2.0; http://www.uptimerobot.com/)"
66.249.79.1 - - [25/Nov/2024:07:20:18 -0700] "GET /detail/htnryx/ipl-cricket-live-2021.html HTTP/1.1" 200 94 "-" "Mozilla/5.0 (compatible; Googlebot/2.1; +http://www.google.com/bot.html)"
66.249.79.2 - - [25/Nov/2024:07:20:49 -0700] "GET /bet/?cnmafn/ HTTP/1.1" 200 94 "-" "Mozilla/5.0 (compatible; Googlebot/2.1; +http://www.google.com/bot.html)"
66.249.79.3 - - [25/Nov/2024:07:21:20 -0700] "GET /bet/blhbys/alien-world-art.html HTTP/1.1" 200 94 "-" "Mozilla/5.0 (compatible; Googlebot/2.1; +http://www.google.com/bot.html)"
66.249.79.2 - - [25/Nov/2024:07:21:21 -0700] "GET /bet/?curokk/ HTTP/1.1" 200 94 "-" "Mozilla/5.0 (compatible; Googlebot/2.1; +http://www.google.com/bot.html)"
66.249.79.1 - - [25/Nov/2024:07:21:30 -0700] "GET /bet/siomms/ HTTP/1.1" 200 94 "-" "Mozilla/5.0 (compatible; Googlebot/2.1; +http://www.google.com/bot.html)"
216.244.66.233 - - [25/Nov/2024:07:21:44 -0700] "GET /bet/files/Secondary/Intitial_pages_sec_2019-20-min.pdf HTTP/1.1" 200 94 "-" "Mozilla/5.0 (compatible; DotBot/1.2; +https://opensiteexplorer.org/dotbot; help@moz.com)"
66.249.79.1 - - [25/Nov/2024:07:21:56 -0700] "GET /bet/oropee/orange-driving-range.html HTTP/1.1" 200 94 "-" "Mozilla/5.0 (compatible; Googlebot/2.1; +http://www.google.com/bot.html)"
66.249.79.1 - - [25/Nov/2024:07:22:02 -0700] "GET /detail/?hjmijz/biggest-ever-world-cup-win.html HTTP/1.1" 200 94 "-" "Mozilla/5.0 (compatible; Googlebot/2.1; +http://www.google.com/bot.html)"
66.249.79.2 - - [25/Nov/2024:07:22:28 -0700] "GET /bet/?zznubv/ HTTP/1.1" 200 94 "-" "Mozilla/5.0 (compatible; Googlebot/2.1; +http://www.google.com/bot.html)"
66.249.79.1 - - [25/Nov/2024:07:22:29 -0700] "GET /news/?ogjcdr/zimbabwe-domestic-t20-league-score.html HTTP/1.1" 200 94 "-" "Mozilla/5.0 (compatible; Googlebot/2.1; +http://www.google.com/bot.html)"
66.249.79.1 - - [25/Nov/2024:07:23:03 -0700] "GET /detail/?ddaacf/freebitco-in-auto-bet.html HTTP/1.1" 200 94 "-" "Mozilla/5.0 (compatible; Googlebot/2.1; +http://www.google.com/bot.html)"
66.249.79.1 - - [25/Nov/2024:07:23:08 -0700] "GET /detail/?rpjlma/zulu-sure-wins.html HTTP/1.1" 200 94 "-" "Mozilla/5.0 (compatible; Googlebot/2.1; +http://www.google.com/bot.html)"
66.249.79.1 - - [25/Nov/2024:07:23:43 -0700] "GET /detail/tushyq/ HTTP/1.1" 200 94 "-" "Mozilla/5.0 (compatible; Googlebot/2.1; +http://www.google.com/bot.html)"
66.249.79.1 - - [25/Nov/2024:07:23:46 -0700] "GET /detail/wgwuql/earn-real-money-online-free.html HTTP/1.1" 200 94 "-" "Mozilla/5.0 (compatible; Googlebot/2.1; +http://www.google.com/bot.html)"
66.249.79.3 - - [25/Nov/2024:07:24:16 -0700] "GET /news/jcjowi/premier-league-fixtures-today-saturday.html HTTP/1.1" 200 94 "-" "Mozilla/5.0 (compatible; Googlebot/2.1; +http://www.google.com/bot.html)"
66.249.79.1 - - [25/Nov/2024:07:24:17 -0700] "GET /detail/?tsaaff/gully-cricket-game-play.html HTTP/1.1" 200 94 "-" "Mozilla/5.0 (compatible; Googlebot/2.1; +http://www.google.com/bot.html)"
66.249.79.1 - - [25/Nov/2024:07:24:20 -0700] "GET /detail/gcfkmm/ HTTP/1.1" 200 94 "-" "Mozilla/5.0 (compatible; Googlebot/2.1; +http://www.google.com/bot.html)"
66.249.79.1 - - [25/Nov/2024:07:24:41 -0700] "GET /news/?tylzrc/ HTTP/1.1" 200 94 "-" "Mozilla/5.0 (compatible; Googlebot/2.1; +http://www.google.com/bot.html)"
69.162.124.238 - - [25/Nov/2024:07:24:53 -0700] "HEAD /cbse-corner.php HTTP/1.1" 200 - "https://behakfattu.akalacademy.ac.in/cbse-corner.php" "Mozilla/5.0+(compatible; UptimeRobot/2.0; http://www.uptimerobot.com/)"
66.249.79.3 - - [25/Nov/2024:07:25:36 -0700] "GET /news/?qwwurn/bruins-predictions.html HTTP/1.1" 200 94 "-" "Mozilla/5.0 (compatible; Googlebot/2.1; +http://www.google.com/bot.html)"
66.249.79.2 - - [25/Nov/2024:07:26:18 -0700] "GET /news/?jxbola/ HTTP/1.1" 200 94 "-" "Mozilla/5.0 (compatible; Googlebot/2.1; +http://www.google.com/bot.html)"
66.249.79.1 - - [25/Nov/2024:07:26:42 -0700] "GET /bet/?sskxiu/ HTTP/1.1" 200 94 "-" "Mozilla/5.0 (compatible; Googlebot/2.1; +http://www.google.com/bot.html)"
66.249.79.1 - - [25/Nov/2024:07:26:46 -0700] "GET /detail/fhttud/ HTTP/1.1" 200 94 "-" "Mozilla/5.0 (compatible; Googlebot/2.1; +http://www.google.com/bot.html)"
66.249.79.3 - - [25/Nov/2024:07:27:27 -0700] "GET /news/ptalia/mobile-online-casino-echtgeld.html HTTP/1.1" 200 94 "-" "Mozilla/5.0 (compatible; Googlebot/2.1; +http://www.google.com/bot.html)"
66.249.79.2 - - [25/Nov/2024:07:27:37 -0700] "GET /bet/?wtqfpf/ipl-viewership.html HTTP/1.1" 200 94 "-" "Mozilla/5.0 (compatible; Googlebot/2.1; +http://www.google.com/bot.html)"
52.167.144.213 - - [25/Nov/2024:07:27:51 -0700] "GET /news/xlqhms/files/Senior%20Secondary/Punjabi_XI-min.pdf HTTP/1.1" 200 94 "-" "Mozilla/5.0 AppleWebKit/537.36 (KHTML, like Gecko; compatible; bingbot/2.0; +http://www.bing.com/bingbot.htm) Chrome/116.0.1938.76 Safari/537.36"
66.249.79.1 - - [25/Nov/2024:07:28:16 -0700] "GET /news/wvtgbk/unibet-casino-offer.html HTTP/1.1" 200 94 "-" "Mozilla/5.0 (compatible; Googlebot/2.1; +http://www.google.com/bot.html)"
66.249.79.1 - - [25/Nov/2024:07:29:12 -0700] "GET /bet/?nmswgh/ HTTP/1.1" 200 94 "-" "Mozilla/5.0 (compatible; Googlebot/2.1; +http://www.google.com/bot.html)"
66.249.79.1 - - [25/Nov/2024:07:29:24 -0700] "GET /bet/?pkpojx/ HTTP/1.1" 200 94 "-" "Mozilla/5.0 (compatible; Googlebot/2.1; +http://www.google.com/bot.html)"
66.249.79.1 - - [25/Nov/2024:07:29:38 -0700] "GET /news/rhdfhe/ HTTP/1.1" 200 94 "-" "Mozilla/5.0 (compatible; Googlebot/2.1; +http://www.google.com/bot.html)"
66.249.79.1 - - [25/Nov/2024:07:29:52 -0700] "GET /bet/?wyjmkp/imran-khan-lifting-world-cup.html HTTP/1.1" 200 94 "-" "Mozilla/5.0 (compatible; Googlebot/2.1; +http://www.google.com/bot.html)"
69.162.124.238 - - [25/Nov/2024:07:29:53 -0700] "HEAD /cbse-corner.php HTTP/1.1" 200 - "https://behakfattu.akalacademy.ac.in/cbse-corner.php" "Mozilla/5.0+(compatible; UptimeRobot/2.0; http://www.uptimerobot.com/)"
66.249.79.1 - - [25/Nov/2024:07:30:00 -0700] "GET /bet/?qnuimh/google-cricket-world-cup.html HTTP/1.1" 200 94 "-" "Mozilla/5.0 (compatible; Googlebot/2.1; +http://www.google.com/bot.html)"
66.249.79.1 - - [25/Nov/2024:07:30:15 -0700] "GET /detail/alrita/ HTTP/1.1" 200 94 "-" "Mozilla/5.0 (compatible; Googlebot/2.1; +http://www.google.com/bot.html)"
66.249.79.1 - - [25/Nov/2024:07:30:22 -0700] "GET /bet/?yagnyd/kpl-cricket-betting-ratings.html HTTP/1.1" 200 94 "-" "Mozilla/5.0 (compatible; Googlebot/2.1; +http://www.google.com/bot.html)"
66.249.79.1 - - [25/Nov/2024:07:30:33 -0700] "GET /news/icgpyh/league-of-legends-tribunal-cases.html HTTP/1.1" 200 94 "-" "Mozilla/5.0 (compatible; Googlebot/2.1; +http://www.google.com/bot.html)"
66.249.79.1 - - [25/Nov/2024:07:30:45 -0700] "GET /news/?gzxwzt/ms-dhoni-decisions-in-icc-events.html HTTP/1.1" 200 94 "-" "Mozilla/5.0 (compatible; Googlebot/2.1; +http://www.google.com/bot.html)"
66.249.79.3 - - [25/Nov/2024:07:31:07 -0700] "GET /bet/?zgqxak/24-vip-casino.html HTTP/1.1" 200 94 "-" "Mozilla/5.0 (compatible; Googlebot/2.1; +http://www.google.com/bot.html)"
45.61.141.63 - - [25/Nov/2024:07:31:46 -0700] "GET /wp-content/plugins/about.php HTTP/1.1" 200 94 "-" "Mozlila/5.0 (Linux; Android 7.0; SM-G892A Bulid/NRD90M; wv) AppleWebKit/537.36 (KHTML, like Gecko) Version/4.0 Chrome/60.0.3112.107 Moblie Safari/537.36"
45.61.141.63 - - [25/Nov/2024:07:32:01 -0700] "GET /geju.php HTTP/1.1" 200 94 "-" "Mozlila/5.0 (Linux; Android 7.0; SM-G892A Bulid/NRD90M; wv) AppleWebKit/537.36 (KHTML, like Gecko) Version/4.0 Chrome/60.0.3112.107 Moblie Safari/537.36"
45.61.141.63 - - [25/Nov/2024:07:32:13 -0700] "GET /wp.php HTTP/1.1" 200 94 "-" "Mozlila/5.0 (Linux; Android 7.0; SM-G892A Bulid/NRD90M; wv) AppleWebKit/537.36 (KHTML, like Gecko) Version/4.0 Chrome/60.0.3112.107 Moblie Safari/537.36"
66.249.79.2 - - [25/Nov/2024:07:32:40 -0700] "GET /bet/dxfdoh/online-rung-game.html HTTP/1.1" 200 94 "-" "Mozilla/5.0 (compatible; Googlebot/2.1; +http://www.google.com/bot.html)"
66.249.79.1 - - [25/Nov/2024:07:33:17 -0700] "GET /news/?yqhwsa/pakistan-world-cup-fixtures.html HTTP/1.1" 200 94 "-" "Mozilla/5.0 (compatible; Googlebot/2.1; +http://www.google.com/bot.html)"
66.249.79.3 - - [25/Nov/2024:07:33:19 -0700] "GET /detail/?yecird/top-betting-sites-in-south-africa.html HTTP/1.1" 200 94 "-" "Mozilla/5.0 (compatible; Googlebot/2.1; +http://www.google.com/bot.html)"
40.77.167.126 - - [25/Nov/2024:07:33:33 -0700] "GET /detail/iwcymy/files/Senior%20Secondary/theschool.php HTTP/1.1" 200 94 "-" "Mozilla/5.0 AppleWebKit/537.36 (KHTML, like Gecko; compatible; bingbot/2.0; +http://www.bing.com/bingbot.htm) Chrome/116.0.1938.76 Safari/537.36"
66.249.79.1 - - [25/Nov/2024:07:33:41 -0700] "GET /news/kfzqdr/ HTTP/1.1" 200 94 "-" "Mozilla/5.0 (compatible; Googlebot/2.1; +http://www.google.com/bot.html)"
66.249.79.1 - - [25/Nov/2024:07:34:00 -0700] "GET /bet/aqieoe/ HTTP/1.1" 200 94 "-" "Mozilla/5.0 (compatible; Googlebot/2.1; +http://www.google.com/bot.html)"
66.249.79.1 - - [25/Nov/2024:07:34:35 -0700] "GET /bet/?ufxdyj/today-news-for-pro-kabaddi.html HTTP/1.1" 200 94 "-" "Mozilla/5.0 (compatible; Googlebot/2.1; +http://www.google.com/bot.html)"
69.162.124.238 - - [25/Nov/2024:07:34:53 -0700] "HEAD /cbse-corner.php HTTP/1.1" 200 - "https://behakfattu.akalacademy.ac.in/cbse-corner.php" "Mozilla/5.0+(compatible; UptimeRobot/2.0; http://www.uptimerobot.com/)"
66.249.79.3 - - [25/Nov/2024:07:35:05 -0700] "GET /news/?ivoumy/best-bookmaker-promotions.html HTTP/1.1" 200 94 "-" "Mozilla/5.0 (compatible; Googlebot/2.1; +http://www.google.com/bot.html)"
66.249.79.1 - - [25/Nov/2024:07:35:13 -0700] "GET /news/?gzwblv/ HTTP/1.1" 200 94 "-" "Mozilla/5.0 (compatible; Googlebot/2.1; +http://www.google.com/bot.html)"
66.249.79.1 - - [25/Nov/2024:07:35:23 -0700] "GET /detail/uoihhp/ww-laliga-santander.html HTTP/1.1" 200 94 "-" "Mozilla/5.0 (compatible; Googlebot/2.1; +http://www.google.com/bot.html)"
66.249.79.1 - - [25/Nov/2024:07:36:16 -0700] "GET /detail/?crkele/ HTTP/1.1" 200 94 "-" "Mozilla/5.0 (compatible; Googlebot/2.1; +http://www.google.com/bot.html)"
66.249.79.2 - - [25/Nov/2024:07:36:36 -0700] "GET /detail/ftywur/ HTTP/1.1" 200 94 "-" "Mozilla/5.0 (compatible; Googlebot/2.1; +http://www.google.com/bot.html)"
66.249.79.1 - - [25/Nov/2024:07:36:51 -0700] "GET /news/?tbekhb/ HTTP/1.1" 200 94 "-" "Mozilla/5.0 (compatible; Googlebot/2.1; +http://www.google.com/bot.html)"
66.249.79.1 - - [25/Nov/2024:07:36:58 -0700] "GET /news/?zvfkrj/ HTTP/1.1" 200 94 "-" "Mozilla/5.0 (compatible; Googlebot/2.1; +http://www.google.com/bot.html)"
66.249.79.1 - - [25/Nov/2024:07:36:59 -0700] "GET /news/?quddqf/betting-line-on-nfc-championship.html HTTP/1.1" 200 94 "-" "Mozilla/5.0 (compatible; Googlebot/2.1; +http://www.google.com/bot.html)"
66.249.79.2 - - [25/Nov/2024:07:37:02 -0700] "GET /news/?zngrzs/ HTTP/1.1" 200 94 "-" "Mozilla/5.0 (compatible; Googlebot/2.1; +http://www.google.com/bot.html)"
66.249.79.2 - - [25/Nov/2024:07:37:37 -0700] "GET /news/?dacbkm/blue-chip-casino-michigan-city.html HTTP/1.1" 200 94 "-" "Mozilla/5.0 (compatible; Googlebot/2.1; +http://www.google.com/bot.html)"
52.167.144.209 - - [25/Nov/2024:07:37:57 -0700] "GET /news/isjrwc/files/I-VIII/files/IX-X/Grade%20(IX)-min.pdf HTTP/1.1" 200 94 "-" "Mozilla/5.0 AppleWebKit/537.36 (KHTML, like Gecko; compatible; bingbot/2.0; +http://www.bing.com/bingbot.htm) Chrome/116.0.1938.76 Safari/537.36"
202.134.11.252 - - [25/Nov/2024:07:38:23 -0700] "GET / HTTP/1.1" 200 94 "-" "Mozilla/5.0 (Linux; Android 14; K) AppleWebKit/537.36 (KHTML, like Gecko) Chrome/130.0.6723.108 Mobile Safari/537.36"
202.134.11.252 - - [25/Nov/2024:07:38:28 -0700] "GET /favicon.ico HTTP/1.1" 200 2622 "https://behakfattu.akalacademy.ac.in/" "Mozilla/5.0 (Linux; Android 14; K) AppleWebKit/537.36 (KHTML, like Gecko) Chrome/130.0.6723.108 Mobile Safari/537.36"
66.249.79.2 - - [25/Nov/2024:07:38:40 -0700] "GET /news/?suzedv/ HTTP/1.1" 200 94 "-" "Mozilla/5.0 (compatible; Googlebot/2.1; +http://www.google.com/bot.html)"
66.249.79.1 - - [25/Nov/2024:07:39:50 -0700] "GET /detail/?fbflsy/ HTTP/1.1" 200 94 "-" "Mozilla/5.0 (compatible; Googlebot/2.1; +http://www.google.com/bot.html)"
69.162.124.238 - - [25/Nov/2024:07:39:53 -0700] "HEAD /cbse-corner.php HTTP/1.1" 200 - "https://behakfattu.akalacademy.ac.in/cbse-corner.php" "Mozilla/5.0+(compatible; UptimeRobot/2.0; http://www.uptimerobot.com/)"
66.249.79.2 - - [25/Nov/2024:07:39:54 -0700] "GET /news/?lqbmvl/ HTTP/1.1" 200 94 "-" "Mozilla/5.0 (compatible; Googlebot/2.1; +http://www.google.com/bot.html)"
66.249.79.2 - - [25/Nov/2024:07:40:06 -0700] "GET /detail/?zhslbp/s-williaums-cricket-player-profile.html HTTP/1.1" 200 94 "-" "Mozilla/5.0 (compatible; Googlebot/2.1; +http://www.google.com/bot.html)"
66.249.79.1 - - [25/Nov/2024:07:40:29 -0700] "GET /news/?hdmtqf/ HTTP/1.1" 200 94 "-" "Mozilla/5.0 (compatible; Googlebot/2.1; +http://www.google.com/bot.html)"
66.249.79.1 - - [25/Nov/2024:07:40:52 -0700] "GET /bet/fqyelx/ HTTP/1.1" 200 94 "-" "Mozilla/5.0 (compatible; Googlebot/2.1; +http://www.google.com/bot.html)"
66.249.79.3 - - [25/Nov/2024:07:41:21 -0700] "GET /news/mxfuim/ HTTP/1.1" 200 94 "-" "Mozilla/5.0 (compatible; Googlebot/2.1; +http://www.google.com/bot.html)"
66.249.79.1 - - [25/Nov/2024:07:41:37 -0700] "GET /bet/?qefnzs/kabaddi-live-match.html HTTP/1.1" 200 94 "-" "Mozilla/5.0 (compatible; Googlebot/2.1; +http://www.google.com/bot.html)"
66.249.79.1 - - [25/Nov/2024:07:41:38 -0700] "GET /news/?hperjl/cricket-player-ferguson.html HTTP/1.1" 200 94 "-" "Mozilla/5.0 (compatible; Googlebot/2.1; +http://www.google.com/bot.html)"
66.249.79.1 - - [25/Nov/2024:07:41:42 -0700] "GET /news/?yollgr/ HTTP/1.1" 200 94 "-" "Mozilla/5.0 (compatible; Googlebot/2.1; +http://www.google.com/bot.html)"
66.249.79.1 - - [25/Nov/2024:07:41:45 -0700] "GET /detail/sagpig/germany-world-cup-lineup.html HTTP/1.1" 200 94 "-" "Mozilla/5.0 (compatible; Googlebot/2.1; +http://www.google.com/bot.html)"
66.249.79.1 - - [25/Nov/2024:07:41:48 -0700] "GET /news/?eokiso/esports-business-plan-template.html HTTP/1.1" 200 94 "-" "Mozilla/5.0 (compatible; Googlebot/2.1; +http://www.google.com/bot.html)"
66.249.79.3 - - [25/Nov/2024:07:42:42 -0700] "GET /news/?leuszd/ HTTP/1.1" 200 94 "-" "Mozilla/5.0 (compatible; Googlebot/2.1; +http://www.google.com/bot.html)"
66.249.79.3 - - [25/Nov/2024:07:43:39 -0700] "GET /detail/zpquwz/kings-11-punjab-vs-mumbai-indians-score.html HTTP/1.1" 200 94 "-" "Mozilla/5.0 (compatible; Googlebot/2.1; +http://www.google.com/bot.html)"
66.249.79.3 - - [25/Nov/2024:07:43:39 -0700] "GET /news/?qziwyp/bharat-afghanistan-live-match-asia-cup.html HTTP/1.1" 200 94 "-" "Mozilla/5.0 (compatible; Googlebot/2.1; +http://www.google.com/bot.html)"
66.249.79.2 - - [25/Nov/2024:07:43:55 -0700] "GET /detail/?ecpsvp/ HTTP/1.1" 200 94 "-" "Mozilla/5.0 (compatible; Googlebot/2.1; +http://www.google.com/bot.html)"
66.249.79.3 - - [25/Nov/2024:07:44:07 -0700] "GET /news/biejaz/ HTTP/1.1" 200 94 "-" "Mozilla/5.0 (compatible; Googlebot/2.1; +http://www.google.com/bot.html)"
66.249.79.1 - - [25/Nov/2024:07:44:10 -0700] "GET /news/fcemhd/ HTTP/1.1" 200 94 "-" "Mozilla/5.0 (compatible; Googlebot/2.1; +http://www.google.com/bot.html)"
66.249.79.1 - - [25/Nov/2024:07:44:29 -0700] "GET /news/?jhxzxa/ HTTP/1.1" 200 94 "-" "Mozilla/5.0 (compatible; Googlebot/2.1; +http://www.google.com/bot.html)"
69.162.124.238 - - [25/Nov/2024:07:44:53 -0700] "HEAD /cbse-corner.php HTTP/1.1" 200 - "https://behakfattu.akalacademy.ac.in/cbse-corner.php" "Mozilla/5.0+(compatible; UptimeRobot/2.0; http://www.uptimerobot.com/)"
66.249.79.2 - - [25/Nov/2024:07:45:01 -0700] "GET /bet/?bkbzvc/ HTTP/1.1" 200 94 "-" "Mozilla/5.0 (compatible; Googlebot/2.1; +http://www.google.com/bot.html)"
66.249.79.2 - - [25/Nov/2024:07:45:07 -0700] "GET /bet/hajcnb/ HTTP/1.1" 200 94 "-" "Mozilla/5.0 (compatible; Googlebot/2.1; +http://www.google.com/bot.html)"
66.249.79.1 - - [25/Nov/2024:07:45:47 -0700] "GET /bet/?mjovje/ HTTP/1.1" 200 94 "-" "Mozilla/5.0 (compatible; Googlebot/2.1; +http://www.google.com/bot.html)"
66.249.79.1 - - [25/Nov/2024:07:46:29 -0700] "GET /bet/?wxhpwv/ HTTP/1.1" 200 94 "-" "Mozilla/5.0 (compatible; Googlebot/2.1; +http://www.google.com/bot.html)"
66.249.79.1 - - [25/Nov/2024:07:46:38 -0700] "GET /news/?scgcsr/ipl-auction-2022-total-players-list.html HTTP/1.1" 200 94 "-" "Mozilla/5.0 (compatible; Googlebot/2.1; +http://www.google.com/bot.html)"
66.249.79.1 - - [25/Nov/2024:07:46:59 -0700] "GET /news/bnluaf/hokar.html HTTP/1.1" 200 94 "-" "Mozilla/5.0 (compatible; Googlebot/2.1; +http://www.google.com/bot.html)"
66.249.79.1 - - [25/Nov/2024:07:47:39 -0700] "GET /htdocs/dominoqq/beli-perlengkapan-mandi-perawatan-kulit-anak/files/Secondary/ART_EDUCATION-min.pdf HTTP/1.1" 200 94 "-" "Mozilla/5.0 (Linux; Android 6.0.1; Nexus 5X Build/MMB29P) AppleWebKit/537.36 (KHTML, like Gecko) Chrome/131.0.6778.69 Mobile Safari/537.36 (compatible; Googlebot/2.1; +http://www.google.com/bot.html)"
66.249.79.1 - - [25/Nov/2024:07:47:56 -0700] "GET /detail/fpkdih/royal-challengers-bangalore-jersey-2018.html HTTP/1.1" 200 94 "-" "Mozilla/5.0 (compatible; Googlebot/2.1; +http://www.google.com/bot.html)"
66.249.79.3 - - [25/Nov/2024:07:48:05 -0700] "GET /news/?brtsmh/ HTTP/1.1" 200 94 "-" "Mozilla/5.0 (compatible; Googlebot/2.1; +http://www.google.com/bot.html)"
66.249.79.1 - - [25/Nov/2024:07:48:17 -0700] "GET /news/?tgurgr/casino-revewis.html HTTP/1.1" 200 94 "-" "Mozilla/5.0 (compatible; Googlebot/2.1; +http://www.google.com/bot.html)"
66.249.79.1 - - [25/Nov/2024:07:48:42 -0700] "GET /news/wszcbn/ HTTP/1.1" 200 94 "-" "Mozilla/5.0 (compatible; Googlebot/2.1; +http://www.google.com/bot.html)"
66.249.79.1 - - [25/Nov/2024:07:48:45 -0700] "GET /bet/vhrikd/super-gold-miner-online-game.html HTTP/1.1" 200 94 "-" "Mozilla/5.0 (compatible; Googlebot/2.1; +http://www.google.com/bot.html)"
66.249.79.1 - - [25/Nov/2024:07:48:46 -0700] "GET /bet/wjgzhp/online-casino-roulette-strategy.html HTTP/1.1" 200 94 "-" "Mozilla/5.0 (compatible; Googlebot/2.1; +http://www.google.com/bot.html)"
66.249.79.2 - - [25/Nov/2024:07:49:07 -0700] "GET /news/vrccgh/ HTTP/1.1" 200 94 "-" "Mozilla/5.0 (compatible; Googlebot/2.1; +http://www.google.com/bot.html)"
66.249.79.2 - - [25/Nov/2024:07:49:22 -0700] "GET /detail/?faisvo/zynga-poker-online-generator.html HTTP/1.1" 200 94 "-" "Mozilla/5.0 (compatible; Googlebot/2.1; +http://www.google.com/bot.html)"
66.249.79.1 - - [25/Nov/2024:07:49:31 -0700] "GET /news/mtpwiu/ HTTP/1.1" 200 94 "-" "Mozilla/5.0 (compatible; Googlebot/2.1; +http://www.google.com/bot.html)"
66.249.79.1 - - [25/Nov/2024:07:49:51 -0700] "GET /bet/?ciqyif/ipl-t20-live-streamwatch.html HTTP/1.1" 200 94 "-" "Mozilla/5.0 (compatible; Googlebot/2.1; +http://www.google.com/bot.html)"
69.162.124.238 - - [25/Nov/2024:07:49:53 -0700] "HEAD /cbse-corner.php HTTP/1.1" 200 - "https://behakfattu.akalacademy.ac.in/cbse-corner.php" "Mozilla/5.0+(compatible; UptimeRobot/2.0; http://www.uptimerobot.com/)"
66.249.79.3 - - [25/Nov/2024:07:50:32 -0700] "GET /bet/?arzpff/best-rng-online-casinos.html HTTP/1.1" 200 94 "-" "Mozilla/5.0 (compatible; Googlebot/2.1; +http://www.google.com/bot.html)"
66.249.79.2 - - [25/Nov/2024:07:51:06 -0700] "GET /detail/?eqdpmt/ HTTP/1.1" 200 94 "-" "Mozilla/5.0 (compatible; Googlebot/2.1; +http://www.google.com/bot.html)"
47.128.20.213 - - [25/Nov/2024:07:51:42 -0700] "GET /htdocs/pkv-games/shop-perlengkapan-olah-raga/contact.php HTTP/1.1" 200 94 "-" "Mozilla/5.0 (compatible; Bytespider; spider-feedback@bytedance.com) AppleWebKit/537.36 (KHTML, like Gecko) Chrome/70.0.0.0 Safari/537.36"
66.249.79.1 - - [25/Nov/2024:07:51:55 -0700] "GET /news/sbfywy/ HTTP/1.1" 200 94 "-" "Mozilla/5.0 (compatible; Googlebot/2.1; +http://www.google.com/bot.html)"
66.249.79.2 - - [25/Nov/2024:07:52:01 -0700] "GET /news/tooetf/ HTTP/1.1" 200 94 "-" "Mozilla/5.0 (compatible; Googlebot/2.1; +http://www.google.com/bot.html)"
66.249.79.1 - - [25/Nov/2024:07:52:23 -0700] "GET /bet/nivuaq/ HTTP/1.1" 200 94 "-" "Mozilla/5.0 (compatible; Googlebot/2.1; +http://www.google.com/bot.html)"
47.128.17.156 - - [25/Nov/2024:07:52:26 -0700] "GET /htdocs/dominoqq/beli-peralatan-mandi/contact.php HTTP/1.1" 200 94 "-" "Mozilla/5.0 (compatible; Bytespider; spider-feedback@bytedance.com) AppleWebKit/537.36 (KHTML, like Gecko) Chrome/70.0.0.0 Safari/537.36"
66.249.79.2 - - [25/Nov/2024:07:53:31 -0700] "GET /boking/upload/ladangtoto/files/I-VIII/VI-X%20Hindi-min.pdf HTTP/1.1" 200 94 "-" "Mozilla/5.0 (Linux; Android 6.0.1; Nexus 5X Build/MMB29P) AppleWebKit/537.36 (KHTML, like Gecko) Chrome/131.0.6778.69 Mobile Safari/537.36 (compatible; Googlebot/2.1; +http://www.google.com/bot.html)"
66.249.79.2 - - [25/Nov/2024:07:53:53 -0700] "GET /news/?geqaxp/league-of-legends-champion-tales.html HTTP/1.1" 200 94 "-" "Mozilla/5.0 (compatible; Googlebot/2.1; +http://www.google.com/bot.html)"
66.249.79.2 - - [25/Nov/2024:07:54:14 -0700] "GET /news/?ouskhf/my-singing-monsters-online-game.html HTTP/1.1" 200 94 "-" "Mozilla/5.0 (compatible; Googlebot/2.1; +http://www.google.com/bot.html)"
216.244.66.233 - - [25/Nov/2024:07:54:22 -0700] "GET /robots.txt HTTP/1.1" 200 94 "-" "Mozilla/5.0 (compatible; DotBot/1.2; +https://opensiteexplorer.org/dotbot; help@moz.com)"
66.249.79.2 - - [25/Nov/2024:07:54:23 -0700] "GET /detail/onijlg/top-10-action-games-for-pc-4gb-ram.html HTTP/1.1" 200 94 "-" "Mozilla/5.0 (compatible; Googlebot/2.1; +http://www.google.com/bot.html)"
66.249.79.1 - - [25/Nov/2024:07:54:37 -0700] "GET /detail/oeeyoo/ HTTP/1.1" 200 94 "-" "Mozilla/5.0 (compatible; Googlebot/2.1; +http://www.google.com/bot.html)"
66.249.79.1 - - [25/Nov/2024:07:54:44 -0700] "GET /detail/hqghfj/ HTTP/1.1" 200 94 "-" "Mozilla/5.0 (compatible; Googlebot/2.1; +http://www.google.com/bot.html)"
47.128.97.53 - - [25/Nov/2024:07:54:50 -0700] "GET /htdocs/pkv-games/helpcenter/shipping-and-delivery/contact.php HTTP/1.1" 200 94 "-" "Mozilla/5.0 (compatible; Bytespider; spider-feedback@bytedance.com) AppleWebKit/537.36 (KHTML, like Gecko) Chrome/70.0.0.0 Safari/537.36"
69.162.124.238 - - [25/Nov/2024:07:54:53 -0700] "HEAD /cbse-corner.php HTTP/1.1" 200 - "https://behakfattu.akalacademy.ac.in/cbse-corner.php" "Mozilla/5.0+(compatible; UptimeRobot/2.0; http://www.uptimerobot.com/)"
52.167.144.214 - - [25/Nov/2024:07:55:43 -0700] "GET /news/txxbne/files/Senior%20Secondary/files/Senior%20Secondary/Biology-min.pdf HTTP/1.1" 200 94 "-" "Mozilla/5.0 AppleWebKit/537.36 (KHTML, like Gecko; compatible; bingbot/2.0; +http://www.bing.com/bingbot.htm) Chrome/116.0.1938.76 Safari/537.36"
66.249.79.2 - - [25/Nov/2024:07:56:08 -0700] "GET /detail/?foabrp/ HTTP/1.1" 200 94 "-" "Mozilla/5.0 (compatible; Googlebot/2.1; +http://www.google.com/bot.html)"
66.249.79.3 - - [25/Nov/2024:07:57:05 -0700] "GET /news/buhodz/ HTTP/1.1" 200 94 "-" "Mozilla/5.0 (compatible; Googlebot/2.1; +http://www.google.com/bot.html)"
66.249.79.2 - - [25/Nov/2024:07:57:20 -0700] "GET /bet/?fpiexn/kaiserslautern-hannover-h2h.html HTTP/1.1" 200 94 "-" "Mozilla/5.0 (compatible; Googlebot/2.1; +http://www.google.com/bot.html)"
213.180.203.135 - - [25/Nov/2024:07:57:59 -0700] "GET /robots.txt HTTP/1.1" 200 94 "-" "Mozilla/5.0 (compatible; YandexBot/3.0; +http://yandex.com/bots)"
66.249.79.1 - - [25/Nov/2024:07:58:02 -0700] "GET /news/?cqhqax/ HTTP/1.1" 200 94 "-" "Mozilla/5.0 (compatible; Googlebot/2.1; +http://www.google.com/bot.html)"
66.249.79.2 - - [25/Nov/2024:07:58:03 -0700] "GET /news/ryuquj/ HTTP/1.1" 200 94 "-" "Mozilla/5.0 (compatible; Googlebot/2.1; +http://www.google.com/bot.html)"
66.249.79.2 - - [25/Nov/2024:07:58:12 -0700] "GET /detail/rbaowl/captain-of-indian-cricket-team-in-1983.html HTTP/1.1" 200 94 "-" "Mozilla/5.0 (compatible; Googlebot/2.1; +http://www.google.com/bot.html)"
66.249.79.2 - - [25/Nov/2024:07:58:12 -0700] "GET /bet/rcvhot/afghanistan-cricket-team-for-asia-cup.html HTTP/1.1" 200 94 "-" "Mozilla/5.0 (compatible; Googlebot/2.1; +http://www.google.com/bot.html)"
66.249.79.1 - - [25/Nov/2024:07:58:29 -0700] "GET /news/oajxpx/ HTTP/1.1" 200 94 "-" "Mozilla/5.0 (compatible; Googlebot/2.1; +http://www.google.com/bot.html)"
66.249.79.1 - - [25/Nov/2024:07:58:55 -0700] "GET /news/vxrmxf/ HTTP/1.1" 200 94 "-" "Mozilla/5.0 (compatible; Googlebot/2.1; +http://www.google.com/bot.html)"
66.249.79.3 - - [25/Nov/2024:07:59:12 -0700] "GET /bet/xvsdoz/skybet-sports-betting.html HTTP/1.1" 200 94 "-" "Mozilla/5.0 (compatible; Googlebot/2.1; +http://www.google.com/bot.html)"
66.249.79.1 - - [25/Nov/2024:07:59:45 -0700] "GET /detail/?ngrtek/solvang-to-chumash-casino.html HTTP/1.1" 200 94 "-" "Mozilla/5.0 (compatible; Googlebot/2.1; +http://www.google.com/bot.html)"
69.162.124.238 - - [25/Nov/2024:07:59:53 -0700] "HEAD /cbse-corner.php HTTP/1.1" 200 - "https://behakfattu.akalacademy.ac.in/cbse-corner.php" "Mozilla/5.0+(compatible; UptimeRobot/2.0; http://www.uptimerobot.com/)"
66.249.79.2 - - [25/Nov/2024:08:00:02 -0700] "GET /detail/etpsux/ HTTP/1.1" 200 94 "-" "Mozilla/5.0 (compatible; Googlebot/2.1; +http://www.google.com/bot.html)"
66.249.79.2 - - [25/Nov/2024:08:00:09 -0700] "GET /news/?qweyxw/ HTTP/1.1" 200 94 "-" "Mozilla/5.0 (compatible; Googlebot/2.1; +http://www.google.com/bot.html)"
66.249.79.1 - - [25/Nov/2024:08:00:33 -0700] "GET /news/xussvk/ishant-sharma-full-name.html HTTP/1.1" 200 94 "-" "Mozilla/5.0 (compatible; Googlebot/2.1; +http://www.google.com/bot.html)"
66.249.79.1 - - [25/Nov/2024:08:00:58 -0700] "GET /news/?fqtqcp/cricket-icc-19.html HTTP/1.1" 200 94 "-" "Mozilla/5.0 (compatible; Googlebot/2.1; +http://www.google.com/bot.html)"
66.249.79.1 - - [25/Nov/2024:08:01:04 -0700] "GET /detail/?evutzc/positive-spread-betting.html HTTP/1.1" 200 94 "-" "Mozilla/5.0 (compatible; Googlebot/2.1; +http://www.google.com/bot.html)"
66.249.79.1 - - [25/Nov/2024:08:01:32 -0700] "GET /news/tterga/ HTTP/1.1" 200 94 "-" "Mozilla/5.0 (compatible; Googlebot/2.1; +http://www.google.com/bot.html)"
66.249.79.1 - - [25/Nov/2024:08:01:54 -0700] "GET /detail/tnyfcr/anthony-joshua-odds.html HTTP/1.1" 200 94 "-" "Mozilla/5.0 (compatible; Googlebot/2.1; +http://www.google.com/bot.html)"
66.249.79.1 - - [25/Nov/2024:08:02:20 -0700] "GET /bet/wpzzte/ HTTP/1.1" 200 94 "-" "Mozilla/5.0 (compatible; Googlebot/2.1; +http://www.google.com/bot.html)"
66.249.79.1 - - [25/Nov/2024:08:02:30 -0700] "GET /bet/ysrgvt/ HTTP/1.1" 200 94 "-" "Mozilla/5.0 (compatible; Googlebot/2.1; +http://www.google.com/bot.html)"
66.249.79.2 - - [25/Nov/2024:08:03:25 -0700] "GET /news/?mqlzum/india-cricket-live-score-one-day.html HTTP/1.1" 200 94 "-" "Mozilla/5.0 (compatible; Googlebot/2.1; +http://www.google.com/bot.html)"
66.249.79.2 - - [25/Nov/2024:08:03:53 -0700] "GET /detail/?egroeq/ HTTP/1.1" 200 94 "-" "Mozilla/5.0 (compatible; Googlebot/2.1; +http://www.google.com/bot.html)"
66.249.79.1 - - [25/Nov/2024:08:03:57 -0700] "GET /detail/?tfakoz/ HTTP/1.1" 200 94 "-" "Mozilla/5.0 (compatible; Googlebot/2.1; +http://www.google.com/bot.html)"
69.162.124.238 - - [25/Nov/2024:08:04:53 -0700] "HEAD /cbse-corner.php HTTP/1.1" 200 - "https://behakfattu.akalacademy.ac.in/cbse-corner.php" "Mozilla/5.0+(compatible; UptimeRobot/2.0; http://www.uptimerobot.com/)"
66.249.79.2 - - [25/Nov/2024:08:05:52 -0700] "GET /detail/wafjib/vivo-ipl-game-download-app.html HTTP/1.1" 200 94 "-" "Mozilla/5.0 (compatible; Googlebot/2.1; +http://www.google.com/bot.html)"
66.249.79.3 - - [25/Nov/2024:08:06:04 -0700] "GET /bet/?zqqoji/icc-cricket-on-hotstar.html HTTP/1.1" 200 94 "-" "Mozilla/5.0 (compatible; Googlebot/2.1; +http://www.google.com/bot.html)"
66.249.79.1 - - [25/Nov/2024:08:06:11 -0700] "GET /bet/lzuvmx/india-channels-for-ipl.html HTTP/1.1" 200 94 "-" "Mozilla/5.0 (compatible; Googlebot/2.1; +http://www.google.com/bot.html)"
66.249.79.1 - - [25/Nov/2024:08:06:35 -0700] "GET /bet/?djvadw/onlie-ipl-scores.html HTTP/1.1" 200 94 "-" "Mozilla/5.0 (compatible; Googlebot/2.1; +http://www.google.com/bot.html)"
66.249.79.1 - - [25/Nov/2024:08:06:57 -0700] "GET /news/?bvnubv/nfl-best-bets-conference-championship.html HTTP/1.1" 200 94 "-" "Mozilla/5.0 (compatible; Googlebot/2.1; +http://www.google.com/bot.html)"
66.249.79.3 - - [25/Nov/2024:08:07:31 -0700] "GET /news/?rusdjl/cricket-score-board-app.html HTTP/1.1" 200 94 "-" "Mozilla/5.0 (compatible; Googlebot/2.1; +http://www.google.com/bot.html)"
66.249.79.1 - - [25/Nov/2024:08:07:33 -0700] "GET /detail/bmrnoc/oldest-national-football-team.html HTTP/1.1" 200 94 "-" "Mozilla/5.0 (compatible; Googlebot/2.1; +http://www.google.com/bot.html)"
66.249.79.1 - - [25/Nov/2024:08:07:50 -0700] "GET /bet/?dtfcza/icc-canada.html HTTP/1.1" 200 94 "-" "Mozilla/5.0 (compatible; Googlebot/2.1; +http://www.google.com/bot.html)"
216.244.66.233 - - [25/Nov/2024:08:08:04 -0700] "GET /detail/files/Secondary/Intitial_pages_srsec_2019-20-min.pdf HTTP/1.1" 200 94 "-" "Mozilla/5.0 (compatible; DotBot/1.2; +https://opensiteexplorer.org/dotbot; help@moz.com)"
52.167.144.209 - - [25/Nov/2024:08:08:09 -0700] "GET /detail/oklbtp/files/Senior%20Secondary/files/Senior%20Secondary/Accountancy-min.pdf HTTP/1.1" 200 94 "-" "Mozilla/5.0 AppleWebKit/537.36 (KHTML, like Gecko; compatible; bingbot/2.0; +http://www.bing.com/bingbot.htm) Chrome/116.0.1938.76 Safari/537.36"
66.249.79.3 - - [25/Nov/2024:08:08:12 -0700] "GET /bet/?bjrlbo/5-years-games-online.html HTTP/1.1" 200 94 "-" "Mozilla/5.0 (compatible; Googlebot/2.1; +http://www.google.com/bot.html)"
66.249.79.1 - - [25/Nov/2024:08:08:17 -0700] "GET /bet/zqtovf/www-tneb-com-bill-status.html HTTP/1.1" 200 94 "-" "Mozilla/5.0 (compatible; Googlebot/2.1; +http://www.google.com/bot.html)"
66.249.79.1 - - [25/Nov/2024:08:08:17 -0700] "GET /bet/chogmg/strongest-players-of-cricket.html HTTP/1.1" 200 94 "-" "Mozilla/5.0 (compatible; Googlebot/2.1; +http://www.google.com/bot.html)"
66.249.79.1 - - [25/Nov/2024:08:08:33 -0700] "GET /detail/kcxjlb/ HTTP/1.1" 200 94 "-" "Mozilla/5.0 (compatible; Googlebot/2.1; +http://www.google.com/bot.html)"
66.249.79.1 - - [25/Nov/2024:08:08:50 -0700] "GET /bet/sftume/ HTTP/1.1" 200 94 "-" "Mozilla/5.0 (compatible; Googlebot/2.1; +http://www.google.com/bot.html)"
66.249.79.1 - - [25/Nov/2024:08:08:56 -0700] "GET /bet/sqwyly/ HTTP/1.1" 200 94 "-" "Mozilla/5.0 (compatible; Googlebot/2.1; +http://www.google.com/bot.html)"
66.249.79.3 - - [25/Nov/2024:08:09:14 -0700] "GET /news/cdkdif/melbet-com-gh-app.html HTTP/1.1" 200 94 "-" "Mozilla/5.0 (compatible; Googlebot/2.1; +http://www.google.com/bot.html)"
66.249.79.2 - - [25/Nov/2024:08:09:27 -0700] "GET /news/wiaita/casinos-near-palm-desert.html HTTP/1.1" 200 94 "-" "Mozilla/5.0 (compatible; Googlebot/2.1; +http://www.google.com/bot.html)"
47.128.114.222 - - [25/Nov/2024:08:09:37 -0700] "GET /htdocs/dominoqq/latihan-dan-fitness/gallery.php HTTP/1.1" 200 94 "-" "Mozilla/5.0 (compatible; Bytespider; spider-feedback@bytedance.com) AppleWebKit/537.36 (KHTML, like Gecko) Chrome/70.0.0.0 Safari/537.36"
66.249.79.1 - - [25/Nov/2024:08:09:38 -0700] "GET /news/?kutkve/india-srilanka-t20-live-score-board.html HTTP/1.1" 200 94 "-" "Mozilla/5.0 (compatible; Googlebot/2.1; +http://www.google.com/bot.html)"
66.249.79.1 - - [25/Nov/2024:08:09:48 -0700] "GET /bet/?yvwasx/ HTTP/1.1" 200 94 "-" "Mozilla/5.0 (compatible; Googlebot/2.1; +http://www.google.com/bot.html)"
66.249.79.1 - - [25/Nov/2024:08:09:51 -0700] "GET /news/?wjijgc/ HTTP/1.1" 200 94 "-" "Mozilla/5.0 (compatible; Googlebot/2.1; +http://www.google.com/bot.html)"
69.162.124.238 - - [25/Nov/2024:08:09:53 -0700] "HEAD /cbse-corner.php HTTP/1.1" 200 - "https://behakfattu.akalacademy.ac.in/cbse-corner.php" "Mozilla/5.0+(compatible; UptimeRobot/2.0; http://www.uptimerobot.com/)"
66.249.79.3 - - [25/Nov/2024:08:10:39 -0700] "GET /bet/reecuo/vainglory-5v5.html HTTP/1.1" 200 94 "-" "Mozilla/5.0 (compatible; Googlebot/2.1; +http://www.google.com/bot.html)"
66.249.79.2 - - [25/Nov/2024:08:10:53 -0700] "GET /detail/lxmexf/online-baby-games-for-4-year-olds.html HTTP/1.1" 200 94 "-" "Mozilla/5.0 (compatible; Googlebot/2.1; +http://www.google.com/bot.html)"
66.249.79.1 - - [25/Nov/2024:08:11:23 -0700] "GET /news/?cjqmsy/best-open-worlds.html HTTP/1.1" 200 94 "-" "Mozilla/5.0 (compatible; Googlebot/2.1; +http://www.google.com/bot.html)"
66.249.79.1 - - [25/Nov/2024:08:11:48 -0700] "GET /detail/bsdqhz/2020-betting.html HTTP/1.1" 200 94 "-" "Mozilla/5.0 (compatible; Googlebot/2.1; +http://www.google.com/bot.html)"
66.249.79.1 - - [25/Nov/2024:08:11:53 -0700] "GET /news/qgvtzo/asia-cup-squad-team-india.html HTTP/1.1" 200 94 "-" "Mozilla/5.0 (compatible; Googlebot/2.1; +http://www.google.com/bot.html)"
66.249.79.1 - - [25/Nov/2024:08:12:00 -0700] "GET /bet/?kjbkkq/ HTTP/1.1" 200 94 "-" "Mozilla/5.0 (compatible; Googlebot/2.1; +http://www.google.com/bot.html)"
66.249.79.1 - - [25/Nov/2024:08:12:06 -0700] "GET /detail/mlnekv/ HTTP/1.1" 200 94 "-" "Mozilla/5.0 (compatible; Googlebot/2.1; +http://www.google.com/bot.html)"
66.249.79.1 - - [25/Nov/2024:08:12:06 -0700] "GET /detail/?fjmwrq/zulubet-sunday.html HTTP/1.1" 200 94 "-" "Mozilla/5.0 (compatible; Googlebot/2.1; +http://www.google.com/bot.html)"
66.249.79.1 - - [25/Nov/2024:08:12:34 -0700] "GET /detail/?wgpzyc/ HTTP/1.1" 200 94 "-" "Mozilla/5.0 (compatible; Googlebot/2.1; +http://www.google.com/bot.html)"
66.249.79.3 - - [25/Nov/2024:08:13:11 -0700] "GET /news/wrnapy/ HTTP/1.1" 200 94 "-" "Mozilla/5.0 (compatible; Googlebot/2.1; +http://www.google.com/bot.html)"
66.249.79.2 - - [25/Nov/2024:08:13:20 -0700] "GET /bet/?ithzgn/todays-ipl-match-fixing-score.html HTTP/1.1" 200 94 "-" "Mozilla/5.0 (compatible; Googlebot/2.1; +http://www.google.com/bot.html)"
66.249.79.1 - - [25/Nov/2024:08:13:50 -0700] "GET /bet/bkicfj/ HTTP/1.1" 200 94 "-" "Mozilla/5.0 (compatible; Googlebot/2.1; +http://www.google.com/bot.html)"
66.249.79.2 - - [25/Nov/2024:08:14:08 -0700] "GET /detail/?khfvnp/aman-khan-khan.html HTTP/1.1" 200 94 "-" "Mozilla/5.0 (compatible; Googlebot/2.1; +http://www.google.com/bot.html)"
66.249.79.1 - - [25/Nov/2024:08:14:47 -0700] "GET /bet/xabkdf/live-tv-ipl-match-today-online-2018.html HTTP/1.1" 200 94 "-" "Mozilla/5.0 (compatible; Googlebot/2.1; +http://www.google.com/bot.html)"
69.162.124.238 - - [25/Nov/2024:08:14:53 -0700] "HEAD /cbse-corner.php HTTP/1.1" 200 - "https://behakfattu.akalacademy.ac.in/cbse-corner.php" "Mozilla/5.0+(compatible; UptimeRobot/2.0; http://www.uptimerobot.com/)"
66.249.79.3 - - [25/Nov/2024:08:15:31 -0700] "GET /bet/?reldqx/ HTTP/1.1" 200 94 "-" "Mozilla/5.0 (compatible; Googlebot/2.1; +http://www.google.com/bot.html)"
47.128.49.155 - - [25/Nov/2024:08:15:57 -0700] "GET /htdocs/dominoqq/helpcenter/products-on-lazada/index.php HTTP/1.1" 200 94 "-" "Mozilla/5.0 (compatible; Bytespider; spider-feedback@bytedance.com) AppleWebKit/537.36 (KHTML, like Gecko) Chrome/70.0.0.0 Safari/537.36"
66.249.79.2 - - [25/Nov/2024:08:16:20 -0700] "GET /news/?pbblhw/ HTTP/1.1" 200 94 "-" "Mozilla/5.0 (compatible; Googlebot/2.1; +http://www.google.com/bot.html)"
66.249.79.1 - - [25/Nov/2024:08:16:27 -0700] "GET /bet/rrorcu/nations-esports.html HTTP/1.1" 200 94 "-" "Mozilla/5.0 (compatible; Googlebot/2.1; +http://www.google.com/bot.html)"
66.249.79.2 - - [25/Nov/2024:08:17:04 -0700] "GET /detail/hewsfr/ HTTP/1.1" 200 94 "-" "Mozilla/5.0 (compatible; Googlebot/2.1; +http://www.google.com/bot.html)"
47.128.43.9 - - [25/Nov/2024:08:17:05 -0700] "GET /htdocs/dominoqq/shop-auto-parts-spares/contact.php HTTP/1.1" 200 94 "-" "Mozilla/5.0 (compatible; Bytespider; spider-feedback@bytedance.com) AppleWebKit/537.36 (KHTML, like Gecko) Chrome/70.0.0.0 Safari/537.36"
66.249.79.3 - - [25/Nov/2024:08:17:07 -0700] "GET /news/ycxwxt/ HTTP/1.1" 200 94 "-" "Mozilla/5.0 (compatible; Googlebot/2.1; +http://www.google.com/bot.html)"
66.249.79.1 - - [25/Nov/2024:08:17:17 -0700] "GET /bet/?ntbdzt/ HTTP/1.1" 200 94 "-" "Mozilla/5.0 (compatible; Googlebot/2.1; +http://www.google.com/bot.html)"
66.249.79.2 - - [25/Nov/2024:08:17:17 -0700] "GET /detail/rdhvph/ HTTP/1.1" 200 94 "-" "Mozilla/5.0 (compatible; Googlebot/2.1; +http://www.google.com/bot.html)"
66.249.79.1 - - [25/Nov/2024:08:17:22 -0700] "GET /news/?yjxgfe/rummy-yono-app-download.html HTTP/1.1" 200 94 "-" "Mozilla/5.0 (compatible; Googlebot/2.1; +http://www.google.com/bot.html)"
66.249.79.1 - - [25/Nov/2024:08:17:31 -0700] "GET /news/?pedbdc/murali-vijay-ipl-team.html HTTP/1.1" 200 94 "-" "Mozilla/5.0 (compatible; Googlebot/2.1; +http://www.google.com/bot.html)"
66.249.79.1 - - [25/Nov/2024:08:17:56 -0700] "GET /news/?mtmzcv/ HTTP/1.1" 200 94 "-" "Mozilla/5.0 (compatible; Googlebot/2.1; +http://www.google.com/bot.html)"
66.249.79.1 - - [25/Nov/2024:08:17:59 -0700] "GET /detail/?uebcrt/klondike-card-game-instruction.html HTTP/1.1" 200 94 "-" "Mozilla/5.0 (compatible; Googlebot/2.1; +http://www.google.com/bot.html)"
66.249.79.1 - - [25/Nov/2024:08:18:18 -0700] "GET /news/?ivtrvt/free-slot-play-vegas.html HTTP/1.1" 200 94 "-" "Mozilla/5.0 (compatible; Googlebot/2.1; +http://www.google.com/bot.html)"
66.249.79.2 - - [25/Nov/2024:08:18:33 -0700] "GET /news/uyfisa/2day-ipl-match-prediction.html HTTP/1.1" 200 94 "-" "Mozilla/5.0 (compatible; Googlebot/2.1; +http://www.google.com/bot.html)"
66.249.79.1 - - [25/Nov/2024:08:18:42 -0700] "GET /detail/eznphk/ HTTP/1.1" 200 94 "-" "Mozilla/5.0 (compatible; Googlebot/2.1; +http://www.google.com/bot.html)"
66.249.79.2 - - [25/Nov/2024:08:19:14 -0700] "GET /detail/afepiw/dream11-live-score-kabaddi-match-today.html HTTP/1.1" 200 94 "-" "Mozilla/5.0 (compatible; Googlebot/2.1; +http://www.google.com/bot.html)"
66.249.79.2 - - [25/Nov/2024:08:19:17 -0700] "GET /news/?nmcaar/ HTTP/1.1" 200 94 "-" "Mozilla/5.0 (compatible; Googlebot/2.1; +http://www.google.com/bot.html)"
69.162.124.238 - - [25/Nov/2024:08:19:53 -0700] "HEAD /cbse-corner.php HTTP/1.1" 200 - "https://behakfattu.akalacademy.ac.in/cbse-corner.php" "Mozilla/5.0+(compatible; UptimeRobot/2.0; http://www.uptimerobot.com/)"
66.249.79.3 - - [25/Nov/2024:08:20:08 -0700] "GET /detail/uwduht/ HTTP/1.1" 200 94 "-" "Mozilla/5.0 (compatible; Googlebot/2.1; +http://www.google.com/bot.html)"
66.249.79.1 - - [25/Nov/2024:08:20:30 -0700] "GET /news/zdvlir/online-multiplayer-word-games.html HTTP/1.1" 200 94 "-" "Mozilla/5.0 (compatible; Googlebot/2.1; +http://www.google.com/bot.html)"
66.249.79.1 - - [25/Nov/2024:08:20:59 -0700] "GET /bet/cxvoph/www-vivo-pro-kabaddi.html HTTP/1.1" 200 94 "-" "Mozilla/5.0 (compatible; Googlebot/2.1; +http://www.google.com/bot.html)"
66.249.79.3 - - [25/Nov/2024:08:21:30 -0700] "GET /htdocs/pkv-games/beli-tas-bahu-anak/files/Senior%20Secondary/History-min.pdf HTTP/1.1" 200 94 "-" "Mozilla/5.0 AppleWebKit/537.36 (KHTML, like Gecko; compatible; GoogleOther) Chrome/131.0.6778.69 Safari/537.36"
66.249.79.2 - - [25/Nov/2024:08:21:32 -0700] "GET /news/hfrjhs/top-10-ipl-prediction-sites.html HTTP/1.1" 200 94 "-" "Mozilla/5.0 (compatible; Googlebot/2.1; +http://www.google.com/bot.html)"
66.249.79.1 - - [25/Nov/2024:08:21:58 -0700] "GET /detail/whpcmn/ HTTP/1.1" 200 94 "-" "Mozilla/5.0 (compatible; Googlebot/2.1; +http://www.google.com/bot.html)"
66.249.79.2 - - [25/Nov/2024:08:22:05 -0700] "GET /detail/?dfmpdh/ HTTP/1.1" 200 94 "-" "Mozilla/5.0 (compatible; Googlebot/2.1; +http://www.google.com/bot.html)"
66.249.79.2 - - [25/Nov/2024:08:22:06 -0700] "GET /detail/?fgrfyd/ HTTP/1.1" 200 94 "-" "Mozilla/5.0 (compatible; Googlebot/2.1; +http://www.google.com/bot.html)"
66.249.79.2 - - [25/Nov/2024:08:22:19 -0700] "GET /bet/?euuwjt/ HTTP/1.1" 200 94 "-" "Mozilla/5.0 (compatible; Googlebot/2.1; +http://www.google.com/bot.html)"
66.249.79.1 - - [25/Nov/2024:08:22:20 -0700] "GET /bet/pehpbs/ind-vs-eng-2016-t20-highlights.html HTTP/1.1" 200 94 "-" "Mozilla/5.0 (compatible; Googlebot/2.1; +http://www.google.com/bot.html)"
66.249.79.3 - - [25/Nov/2024:08:23:18 -0700] "GET /news/?mwtrcj/ HTTP/1.1" 200 94 "-" "Mozilla/5.0 (compatible; Googlebot/2.1; +http://www.google.com/bot.html)"
66.249.79.1 - - [25/Nov/2024:08:23:35 -0700] "GET /news/?zcfifa/ HTTP/1.1" 200 94 "-" "Mozilla/5.0 (compatible; Googlebot/2.1; +http://www.google.com/bot.html)"
66.249.79.2 - - [25/Nov/2024:08:23:38 -0700] "GET /bet/zcolan/ HTTP/1.1" 200 94 "-" "Mozilla/5.0 (compatible; Googlebot/2.1; +http://www.google.com/bot.html)"
66.249.79.1 - - [25/Nov/2024:08:23:49 -0700] "GET /news/?fuzprc/championship-odds.html HTTP/1.1" 200 94 "-" "Mozilla/5.0 (compatible; Googlebot/2.1; +http://www.google.com/bot.html)"
66.249.79.1 - - [25/Nov/2024:08:24:21 -0700] "GET /detail/oklfql/ HTTP/1.1" 200 94 "-" "Mozilla/5.0 (compatible; Googlebot/2.1; +http://www.google.com/bot.html)"
66.249.79.1 - - [25/Nov/2024:08:24:21 -0700] "GET /bet/afswpg/sb-casino.html HTTP/1.1" 200 94 "-" "Mozilla/5.0 (compatible; Googlebot/2.1; +http://www.google.com/bot.html)"
66.249.79.1 - - [25/Nov/2024:08:24:40 -0700] "GET /bet/gatmqf/spread-rams-game.html HTTP/1.1" 200 94 "-" "Mozilla/5.0 (compatible; Googlebot/2.1; +http://www.google.com/bot.html)"
69.162.124.238 - - [25/Nov/2024:08:24:53 -0700] "HEAD /cbse-corner.php HTTP/1.1" 200 - "https://behakfattu.akalacademy.ac.in/cbse-corner.php" "Mozilla/5.0+(compatible; UptimeRobot/2.0; http://www.uptimerobot.com/)"
66.249.79.2 - - [25/Nov/2024:08:25:03 -0700] "GET /bet/yjnvew/ HTTP/1.1" 200 94 "-" "Mozilla/5.0 (compatible; Googlebot/2.1; +http://www.google.com/bot.html)"
66.249.79.2 - - [25/Nov/2024:08:25:04 -0700] "GET /news/?rybddj/post-op-bbl.html HTTP/1.1" 200 94 "-" "Mozilla/5.0 (compatible; Googlebot/2.1; +http://www.google.com/bot.html)"
66.249.79.2 - - [25/Nov/2024:08:25:34 -0700] "GET /bet/hpaqtn/ipl-semi-final-match-place.html HTTP/1.1" 200 94 "-" "Mozilla/5.0 (compatible; Googlebot/2.1; +http://www.google.com/bot.html)"
66.249.79.1 - - [25/Nov/2024:08:25:42 -0700] "GET /bet/?unpuwj/ipl-2o19.html HTTP/1.1" 200 94 "-" "Mozilla/5.0 (compatible; Googlebot/2.1; +http://www.google.com/bot.html)"
66.249.79.1 - - [25/Nov/2024:08:25:44 -0700] "GET /bet/?zpdwns/gin-rummy-free-online-game.html HTTP/1.1" 200 94 "-" "Mozilla/5.0 (compatible; Googlebot/2.1; +http://www.google.com/bot.html)"
66.249.79.1 - - [25/Nov/2024:08:26:01 -0700] "GET /news/lomzln/ HTTP/1.1" 200 94 "-" "Mozilla/5.0 (compatible; Googlebot/2.1; +http://www.google.com/bot.html)"
66.249.79.1 - - [25/Nov/2024:08:26:18 -0700] "GET /bet/?fdrehv/zulubet-sababisha-prediction.html HTTP/1.1" 200 94 "-" "Mozilla/5.0 (compatible; Googlebot/2.1; +http://www.google.com/bot.html)"
66.249.79.2 - - [25/Nov/2024:08:26:18 -0700] "GET /detail/?pdghym/chennai-super-kings-rcb-cricket-live.html HTTP/1.1" 200 94 "-" "Mozilla/5.0 (compatible; Googlebot/2.1; +http://www.google.com/bot.html)"
66.249.79.1 - - [25/Nov/2024:08:26:21 -0700] "GET /news/mvifgu/poker-chips-with-cards-on-them.html HTTP/1.1" 200 94 "-" "Mozilla/5.0 (compatible; Googlebot/2.1; +http://www.google.com/bot.html)"
66.249.79.1 - - [25/Nov/2024:08:26:26 -0700] "GET /news/rjjmgz/ HTTP/1.1" 200 94 "-" "Mozilla/5.0 (compatible; Googlebot/2.1; +http://www.google.com/bot.html)"
66.249.79.1 - - [25/Nov/2024:08:26:30 -0700] "GET /detail/mevnkn/ HTTP/1.1" 200 94 "-" "Mozilla/5.0 (compatible; Googlebot/2.1; +http://www.google.com/bot.html)"
66.249.79.2 - - [25/Nov/2024:08:27:47 -0700] "GET /news/?xugfqz/ HTTP/1.1" 200 94 "-" "Mozilla/5.0 (compatible; Googlebot/2.1; +http://www.google.com/bot.html)"
66.249.79.3 - - [25/Nov/2024:08:27:48 -0700] "GET /detail/?hjuint/top-canadian-casino-games.html HTTP/1.1" 200 94 "-" "Mozilla/5.0 (compatible; Googlebot/2.1; +http://www.google.com/bot.html)"
5.255.231.37 - - [25/Nov/2024:08:27:53 -0700] "GET /robots.txt HTTP/1.1" 200 94 "-" "Mozilla/5.0 (compatible; YandexBot/3.0; +http://yandex.com/bots)"
213.180.203.168 - - [25/Nov/2024:08:27:53 -0700] "GET /sizrhei-gavs/files/Senior%20Secondary/files/Senior%20Secondary/files/IX-X/files/Secondary/417-IX-min.pdf HTTP/1.1" 200 94 "-" "Mozilla/5.0 (compatible; YandexBot/3.0; +http://yandex.com/bots)"
66.249.79.2 - - [25/Nov/2024:08:28:01 -0700] "GET /detail/puaewb/ HTTP/1.1" 200 94 "-" "Mozilla/5.0 (compatible; Googlebot/2.1; +http://www.google.com/bot.html)"
66.249.79.2 - - [25/Nov/2024:08:28:20 -0700] "GET /detail/rarrwk/ HTTP/1.1" 200 94 "-" "Mozilla/5.0 (compatible; Googlebot/2.1; +http://www.google.com/bot.html)"
66.249.79.1 - - [25/Nov/2024:08:28:28 -0700] "GET /detail/eqjbyk/ HTTP/1.1" 200 94 "-" "Mozilla/5.0 (compatible; Googlebot/2.1; +http://www.google.com/bot.html)"
66.249.79.1 - - [25/Nov/2024:08:28:38 -0700] "GET /detail/zheslx/sai-bigo-live.html HTTP/1.1" 200 94 "-" "Mozilla/5.0 (compatible; Googlebot/2.1; +http://www.google.com/bot.html)"
5.255.231.164 - - [25/Nov/2024:08:28:44 -0700] "GET /toererbterrm/files/Secondary/files/Secondary/ART_EDUCATION-min.pdf HTTP/1.1" 200 94 "-" "Mozilla/5.0 (compatible; YandexBot/3.0; +http://yandex.com/bots)"
66.249.79.1 - - [25/Nov/2024:08:28:57 -0700] "GET /detail/edezen/ai-score-prediction.html HTTP/1.1" 200 94 "-" "Mozilla/5.0 (compatible; Googlebot/2.1; +http://www.google.com/bot.html)"
5.255.231.85 - - [25/Nov/2024:08:29:13 -0700] "GET /isodca3rtiea/files/IX-X/files/IX-X/files/I-VIII/files/Secondary/Intitial_pages_srsec_2019-20-min.pdf HTTP/1.1" 200 94 "-" "Mozilla/5.0 (compatible; YandexBot/3.0; +http://yandex.com/bots)"
66.249.79.2 - - [25/Nov/2024:08:29:48 -0700] "GET /bet/?utefar/today-match-status-t20.html HTTP/1.1" 200 94 "-" "Mozilla/5.0 (compatible; Googlebot/2.1; +http://www.google.com/bot.html)"
69.162.124.238 - - [25/Nov/2024:08:29:53 -0700] "HEAD /cbse-corner.php HTTP/1.1" 200 - "https://behakfattu.akalacademy.ac.in/cbse-corner.php" "Mozilla/5.0+(compatible; UptimeRobot/2.0; http://www.uptimerobot.com/)"
66.249.79.2 - - [25/Nov/2024:08:29:55 -0700] "GET /detail/?jitwpo/ HTTP/1.1" 200 94 "-" "Mozilla/5.0 (compatible; Googlebot/2.1; +http://www.google.com/bot.html)"
5.255.231.12 - - [25/Nov/2024:08:30:04 -0700] "GET /files/files/IX-X/files/Secondary/files/Senior%20Secondary/BusinessStudies-min.pdf HTTP/1.1" 200 94 "-" "Mozilla/5.0 (compatible; YandexBot/3.0; +http://yandex.com/bots)"
66.249.79.2 - - [25/Nov/2024:08:30:13 -0700] "GET /news/?fizcyv/ HTTP/1.1" 200 94 "-" "Mozilla/5.0 (compatible; Googlebot/2.1; +http://www.google.com/bot.html)"
66.249.79.1 - - [25/Nov/2024:08:30:13 -0700] "GET /bet/?dktihn/mhrd-icc-innovation-day-celebrations.html HTTP/1.1" 200 94 "-" "Mozilla/5.0 (compatible; Googlebot/2.1; +http://www.google.com/bot.html)"
66.249.79.1 - - [25/Nov/2024:08:30:19 -0700] "GET /bet/qupgpw/battleground-mobile-india-ki-file.html HTTP/1.1" 200 94 "-" "Mozilla/5.0 (compatible; Googlebot/2.1; +http://www.google.com/bot.html)"
66.249.79.1 - - [25/Nov/2024:08:30:37 -0700] "GET /detail/?fyeasi/ HTTP/1.1" 200 94 "-" "Mozilla/5.0 (compatible; Googlebot/2.1; +http://www.google.com/bot.html)"
66.249.79.1 - - [25/Nov/2024:08:30:50 -0700] "GET /detail/adnlwb/ HTTP/1.1" 200 94 "-" "Mozilla/5.0 (compatible; Googlebot/2.1; +http://www.google.com/bot.html)"
66.249.79.1 - - [25/Nov/2024:08:30:56 -0700] "GET /bet/tqqsht/ HTTP/1.1" 200 94 "-" "Mozilla/5.0 (compatible; Googlebot/2.1; +http://www.google.com/bot.html)"
66.249.79.1 - - [25/Nov/2024:08:31:26 -0700] "GET /detail/?mpnimu/ HTTP/1.1" 200 94 "-" "Mozilla/5.0 (compatible; Googlebot/2.1; +http://www.google.com/bot.html)"
66.249.79.2 - - [25/Nov/2024:08:31:41 -0700] "GET /bet/?qxwvio/ HTTP/1.1" 200 94 "-" "Mozilla/5.0 (compatible; Googlebot/2.1; +http://www.google.com/bot.html)"
66.249.79.1 - - [25/Nov/2024:08:32:19 -0700] "GET /detail/?kjytzk/plinko-game-show.html HTTP/1.1" 200 94 "-" "Mozilla/5.0 (compatible; Googlebot/2.1; +http://www.google.com/bot.html)"
66.249.79.1 - - [25/Nov/2024:08:32:41 -0700] "GET /news/?sudsld/kl-rahul-india-v-australia-t20-second.html HTTP/1.1" 200 94 "-" "Mozilla/5.0 (compatible; Googlebot/2.1; +http://www.google.com/bot.html)"
5.255.231.7 - - [25/Nov/2024:08:32:48 -0700] "GET /robots.txt HTTP/1.1" 200 94 "-" "Mozilla/5.0 (compatible; YandexBot/3.0; +http://yandex.com/bots)"
213.180.203.228 - - [25/Nov/2024:08:32:49 -0700] "GET /pebsooeuoirm/files/Senior%20Secondary/files/Secondary/English_Sec_2019-20-min.pdf HTTP/1.1" 200 94 "-" "Mozilla/5.0 (compatible; YandexBot/3.0; +http://yandex.com/bots)"
66.249.79.1 - - [25/Nov/2024:08:32:51 -0700] "GET /news/dzskjx/icc-t20-world-cup-india-team-list-2021.html HTTP/1.1" 200 94 "-" "Mozilla/5.0 (compatible; Googlebot/2.1; +http://www.google.com/bot.html)"
66.249.79.3 - - [25/Nov/2024:08:33:38 -0700] "GET /bet/mmfjyl/ HTTP/1.1" 200 94 "-" "Mozilla/5.0 (compatible; Googlebot/2.1; +http://www.google.com/bot.html)"
66.249.79.2 - - [25/Nov/2024:08:33:58 -0700] "GET /bet/?cbzkak/ HTTP/1.1" 200 94 "-" "Mozilla/5.0 (compatible; Googlebot/2.1; +http://www.google.com/bot.html)"
66.249.79.1 - - [25/Nov/2024:08:34:43 -0700] "GET /news/?kczdpu/ HTTP/1.1" 200 94 "-" "Mozilla/5.0 (compatible; Googlebot/2.1; +http://www.google.com/bot.html)"
