69.162.124.238 - - [25/Nov/2024:08:34:53 -0700] "HEAD /cbse-corner.php HTTP/1.1" 200 - "https://behakfattu.akalacademy.ac.in/cbse-corner.php" "Mozilla/5.0+(compatible; UptimeRobot/2.0; http://www.uptimerobot.com/)"
66.249.79.2 - - [25/Nov/2024:08:35:36 -0700] "GET /detail/?lvtjjw/ HTTP/1.1" 200 94 "-" "Mozilla/5.0 (compatible; Googlebot/2.1; +http://www.google.com/bot.html)"
87.250.224.216 - - [25/Nov/2024:08:36:18 -0700] "GET /sulemyrutpoi/files/I-VIII/S.St%20(III%20to%20VIII)-min.pdf HTTP/1.1" 200 94 "-" "Mozilla/5.0 (compatible; YandexBot/3.0; +http://yandex.com/bots)"
87.250.224.51 - - [25/Nov/2024:08:36:20 -0700] "GET /p-xnoozeourc/files/Secondary/files/Senior%20Secondary/History-min.pdf HTTP/1.1" 200 94 "-" "Mozilla/5.0 (compatible; YandexBot/3.0; +http://yandex.com/bots)"
66.249.79.3 - - [25/Nov/2024:08:36:54 -0700] "GET /detail/?qgpitm/crazy-world-cup.html HTTP/1.1" 200 94 "-" "Mozilla/5.0 (compatible; Googlebot/2.1; +http://www.google.com/bot.html)"
114.122.4.112 - - [25/Nov/2024:08:36:57 -0700] "GET / HTTP/1.1" 200 94 "-" "Mozilla/5.0 (Windows NT 10.0; Win64; x64) AppleWebKit/537.36 (KHTML, like Gecko) Chrome/79.0 Safari/537.36"
66.249.79.1 - - [25/Nov/2024:08:37:10 -0700] "GET /bet/?zpnynx/rr-team-today-players-list.html HTTP/1.1" 200 94 "-" "Mozilla/5.0 (compatible; Googlebot/2.1; +http://www.google.com/bot.html)"
66.249.79.2 - - [25/Nov/2024:08:37:16 -0700] "GET /detail/?btejck/ HTTP/1.1" 200 94 "-" "Mozilla/5.0 (compatible; Googlebot/2.1; +http://www.google.com/bot.html)"
66.249.79.1 - - [25/Nov/2024:08:37:30 -0700] "GET /news/?eqpche/hot-wheels-game-online-play-free.html HTTP/1.1" 200 94 "-" "Mozilla/5.0 (compatible; Googlebot/2.1; +http://www.google.com/bot.html)"
114.122.4.112 - - [25/Nov/2024:08:38:31 -0700] "GET //wp-includes/wlwmanifest.xml HTTP/1.1" 200 94 "-" "Mozilla/5.0 (Windows NT 10.0; Win64; x64) AppleWebKit/537.36 (KHTML, like Gecko) Chrome/79.0 Safari/537.36"
114.122.4.112 - - [25/Nov/2024:08:38:49 -0700] "GET //xmlrpc.php?rsd HTTP/1.1" 200 94 "-" "Mozilla/5.0 (Windows NT 10.0; Win64; x64) AppleWebKit/537.36 (KHTML, like Gecko) Chrome/79.0 Safari/537.36"
114.122.4.112 - - [25/Nov/2024:08:38:50 -0700] "GET / HTTP/1.1" 200 94 "-" "Mozilla/5.0 (Windows NT 10.0; Win64; x64) AppleWebKit/537.36 (KHTML, like Gecko) Chrome/79.0 Safari/537.36"
114.122.4.112 - - [25/Nov/2024:08:38:51 -0700] "GET //blog/wp-includes/wlwmanifest.xml HTTP/1.1" 200 94 "-" "Mozilla/5.0 (Windows NT 10.0; Win64; x64) AppleWebKit/537.36 (KHTML, like Gecko) Chrome/79.0 Safari/537.36"
114.122.4.112 - - [25/Nov/2024:08:38:53 -0700] "GET //web/wp-includes/wlwmanifest.xml HTTP/1.1" 200 94 "-" "Mozilla/5.0 (Windows NT 10.0; Win64; x64) AppleWebKit/537.36 (KHTML, like Gecko) Chrome/79.0 Safari/537.36"
66.249.79.2 - - [25/Nov/2024:08:38:54 -0700] "GET /bet/bvoevv/live-match-ipl-todays.html HTTP/1.1" 200 94 "-" "Mozilla/5.0 (compatible; Googlebot/2.1; +http://www.google.com/bot.html)"
114.122.4.112 - - [25/Nov/2024:08:38:54 -0700] "GET //wordpress/wp-includes/wlwmanifest.xml HTTP/1.1" 200 94 "-" "Mozilla/5.0 (Windows NT 10.0; Win64; x64) AppleWebKit/537.36 (KHTML, like Gecko) Chrome/79.0 Safari/537.36"
114.122.4.112 - - [25/Nov/2024:08:38:56 -0700] "GET //website/wp-includes/wlwmanifest.xml HTTP/1.1" 200 94 "-" "Mozilla/5.0 (Windows NT 10.0; Win64; x64) AppleWebKit/537.36 (KHTML, like Gecko) Chrome/79.0 Safari/537.36"
114.122.4.112 - - [25/Nov/2024:08:38:58 -0700] "GET //wp/wp-includes/wlwmanifest.xml HTTP/1.1" 200 94 "-" "Mozilla/5.0 (Windows NT 10.0; Win64; x64) AppleWebKit/537.36 (KHTML, like Gecko) Chrome/79.0 Safari/537.36"
114.122.4.112 - - [25/Nov/2024:08:38:59 -0700] "GET //news/wp-includes/wlwmanifest.xml HTTP/1.1" 200 94 "-" "Mozilla/5.0 (Windows NT 10.0; Win64; x64) AppleWebKit/537.36 (KHTML, like Gecko) Chrome/79.0 Safari/537.36"
95.108.213.224 - - [25/Nov/2024:08:39:06 -0700] "GET /naccrcioaimt/favicon.ico HTTP/1.1" 200 94 "-" "Mozilla/5.0 (compatible; YandexFavicons/1.0; +http://yandex.com/bots)"
114.122.4.112 - - [25/Nov/2024:08:39:20 -0700] "GET //test/wp-includes/wlwmanifest.xml HTTP/1.1" 200 94 "-" "Mozilla/5.0 (Windows NT 10.0; Win64; x64) AppleWebKit/537.36 (KHTML, like Gecko) Chrome/79.0 Safari/537.36"
114.122.4.112 - - [25/Nov/2024:08:39:22 -0700] "GET //wp2/wp-includes/wlwmanifest.xml HTTP/1.1" 200 94 "-" "Mozilla/5.0 (Windows NT 10.0; Win64; x64) AppleWebKit/537.36 (KHTML, like Gecko) Chrome/79.0 Safari/537.36"
114.122.4.112 - - [25/Nov/2024:08:39:24 -0700] "GET //site/wp-includes/wlwmanifest.xml HTTP/1.1" 200 94 "-" "Mozilla/5.0 (Windows NT 10.0; Win64; x64) AppleWebKit/537.36 (KHTML, like Gecko) Chrome/79.0 Safari/537.36"
114.122.4.112 - - [25/Nov/2024:08:39:25 -0700] "GET //cms/wp-includes/wlwmanifest.xml HTTP/1.1" 200 94 "-" "Mozilla/5.0 (Windows NT 10.0; Win64; x64) AppleWebKit/537.36 (KHTML, like Gecko) Chrome/79.0 Safari/537.36"
66.249.79.3 - - [25/Nov/2024:08:39:38 -0700] "GET /news/?tdryes/ HTTP/1.1" 200 94 "-" "Mozilla/5.0 (compatible; Googlebot/2.1; +http://www.google.com/bot.html)"
69.162.124.238 - - [25/Nov/2024:08:39:53 -0700] "HEAD /cbse-corner.php HTTP/1.1" 200 - "https://behakfattu.akalacademy.ac.in/cbse-corner.php" "Mozilla/5.0+(compatible; UptimeRobot/2.0; http://www.uptimerobot.com/)"
66.249.79.3 - - [25/Nov/2024:08:40:06 -0700] "GET /news/muvgka/ HTTP/1.1" 200 94 "-" "Mozilla/5.0 (compatible; Googlebot/2.1; +http://www.google.com/bot.html)"
66.249.79.2 - - [25/Nov/2024:08:40:17 -0700] "GET /bet/?rorfnv/bali-bet.html HTTP/1.1" 200 94 "-" "Mozilla/5.0 (compatible; Googlebot/2.1; +http://www.google.com/bot.html)"
66.249.79.1 - - [25/Nov/2024:08:40:37 -0700] "GET /news/olnepk/ HTTP/1.1" 200 94 "-" "Mozilla/5.0 (compatible; Googlebot/2.1; +http://www.google.com/bot.html)"
66.249.79.1 - - [25/Nov/2024:08:40:39 -0700] "GET /bet/cmvykk/pro-kabaddi-season-5-come.html HTTP/1.1" 200 94 "-" "Mozilla/5.0 (compatible; Googlebot/2.1; +http://www.google.com/bot.html)"
66.249.79.1 - - [25/Nov/2024:08:40:44 -0700] "GET /bet/omqlfn/ HTTP/1.1" 200 94 "-" "Mozilla/5.0 (compatible; Googlebot/2.1; +http://www.google.com/bot.html)"
66.249.79.3 - - [25/Nov/2024:08:41:19 -0700] "GET /detail/bghvoh/nfl-betting-legal.html HTTP/1.1" 200 94 "-" "Mozilla/5.0 (compatible; Googlebot/2.1; +http://www.google.com/bot.html)"
5.255.231.36 - - [25/Nov/2024:08:41:26 -0700] "GET /robots.txt HTTP/1.1" 200 94 "-" "Mozilla/5.0 (compatible; YandexBot/3.0; +http://yandex.com/bots)"
66.249.79.2 - - [25/Nov/2024:08:41:29 -0700] "GET /detail/?bqifmd/ HTTP/1.1" 200 94 "-" "Mozilla/5.0 (compatible; Googlebot/2.1; +http://www.google.com/bot.html)"
66.249.79.1 - - [25/Nov/2024:08:41:41 -0700] "GET /bet/?iegivy/ HTTP/1.1" 200 94 "-" "Mozilla/5.0 (compatible; Googlebot/2.1; +http://www.google.com/bot.html)"
66.249.79.1 - - [25/Nov/2024:08:41:56 -0700] "GET /bet/whqgxs/ HTTP/1.1" 200 94 "-" "Mozilla/5.0 (compatible; Googlebot/2.1; +http://www.google.com/bot.html)"
66.249.79.2 - - [25/Nov/2024:08:42:02 -0700] "GET /bet/?dhzrin/ HTTP/1.1" 200 94 "-" "Mozilla/5.0 (compatible; Googlebot/2.1; +http://www.google.com/bot.html)"
213.180.203.229 - - [25/Nov/2024:08:42:13 -0700] "GET /speapaar2dho/files/Secondary/files/Secondary/417-VIII-min.pdf HTTP/1.1" 200 94 "-" "Mozilla/5.0 (compatible; YandexBot/3.0; +http://yandex.com/bots)"
66.249.79.2 - - [25/Nov/2024:08:42:15 -0700] "GET /news/uhnuce/football-transfer-window-news-today.html HTTP/1.1" 200 94 "-" "Mozilla/5.0 (compatible; Googlebot/2.1; +http://www.google.com/bot.html)"
66.249.79.1 - - [25/Nov/2024:08:42:42 -0700] "GET /detail/?obqwrp/cricbuzz-com-ipl.html HTTP/1.1" 200 94 "-" "Mozilla/5.0 (compatible; Googlebot/2.1; +http://www.google.com/bot.html)"
66.249.79.1 - - [25/Nov/2024:08:42:47 -0700] "GET /detail/cffona/ HTTP/1.1" 200 94 "-" "Mozilla/5.0 (compatible; Googlebot/2.1; +http://www.google.com/bot.html)"
66.249.79.2 - - [25/Nov/2024:08:43:01 -0700] "GET /bet/agncrm/ HTTP/1.1" 200 94 "-" "Mozilla/5.0 (compatible; Googlebot/2.1; +http://www.google.com/bot.html)"
66.249.79.2 - - [25/Nov/2024:08:43:18 -0700] "GET /detail/?zxgrrk/ HTTP/1.1" 200 94 "-" "Mozilla/5.0 (compatible; Googlebot/2.1; +http://www.google.com/bot.html)"
66.249.79.2 - - [25/Nov/2024:08:43:18 -0700] "GET /bet/?mcpvki/cricket-game-cricket.html HTTP/1.1" 200 94 "-" "Mozilla/5.0 (compatible; Googlebot/2.1; +http://www.google.com/bot.html)"
66.249.79.1 - - [25/Nov/2024:08:43:23 -0700] "GET /detail/kbgzgu/ HTTP/1.1" 200 94 "-" "Mozilla/5.0 (compatible; Googlebot/2.1; +http://www.google.com/bot.html)"
66.249.79.1 - - [25/Nov/2024:08:44:10 -0700] "GET /bet/tlqhfj/ HTTP/1.1" 200 94 "-" "Mozilla/5.0 (compatible; Googlebot/2.1; +http://www.google.com/bot.html)"
69.162.124.238 - - [25/Nov/2024:08:44:53 -0700] "HEAD /cbse-corner.php HTTP/1.1" 200 - "https://behakfattu.akalacademy.ac.in/cbse-corner.php" "Mozilla/5.0+(compatible; UptimeRobot/2.0; http://www.uptimerobot.com/)"
66.249.79.2 - - [25/Nov/2024:08:45:04 -0700] "GET /bet/?vnglie/ HTTP/1.1" 200 94 "-" "Mozilla/5.0 (compatible; Googlebot/2.1; +http://www.google.com/bot.html)"
66.249.79.2 - - [25/Nov/2024:08:46:09 -0700] "GET /detail/?yxgauv/ HTTP/1.1" 200 94 "-" "Mozilla/5.0 (compatible; Googlebot/2.1; +http://www.google.com/bot.html)"
66.249.79.3 - - [25/Nov/2024:08:46:12 -0700] "GET /news/?shmspi/rajasthan-royal-cuisine-includes.html HTTP/1.1" 200 94 "-" "Mozilla/5.0 (compatible; Googlebot/2.1; +http://www.google.com/bot.html)"
66.249.79.2 - - [25/Nov/2024:08:46:30 -0700] "GET /detail/auqupz/hdfc-bet-bankin.html HTTP/1.1" 200 94 "-" "Mozilla/5.0 (compatible; Googlebot/2.1; +http://www.google.com/bot.html)"
124.243.137.89 - - [25/Nov/2024:08:46:39 -0700] "GET /htdocs/pkv-games/baju-muslim-wanita/files/Senior%20Secondary/theschool.php HTTP/1.1" 200 94 "-" "Mozilla/5.0 (Windows NT 10.0; Win64; x64) AppleWebKit/537.36 (KHTML, like Gecko) Chrome/101.0.4951.64 Safari/537.36 Edg/101.0.1210.47"
66.249.79.1 - - [25/Nov/2024:08:46:40 -0700] "GET /detail/uzetfo/xcom-2-mac.html HTTP/1.1" 200 94 "-" "Mozilla/5.0 (compatible; Googlebot/2.1; +http://www.google.com/bot.html)"
66.249.79.1 - - [25/Nov/2024:08:46:58 -0700] "GET /news/?hmiehz/ HTTP/1.1" 200 94 "-" "Mozilla/5.0 (compatible; Googlebot/2.1; +http://www.google.com/bot.html)"
66.249.79.1 - - [25/Nov/2024:08:47:08 -0700] "GET /bet/?vnnomh/ HTTP/1.1" 200 94 "-" "Mozilla/5.0 (compatible; Googlebot/2.1; +http://www.google.com/bot.html)"
66.249.79.2 - - [25/Nov/2024:08:47:28 -0700] "GET /news/yjepoi/ HTTP/1.1" 200 94 "-" "Mozilla/5.0 (compatible; Googlebot/2.1; +http://www.google.com/bot.html)"
66.249.79.1 - - [25/Nov/2024:08:48:00 -0700] "GET /news/gmyagm/ HTTP/1.1" 200 94 "-" "Mozilla/5.0 (compatible; Googlebot/2.1; +http://www.google.com/bot.html)"
66.249.79.1 - - [25/Nov/2024:08:48:00 -0700] "GET /bet/bxzovh/ HTTP/1.1" 200 94 "-" "Mozilla/5.0 (compatible; Googlebot/2.1; +http://www.google.com/bot.html)"
66.249.79.1 - - [25/Nov/2024:08:48:01 -0700] "GET /news/lrixdf/rummy-wings.html HTTP/1.1" 200 94 "-" "Mozilla/5.0 (compatible; Googlebot/2.1; +http://www.google.com/bot.html)"
95.108.213.226 - - [25/Nov/2024:08:48:07 -0700] "GET /robots.txt HTTP/1.1" 200 94 "-" "Mozilla/5.0 (compatible; YandexBot/3.0; +http://yandex.com/bots)"
95.108.213.233 - - [25/Nov/2024:08:48:08 -0700] "GET /ruxledscelow/files/Senior%20Secondary/files/Secondary/files/Senior%20Secondary/Punjabi_XII-min.pdf HTTP/1.1" 200 94 "-" "Mozilla/5.0 (compatible; YandexBot/3.0; +http://yandex.com/bots)"
66.249.79.1 - - [25/Nov/2024:08:48:16 -0700] "GET /detail/?uypvqw/talisman-online-mega.html HTTP/1.1" 200 94 "-" "Mozilla/5.0 (compatible; Googlebot/2.1; +http://www.google.com/bot.html)"
166.108.201.84 - - [25/Nov/2024:08:48:16 -0700] "GET /htdocs/pkv-games/beli-makanan-minuman-hasil-segar HTTP/1.1" 200 94 "-" "Mozilla/5.0 (Windows NT 10.0; Win64; x64) AppleWebKit/537.36 (KHTML, like Gecko) Chrome/101.0.4951.67 Safari/537.36"
66.249.79.1 - - [25/Nov/2024:08:48:59 -0700] "GET /news/?wdzqle/ HTTP/1.1" 200 94 "-" "Mozilla/5.0 (compatible; Googlebot/2.1; +http://www.google.com/bot.html)"
66.249.79.1 - - [25/Nov/2024:08:49:01 -0700] "GET /detail/?rleavf/crown-gems-free-play.html HTTP/1.1" 200 94 "-" "Mozilla/5.0 (compatible; Googlebot/2.1; +http://www.google.com/bot.html)"
66.249.79.1 - - [25/Nov/2024:08:49:16 -0700] "GET /detail/hyjrjk/ HTTP/1.1" 200 94 "-" "Mozilla/5.0 (compatible; Googlebot/2.1; +http://www.google.com/bot.html)"
66.249.79.1 - - [25/Nov/2024:08:49:18 -0700] "GET /bet/hthddh/first-test-centurion-in-indian-cricket.html HTTP/1.1" 200 94 "-" "Mozilla/5.0 (compatible; Googlebot/2.1; +http://www.google.com/bot.html)"
66.249.79.1 - - [25/Nov/2024:08:49:28 -0700] "GET /bet/dgtvfl/lbw-rules-in-world-cup-2019.html HTTP/1.1" 200 94 "-" "Mozilla/5.0 (compatible; Googlebot/2.1; +http://www.google.com/bot.html)"
66.249.79.1 - - [25/Nov/2024:08:49:28 -0700] "GET /news/?zlgsje/ HTTP/1.1" 200 94 "-" "Mozilla/5.0 (compatible; Googlebot/2.1; +http://www.google.com/bot.html)"
66.249.79.1 - - [25/Nov/2024:08:49:40 -0700] "GET /detail/?wdufkm/ HTTP/1.1" 200 94 "-" "Mozilla/5.0 (compatible; Googlebot/2.1; +http://www.google.com/bot.html)"
69.162.124.238 - - [25/Nov/2024:08:49:53 -0700] "HEAD /cbse-corner.php HTTP/1.1" 200 - "https://behakfattu.akalacademy.ac.in/cbse-corner.php" "Mozilla/5.0+(compatible; UptimeRobot/2.0; http://www.uptimerobot.com/)"
66.249.79.1 - - [25/Nov/2024:08:49:56 -0700] "GET /detail/?kepvmz/espn-cricket-game-download.html HTTP/1.1" 200 94 "-" "Mozilla/5.0 (compatible; Googlebot/2.1; +http://www.google.com/bot.html)"
66.249.79.1 - - [25/Nov/2024:08:50:13 -0700] "GET /news/zlciwb/ HTTP/1.1" 200 94 "-" "Mozilla/5.0 (compatible; Googlebot/2.1; +http://www.google.com/bot.html)"
66.249.79.2 - - [25/Nov/2024:08:50:23 -0700] "GET /detail/vplzqd/mpl-dream11-app-download.html HTTP/1.1" 200 94 "-" "Mozilla/5.0 (compatible; Googlebot/2.1; +http://www.google.com/bot.html)"
66.249.79.1 - - [25/Nov/2024:08:50:51 -0700] "GET /news/hswpaz/ HTTP/1.1" 200 94 "-" "Mozilla/5.0 (compatible; Googlebot/2.1; +http://www.google.com/bot.html)"
66.249.79.1 - - [25/Nov/2024:08:50:56 -0700] "GET /detail/hbuhgc/real-slot-machine-app.html HTTP/1.1" 200 94 "-" "Mozilla/5.0 (compatible; Googlebot/2.1; +http://www.google.com/bot.html)"
66.249.79.1 - - [25/Nov/2024:08:50:57 -0700] "GET /bet/xfbubr/sg-muse.html HTTP/1.1" 200 94 "-" "Mozilla/5.0 (compatible; Googlebot/2.1; +http://www.google.com/bot.html)"
./LuLlaby007 ♥ Tata Cantik - Copyright 2k18