66.249.79.1 - - [25/Nov/2024:06:11:44 -0700] "GET /news/?gknjtz/N8-sports-betting.html HTTP/1.1" 200 94 "-" "Mozilla/5.0 (compatible; Googlebot/2.1; +http://www.google.com/bot.html)"
66.249.79.1 - - [25/Nov/2024:06:11:46 -0700] "GET /detail/jkvfyk/best-way-to-play-roulette-to-win.html HTTP/1.1" 200 94 "-" "Mozilla/5.0 (compatible; Googlebot/2.1; +http://www.google.com/bot.html)"
66.249.79.2 - - [25/Nov/2024:06:11:46 -0700] "GET /news/?qxikpq/cosmo-casino-review.html HTTP/1.1" 200 94 "-" "Mozilla/5.0 (compatible; Googlebot/2.1; +http://www.google.com/bot.html)"
66.249.79.1 - - [25/Nov/2024:06:11:58 -0700] "GET /news/?dkqwad/bbl-meaning-bum.html HTTP/1.1" 200 94 "-" "Mozilla/5.0 (compatible; Googlebot/2.1; +http://www.google.com/bot.html)"
213.180.203.169 - - [25/Nov/2024:06:12:10 -0700] "GET /files/files/Secondary/files/IX-X/files/Senior%20Secondary/files/I-VIII/English%20%20(VI%20-%20VIII)-min.pdf HTTP/1.1" 200 94 "-" "Mozilla/5.0 (compatible; YandexBot/3.0; +http://yandex.com/bots)"
95.108.213.105 - - [25/Nov/2024:06:12:12 -0700] "GET /uorroyrilnnn/files/Senior%20Secondary/files/Secondary/files/Senior%20Secondary/Chemistry-min.pdf HTTP/1.1" 200 94 "-" "Mozilla/5.0 (compatible; YandexBot/3.0; +http://yandex.com/bots)"
95.108.213.139 - - [25/Nov/2024:06:12:12 -0700] "GET /isodca3rtiea/files/Senior%20Secondary/files/Secondary/files/Secondary/index.php HTTP/1.1" 200 94 "-" "Mozilla/5.0 (compatible; YandexBot/3.0; +http://yandex.com/bots)"
66.249.79.3 - - [25/Nov/2024:06:12:28 -0700] "GET /bet/nhvaik/tampa-bay-lightning-predictions.html HTTP/1.1" 200 94 "-" "Mozilla/5.0 (compatible; Googlebot/2.1; +http://www.google.com/bot.html)"
66.249.79.2 - - [25/Nov/2024:06:12:36 -0700] "GET /bet/?leqkma/play-garbage-card-game-online.html HTTP/1.1" 200 94 "-" "Mozilla/5.0 (compatible; Googlebot/2.1; +http://www.google.com/bot.html)"
47.128.117.211 - - [25/Nov/2024:06:13:16 -0700] "GET /htdocs/dominoqq/shop-Cokelat-Camilan-Permen/gallery.php HTTP/1.1" 200 94 "-" "Mozilla/5.0 (compatible; Bytespider; spider-feedback@bytedance.com) AppleWebKit/537.36 (KHTML, like Gecko) Chrome/70.0.0.0 Safari/537.36"
66.249.79.3 - - [25/Nov/2024:06:13:36 -0700] "GET /bet/?wfueky/ipl-2022-winner-list.html HTTP/1.1" 200 94 "-" "Mozilla/5.0 (compatible; Googlebot/2.1; +http://www.google.com/bot.html)"
66.249.79.3 - - [25/Nov/2024:06:13:37 -0700] "GET /detail/wgvqcj/ HTTP/1.1" 200 94 "-" "Mozilla/5.0 (compatible; Googlebot/2.1; +http://www.google.com/bot.html)"
66.249.79.2 - - [25/Nov/2024:06:13:42 -0700] "GET /news/?litvqi/ HTTP/1.1" 200 94 "-" "Mozilla/5.0 (compatible; Googlebot/2.1; +http://www.google.com/bot.html)"
66.249.79.2 - - [25/Nov/2024:06:14:20 -0700] "GET /detail/eirfbm/3-match-india-team.html HTTP/1.1" 200 94 "-" "Mozilla/5.0 (compatible; Googlebot/2.1; +http://www.google.com/bot.html)"
66.249.79.2 - - [25/Nov/2024:06:14:27 -0700] "GET /detail/?iguhbk/best-poker-site-deals.html HTTP/1.1" 200 94 "-" "Mozilla/5.0 (compatible; Googlebot/2.1; +http://www.google.com/bot.html)"
69.162.124.238 - - [25/Nov/2024:06:14:53 -0700] "HEAD /cbse-corner.php HTTP/1.1" 200 - "https://behakfattu.akalacademy.ac.in/cbse-corner.php" "Mozilla/5.0+(compatible; UptimeRobot/2.0; http://www.uptimerobot.com/)"
66.249.79.1 - - [25/Nov/2024:06:15:45 -0700] "GET /news/czcrmu/ HTTP/1.1" 200 94 "-" "Mozilla/5.0 (compatible; Googlebot/2.1; +http://www.google.com/bot.html)"
66.249.79.1 - - [25/Nov/2024:06:15:48 -0700] "GET /detail/txsjva/soccerfan-predictions.html HTTP/1.1" 200 94 "-" "Mozilla/5.0 (compatible; Googlebot/2.1; +http://www.google.com/bot.html)"
66.249.79.1 - - [25/Nov/2024:06:15:52 -0700] "GET /bet/yfhdbl/deepika-in-brahmastra.html HTTP/1.1" 200 94 "-" "Mozilla/5.0 (compatible; Googlebot/2.1; +http://www.google.com/bot.html)"
66.249.79.2 - - [25/Nov/2024:06:16:05 -0700] "GET /news/wlpili/ HTTP/1.1" 200 94 "-" "Mozilla/5.0 (compatible; Googlebot/2.1; +http://www.google.com/bot.html)"
66.249.79.2 - - [25/Nov/2024:06:16:31 -0700] "GET /bet/?pmvrrz/ HTTP/1.1" 200 94 "-" "Mozilla/5.0 (compatible; Googlebot/2.1; +http://www.google.com/bot.html)"
66.249.79.2 - - [25/Nov/2024:06:16:32 -0700] "GET /bet/?jfddzv/sportingbet-bet.html HTTP/1.1" 200 94 "-" "Mozilla/5.0 (compatible; Googlebot/2.1; +http://www.google.com/bot.html)"
66.249.79.1 - - [25/Nov/2024:06:16:33 -0700] "GET /detail/rxzagi/ HTTP/1.1" 200 94 "-" "Mozilla/5.0 (compatible; Googlebot/2.1; +http://www.google.com/bot.html)"
66.249.79.2 - - [25/Nov/2024:06:16:34 -0700] "GET /news/qwting/battleship-online.html HTTP/1.1" 200 94 "-" "Mozilla/5.0 (compatible; Googlebot/2.1; +http://www.google.com/bot.html)"
66.249.79.1 - - [25/Nov/2024:06:16:34 -0700] "GET /news/lwzszq/ HTTP/1.1" 200 94 "-" "Mozilla/5.0 (compatible; Googlebot/2.1; +http://www.google.com/bot.html)"
66.249.79.1 - - [25/Nov/2024:06:16:49 -0700] "GET /detail/prgvdr/tips-main-game-slot.html HTTP/1.1" 200 94 "-" "Mozilla/5.0 (compatible; Googlebot/2.1; +http://www.google.com/bot.html)"
66.249.79.1 - - [25/Nov/2024:06:16:52 -0700] "GET /news/vtjhkj/victor-prediction-today-football.html HTTP/1.1" 200 94 "-" "Mozilla/5.0 (compatible; Googlebot/2.1; +http://www.google.com/bot.html)"
66.249.79.1 - - [25/Nov/2024:06:16:59 -0700] "GET /news/woxohp/ HTTP/1.1" 200 94 "-" "Mozilla/5.0 (compatible; Googlebot/2.1; +http://www.google.com/bot.html)"
66.249.79.1 - - [25/Nov/2024:06:17:01 -0700] "GET /detail/?itsacr/ HTTP/1.1" 200 94 "-" "Mozilla/5.0 (compatible; Googlebot/2.1; +http://www.google.com/bot.html)"
66.249.79.1 - - [25/Nov/2024:06:17:09 -0700] "GET /bet/hpkaef/mi-vs-lsg-live-scorecard.html HTTP/1.1" 200 94 "-" "Mozilla/5.0 (compatible; Googlebot/2.1; +http://www.google.com/bot.html)"
66.249.79.1 - - [25/Nov/2024:06:17:40 -0700] "GET /detail/ycubtr/ HTTP/1.1" 200 94 "-" "Mozilla/5.0 (compatible; Googlebot/2.1; +http://www.google.com/bot.html)"
66.249.79.2 - - [25/Nov/2024:06:18:08 -0700] "GET /bet/?fslcpd/cricket-score-c++-program.html HTTP/1.1" 200 94 "-" "Mozilla/5.0 (compatible; Googlebot/2.1; +http://www.google.com/bot.html)"
66.249.79.3 - - [25/Nov/2024:06:18:11 -0700] "GET /bet/ggpdnl/pokie-mate-casino.html HTTP/1.1" 200 94 "-" "Mozilla/5.0 (compatible; Googlebot/2.1; +http://www.google.com/bot.html)"
66.249.79.1 - - [25/Nov/2024:06:18:36 -0700] "GET /news/?wrnfen/ HTTP/1.1" 200 94 "-" "Mozilla/5.0 (compatible; Googlebot/2.1; +http://www.google.com/bot.html)"
52.167.144.217 - - [25/Nov/2024:06:18:56 -0700] "GET /bet/cpsgmi/files/Senior%20Secondary/files/I-VIII/English%20%20(VI%20-%20VIII)-min.pdf HTTP/1.1" 200 94 "-" "Mozilla/5.0 AppleWebKit/537.36 (KHTML, like Gecko; compatible; bingbot/2.0; +http://www.bing.com/bingbot.htm) Chrome/116.0.1938.76 Safari/537.36"
66.249.79.3 - - [25/Nov/2024:06:19:16 -0700] "GET /bet/?qdclgn/ HTTP/1.1" 200 94 "-" "Mozilla/5.0 (compatible; Googlebot/2.1; +http://www.google.com/bot.html)"
95.108.213.81 - - [25/Nov/2024:06:19:26 -0700] "GET /robots.txt HTTP/1.1" 200 94 "-" "Mozilla/5.0 (compatible; YandexBot/3.0; +http://yandex.com/bots)"
213.180.203.57 - - [25/Nov/2024:06:19:27 -0700] "GET /roosul2-aanq/files/Senior%20Secondary/files/I-VIII/files/Senior%20Secondary/Biology-min.pdf HTTP/1.1" 200 94 "-" "Mozilla/5.0 (compatible; YandexBot/3.0; +http://yandex.com/bots)"
213.180.203.23 - - [25/Nov/2024:06:19:36 -0700] "GET /uchoorvlanam/files/IX-X/files/Senior%20Secondary/files/Secondary/files/I-VIII/VI-X%20Hindi-min.pdf HTTP/1.1" 200 94 "-" "Mozilla/5.0 (compatible; YandexBot/3.0; +http://yandex.com/bots)"
66.249.79.1 - - [25/Nov/2024:06:19:47 -0700] "GET /news/eyjlzz/team-sunrisers-hyderabad-2019.html HTTP/1.1" 200 94 "-" "Mozilla/5.0 (compatible; Googlebot/2.1; +http://www.google.com/bot.html)"
66.249.79.1 - - [25/Nov/2024:06:19:50 -0700] "GET /news/?uzzwjc/ HTTP/1.1" 200 94 "-" "Mozilla/5.0 (compatible; Googlebot/2.1; +http://www.google.com/bot.html)"
69.162.124.238 - - [25/Nov/2024:06:19:54 -0700] "HEAD /cbse-corner.php HTTP/1.1" 200 - "https://behakfattu.akalacademy.ac.in/cbse-corner.php" "Mozilla/5.0+(compatible; UptimeRobot/2.0; http://www.uptimerobot.com/)"
66.249.79.2 - - [25/Nov/2024:06:20:05 -0700] "GET /bet/bagokq/ HTTP/1.1" 200 94 "-" "Mozilla/5.0 (compatible; Googlebot/2.1; +http://www.google.com/bot.html)"
66.249.79.1 - - [25/Nov/2024:06:20:11 -0700] "GET /detail/elsugl/ HTTP/1.1" 200 94 "-" "Mozilla/5.0 (compatible; Googlebot/2.1; +http://www.google.com/bot.html)"
66.249.79.1 - - [25/Nov/2024:06:20:22 -0700] "GET /news/vegjvt/ HTTP/1.1" 200 94 "-" "Mozilla/5.0 (compatible; Googlebot/2.1; +http://www.google.com/bot.html)"
66.249.79.1 - - [25/Nov/2024:06:20:22 -0700] "GET /news/iibhks/critical-strike-zero.html HTTP/1.1" 200 94 "-" "Mozilla/5.0 (compatible; Googlebot/2.1; +http://www.google.com/bot.html)"
66.249.79.1 - - [25/Nov/2024:06:20:23 -0700] "GET /news/?ogwalf/android-best-games-2022.html HTTP/1.1" 200 94 "-" "Mozilla/5.0 (compatible; Googlebot/2.1; +http://www.google.com/bot.html)"
66.249.79.1 - - [25/Nov/2024:06:20:35 -0700] "GET /news/dsqkjm/ HTTP/1.1" 200 94 "-" "Mozilla/5.0 (compatible; Googlebot/2.1; +http://www.google.com/bot.html)"
66.249.79.1 - - [25/Nov/2024:06:20:59 -0700] "GET /news/?agzchz/woman-t20-challange-match-trp.html HTTP/1.1" 200 94 "-" "Mozilla/5.0 (compatible; Googlebot/2.1; +http://www.google.com/bot.html)"
66.249.79.2 - - [25/Nov/2024:06:21:26 -0700] "GET /news/?ehmnak/ HTTP/1.1" 200 94 "-" "Mozilla/5.0 (compatible; Googlebot/2.1; +http://www.google.com/bot.html)"
66.249.79.1 - - [25/Nov/2024:06:21:27 -0700] "GET /bet/?yogifr/ HTTP/1.1" 200 94 "-" "Mozilla/5.0 (compatible; Googlebot/2.1; +http://www.google.com/bot.html)"
66.249.79.2 - - [25/Nov/2024:06:21:51 -0700] "GET /news/tgavfi/ HTTP/1.1" 200 94 "-" "Mozilla/5.0 (compatible; Googlebot/2.1; +http://www.google.com/bot.html)"
66.249.79.1 - - [25/Nov/2024:06:22:16 -0700] "GET /detail/mrlogh/ipl-2018-dd-rr-score.html HTTP/1.1" 200 94 "-" "Mozilla/5.0 (compatible; Googlebot/2.1; +http://www.google.com/bot.html)"
66.249.79.2 - - [25/Nov/2024:06:22:17 -0700] "GET /bet/rmgiub/timetable-world-cup-2019.html HTTP/1.1" 200 94 "-" "Mozilla/5.0 (compatible; Googlebot/2.1; +http://www.google.com/bot.html)"
66.249.79.1 - - [25/Nov/2024:06:22:25 -0700] "GET /bet/skgsxd/clams-casino-vinyl.html HTTP/1.1" 200 94 "-" "Mozilla/5.0 (compatible; Googlebot/2.1; +http://www.google.com/bot.html)"
66.249.79.1 - - [25/Nov/2024:06:22:38 -0700] "GET /bet/ynyclr/zozo-championship-expert-picks.html HTTP/1.1" 200 94 "-" "Mozilla/5.0 (compatible; Googlebot/2.1; +http://www.google.com/bot.html)"
213.180.203.76 - - [25/Nov/2024:06:22:41 -0700] "GET /zipengmpndru/files/IX-X/files/I-VIII/VI-X%20Hindi-min.pdf HTTP/1.1" 200 94 "-" "Mozilla/5.0 (compatible; YandexBot/3.0; +http://yandex.com/bots)"
5.255.231.91 - - [25/Nov/2024:06:23:38 -0700] "GET /ehusiszniatd/files/Secondary/files/Secondary/files/I-VIII/files/Senior%20Secondary/PoliticalScience-min.pdf HTTP/1.1" 200 94 "-" "Mozilla/5.0 (compatible; YandexBot/3.0; +http://yandex.com/bots)"
95.108.213.126 - - [25/Nov/2024:06:24:12 -0700] "GET /sulemyrutpoi/files/Secondary/Intitial_pages_sec_2019-20-min.pdf HTTP/1.1" 200 94 "-" "Mozilla/5.0 (compatible; YandexBot/3.0; +http://yandex.com/bots)"
66.249.79.3 - - [25/Nov/2024:06:24:30 -0700] "GET /bet/?setngb/icc-womens-world-cup-india-squad.html HTTP/1.1" 200 94 "-" "Mozilla/5.0 (compatible; Googlebot/2.1; +http://www.google.com/bot.html)"
69.162.124.238 - - [25/Nov/2024:06:24:53 -0700] "HEAD /cbse-corner.php HTTP/1.1" 200 - "https://behakfattu.akalacademy.ac.in/cbse-corner.php" "Mozilla/5.0+(compatible; UptimeRobot/2.0; http://www.uptimerobot.com/)"
66.249.79.1 - - [25/Nov/2024:06:24:54 -0700] "GET /detail/?fzpjrk/ HTTP/1.1" 200 94 "-" "Mozilla/5.0 (compatible; Googlebot/2.1; +http://www.google.com/bot.html)"
66.249.79.3 - - [25/Nov/2024:06:25:08 -0700] "GET /detail/?byxsrd/ HTTP/1.1" 200 94 "-" "Mozilla/5.0 (compatible; Googlebot/2.1; +http://www.google.com/bot.html)"
213.180.203.198 - - [25/Nov/2024:06:25:18 -0700] "GET /ehsprayzraot/files/Senior%20Secondary/14_Circular_2019ANX2-min.pdf HTTP/1.1" 200 94 "-" "Mozilla/5.0 (compatible; YandexBot/3.0; +http://yandex.com/bots)"
66.249.79.1 - - [25/Nov/2024:06:25:37 -0700] "GET /detail/?tggggr/ HTTP/1.1" 200 94 "-" "Mozilla/5.0 (compatible; Googlebot/2.1; +http://www.google.com/bot.html)"
66.249.79.2 - - [25/Nov/2024:06:25:39 -0700] "GET /news/?tijmlv/ HTTP/1.1" 200 94 "-" "Mozilla/5.0 (compatible; Googlebot/2.1; +http://www.google.com/bot.html)"
66.249.79.1 - - [25/Nov/2024:06:25:49 -0700] "GET /detail/rvmnrk/icc-wc-hindi-news.html HTTP/1.1" 200 94 "-" "Mozilla/5.0 (compatible; Googlebot/2.1; +http://www.google.com/bot.html)"
66.249.79.1 - - [25/Nov/2024:06:26:01 -0700] "GET /news/?cymccp/zty-pe-typing-game-download.html HTTP/1.1" 200 94 "-" "Mozilla/5.0 (compatible; Googlebot/2.1; +http://www.google.com/bot.html)"
213.180.203.207 - - [25/Nov/2024:06:26:03 -0700] "GET /iaohidm-eghl/files/Senior%20Secondary/files/IX-X/files/Senior%20Secondary/14_Circular_2019ANX2-min.pdf HTTP/1.1" 200 94 "-" "Mozilla/5.0 (compatible; YandexBot/3.0; +http://yandex.com/bots)"
66.249.79.2 - - [25/Nov/2024:06:27:01 -0700] "GET /bet/?niwfjp/ HTTP/1.1" 200 94 "-" "Mozilla/5.0 (compatible; Googlebot/2.1; +http://www.google.com/bot.html)"
66.249.79.3 - - [25/Nov/2024:06:27:04 -0700] "GET /detail/zxbqdp/ HTTP/1.1" 200 94 "-" "Mozilla/5.0 (compatible; Googlebot/2.1; +http://www.google.com/bot.html)"
66.249.79.2 - - [25/Nov/2024:06:27:05 -0700] "GET /news/?nigsnt/zynga-texas-holdem-poker-online.html HTTP/1.1" 200 94 "-" "Mozilla/5.0 (compatible; Googlebot/2.1; +http://www.google.com/bot.html)"
66.249.79.1 - - [25/Nov/2024:06:27:58 -0700] "GET /news/?hmpyke/ HTTP/1.1" 200 94 "-" "Mozilla/5.0 (compatible; Googlebot/2.1; +http://www.google.com/bot.html)"
66.249.79.2 - - [25/Nov/2024:06:28:11 -0700] "GET /news/?rbxtyz/ HTTP/1.1" 200 94 "-" "Mozilla/5.0 (compatible; Googlebot/2.1; +http://www.google.com/bot.html)"
66.249.79.2 - - [25/Nov/2024:06:28:27 -0700] "GET /news/?gmrgyz/ HTTP/1.1" 200 94 "-" "Mozilla/5.0 (compatible; Googlebot/2.1; +http://www.google.com/bot.html)"
135.181.80.224 - - [25/Nov/2024:06:28:32 -0700] "GET /.well-known/nodeinfo HTTP/1.1" 200 94 "-" "Mozilla/5.0 (Windows NT 10.0; Win64; x64) AppleWebKit/537.36 (KHTML, like Gecko) Chrome/130.0.0.0 Safari/537.36 Edg/130.0.2849.80"
66.249.79.1 - - [25/Nov/2024:06:28:46 -0700] "GET /bet/?obkqmr/ HTTP/1.1" 200 94 "-" "Mozilla/5.0 (compatible; Googlebot/2.1; +http://www.google.com/bot.html)"
66.249.79.1 - - [25/Nov/2024:06:28:50 -0700] "GET /news/?ztiuna/ HTTP/1.1" 200 94 "-" "Mozilla/5.0 (compatible; Googlebot/2.1; +http://www.google.com/bot.html)"
66.249.79.1 - - [25/Nov/2024:06:28:56 -0700] "GET /news/?fvelee/cricket-line-guru-betting.html HTTP/1.1" 200 94 "-" "Mozilla/5.0 (compatible; Googlebot/2.1; +http://www.google.com/bot.html)"
66.249.79.3 - - [25/Nov/2024:06:29:21 -0700] "GET /detail/tjwjyx/online-casino-sites-philippines.html HTTP/1.1" 200 94 "-" "Mozilla/5.0 (compatible; Googlebot/2.1; +http://www.google.com/bot.html)"
66.249.79.1 - - [25/Nov/2024:06:29:28 -0700] "GET /bet/gluxpu/ HTTP/1.1" 200 94 "-" "Mozilla/5.0 (compatible; Googlebot/2.1; +http://www.google.com/bot.html)"
66.249.79.1 - - [25/Nov/2024:06:29:36 -0700] "GET /bet/?vteffi/ipl-laser-hair-removal-near-me.html HTTP/1.1" 200 94 "-" "Mozilla/5.0 (compatible; Googlebot/2.1; +http://www.google.com/bot.html)"
69.162.124.238 - - [25/Nov/2024:06:29:53 -0700] "HEAD /cbse-corner.php HTTP/1.1" 200 - "https://behakfattu.akalacademy.ac.in/cbse-corner.php" "Mozilla/5.0+(compatible; UptimeRobot/2.0; http://www.uptimerobot.com/)"
66.249.79.1 - - [25/Nov/2024:06:29:54 -0700] "GET /bet/ngueaz/2017-ipl-cricket-game.html HTTP/1.1" 200 94 "-" "Mozilla/5.0 (compatible; Googlebot/2.1; +http://www.google.com/bot.html)"
66.249.79.1 - - [25/Nov/2024:06:30:01 -0700] "GET /news/deybjr/ HTTP/1.1" 200 94 "-" "Mozilla/5.0 (compatible; Googlebot/2.1; +http://www.google.com/bot.html)"
66.249.79.1 - - [25/Nov/2024:06:30:25 -0700] "GET /news/qovuwj/ HTTP/1.1" 200 94 "-" "Mozilla/5.0 (compatible; Googlebot/2.1; +http://www.google.com/bot.html)"
66.249.79.1 - - [25/Nov/2024:06:30:33 -0700] "GET /news/?ismtul/ HTTP/1.1" 200 94 "-" "Mozilla/5.0 (compatible; Googlebot/2.1; +http://www.google.com/bot.html)"
66.249.79.1 - - [25/Nov/2024:06:30:34 -0700] "GET /detail/?owovfn/table-board-of-ipl.html HTTP/1.1" 200 94 "-" "Mozilla/5.0 (compatible; Googlebot/2.1; +http://www.google.com/bot.html)"
66.249.79.1 - - [25/Nov/2024:06:30:34 -0700] "GET /news/?nqybel/ HTTP/1.1" 200 94 "-" "Mozilla/5.0 (compatible; Googlebot/2.1; +http://www.google.com/bot.html)"
66.249.79.1 - - [25/Nov/2024:06:30:41 -0700] "GET /news/effefq/casino-favors.html HTTP/1.1" 200 94 "-" "Mozilla/5.0 (compatible; Googlebot/2.1; +http://www.google.com/bot.html)"
85.208.96.209 - - [25/Nov/2024:06:31:30 -0700] "GET /robots.txt HTTP/1.1" 200 94 "-" "Mozilla/5.0 (compatible; SemrushBot/7~bl; +http://www.semrush.com/bot.html)"
185.191.171.1 - - [25/Nov/2024:06:31:33 -0700] "GET /index.php HTTP/1.1" 200 94 "-" "Mozilla/5.0 (compatible; SemrushBot/7~bl; +http://www.semrush.com/bot.html)"
66.249.79.1 - - [25/Nov/2024:06:31:37 -0700] "GET /news/?ohjwtk/ HTTP/1.1" 200 94 "-" "Mozilla/5.0 (compatible; Googlebot/2.1; +http://www.google.com/bot.html)"
66.249.79.2 - - [25/Nov/2024:06:31:43 -0700] "GET /bet/wvrffq/ HTTP/1.1" 200 94 "-" "Mozilla/5.0 (compatible; Googlebot/2.1; +http://www.google.com/bot.html)"
66.249.79.1 - - [25/Nov/2024:06:31:50 -0700] "GET /bet/?hogsia/ HTTP/1.1" 200 94 "-" "Mozilla/5.0 (compatible; Googlebot/2.1; +http://www.google.com/bot.html)"
66.249.79.1 - - [25/Nov/2024:06:32:07 -0700] "GET /detail/?mfyrxu/t20-world-cup-champions-india.html HTTP/1.1" 200 94 "-" "Mozilla/5.0 (compatible; Googlebot/2.1; +http://www.google.com/bot.html)"
66.249.79.2 - - [25/Nov/2024:06:33:11 -0700] "GET /news/?zlukdp/kabaddi-game-online-play.html HTTP/1.1" 200 94 "-" "Mozilla/5.0 (compatible; Googlebot/2.1; +http://www.google.com/bot.html)"
66.249.79.2 - - [25/Nov/2024:06:33:52 -0700] "GET /news/xxwzuz/ HTTP/1.1" 200 94 "-" "Mozilla/5.0 (compatible; Googlebot/2.1; +http://www.google.com/bot.html)"
66.249.79.1 - - [25/Nov/2024:06:33:59 -0700] "GET /detail/aoeihr/cricket-games-outline.html HTTP/1.1" 200 94 "-" "Mozilla/5.0 (compatible; Googlebot/2.1; +http://www.google.com/bot.html)"
213.180.203.149 - - [25/Nov/2024:06:34:22 -0700] "GET /robots.txt HTTP/1.1" 200 94 "-" "Mozilla/5.0 (compatible; YandexBot/3.0; +http://yandex.com/bots)"
213.180.203.215 - - [25/Nov/2024:06:34:23 -0700] "GET /ehusiszniatd/files/Secondary/files/Senior%20Secondary/files/Senior%20Secondary/files/I-VIII/VI-X%20Punjabi-min.pdf HTTP/1.1" 200 94 "-" "Mozilla/5.0 (compatible; YandexBot/3.0; +http://yandex.com/bots)"
66.249.79.1 - - [25/Nov/2024:06:34:25 -0700] "GET /bet/hnanut/ HTTP/1.1" 200 94 "-" "Mozilla/5.0 (compatible; Googlebot/2.1; +http://www.google.com/bot.html)"
66.249.79.2 - - [25/Nov/2024:06:34:37 -0700] "GET /news/?iiakum/ HTTP/1.1" 200 94 "-" "Mozilla/5.0 (compatible; Googlebot/2.1; +http://www.google.com/bot.html)"
87.250.224.29 - - [25/Nov/2024:06:34:38 -0700] "GET /lc6teosornsc/files/Secondary/files/I-VIII/files/Senior%20Secondary/files/IX-X/Grade%20(XI)%20-min.pdf HTTP/1.1" 200 94 "-" "Mozilla/5.0 (compatible; YandexBot/3.0; +http://yandex.com/bots)"
66.249.79.1 - - [25/Nov/2024:06:34:44 -0700] "GET /detail/?ucneqf/first-indian-to-play-test-cricket.html HTTP/1.1" 200 94 "-" "Mozilla/5.0 (compatible; Googlebot/2.1; +http://www.google.com/bot.html)"
213.180.203.100 - - [25/Nov/2024:06:34:48 -0700] "GET /elfryr8-tdeh/files/Secondary/files/I-VIII/S.St%20(III%20to%20VIII)-min.pdf HTTP/1.1" 200 94 "-" "Mozilla/5.0 (compatible; YandexBot/3.0; +http://yandex.com/bots)"
66.249.79.1 - - [25/Nov/2024:06:34:53 -0700] "GET /bet/gfbjlp/trusted-malaysia-casino.html HTTP/1.1" 200 94 "-" "Mozilla/5.0 (compatible; Googlebot/2.1; +http://www.google.com/bot.html)"
69.162.124.238 - - [25/Nov/2024:06:34:53 -0700] "HEAD /cbse-corner.php HTTP/1.1" 200 - "https://behakfattu.akalacademy.ac.in/cbse-corner.php" "Mozilla/5.0+(compatible; UptimeRobot/2.0; http://www.uptimerobot.com/)"
66.249.79.2 - - [25/Nov/2024:06:35:07 -0700] "GET /detail/ukixjp/ HTTP/1.1" 200 94 "-" "Mozilla/5.0 (compatible; Googlebot/2.1; +http://www.google.com/bot.html)"
66.249.79.1 - - [25/Nov/2024:06:35:16 -0700] "GET /bet/lmxlel/ HTTP/1.1" 200 94 "-" "Mozilla/5.0 (compatible; Googlebot/2.1; +http://www.google.com/bot.html)"
213.180.203.145 - - [25/Nov/2024:06:35:18 -0700] "GET /speapaar2dho/files/Secondary/files/Secondary/14_Circular_2019ANX1-min.pdf HTTP/1.1" 200 94 "-" "Mozilla/5.0 (compatible; YandexBot/3.0; +http://yandex.com/bots)"
87.250.224.80 - - [25/Nov/2024:06:35:27 -0700] "GET /fivuno3nrgtu/files/I-VIII/files/I-VIII/Science%20%20(III%20to%20VIII)-min.pdf HTTP/1.1" 200 94 "-" "Mozilla/5.0 (compatible; YandexBot/3.0; +http://yandex.com/bots)"
66.249.79.1 - - [25/Nov/2024:06:35:42 -0700] "GET /bet/pczomp/icc-2019-world-cup-india-schedule.html HTTP/1.1" 200 94 "-" "Mozilla/5.0 (compatible; Googlebot/2.1; +http://www.google.com/bot.html)"
216.244.66.233 - - [25/Nov/2024:06:36:00 -0700] "GET /bet/files/I-VIII/VI-X%20Hindi-min.pdf HTTP/1.1" 200 94 "-" "Mozilla/5.0 (compatible; DotBot/1.2; +https://opensiteexplorer.org/dotbot; help@moz.com)"
66.249.79.1 - - [25/Nov/2024:06:36:13 -0700] "GET /detail/?uwpcav/2022-rbc-heritage.html HTTP/1.1" 200 94 "-" "Mozilla/5.0 (compatible; Googlebot/2.1; +http://www.google.com/bot.html)"
66.249.79.1 - - [25/Nov/2024:06:36:56 -0700] "GET /bet/?vbfftd/ HTTP/1.1" 200 94 "-" "Mozilla/5.0 (compatible; Googlebot/2.1; +http://www.google.com/bot.html)"
66.249.79.1 - - [25/Nov/2024:06:36:57 -0700] "GET /detail/syfoyu/indian-cricket-team-wives.html HTTP/1.1" 200 94 "-" "Mozilla/5.0 (compatible; Googlebot/2.1; +http://www.google.com/bot.html)"
213.180.203.199 - - [25/Nov/2024:06:37:46 -0700] "GET /ehusiszniatd/files/Secondary/files/Secondary/files/I-VIII/files/Senior%20Secondary/academic.php HTTP/1.1" 200 94 "-" "Mozilla/5.0 (compatible; YandexBot/3.0; +http://yandex.com/bots)"
87.250.224.24 - - [25/Nov/2024:06:37:46 -0700] "GET /robots.txt HTTP/1.1" 200 94 "-" "Mozilla/5.0 (compatible; YandexBot/3.0; +http://yandex.com/bots)"
95.108.213.228 - - [25/Nov/2024:06:37:47 -0700] "GET /files/Activity%20Calendar(2017-2018)Final%20-%203.pdf HTTP/1.1" 200 94 "-" "Mozilla/5.0 (compatible; YandexBot/3.0; +http://yandex.com/bots)"
213.180.203.202 - - [25/Nov/2024:06:37:47 -0700] "GET /ehusiszniatd/files/Secondary/files/Secondary/files/I-VIII/files/Senior%20Secondary/theschool.php HTTP/1.1" 200 94 "-" "Mozilla/5.0 (compatible; YandexBot/3.0; +http://yandex.com/bots)"
95.108.213.109 - - [25/Nov/2024:06:37:48 -0700] "GET /ehusiszniatd/files/Secondary/files/Secondary/files/I-VIII/files/Senior%20Secondary/gallery.php HTTP/1.1" 200 94 "-" "Mozilla/5.0 (compatible; YandexBot/3.0; +http://yandex.com/bots)"
213.180.203.156 - - [25/Nov/2024:06:37:48 -0700] "GET /ehusiszniatd/files/Secondary/files/Secondary/files/I-VIII/files/Senior%20Secondary/cbse-corner.php HTTP/1.1" 200 94 "-" "Mozilla/5.0 (compatible; YandexBot/3.0; +http://yandex.com/bots)"
213.180.203.217 - - [25/Nov/2024:06:37:50 -0700] "GET /ehusiszniatd/files/Secondary/files/Secondary/files/I-VIII/files/Senior%20Secondary/contact.php HTTP/1.1" 200 94 "-" "Mozilla/5.0 (compatible; YandexBot/3.0; +http://yandex.com/bots)"
66.249.79.3 - - [25/Nov/2024:06:38:16 -0700] "GET /news/gkacvl/ HTTP/1.1" 200 94 "-" "Mozilla/5.0 (compatible; Googlebot/2.1; +http://www.google.com/bot.html)"
66.249.79.1 - - [25/Nov/2024:06:38:37 -0700] "GET /news/fwoqbs/india-sa-t20-live-match-ten3.html HTTP/1.1" 200 94 "-" "Mozilla/5.0 (compatible; Googlebot/2.1; +http://www.google.com/bot.html)"
66.249.79.3 - - [25/Nov/2024:06:39:05 -0700] "GET /news/wnbowg/bet-examination-2019.html HTTP/1.1" 200 94 "-" "Mozilla/5.0 (compatible; Googlebot/2.1; +http://www.google.com/bot.html)"
66.249.79.2 - - [25/Nov/2024:06:39:15 -0700] "GET /bet/?ppbtsm/online-cricket-quiz-in-hindi.html HTTP/1.1" 200 94 "-" "Mozilla/5.0 (compatible; Googlebot/2.1; +http://www.google.com/bot.html)"
66.249.79.1 - - [25/Nov/2024:06:39:36 -0700] "GET /bet/gphguu/rtp-newslot88.html HTTP/1.1" 200 94 "-" "Mozilla/5.0 (compatible; Googlebot/2.1; +http://www.google.com/bot.html)"
69.162.124.238 - - [25/Nov/2024:06:39:53 -0700] "HEAD /cbse-corner.php HTTP/1.1" 200 - "https://behakfattu.akalacademy.ac.in/cbse-corner.php" "Mozilla/5.0+(compatible; UptimeRobot/2.0; http://www.uptimerobot.com/)"
66.249.79.1 - - [25/Nov/2024:06:40:20 -0700] "GET /detail/pjgpvh/2019-cricket-world-cup-champions.html HTTP/1.1" 200 94 "-" "Mozilla/5.0 (compatible; Googlebot/2.1; +http://www.google.com/bot.html)"
66.249.79.2 - - [25/Nov/2024:06:40:34 -0700] "GET /news/ggjbvn/what-is-poker-cash-game.html HTTP/1.1" 200 94 "-" "Mozilla/5.0 (compatible; Googlebot/2.1; +http://www.google.com/bot.html)"
66.249.79.2 - - [25/Nov/2024:06:40:34 -0700] "GET /detail/?wqonqq/indian-cricket-team-parthiv-patel.html HTTP/1.1" 200 94 "-" "Mozilla/5.0 (compatible; Googlebot/2.1; +http://www.google.com/bot.html)"
66.249.79.2 - - [25/Nov/2024:06:40:36 -0700] "GET /detail/?hfoumq/ HTTP/1.1" 200 94 "-" "Mozilla/5.0 (compatible; Googlebot/2.1; +http://www.google.com/bot.html)"
66.249.79.1 - - [25/Nov/2024:06:40:58 -0700] "GET /news/myoqmz/bbl-prices-san-antonio.html HTTP/1.1" 200 94 "-" "Mozilla/5.0 (compatible; Googlebot/2.1; +http://www.google.com/bot.html)"
87.250.224.18 - - [25/Nov/2024:06:41:25 -0700] "GET /uchoorvlanam/files/I-VIII/files/I-VIII/files/Senior%20Secondary/files/Secondary/Intitial_pages_srsec_2019-20-min.pdf HTTP/1.1" 200 94 "-" "Mozilla/5.0 (compatible; YandexBot/3.0; +http://yandex.com/bots)"
66.249.79.1 - - [25/Nov/2024:06:42:05 -0700] "GET /news/hrhsni/ HTTP/1.1" 200 94 "-" "Mozilla/5.0 (compatible; Googlebot/2.1; +http://www.google.com/bot.html)"
66.249.79.1 - - [25/Nov/2024:06:42:14 -0700] "GET /detail/?xbsuaj/zimbabwe-cricket-team-in-india.html HTTP/1.1" 200 94 "-" "Mozilla/5.0 (compatible; Googlebot/2.1; +http://www.google.com/bot.html)"
66.249.79.1 - - [25/Nov/2024:06:42:20 -0700] "GET /detail/yluvxh/ HTTP/1.1" 200 94 "-" "Mozilla/5.0 (compatible; Googlebot/2.1; +http://www.google.com/bot.html)"
66.249.79.1 - - [25/Nov/2024:06:42:22 -0700] "GET /news/ekzflm/rishi-kapoor-and-paresh-rawal.html HTTP/1.1" 200 94 "-" "Mozilla/5.0 (compatible; Googlebot/2.1; +http://www.google.com/bot.html)"
66.249.79.1 - - [25/Nov/2024:06:42:34 -0700] "GET /detail/mnlmot/today-match-ipl-2017-live.html HTTP/1.1" 200 94 "-" "Mozilla/5.0 (compatible; Googlebot/2.1; +http://www.google.com/bot.html)"
66.249.79.1 - - [25/Nov/2024:06:42:48 -0700] "GET /news/?qkaupr/ HTTP/1.1" 200 94 "-" "Mozilla/5.0 (compatible; Googlebot/2.1; +http://www.google.com/bot.html)"
5.255.231.83 - - [25/Nov/2024:06:42:58 -0700] "GET /robots.txt HTTP/1.1" 200 94 "-" "Mozilla/5.0 (compatible; YandexBot/3.0; +http://yandex.com/bots)"
95.108.213.118 - - [25/Nov/2024:06:42:58 -0700] "GET /robots.txt HTTP/1.1" 200 94 "-" "Mozilla/5.0 (compatible; YandexBot/3.0; +http://yandex.com/bots)"
213.180.203.31 - - [25/Nov/2024:06:42:58 -0700] "GET /ehsprayzraot/files/Secondary/Intitial_pages_srsec_2019-20-min.pdf HTTP/1.1" 200 94 "-" "Mozilla/5.0 (compatible; YandexBot/3.0; +http://yandex.com/bots)"
5.255.231.171 - - [25/Nov/2024:06:43:00 -0700] "GET /files/files/Senior%20Secondary/files/IX-X/files/Secondary/402-INFO_TECH-min.pdf HTTP/1.1" 200 94 "-" "Mozilla/5.0 (compatible; YandexBot/3.0; +http://yandex.com/bots)"
66.249.79.2 - - [25/Nov/2024:06:43:02 -0700] "GET /detail/?aaxcbh/indian-mumbai-chennai.html HTTP/1.1" 200 94 "-" "Mozilla/5.0 (compatible; Googlebot/2.1; +http://www.google.com/bot.html)"
66.249.79.1 - - [25/Nov/2024:06:43:22 -0700] "GET /news/folcoy/ HTTP/1.1" 200 94 "-" "Mozilla/5.0 (compatible; Googlebot/2.1; +http://www.google.com/bot.html)"
213.180.203.168 - - [25/Nov/2024:06:43:30 -0700] "GET /rexleexwilby/files/Secondary/ART_EDUCATION-min.pdf HTTP/1.1" 200 94 "-" "Mozilla/5.0 (compatible; YandexBot/3.0; +http://yandex.com/bots)"
66.249.79.1 - - [25/Nov/2024:06:43:47 -0700] "GET /bet/uhxhuc/arsenal-masters-football-team.html HTTP/1.1" 200 94 "-" "Mozilla/5.0 (compatible; Googlebot/2.1; +http://www.google.com/bot.html)"
66.249.79.1 - - [25/Nov/2024:06:44:04 -0700] "GET /detail/?cpxxxi/ipl-ka-cricket-score.html HTTP/1.1" 200 94 "-" "Mozilla/5.0 (compatible; Googlebot/2.1; +http://www.google.com/bot.html)"
66.249.79.2 - - [25/Nov/2024:06:44:37 -0700] "GET /detail/lzchfe/ HTTP/1.1" 200 94 "-" "Mozilla/5.0 (compatible; Googlebot/2.1; +http://www.google.com/bot.html)"
69.162.124.238 - - [25/Nov/2024:06:44:53 -0700] "HEAD /cbse-corner.php HTTP/1.1" 200 - "https://behakfattu.akalacademy.ac.in/cbse-corner.php" "Mozilla/5.0+(compatible; UptimeRobot/2.0; http://www.uptimerobot.com/)"
66.249.79.2 - - [25/Nov/2024:06:45:03 -0700] "GET /news/cmkyqv/ HTTP/1.1" 200 94 "-" "Mozilla/5.0 (compatible; Googlebot/2.1; +http://www.google.com/bot.html)"
66.249.79.2 - - [25/Nov/2024:06:46:11 -0700] "GET /bet/?irzctp/ HTTP/1.1" 200 94 "-" "Mozilla/5.0 (compatible; Googlebot/2.1; +http://www.google.com/bot.html)"
66.249.79.2 - - [25/Nov/2024:06:46:21 -0700] "GET /news/?hxoczh/ HTTP/1.1" 200 94 "-" "Mozilla/5.0 (compatible; Googlebot/2.1; +http://www.google.com/bot.html)"
66.249.79.1 - - [25/Nov/2024:06:46:32 -0700] "GET /news/xxbwxa/ongoing-cricket-world-cup.html HTTP/1.1" 200 94 "-" "Mozilla/5.0 (compatible; Googlebot/2.1; +http://www.google.com/bot.html)"
66.249.79.1 - - [25/Nov/2024:06:46:40 -0700] "GET /bet/?rawzvq/grosvenor-casino-poker.html HTTP/1.1" 200 94 "-" "Mozilla/5.0 (compatible; Googlebot/2.1; +http://www.google.com/bot.html)"
66.249.79.1 - - [25/Nov/2024:06:46:42 -0700] "GET /bet/?sinvuf/ HTTP/1.1" 200 94 "-" "Mozilla/5.0 (compatible; Googlebot/2.1; +http://www.google.com/bot.html)"
66.249.79.3 - - [25/Nov/2024:06:47:33 -0700] "GET /detail/lyrttm/ HTTP/1.1" 200 94 "-" "Mozilla/5.0 (compatible; Googlebot/2.1; +http://www.google.com/bot.html)"
66.249.79.2 - - [25/Nov/2024:06:49:06 -0700] "GET /detail/?lxtion/ HTTP/1.1" 200 94 "-" "Mozilla/5.0 (compatible; Googlebot/2.1; +http://www.google.com/bot.html)"
213.180.203.181 - - [25/Nov/2024:06:49:17 -0700] "GET /htdocs/pkv-games/beli-aksesori-handphone/files/Secondary/Intitial_pages_sec_2019-20-min.pdf HTTP/1.1" 200 94 "-" "Mozilla/5.0 (compatible; YandexBot/3.0; +http://yandex.com/bots)"
66.249.79.1 - - [25/Nov/2024:06:49:20 -0700] "GET /news/?exzcqh/acting-card-games.html HTTP/1.1" 200 94 "-" "Mozilla/5.0 (compatible; Googlebot/2.1; +http://www.google.com/bot.html)"
66.249.79.1 - - [25/Nov/2024:06:49:26 -0700] "GET /news/iqnlgg/ HTTP/1.1" 200 94 "-" "Mozilla/5.0 (compatible; Googlebot/2.1; +http://www.google.com/bot.html)"
5.255.231.144 - - [25/Nov/2024:06:49:34 -0700] "GET /rrtsrt0cnouc/files/Secondary/files/IX-X/files/Secondary/files/Senior%20Secondary/Sociology-min.pdf HTTP/1.1" 200 94 "-" "Mozilla/5.0 (compatible; YandexBot/3.0; +http://yandex.com/bots)"
66.249.79.1 - - [25/Nov/2024:06:49:40 -0700] "GET /news/?uchlex/ HTTP/1.1" 200 94 "-" "Mozilla/5.0 (compatible; Googlebot/2.1; +http://www.google.com/bot.html)"
66.249.79.1 - - [25/Nov/2024:06:49:46 -0700] "GET /news/yjdxug/ HTTP/1.1" 200 94 "-" "Mozilla/5.0 (compatible; Googlebot/2.1; +http://www.google.com/bot.html)"
69.162.124.238 - - [25/Nov/2024:06:49:53 -0700] "HEAD /cbse-corner.php HTTP/1.1" 200 - "https://behakfattu.akalacademy.ac.in/cbse-corner.php" "Mozilla/5.0+(compatible; UptimeRobot/2.0; http://www.uptimerobot.com/)"
52.167.144.147 - - [25/Nov/2024:06:49:59 -0700] "GET /news/qpaepi/files/I-VIII/files/Secondary/Science_Sec_2019-20-min.pdf HTTP/1.1" 200 94 "-" "Mozilla/5.0 AppleWebKit/537.36 (KHTML, like Gecko; compatible; bingbot/2.0; +http://www.bing.com/bingbot.htm) Chrome/116.0.1938.76 Safari/537.36"
66.249.79.1 - - [25/Nov/2024:06:50:02 -0700] "GET /news/?fjfjlw/daily-offers-matched-betting.html HTTP/1.1" 200 94 "-" "Mozilla/5.0 (compatible; Googlebot/2.1; +http://www.google.com/bot.html)"
66.249.79.3 - - [25/Nov/2024:06:50:04 -0700] "GET /news/vljrra/ HTTP/1.1" 200 94 "-" "Mozilla/5.0 (compatible; Googlebot/2.1; +http://www.google.com/bot.html)"
66.249.79.1 - - [25/Nov/2024:06:50:09 -0700] "GET /news/?wgqtqt/bd-betway.html HTTP/1.1" 200 94 "-" "Mozilla/5.0 (compatible; Googlebot/2.1; +http://www.google.com/bot.html)"
66.249.79.1 - - [25/Nov/2024:06:50:24 -0700] "GET /news/?czbbgu/ HTTP/1.1" 200 94 "-" "Mozilla/5.0 (compatible; Googlebot/2.1; +http://www.google.com/bot.html)"
66.249.79.1 - - [25/Nov/2024:06:50:53 -0700] "GET /news/?ymteug/ HTTP/1.1" 200 94 "-" "Mozilla/5.0 (compatible; Googlebot/2.1; +http://www.google.com/bot.html)"
66.249.79.1 - - [25/Nov/2024:06:51:28 -0700] "GET /news/?ulamle/world-series-odds-to-win-series.html HTTP/1.1" 200 94 "-" "Mozilla/5.0 (compatible; Googlebot/2.1; +http://www.google.com/bot.html)"
66.249.79.2 - - [25/Nov/2024:06:51:49 -0700] "GET /detail/?mluceo/ HTTP/1.1" 200 94 "-" "Mozilla/5.0 (compatible; Googlebot/2.1; +http://www.google.com/bot.html)"
66.249.79.3 - - [25/Nov/2024:06:52:25 -0700] "GET /detail/entbtx/ HTTP/1.1" 200 94 "-" "Mozilla/5.0 (compatible; Googlebot/2.1; +http://www.google.com/bot.html)"
66.249.79.1 - - [25/Nov/2024:06:52:30 -0700] "GET /news/?auankv/mumbai-indian-matach-in-mumbai.html HTTP/1.1" 200 94 "-" "Mozilla/5.0 (compatible; Googlebot/2.1; +http://www.google.com/bot.html)"
66.249.79.1 - - [25/Nov/2024:06:52:35 -0700] "GET /bet/?vmyqvl/etoro-spread-betting.html HTTP/1.1" 200 94 "-" "Mozilla/5.0 (compatible; Googlebot/2.1; +http://www.google.com/bot.html)"
66.249.79.1 - - [25/Nov/2024:06:52:58 -0700] "GET /news/grttek/happy-wheels-online-game-full.html HTTP/1.1" 200 94 "-" "Mozilla/5.0 (compatible; Googlebot/2.1; +http://www.google.com/bot.html)"
66.249.79.2 - - [25/Nov/2024:06:53:07 -0700] "GET /detail/nqxfph/ludo-king-online-game-play.html HTTP/1.1" 200 94 "-" "Mozilla/5.0 (compatible; Googlebot/2.1; +http://www.google.com/bot.html)"
66.249.79.1 - - [25/Nov/2024:06:53:13 -0700] "GET /news/jtxabk/ HTTP/1.1" 200 94 "-" "Mozilla/5.0 (compatible; Googlebot/2.1; +http://www.google.com/bot.html)"
66.249.79.2 - - [25/Nov/2024:06:53:14 -0700] "GET /bet/?wccwto/how-many-times-has-india-won-icc.html HTTP/1.1" 200 94 "-" "Mozilla/5.0 (compatible; Googlebot/2.1; +http://www.google.com/bot.html)"
66.249.79.2 - - [25/Nov/2024:06:53:14 -0700] "GET /bet/?uhibkf/world-safety-series.html HTTP/1.1" 200 94 "-" "Mozilla/5.0 (compatible; Googlebot/2.1; +http://www.google.com/bot.html)"
66.249.79.1 - - [25/Nov/2024:06:53:22 -0700] "GET /news/?qiinjf/ HTTP/1.1" 200 94 "-" "Mozilla/5.0 (compatible; Googlebot/2.1; +http://www.google.com/bot.html)"
66.249.79.1 - - [25/Nov/2024:06:54:03 -0700] "GET /bet/?ggkodt/foosball-online.html HTTP/1.1" 200 94 "-" "Mozilla/5.0 (compatible; Googlebot/2.1; +http://www.google.com/bot.html)"
66.249.79.2 - - [25/Nov/2024:06:54:04 -0700] "GET /detail/?fqrbdz/bts-full-form-betting.html HTTP/1.1" 200 94 "-" "Mozilla/5.0 (compatible; Googlebot/2.1; +http://www.google.com/bot.html)"
66.249.79.2 - - [25/Nov/2024:06:54:21 -0700] "GET /bet/cfktmc/live-premier-league-games.html HTTP/1.1" 200 94 "-" "Mozilla/5.0 (compatible; Googlebot/2.1; +http://www.google.com/bot.html)"
66.249.79.1 - - [25/Nov/2024:06:54:22 -0700] "GET /news/btgjlp/all-india-football-trial-2019.html HTTP/1.1" 200 94 "-" "Mozilla/5.0 (compatible; Googlebot/2.1; +http://www.google.com/bot.html)"
66.249.79.1 - - [25/Nov/2024:06:54:47 -0700] "GET /news/?zqtcdl/ HTTP/1.1" 200 94 "-" "Mozilla/5.0 (compatible; Googlebot/2.1; +http://www.google.com/bot.html)"
69.162.124.238 - - [25/Nov/2024:06:54:53 -0700] "HEAD /cbse-corner.php HTTP/1.1" 200 - "https://behakfattu.akalacademy.ac.in/cbse-corner.php" "Mozilla/5.0+(compatible; UptimeRobot/2.0; http://www.uptimerobot.com/)"
66.249.79.3 - - [25/Nov/2024:06:55:24 -0700] "GET /bet/yiozbi/ HTTP/1.1" 200 94 "-" "Mozilla/5.0 (compatible; Googlebot/2.1; +http://www.google.com/bot.html)"
66.249.79.1 - - [25/Nov/2024:06:55:32 -0700] "GET /news/?nbjeev/ipl-t20-cricket-live-tv.html HTTP/1.1" 200 94 "-" "Mozilla/5.0 (compatible; Googlebot/2.1; +http://www.google.com/bot.html)"
66.249.79.1 - - [25/Nov/2024:06:55:41 -0700] "GET /bet/rpylqn/cricket-online-booking-in-chennai.html HTTP/1.1" 200 94 "-" "Mozilla/5.0 (compatible; Googlebot/2.1; +http://www.google.com/bot.html)"
66.249.79.2 - - [25/Nov/2024:06:56:02 -0700] "GET /bet/?dmzddk/ HTTP/1.1" 200 94 "-" "Mozilla/5.0 (compatible; Googlebot/2.1; +http://www.google.com/bot.html)"
66.249.79.1 - - [25/Nov/2024:06:56:24 -0700] "GET /detail/?sijpaj/ HTTP/1.1" 200 94 "-" "Mozilla/5.0 (compatible; Googlebot/2.1; +http://www.google.com/bot.html)"
66.249.79.1 - - [25/Nov/2024:06:56:24 -0700] "GET /detail/raqwmy/world-cup-all-teams-qualified.html HTTP/1.1" 200 94 "-" "Mozilla/5.0 (compatible; Googlebot/2.1; +http://www.google.com/bot.html)"
66.249.79.2 - - [25/Nov/2024:06:57:49 -0700] "GET /bet/?mdekir/ HTTP/1.1" 200 94 "-" "Mozilla/5.0 (compatible; Googlebot/2.1; +http://www.google.com/bot.html)"
66.249.79.3 - - [25/Nov/2024:06:58:26 -0700] "GET /news/ldazie/higest-run-icc-champions-trophy-2017.html HTTP/1.1" 200 94 "-" "Mozilla/5.0 (compatible; Googlebot/2.1; +http://www.google.com/bot.html)"
66.249.79.2 - - [25/Nov/2024:06:58:41 -0700] "GET /news/?odpovy/indian-squad-for-world-cup-2091.html HTTP/1.1" 200 94 "-" "Mozilla/5.0 (compatible; Googlebot/2.1; +http://www.google.com/bot.html)"
66.249.79.3 - - [25/Nov/2024:06:59:27 -0700] "GET /bet/zaosbo/football-betting-tips-and-odds.html HTTP/1.1" 200 94 "-" "Mozilla/5.0 (compatible; Googlebot/2.1; +http://www.google.com/bot.html)"
5.255.231.175 - - [25/Nov/2024:06:59:30 -0700] "GET /p-xnoozeourc/files/Secondary/files/I-VIII/files/Senior%20Secondary/Sociology-min.pdf HTTP/1.1" 200 94 "-" "Mozilla/5.0 (compatible; YandexBot/3.0; +http://yandex.com/bots)"
66.249.79.1 - - [25/Nov/2024:06:59:32 -0700] "GET /bet/?nldppv/monster-adventure-games-free-download.html HTTP/1.1" 200 94 "-" "Mozilla/5.0 (compatible; Googlebot/2.1; +http://www.google.com/bot.html)"
66.249.79.2 - - [25/Nov/2024:06:59:35 -0700] "GET /detail/?pjncvz/anmolpreet-singh-ipl.html HTTP/1.1" 200 94 "-" "Mozilla/5.0 (compatible; Googlebot/2.1; +http://www.google.com/bot.html)"
5.255.231.43 - - [25/Nov/2024:06:59:52 -0700] "GET /irtroeasgutf/files/Senior%20Secondary/files/Senior%20Secondary/ComputerSc_NewXI-min.pdf HTTP/1.1" 200 94 "-" "Mozilla/5.0 (compatible; YandexBot/3.0; +http://yandex.com/bots)"
69.162.124.238 - - [25/Nov/2024:06:59:53 -0700] "HEAD /cbse-corner.php HTTP/1.1" 200 - "https://behakfattu.akalacademy.ac.in/cbse-corner.php" "Mozilla/5.0+(compatible; UptimeRobot/2.0; http://www.uptimerobot.com/)"
66.249.79.1 - - [25/Nov/2024:06:59:56 -0700] "GET /bet/?izivey/ HTTP/1.1" 200 94 "-" "Mozilla/5.0 (compatible; Googlebot/2.1; +http://www.google.com/bot.html)"
66.249.79.3 - - [25/Nov/2024:07:00:03 -0700] "GET /bet/?fchlvg/top-muchbetter-casinos.html HTTP/1.1" 200 94 "-" "Mozilla/5.0 (compatible; Googlebot/2.1; +http://www.google.com/bot.html)"
5.255.231.41 - - [25/Nov/2024:07:00:21 -0700] "GET /nhcmlsqisusc/files/Secondary/files/Senior%20Secondary/BusinessStudies-min.pdf HTTP/1.1" 200 94 "-" "Mozilla/5.0 (compatible; YandexBot/3.0; +http://yandex.com/bots)"
66.249.79.3 - - [25/Nov/2024:07:01:23 -0700] "GET /news/?hkkduj/ HTTP/1.1" 200 94 "-" "Mozilla/5.0 (compatible; Googlebot/2.1; +http://www.google.com/bot.html)"
66.249.79.1 - - [25/Nov/2024:07:01:37 -0700] "GET /detail/?zjvqae/all-you-can-eat-lobster-buffet-casino.html HTTP/1.1" 200 94 "-" "Mozilla/5.0 (compatible; Googlebot/2.1; +http://www.google.com/bot.html)"
66.249.79.1 - - [25/Nov/2024:07:01:43 -0700] "GET /bet/uviicl/ HTTP/1.1" 200 94 "-" "Mozilla/5.0 (compatible; Googlebot/2.1; +http://www.google.com/bot.html)"
66.249.79.3 - - [25/Nov/2024:07:02:08 -0700] "GET /detail/?dpyvlq/australian-cricket-players-famous.html HTTP/1.1" 200 94 "-" "Mozilla/5.0 (compatible; Googlebot/2.1; +http://www.google.com/bot.html)"
66.249.79.1 - - [25/Nov/2024:07:02:53 -0700] "GET /bet/?jxncbg/how-many-times-africa-won-world-cup.html HTTP/1.1" 200 94 "-" "Mozilla/5.0 (compatible; Googlebot/2.1; +http://www.google.com/bot.html)"
66.249.79.2 - - [25/Nov/2024:07:03:19 -0700] "GET /news/?nqbtaf/ HTTP/1.1" 200 94 "-" "Mozilla/5.0 (compatible; Googlebot/2.1; +http://www.google.com/bot.html)"
66.249.79.2 - - [25/Nov/2024:07:03:22 -0700] "GET /detail/fqjydx/cricket-team-dress-buy-online.html HTTP/1.1" 200 94 "-" "Mozilla/5.0 (compatible; Googlebot/2.1; +http://www.google.com/bot.html)"
66.249.79.1 - - [25/Nov/2024:07:03:44 -0700] "GET /news/ngnlnj/ HTTP/1.1" 200 94 "-" "Mozilla/5.0 (compatible; Googlebot/2.1; +http://www.google.com/bot.html)"
66.249.79.1 - - [25/Nov/2024:07:04:01 -0700] "GET /bet/?fkocre/which-ipl-team-has-scored-most-sixes.html HTTP/1.1" 200 94 "-" "Mozilla/5.0 (compatible; Googlebot/2.1; +http://www.google.com/bot.html)"
66.249.79.1 - - [25/Nov/2024:07:04:14 -0700] "GET /bet/gffrnj/india-kitne-world-cup-jeeta-hai-cricket.html HTTP/1.1" 200 94 "-" "Mozilla/5.0 (compatible; Googlebot/2.1; +http://www.google.com/bot.html)"
47.128.113.62 - - [25/Nov/2024:07:04:20 -0700] "GET /htdocs/pkv-games/jual-peralatan-memancing/contact.php HTTP/1.1" 200 94 "-" "Mozilla/5.0 (compatible; Bytespider; spider-feedback@bytedance.com) AppleWebKit/537.36 (KHTML, like Gecko) Chrome/70.0.0.0 Safari/537.36"
66.249.79.1 - - [25/Nov/2024:07:04:26 -0700] "GET /news/?kizlqj/hercules-games-online-free-disney.html HTTP/1.1" 200 94 "-" "Mozilla/5.0 (compatible; Googlebot/2.1; +http://www.google.com/bot.html)"
216.244.66.233 - - [25/Nov/2024:07:04:35 -0700] "GET /robots.txt HTTP/1.1" 200 94 "-" "Mozilla/5.0 (compatible; DotBot/1.2; +https://opensiteexplorer.org/dotbot; help@moz.com)"
66.249.79.1 - - [25/Nov/2024:07:04:36 -0700] "GET /news/?xommmh/klondike-game-online.html HTTP/1.1" 200 94 "-" "Mozilla/5.0 (compatible; Googlebot/2.1; +http://www.google.com/bot.html)"
66.249.79.1 - - [25/Nov/2024:07:04:45 -0700] "GET /detail/fwruym/ HTTP/1.1" 200 94 "-" "Mozilla/5.0 (compatible; Googlebot/2.1; +http://www.google.com/bot.html)"
69.162.124.238 - - [25/Nov/2024:07:04:53 -0700] "HEAD /cbse-corner.php HTTP/1.1" 200 - "https://behakfattu.akalacademy.ac.in/cbse-corner.php" "Mozilla/5.0+(compatible; UptimeRobot/2.0; http://www.uptimerobot.com/)"
66.249.79.1 - - [25/Nov/2024:07:04:57 -0700] "GET /bet/?tvvfzf/ HTTP/1.1" 200 94 "-" "Mozilla/5.0 (compatible; Googlebot/2.1; +http://www.google.com/bot.html)"
66.249.79.1 - - [25/Nov/2024:07:05:07 -0700] "GET /bet/?sgfczz/meta-city-m-game.html HTTP/1.1" 200 94 "-" "Mozilla/5.0 (compatible; Googlebot/2.1; +http://www.google.com/bot.html)"
66.249.79.2 - - [25/Nov/2024:07:05:43 -0700] "GET /news/rexlbz/new-zealand-india-t20-video.html HTTP/1.1" 200 94 "-" "Mozilla/5.0 (compatible; Googlebot/2.1; +http://www.google.com/bot.html)"
66.249.79.2 - - [25/Nov/2024:07:06:37 -0700] "GET /news/trijal/cricket-teams-in-world-cup.html HTTP/1.1" 200 94 "-" "Mozilla/5.0 (compatible; Googlebot/2.1; +http://www.google.com/bot.html)"
66.249.79.2 - - [25/Nov/2024:07:07:21 -0700] "GET /bet/?xgpvlu/live-poker-tournaments.html HTTP/1.1" 200 94 "-" "Mozilla/5.0 (compatible; Googlebot/2.1; +http://www.google.com/bot.html)"
66.249.79.3 - - [25/Nov/2024:07:07:23 -0700] "GET /news/?cymoay/betting-tips-archive.html HTTP/1.1" 200 94 "-" "Mozilla/5.0 (compatible; Googlebot/2.1; +http://www.google.com/bot.html)"
66.249.79.3 - - [25/Nov/2024:07:07:23 -0700] "GET /detail/ccsifg/fc-lorient-reims.html HTTP/1.1" 200 94 "-" "Mozilla/5.0 (compatible; Googlebot/2.1; +http://www.google.com/bot.html)"
66.249.79.1 - - [25/Nov/2024:07:07:38 -0700] "GET /news/okcgeh/ HTTP/1.1" 200 94 "-" "Mozilla/5.0 (compatible; Googlebot/2.1; +http://www.google.com/bot.html)"
66.249.79.1 - - [25/Nov/2024:07:07:39 -0700] "GET /news/oggwlw/ HTTP/1.1" 200 94 "-" "Mozilla/5.0 (compatible; Googlebot/2.1; +http://www.google.com/bot.html)"
66.249.79.1 - - [25/Nov/2024:07:07:40 -0700] "GET /bet/bytuek/ HTTP/1.1" 200 94 "-" "Mozilla/5.0 (compatible; Googlebot/2.1; +http://www.google.com/bot.html)"
66.249.79.2 - - [25/Nov/2024:07:08:05 -0700] "GET /bet/?vgetdu/ HTTP/1.1" 200 94 "-" "Mozilla/5.0 (compatible; Googlebot/2.1; +http://www.google.com/bot.html)"
66.249.79.1 - - [25/Nov/2024:07:08:18 -0700] "GET /news/lrngjh/ipl-hsh-vs-kkr-score-please.html HTTP/1.1" 200 94 "-" "Mozilla/5.0 (compatible; Googlebot/2.1; +http://www.google.com/bot.html)"
66.249.79.1 - - [25/Nov/2024:07:08:19 -0700] "GET /detail/?jfujhy/ HTTP/1.1" 200 94 "-" "Mozilla/5.0 (compatible; Googlebot/2.1; +http://www.google.com/bot.html)"
66.249.79.1 - - [25/Nov/2024:07:08:46 -0700] "GET /bet/hrlbaz/chennai-super-kings-to0.html HTTP/1.1" 200 94 "-" "Mozilla/5.0 (compatible; Googlebot/2.1; +http://www.google.com/bot.html)"
66.249.79.2 - - [25/Nov/2024:07:09:13 -0700] "GET /bet/dzwdvy/ HTTP/1.1" 200 94 "-" "Mozilla/5.0 (compatible; Googlebot/2.1; +http://www.google.com/bot.html)"
66.249.79.1 - - [25/Nov/2024:07:09:20 -0700] "GET /bet/?uujzdj/ HTTP/1.1" 200 94 "-" "Mozilla/5.0 (compatible; Googlebot/2.1; +http://www.google.com/bot.html)"
69.162.124.238 - - [25/Nov/2024:07:09:53 -0700] "HEAD /cbse-corner.php HTTP/1.1" 200 - "https://behakfattu.akalacademy.ac.in/cbse-corner.php" "Mozilla/5.0+(compatible; UptimeRobot/2.0; http://www.uptimerobot.com/)"
66.249.79.1 - - [25/Nov/2024:07:10:07 -0700] "GET /bet/ezgfjt/ HTTP/1.1" 200 94 "-" "Mozilla/5.0 (compatible; Googlebot/2.1; +http://www.google.com/bot.html)"
47.128.111.206 - - [25/Nov/2024:07:10:52 -0700] "GET /htdocs/pkv-games/beli-alat-medis/gallery.php HTTP/1.1" 200 94 "-" "Mozilla/5.0 (compatible; Bytespider; spider-feedback@bytedance.com) AppleWebKit/537.36 (KHTML, like Gecko) Chrome/70.0.0.0 Safari/537.36"
66.249.79.2 - - [25/Nov/2024:07:11:12 -0700] "GET /detail/igyndi/ HTTP/1.1" 200 94 "-" "Mozilla/5.0 (compatible; Googlebot/2.1; +http://www.google.com/bot.html)"
66.249.79.2 - - [25/Nov/2024:07:11:21 -0700] "GET /detail/?aepori/go-spoofer-apk-download.html HTTP/1.1" 200 94 "-" "Mozilla/5.0 (compatible; Googlebot/2.1; +http://www.google.com/bot.html)"
66.249.79.1 - - [25/Nov/2024:07:11:34 -0700] "GET /detail/?tjioft/ HTTP/1.1" 200 94 "-" "Mozilla/5.0 (compatible; Googlebot/2.1; +http://www.google.com/bot.html)"
66.249.79.1 - - [25/Nov/2024:07:11:44 -0700] "GET /detail/ojlxxr/ HTTP/1.1" 200 94 "-" "Mozilla/5.0 (compatible; Googlebot/2.1; +http://www.google.com/bot.html)"
66.249.79.1 - - [25/Nov/2024:07:12:06 -0700] "GET /bet/rtztbn/ HTTP/1.1" 200 94 "-" "Mozilla/5.0 (compatible; Googlebot/2.1; +http://www.google.com/bot.html)"
66.249.79.3 - - [25/Nov/2024:07:13:37 -0700] "GET /bet/nmwmmf/ HTTP/1.1" 200 94 "-" "Mozilla/5.0 (compatible; Googlebot/2.1; +http://www.google.com/bot.html)"
66.249.79.3 - - [25/Nov/2024:07:13:39 -0700] "GET /news/?dfxcun/ HTTP/1.1" 200 94 "-" "Mozilla/5.0 (compatible; Googlebot/2.1; +http://www.google.com/bot.html)"
66.249.79.2 - - [25/Nov/2024:07:13:44 -0700] "GET /news/enltrr/ HTTP/1.1" 200 94 "-" "Mozilla/5.0 (compatible; Googlebot/2.1; +http://www.google.com/bot.html)"
66.249.79.1 - - [25/Nov/2024:07:13:46 -0700] "GET /news/?hzcxpf/ipl-ties.html HTTP/1.1" 200 94 "-" "Mozilla/5.0 (compatible; Googlebot/2.1; +http://www.google.com/bot.html)"
66.249.79.3 - - [25/Nov/2024:07:14:07 -0700] "GET /news/mqpcea/learn-literature-card-game.html HTTP/1.1" 200 94 "-" "Mozilla/5.0 (compatible; Googlebot/2.1; +http://www.google.com/bot.html)"
69.162.124.238 - - [25/Nov/2024:07:14:53 -0700] "HEAD /cbse-corner.php HTTP/1.1" 200 - "https://behakfattu.akalacademy.ac.in/cbse-corner.php" "Mozilla/5.0+(compatible; UptimeRobot/2.0; http://www.uptimerobot.com/)"
66.249.79.3 - - [25/Nov/2024:07:15:19 -0700] "GET /bet/jmbccc/ipl-2017-media-rights.html HTTP/1.1" 200 94 "-" "Mozilla/5.0 (compatible; Googlebot/2.1; +http://www.google.com/bot.html)"
66.249.79.2 - - [25/Nov/2024:07:15:22 -0700] "GET /bet/tscxot/ HTTP/1.1" 200 94 "-" "Mozilla/5.0 (compatible; Googlebot/2.1; +http://www.google.com/bot.html)"
66.249.79.3 - - [25/Nov/2024:07:15:23 -0700] "GET /detail/?maqyvy/sun-city-casino-online-india.html HTTP/1.1" 200 94 "-" "Mozilla/5.0 (compatible; Googlebot/2.1; +http://www.google.com/bot.html)"
66.249.79.1 - - [25/Nov/2024:07:15:44 -0700] "GET /news/szcpwi/ HTTP/1.1" 200 94 "-" "Mozilla/5.0 (compatible; Googlebot/2.1; +http://www.google.com/bot.html)"
66.249.79.1 - - [25/Nov/2024:07:15:57 -0700] "GET /detail/?mxzmxy/ HTTP/1.1" 200 94 "-" "Mozilla/5.0 (compatible; Googlebot/2.1; +http://www.google.com/bot.html)"
66.249.79.3 - - [25/Nov/2024:07:16:03 -0700] "GET /detail/?yzvymu/highest-test-palying-indian-cricketer.html HTTP/1.1" 200 94 "-" "Mozilla/5.0 (compatible; Googlebot/2.1; +http://www.google.com/bot.html)"
66.249.79.1 - - [25/Nov/2024:07:16:08 -0700] "GET /detail/?srhcsl/ HTTP/1.1" 200 94 "-" "Mozilla/5.0 (compatible; Googlebot/2.1; +http://www.google.com/bot.html)"
66.249.79.2 - - [25/Nov/2024:07:16:09 -0700] "GET /detail/ixilkx/ HTTP/1.1" 200 94 "-" "Mozilla/5.0 (compatible; Googlebot/2.1; +http://www.google.com/bot.html)"
66.249.79.2 - - [25/Nov/2024:07:16:09 -0700] "GET /bet/gapxev/ HTTP/1.1" 200 94 "-" "Mozilla/5.0 (compatible; Googlebot/2.1; +http://www.google.com/bot.html)"
66.249.79.1 - - [25/Nov/2024:07:16:42 -0700] "GET /detail/hsoblb/chennai-super-king-win-bravo-dance.html HTTP/1.1" 200 94 "-" "Mozilla/5.0 (compatible; Googlebot/2.1; +http://www.google.com/bot.html)"
66.249.79.1 - - [25/Nov/2024:07:16:48 -0700] "GET /news/?wbjcze/usher-vegas-dates.html HTTP/1.1" 200 94 "-" "Mozilla/5.0 (compatible; Googlebot/2.1; +http://www.google.com/bot.html)"
66.249.79.1 - - [25/Nov/2024:07:16:54 -0700] "GET /bet/vbigeh/cricket-spike-shoes-online-shopping.html HTTP/1.1" 200 94 "-" "Mozilla/5.0 (compatible; Googlebot/2.1; +http://www.google.com/bot.html)"
66.249.79.2 - - [25/Nov/2024:07:17:07 -0700] "GET /news/cdsrgd/ HTTP/1.1" 200 94 "-" "Mozilla/5.0 (compatible; Googlebot/2.1; +http://www.google.com/bot.html)"
66.249.79.2 - - [25/Nov/2024:07:17:12 -0700] "GET /bet/soezrg/ HTTP/1.1" 200 94 "-" "Mozilla/5.0 (compatible; Googlebot/2.1; +http://www.google.com/bot.html)"
