85.208.96.212 - - [25/Nov/2024:07:55:50 -0700] "GET /jp/auction/f2562971571.shtm HTTP/1.1" 200 94 "-" "Mozilla/5.0 (compatible; SemrushBot/7~bl; +http://www.semrush.com/bot.html)"
66.249.79.64 - - [25/Nov/2024:07:55:56 -0700] "GET /news/?nkccjk/fika-casino-bonus-code.html HTTP/1.1" 200 94 "-" "Mozilla/5.0 (compatible; Googlebot/2.1; +http://www.google.com/bot.html)"
85.208.96.209 - - [25/Nov/2024:07:55:58 -0700] "GET /jp/auction/x251400501.shtm HTTP/1.1" 200 94 "-" "Mozilla/5.0 (compatible; SemrushBot/7~bl; +http://www.semrush.com/bot.html)"
52.167.144.202 - - [25/Nov/2024:07:56:38 -0700] "GET /iis-win10-%E5%AE%89%E8%A3%9D-iis-%E7%9A%84%E6%93%8D%E4%BD%9C%E7%AD%86%E8%A8%98/files/IX-X/files/I-VIII/theschool.php HTTP/1.1" 200 94 "-" "Mozilla/5.0 AppleWebKit/537.36 (KHTML, like Gecko; compatible; bingbot/2.0; +http://www.bing.com/bingbot.htm) Chrome/116.0.1938.76 Safari/537.36"
69.162.124.238 - - [25/Nov/2024:07:56:43 -0700] "HEAD /cbse-corner.php HTTP/1.1" 200 - "https://baragura.akalacademy.ac.in/cbse-corner.php" "Mozilla/5.0+(compatible; UptimeRobot/2.0; http://www.uptimerobot.com/)"
40.77.167.241 - - [25/Nov/2024:07:56:43 -0700] "GET /dendama-gummy-%E3%82%AA%E3%83%B3%E3%83%A9%E3%82%A4%E3%83%B3%E5%AF%BE%E6%88%A6%E3%81%A7%E3%81%8D%E3%81%A6%E5%85%AC%E5%BC%8F%E6%A4%9C%E5%AE%9A%E3%82%82%E3%82%A2%E3%83%97%E3%83%AA%E3%81%A7%E5%8F%96%E3%82%8C%E3%82%8B%EF%BC%81-raspberry/dp/b08l5wvc6g/files/Senior%20Secondary/files/Secondary/Intitial_pages_sec_2019-20-min.pdf HTTP/1.1" 200 94 "-" "Mozilla/5.0 AppleWebKit/537.36 (KHTML, like Gecko; compatible; bingbot/2.0; +http://www.bing.com/bingbot.htm) Chrome/116.0.1938.76 Safari/537.36"
40.77.167.241 - - [25/Nov/2024:07:56:44 -0700] "GET /2019/10/files/Senior%20Secondary/files/Secondary/417-FAQ-min.pdf HTTP/1.1" 200 94 "-" "Mozilla/5.0 AppleWebKit/537.36 (KHTML, like Gecko; compatible; bingbot/2.0; +http://www.bing.com/bingbot.htm) Chrome/116.0.1938.76 Safari/537.36"
85.208.96.203 - - [25/Nov/2024:07:56:46 -0700] "GET /jp/auction/n251224445.shtm HTTP/1.1" 200 94 "-" "Mozilla/5.0 (compatible; SemrushBot/7~bl; +http://www.semrush.com/bot.html)"
52.167.144.183 - - [25/Nov/2024:07:57:20 -0700] "GET /index.php/th/%E0%B8%A1%E0%B8%B0%E0%B9%80%E0%B8%A3%E0%B9%87%E0%B8%87%E0%B8%84%E0%B8%B7%E0%B8%AD%E0%B8%AD%E0%B8%B0%E0%B9%84%E0%B8%A3/files/Secondary/417-FAQ-min.pdf HTTP/1.1" 200 94 "-" "Mozilla/5.0 AppleWebKit/537.36 (KHTML, like Gecko; compatible; bingbot/2.0; +http://www.bing.com/bingbot.htm) Chrome/116.0.1938.76 Safari/537.36"
52.167.144.183 - - [25/Nov/2024:07:57:42 -0700] "GET /2020/03/21/evaluation-of-metaxylem-vessel-histogenesis-and-the-occurrence-of-vessel-collapse-during-early-development-in-primary-roots-of-zea-mays-ssp-mexicana-a-result-of-premature-programmed-cell-death/files/Secondary/files/I-VIII/gallery.php HTTP/1.1" 200 94 "-" "Mozilla/5.0 AppleWebKit/537.36 (KHTML, like Gecko; compatible; bingbot/2.0; +http://www.bing.com/bingbot.htm) Chrome/116.0.1938.76 Safari/537.36"
52.167.144.183 - - [25/Nov/2024:07:57:43 -0700] "GET /2021/12/21/%E3%80%8Ethe-godfather%EF%BC%88%E3%82%B3%E3%82%99%E3%83%83%E3%83%88%E3%82%99%E3%83%95%E3%82%A1%E3%83%BC%E3%82%B5%E3%82%99%E3%83%BC%EF%BC%89%E3%80%8F%E3%81%A8%E3%80%8Cftc%EF%BC%88%E3%82%A8%E3%83%95/files/I-VIII/files/Senior%20Secondary/PhysicalEducation-min.pdf HTTP/1.1" 200 94 "-" "Mozilla/5.0 AppleWebKit/537.36 (KHTML, like Gecko; compatible; bingbot/2.0; +http://www.bing.com/bingbot.htm) Chrome/116.0.1938.76 Safari/537.36"
85.208.96.211 - - [25/Nov/2024:07:58:00 -0700] "GET /jp/auction/m2521126644.shtm HTTP/1.1" 200 94 "-" "Mozilla/5.0 (compatible; SemrushBot/7~bl; +http://www.semrush.com/bot.html)"
52.167.144.183 - - [25/Nov/2024:07:58:02 -0700] "GET /2020/05/19/%E3%80%90%E5%8B%95%E7%94%BB%E3%80%91%E3%83%93%E3%83%AB%E3%83%BB%E3%82%B2%E3%82%A4%E3%83%84%E6%B0%8F%E3%81%AB%E3%82%88%E3%82%8B%E4%B8%96%E7%95%8C%E3%81%AE%E4%BA%BA%E5%8F%A3%E3%82%92%E3%82%B3%E3%83%B3/files/Secondary/files/I-VIII/VI-X%20Hindi-min.pdf HTTP/1.1" 200 94 "-" "Mozilla/5.0 AppleWebKit/537.36 (KHTML, like Gecko; compatible; bingbot/2.0; +http://www.bing.com/bingbot.htm) Chrome/116.0.1938.76 Safari/537.36"
66.249.79.64 - - [25/Nov/2024:07:58:03 -0700] "GET /bet/skvpwz/ HTTP/1.1" 200 94 "-" "Mozilla/5.0 (compatible; Googlebot/2.1; +http://www.google.com/bot.html)"
66.249.79.64 - - [25/Nov/2024:07:58:22 -0700] "GET /news/ufinfx/ HTTP/1.1" 200 94 "-" "Mozilla/5.0 (compatible; Googlebot/2.1; +http://www.google.com/bot.html)"
85.208.96.209 - - [25/Nov/2024:07:58:23 -0700] "GET /jp/auction/q252774452.shtm HTTP/1.1" 200 94 "-" "Mozilla/5.0 (compatible; SemrushBot/7~bl; +http://www.semrush.com/bot.html)"
66.249.79.64 - - [25/Nov/2024:07:58:26 -0700] "GET /detail/qxsejh/ HTTP/1.1" 200 94 "-" "Mozilla/5.0 (compatible; Googlebot/2.1; +http://www.google.com/bot.html)"
40.77.167.241 - - [25/Nov/2024:07:58:44 -0700] "GET /excerpt/category/files/Secondary/files/Senior%20Secondary/Punjabi_XI-min.pdf HTTP/1.1" 200 94 "-" "Mozilla/5.0 AppleWebKit/537.36 (KHTML, like Gecko; compatible; bingbot/2.0; +http://www.bing.com/bingbot.htm) Chrome/116.0.1938.76 Safari/537.36"
66.249.79.64 - - [25/Nov/2024:07:58:46 -0700] "GET /news/fntogn/best-online-casino-with-free-spins.html HTTP/1.1" 200 94 "-" "Mozilla/5.0 (compatible; Googlebot/2.1; +http://www.google.com/bot.html)"
85.208.96.206 - - [25/Nov/2024:07:58:52 -0700] "GET /jp/auction/n252873301.shtm HTTP/1.1" 200 94 "-" "Mozilla/5.0 (compatible; SemrushBot/7~bl; +http://www.semrush.com/bot.html)"
66.249.79.64 - - [25/Nov/2024:07:58:59 -0700] "GET /bet/?mcpphz/indian-cricket-team-head-coach-sallary.html HTTP/1.1" 200 94 "-" "Mozilla/5.0 (compatible; Googlebot/2.1; +http://www.google.com/bot.html)"
66.249.79.66 - - [25/Nov/2024:07:59:08 -0700] "GET /detail/mbdhwb/ HTTP/1.1" 200 94 "-" "Mozilla/5.0 (compatible; Googlebot/2.1; +http://www.google.com/bot.html)"
194.233.72.158 - - [25/Nov/2024:07:59:27 -0700] "GET /images/journey/santteja/wp-admin/noop.php HTTP/1.1" 200 94 "-" "Uptime-Kuma/1.23.3"
52.167.144.202 - - [25/Nov/2024:07:59:29 -0700] "GET /catalog/files/Senior%20Secondary/files/Secondary/Intitial_pages_srsec_2019-20-min.pdf HTTP/1.1" 200 94 "-" "Mozilla/5.0 AppleWebKit/537.36 (KHTML, like Gecko; compatible; bingbot/2.0; +http://www.bing.com/bingbot.htm) Chrome/116.0.1938.76 Safari/537.36"
185.191.171.13 - - [25/Nov/2024:07:59:32 -0700] "GET /jp/auction/k2542125484.shtm HTTP/1.1" 200 94 "-" "Mozilla/5.0 (compatible; SemrushBot/7~bl; +http://www.semrush.com/bot.html)"
85.208.96.206 - - [25/Nov/2024:07:59:49 -0700] "GET /jp/auction/j2542073431.shtm HTTP/1.1" 200 94 "-" "Mozilla/5.0 (compatible; SemrushBot/7~bl; +http://www.semrush.com/bot.html)"
185.191.171.16 - - [25/Nov/2024:07:59:51 -0700] "GET /jp/class/x2531000173.shtm HTTP/1.1" 200 94 "-" "Mozilla/5.0 (compatible; SemrushBot/7~bl; +http://www.semrush.com/bot.html)"
66.249.79.64 - - [25/Nov/2024:07:59:51 -0700] "GET /news/ipegrb/mohamed-salah-et-sa-femme.html HTTP/1.1" 200 94 "-" "Mozilla/5.0 (compatible; Googlebot/2.1; +http://www.google.com/bot.html)"
66.249.79.64 - - [25/Nov/2024:07:59:53 -0700] "GET /news/ojdumy/ HTTP/1.1" 200 94 "-" "Mozilla/5.0 (compatible; Googlebot/2.1; +http://www.google.com/bot.html)"
66.249.79.64 - - [25/Nov/2024:07:59:56 -0700] "GET /detail/dymuky/ HTTP/1.1" 200 94 "-" "Mozilla/5.0 (compatible; Googlebot/2.1; +http://www.google.com/bot.html)"
52.167.144.183 - - [25/Nov/2024:08:00:02 -0700] "GET /%E3%81%A8%E3%81%A4%E3%81%8F%E3%81%AB%E3%81%AE%E5%B0%91%E5%A5%B3-3-blade-comics-%E3%81%AA%E3%81%8C%E3%81%B9/dp/4800006716/ref=pd_bxgy_img_2/files/Senior%20Secondary/files/Senior%20Secondary/theschool.php HTTP/1.1" 200 94 "-" "Mozilla/5.0 AppleWebKit/537.36 (KHTML, like Gecko; compatible; bingbot/2.0; +http://www.bing.com/bingbot.htm) Chrome/116.0.1938.76 Safari/537.36"
66.249.79.64 - - [25/Nov/2024:08:00:08 -0700] "GET /detail/?bnrvho/ HTTP/1.1" 200 94 "-" "Mozilla/5.0 (compatible; Googlebot/2.1; +http://www.google.com/bot.html)"
66.249.79.65 - - [25/Nov/2024:08:00:16 -0700] "GET /news/adywmp/t20-world-cup-2022-schedule-time-table.html HTTP/1.1" 200 94 "-" "Mozilla/5.0 (compatible; Googlebot/2.1; +http://www.google.com/bot.html)"
52.167.144.183 - - [25/Nov/2024:08:00:21 -0700] "GET /artikel/excel-tipp-so-koennen-sie-die-nettoarbeitstage-berechnen/files/I-VIII/files/I-VIII/addmission.php?jp/auction/m25116860.shtm HTTP/1.1" 200 94 "-" "Mozilla/5.0 AppleWebKit/537.36 (KHTML, like Gecko; compatible; bingbot/2.0; +http://www.bing.com/bingbot.htm) Chrome/116.0.1938.76 Safari/537.36"
216.244.66.233 - - [25/Nov/2024:08:00:36 -0700] "GET /jp/class/x25116.shtm HTTP/1.1" 200 94 "-" "Mozilla/5.0 (compatible; DotBot/1.2; +https://opensiteexplorer.org/dotbot; help@moz.com)"
216.244.66.233 - - [25/Nov/2024:08:00:39 -0700] "GET /jp/class/x25123.shtm HTTP/1.1" 200 94 "-" "Mozilla/5.0 (compatible; DotBot/1.2; +https://opensiteexplorer.org/dotbot; help@moz.com)"
52.167.144.203 - - [25/Nov/2024:08:00:45 -0700] "GET /2021/09/02/%E3%80%8E%E8%8B%A5%E8%8D%89%E7%89%A9%E8%AA%9E%E3%80%8F%E3%81%AE%E3%82%AA%E3%83%AB%E3%82%B3%E3%83%83%E3%83%88%E3%81%AF%E3%80%81%E3%81%9D%E3%81%AE2%E5%B9%B4%E5%89%8D%E3%81%AB%E3%80%81%E3%82%B9%E3%83%AA/files/Secondary/files/Senior%20Secondary/index.php HTTP/1.1" 200 94 "-" "Mozilla/5.0 AppleWebKit/537.36 (KHTML, like Gecko; compatible; bingbot/2.0; +http://www.bing.com/bingbot.htm) Chrome/116.0.1938.76 Safari/537.36"
52.167.144.203 - - [25/Nov/2024:08:00:45 -0700] "GET /apps/aboutepson/files/Senior%20Secondary/files/Senior%20Secondary/Econonics-min.pdf HTTP/1.1" 200 94 "-" "Mozilla/5.0 AppleWebKit/537.36 (KHTML, like Gecko; compatible; bingbot/2.0; +http://www.bing.com/bingbot.htm) Chrome/116.0.1938.76 Safari/537.36"
52.167.144.203 - - [25/Nov/2024:08:00:45 -0700] "GET /learn/the-basics/files/Senior%20Secondary/files/Senior%20Secondary/Mathematics-min.pdf HTTP/1.1" 200 94 "-" "Mozilla/5.0 AppleWebKit/537.36 (KHTML, like Gecko; compatible; bingbot/2.0; +http://www.bing.com/bingbot.htm) Chrome/116.0.1938.76 Safari/537.36"
185.191.171.11 - - [25/Nov/2024:08:00:49 -0700] "GET /jp/auction/w2563125586.shtm HTTP/1.1" 200 94 "-" "Mozilla/5.0 (compatible; SemrushBot/7~bl; +http://www.semrush.com/bot.html)"
52.167.144.183 - - [25/Nov/2024:08:00:59 -0700] "GET /komonzyodokkai/komonzyoyougonotebiki-a-ko-sin.html HTTP/1.1" 200 94 "-" "Mozilla/5.0 AppleWebKit/537.36 (KHTML, like Gecko; compatible; bingbot/2.0; +http://www.bing.com/bingbot.htm) Chrome/116.0.1938.76 Safari/537.36"
52.167.144.203 - - [25/Nov/2024:08:01:23 -0700] "GET /wp/%E5%9F%BC%E7%8E%89%E7%9C%8C%E5%A7%94%E8%A8%97%E5%85%AC%E5%85%B1%E8%81%B7%E6%A5%AD%E8%A8%93%E7%B7%B4-%E5%8F%97%E8%AC%9B%E7%94%9F%E3%81%AE%E5%8B%9F%E9%9B%86%E3%81%AB%E3%81%A4%E3%81%84%E3%81%A6-5/files/I-VIII/files/IX-X/academic.php HTTP/1.1" 200 94 "-" "Mozilla/5.0 AppleWebKit/537.36 (KHTML, like Gecko; compatible; bingbot/2.0; +http://www.bing.com/bingbot.htm) Chrome/116.0.1938.76 Safari/537.36"
69.162.124.238 - - [25/Nov/2024:08:01:42 -0700] "HEAD /cbse-corner.php HTTP/1.1" 200 - "https://baragura.akalacademy.ac.in/cbse-corner.php" "Mozilla/5.0+(compatible; UptimeRobot/2.0; http://www.uptimerobot.com/)"
85.208.96.194 - - [25/Nov/2024:08:01:44 -0700] "GET /jp/auction/t25155971.shtm HTTP/1.1" 200 94 "-" "Mozilla/5.0 (compatible; SemrushBot/7~bl; +http://www.semrush.com/bot.html)"
52.167.144.183 - - [25/Nov/2024:08:02:03 -0700] "GET /aircyclopedia/%E0%B8%A3%E0%B8%B2%E0%B8%84%E0%B8%B2%E0%B9%81%E0%B8%AD%E0%B8%A3%E0%B9%8C%E0%B9%81%E0%B8%84%E0%B9%80%E0%B8%A3%E0%B8%B5%E0%B8%A2%E0%B8%A3%E0%B9%8C-%E0%B9%80%E0%B8%8A%E0%B9%8A%E0%B8%81%E0%B9%84%E0%B8%94/files/IX-X/files/Secondary/402-INFO_TECH_X-min.pdf HTTP/1.1" 200 94 "-" "Mozilla/5.0 AppleWebKit/537.36 (KHTML, like Gecko; compatible; bingbot/2.0; +http://www.bing.com/bingbot.htm) Chrome/116.0.1938.76 Safari/537.36"
66.249.79.66 - - [25/Nov/2024:08:02:04 -0700] "GET /detail/?yifmxg/ HTTP/1.1" 200 94 "-" "Mozilla/5.0 (compatible; Googlebot/2.1; +http://www.google.com/bot.html)"
85.208.96.193 - - [25/Nov/2024:08:02:17 -0700] "GET /jp/auction/v2521018103.shtm HTTP/1.1" 200 94 "-" "Mozilla/5.0 (compatible; SemrushBot/7~bl; +http://www.semrush.com/bot.html)"
66.249.79.64 - - [25/Nov/2024:08:02:18 -0700] "GET /bet/fyogne/who-match-fixing-to-chennai-super-kings.html HTTP/1.1" 200 94 "-" "Mozilla/5.0 (compatible; Googlebot/2.1; +http://www.google.com/bot.html)"
66.249.79.64 - - [25/Nov/2024:08:02:34 -0700] "GET /news/?nzcfcf/ HTTP/1.1" 200 94 "-" "Mozilla/5.0 (compatible; Googlebot/2.1; +http://www.google.com/bot.html)"
66.249.79.64 - - [25/Nov/2024:08:02:36 -0700] "GET /detail/?stwgdt/next-icc-tournament-host.html HTTP/1.1" 200 94 "-" "Mozilla/5.0 (compatible; Googlebot/2.1; +http://www.google.com/bot.html)"
85.208.96.210 - - [25/Nov/2024:08:02:39 -0700] "GET /jp/auction/d2531315395.shtm HTTP/1.1" 200 94 "-" "Mozilla/5.0 (compatible; SemrushBot/7~bl; +http://www.semrush.com/bot.html)"
185.191.171.11 - - [25/Nov/2024:08:02:42 -0700] "GET /jp/auction/v2541734299.shtm HTTP/1.1" 200 94 "-" "Mozilla/5.0 (compatible; SemrushBot/7~bl; +http://www.semrush.com/bot.html)"
185.191.171.17 - - [25/Nov/2024:08:02:45 -0700] "GET /addmission.php?jp%2Fclass%2Fx2511000019.shtm HTTP/1.1" 200 19750 "-" "Mozilla/5.0 (compatible; SemrushBot/7~bl; +http://www.semrush.com/bot.html)"
52.167.144.183 - - [25/Nov/2024:08:02:52 -0700] "GET /2021/03/22/pod%E3%81%A7%E5%9B%9B%E5%85%AD%E5%88%A4%E3%81%A7%E5%87%BA%E7%89%88%E3%81%99%E3%82%8B%E5%A0%B4%E5%90%88%E3%81%AE%E3%83%86%E3%83%B3%E3%83%97%E3%83%AC%E3%83%BC%E3%83%88%E3%81%AE%E8%B2%A9%E5%A3%B2/files/Secondary/result.php?jp/auction/e25118308.shtm HTTP/1.1" 200 94 "-" "Mozilla/5.0 AppleWebKit/537.36 (KHTML, like Gecko; compatible; bingbot/2.0; +http://www.bing.com/bingbot.htm) Chrome/116.0.1938.76 Safari/537.36"
40.77.167.8 - - [25/Nov/2024:08:02:59 -0700] "GET /info/%E7%9B%B8%E7%B6%9A%E3%81%AB%E3%81%8A%E3%81%91%E3%82%8B%E7%A8%8E%E7%90%86%E5%A3%AB%E3%81%AE%E5%BD%B9%E5%89%B2%E3%81%A3%E3%81%A6%E4%BD%95%EF%BC%9F/files/Secondary/files/I-VIII/academic.php HTTP/1.1" 200 94 "-" "Mozilla/5.0 AppleWebKit/537.36 (KHTML, like Gecko; compatible; bingbot/2.0; +http://www.bing.com/bingbot.htm) Chrome/116.0.1938.76 Safari/537.36"
66.249.79.66 - - [25/Nov/2024:08:03:01 -0700] "GET /bet/uxofht/ HTTP/1.1" 200 94 "-" "Mozilla/5.0 (compatible; Googlebot/2.1; +http://www.google.com/bot.html)"
85.208.96.201 - - [25/Nov/2024:08:03:09 -0700] "GET /jp/auction/j2552344897.shtm HTTP/1.1" 200 94 "-" "Mozilla/5.0 (compatible; SemrushBot/7~bl; +http://www.semrush.com/bot.html)"
52.167.144.203 - - [25/Nov/2024:08:03:14 -0700] "GET /catalogue/category/zhi-ren-nong-zuo-v/zhu-ti-xi-lie/files/Senior%20Secondary/files/I-VIII/Maths%20(I%20to%20VIII)-min.pdf HTTP/1.1" 200 94 "-" "Mozilla/5.0 AppleWebKit/537.36 (KHTML, like Gecko; compatible; bingbot/2.0; +http://www.bing.com/bingbot.htm) Chrome/116.0.1938.76 Safari/537.36"
66.249.79.64 - - [25/Nov/2024:08:03:23 -0700] "GET /detail/?tuxfmb/kevin-pietersen-ipl.html HTTP/1.1" 200 94 "-" "Mozilla/5.0 (compatible; Googlebot/2.1; +http://www.google.com/bot.html)"
52.167.144.203 - - [25/Nov/2024:08:03:35 -0700] "GET /blog/%E3%83%99%E3%83%B3%E3%83%84%E3%82%84%E3%83%8F%E3%83%AA%E3%82%A2%E3%83%BC%E3%81%AE%E3%82%AB%E3%83%BC%E3%83%A9%E3%83%83%E3%83%94%E3%83%B3%E3%82%B0%E3%81%AE%E3%81%8A%E5%95%8F%E3%81%84%E5%90%88%E3%82%8F/files/Secondary/files/Secondary/gallery.php HTTP/1.1" 200 94 "-" "Mozilla/5.0 AppleWebKit/537.36 (KHTML, like Gecko; compatible; bingbot/2.0; +http://www.bing.com/bingbot.htm) Chrome/116.0.1938.76 Safari/537.36"
66.249.79.64 - - [25/Nov/2024:08:03:35 -0700] "GET /news/htgodb/ HTTP/1.1" 200 94 "-" "Mozilla/5.0 (compatible; Googlebot/2.1; +http://www.google.com/bot.html)"
185.191.171.14 - - [25/Nov/2024:08:03:40 -0700] "GET /jp/auction/n252999063.shtm HTTP/1.1" 200 94 "-" "Mozilla/5.0 (compatible; SemrushBot/7~bl; +http://www.semrush.com/bot.html)"
66.249.79.66 - - [25/Nov/2024:08:04:28 -0700] "GET /bet/xoukxw/ipl-live-streaming-today-cricket-match.html HTTP/1.1" 200 94 "-" "Mozilla/5.0 (compatible; Googlebot/2.1; +http://www.google.com/bot.html)"
66.249.79.65 - - [25/Nov/2024:08:04:38 -0700] "GET /detail/?etljnq/women-in-casino.html HTTP/1.1" 200 94 "-" "Mozilla/5.0 (compatible; Googlebot/2.1; +http://www.google.com/bot.html)"
185.191.171.1 - - [25/Nov/2024:08:04:45 -0700] "GET /jp/auction/w251382534.shtm HTTP/1.1" 200 94 "-" "Mozilla/5.0 (compatible; SemrushBot/7~bl; +http://www.semrush.com/bot.html)"
66.249.79.64 - - [25/Nov/2024:08:04:47 -0700] "GET /news/akpbda/ HTTP/1.1" 200 94 "-" "Mozilla/5.0 (compatible; Googlebot/2.1; +http://www.google.com/bot.html)"
66.249.79.64 - - [25/Nov/2024:08:04:48 -0700] "GET /news/?hzuiyw/ HTTP/1.1" 200 94 "-" "Mozilla/5.0 (compatible; Googlebot/2.1; +http://www.google.com/bot.html)"
40.77.167.8 - - [25/Nov/2024:08:05:20 -0700] "GET /the-future-of-ai-after-that-are-unconsciously-created-by-humans/files/IX-X/files/I-VIII/VI-XII%20Divinity%20Syl.%20for%20Other%20Aca.-min.pdf HTTP/1.1" 200 94 "-" "Mozilla/5.0 AppleWebKit/537.36 (KHTML, like Gecko; compatible; bingbot/2.0; +http://www.bing.com/bingbot.htm) Chrome/116.0.1938.76 Safari/537.36"
66.249.79.66 - - [25/Nov/2024:08:05:25 -0700] "GET /bet/bmbfer/ HTTP/1.1" 200 94 "-" "Mozilla/5.0 (compatible; Googlebot/2.1; +http://www.google.com/bot.html)"
52.167.144.203 - - [25/Nov/2024:08:05:34 -0700] "GET /%E7%97%85%E9%99%A2%E3%82%84%E3%82%AF%E3%83%AA%E3%83%8B%E3%83%83%E3%82%AF%E4%BB%A5%E5%A4%96%E3%81%A7%E5%83%8D%E3%81%91%E3%82%8B%E5%A0%B4%E6%89%80%E3%81%A8%E3%81%AF%EF%BC%9F/files/Senior%20Secondary/files/Secondary/gallery.php HTTP/1.1" 200 94 "-" "Mozilla/5.0 AppleWebKit/537.36 (KHTML, like Gecko; compatible; bingbot/2.0; +http://www.bing.com/bingbot.htm) Chrome/116.0.1938.76 Safari/537.36"
185.191.171.11 - - [25/Nov/2024:08:05:45 -0700] "GET /jp/auction/o2552667562.shtm HTTP/1.1" 200 94 "-" "Mozilla/5.0 (compatible; SemrushBot/7~bl; +http://www.semrush.com/bot.html)"
66.249.79.65 - - [25/Nov/2024:08:05:47 -0700] "GET /news/?pqxsls/ HTTP/1.1" 200 94 "-" "Mozilla/5.0 (compatible; Googlebot/2.1; +http://www.google.com/bot.html)"
66.249.79.64 - - [25/Nov/2024:08:05:48 -0700] "GET /detail/eqiexx/ HTTP/1.1" 200 94 "-" "Mozilla/5.0 (compatible; Googlebot/2.1; +http://www.google.com/bot.html)"
52.167.144.203 - - [25/Nov/2024:08:06:06 -0700] "GET /category/%E0%B9%81%E0%B8%9C%E0%B8%99%E0%B8%81%E0%B8%B2%E0%B8%A3%E0%B9%83%E0%B8%8A%E0%B9%89%E0%B8%88%E0%B9%88%E0%B8%B2%E0%B8%A2%E0%B8%87%E0%B8%9A%E0%B8%9B%E0%B8%A3%E0%B8%B0%E0%B8%A1%E0%B8%B2%E0%B8%93%E0%B8%9B/images/files/files/I-VIII/Science%20%20(III%20to%20VIII)-min.pdf HTTP/1.1" 200 94 "-" "Mozilla/5.0 AppleWebKit/537.36 (KHTML, like Gecko; compatible; bingbot/2.0; +http://www.bing.com/bingbot.htm) Chrome/116.0.1938.76 Safari/537.36"
66.249.79.65 - - [25/Nov/2024:08:06:20 -0700] "GET /news/bhsvgc/ HTTP/1.1" 200 94 "-" "Mozilla/5.0 (compatible; Googlebot/2.1; +http://www.google.com/bot.html)"
85.208.96.203 - - [25/Nov/2024:08:06:26 -0700] "GET /jp/auction/z2562854149.shtm HTTP/1.1" 200 94 "-" "Mozilla/5.0 (compatible; SemrushBot/7~bl; +http://www.semrush.com/bot.html)"
66.249.79.64 - - [25/Nov/2024:08:06:27 -0700] "GET /detail/dbfihc/ HTTP/1.1" 200 94 "-" "Mozilla/5.0 (compatible; Googlebot/2.1; +http://www.google.com/bot.html)"
66.249.79.64 - - [25/Nov/2024:08:06:31 -0700] "GET /news/?sdodjh/ HTTP/1.1" 200 94 "-" "Mozilla/5.0 (compatible; Googlebot/2.1; +http://www.google.com/bot.html)"
66.249.79.64 - - [25/Nov/2024:08:06:32 -0700] "GET /detail/aynhqx/ind-vs-pak-women's-t20-live-score.html HTTP/1.1" 200 94 "-" "Mozilla/5.0 (compatible; Googlebot/2.1; +http://www.google.com/bot.html)"
66.249.79.64 - - [25/Nov/2024:08:06:37 -0700] "GET /bet/kataqr/free-roulette-spins.html HTTP/1.1" 200 94 "-" "Mozilla/5.0 (compatible; Googlebot/2.1; +http://www.google.com/bot.html)"
66.249.79.64 - - [25/Nov/2024:08:06:39 -0700] "GET /detail/?yynjiz/free-spins-casino-no-deposit-casinos.html HTTP/1.1" 200 94 "-" "Mozilla/5.0 (compatible; Googlebot/2.1; +http://www.google.com/bot.html)"
69.162.124.238 - - [25/Nov/2024:08:06:42 -0700] "HEAD /cbse-corner.php HTTP/1.1" 200 - "https://baragura.akalacademy.ac.in/cbse-corner.php" "Mozilla/5.0+(compatible; UptimeRobot/2.0; http://www.uptimerobot.com/)"
66.249.79.64 - - [25/Nov/2024:08:06:48 -0700] "GET /bet/wkycfb/ HTTP/1.1" 200 94 "-" "Mozilla/5.0 (compatible; Googlebot/2.1; +http://www.google.com/bot.html)"
66.249.79.64 - - [25/Nov/2024:08:06:49 -0700] "GET /bet/zjirmo/tata-ipl-auction-players-list.html HTTP/1.1" 200 94 "-" "Mozilla/5.0 (compatible; Googlebot/2.1; +http://www.google.com/bot.html)"
52.167.144.203 - - [25/Nov/2024:08:06:55 -0700] "GET /kuma/column/%E3%82%AF%E3%83%9E%E3%81%AF%E3%81%AA%E3%81%9C%E3%81%A7%E3%81%8D%E3%82%8B%E3%81%AE%EF%BC%9F/files/Senior%20Secondary/Chemistry-min.pdf HTTP/1.1" 200 94 "-" "Mozilla/5.0 AppleWebKit/537.36 (KHTML, like Gecko; compatible; bingbot/2.0; +http://www.bing.com/bingbot.htm) Chrome/116.0.1938.76 Safari/537.36"
40.77.167.8 - - [25/Nov/2024:08:06:59 -0700] "GET /jiaoxue/files/Senior%20Secondary/files/I-VIII/Maths%20(I%20to%20VIII)-min.pdf HTTP/1.1" 200 94 "-" "Mozilla/5.0 AppleWebKit/537.36 (KHTML, like Gecko; compatible; bingbot/2.0; +http://www.bing.com/bingbot.htm) Chrome/116.0.1938.76 Safari/537.36"
40.77.167.8 - - [25/Nov/2024:08:07:00 -0700] "GET /catalog/filters-combiners/files/Senior%20Secondary/files/Senior%20Secondary/Biology-min.pdf HTTP/1.1" 200 94 "-" "Mozilla/5.0 AppleWebKit/537.36 (KHTML, like Gecko; compatible; bingbot/2.0; +http://www.bing.com/bingbot.htm) Chrome/116.0.1938.76 Safari/537.36"
40.77.167.8 - - [25/Nov/2024:08:07:01 -0700] "GET /commercial/charity-insurance/files/Secondary/files/Senior%20Secondary/Punjabi_XII-min.pdf HTTP/1.1" 200 94 "-" "Mozilla/5.0 AppleWebKit/537.36 (KHTML, like Gecko; compatible; bingbot/2.0; +http://www.bing.com/bingbot.htm) Chrome/116.0.1938.76 Safari/537.36"
66.249.79.65 - - [25/Nov/2024:08:07:02 -0700] "GET /detail/tbhrue/how-to-download-pro-kabaddi-matches.html HTTP/1.1" 200 94 "-" "Mozilla/5.0 (compatible; Googlebot/2.1; +http://www.google.com/bot.html)"
52.167.144.203 - - [25/Nov/2024:08:07:09 -0700] "GET /~raghistory/dp/files/I-VIII/files/Secondary/Mathematics_Sec_2019-20-min.pdf HTTP/1.1" 200 94 "-" "Mozilla/5.0 AppleWebKit/537.36 (KHTML, like Gecko; compatible; bingbot/2.0; +http://www.bing.com/bingbot.htm) Chrome/116.0.1938.76 Safari/537.36"
85.208.96.200 - - [25/Nov/2024:08:07:10 -0700] "GET /jp/auction/w2563115342.shtm HTTP/1.1" 200 94 "-" "Mozilla/5.0 (compatible; SemrushBot/7~bl; +http://www.semrush.com/bot.html)"
85.208.96.204 - - [25/Nov/2024:08:07:14 -0700] "GET /jp/auction/v2562713303.shtm HTTP/1.1" 200 94 "-" "Mozilla/5.0 (compatible; SemrushBot/7~bl; +http://www.semrush.com/bot.html)"
66.249.79.65 - - [25/Nov/2024:08:07:22 -0700] "GET /detail/?yxsikm/ HTTP/1.1" 200 94 "-" "Mozilla/5.0 (compatible; Googlebot/2.1; +http://www.google.com/bot.html)"
66.249.79.65 - - [25/Nov/2024:08:07:25 -0700] "GET /bet/ymwwjs/ HTTP/1.1" 200 94 "-" "Mozilla/5.0 (compatible; Googlebot/2.1; +http://www.google.com/bot.html)"
85.208.96.203 - - [25/Nov/2024:08:07:46 -0700] "GET /jp/auction/q2562784486.shtm HTTP/1.1" 200 94 "-" "Mozilla/5.0 (compatible; SemrushBot/7~bl; +http://www.semrush.com/bot.html)"
40.77.167.8 - - [25/Nov/2024:08:07:50 -0700] "GET /wp/%E5%9F%BC%E7%8E%89%E7%9C%8C%E5%A7%94%E8%A8%97%E5%85%AC%E5%85%B1%E8%81%B7%E6%A5%AD%E8%A8%93%E7%B7%B4-%E5%8F%97%E8%AC%9B%E7%94%9F%E3%81%AE%E5%8B%9F%E9%9B%86%E3%81%AB%E3%81%A4%E3%81%84%E3%81%A6-5/files/I-VIII/files/IX-X/addmission.php HTTP/1.1" 200 94 "-" "Mozilla/5.0 AppleWebKit/537.36 (KHTML, like Gecko; compatible; bingbot/2.0; +http://www.bing.com/bingbot.htm) Chrome/116.0.1938.76 Safari/537.36"
40.77.167.8 - - [25/Nov/2024:08:07:50 -0700] "GET /nurse-blog/2022/01/%E9%AB%98%E6%A0%A1%E7%94%9Fmini%E7%9C%8B%E8%AD%B7%E5%B8%AB%E4%BD%93%E9%A8%93/files/Secondary/files/Secondary/index.php HTTP/1.1" 200 94 "-" "Mozilla/5.0 AppleWebKit/537.36 (KHTML, like Gecko; compatible; bingbot/2.0; +http://www.bing.com/bingbot.htm) Chrome/116.0.1938.76 Safari/537.36"
66.249.79.64 - - [25/Nov/2024:08:07:52 -0700] "GET /detail/dnnxsv/shikhar-dhawan-tweet-afridi.html HTTP/1.1" 200 94 "-" "Mozilla/5.0 (compatible; Googlebot/2.1; +http://www.google.com/bot.html)"
66.249.79.64 - - [25/Nov/2024:08:07:57 -0700] "GET /news/sceuoj/premier-league-assists-table.html HTTP/1.1" 200 94 "-" "Mozilla/5.0 (compatible; Googlebot/2.1; +http://www.google.com/bot.html)"
52.167.144.186 - - [25/Nov/2024:08:08:04 -0700] "GET /wps/portal/serveis/rehabilitacio%20iqualitat%20tecnica/campanya-inspeccio-tecnica-de-ledifici-ite-2017/!ut/p/z1/vzhbbsiweer_hr44wl5ia-yylyqcgfzfpykv1czxyfbbceds8vc1ifmlirjuj1s7nqfz4zonxdvc0wo91q6r8e517109d0apskztejliilvj4wispacq_o2aqicxxdgx8cxxxbvng1_yfetjsa1fnmvdzm73lnzt2nosm6rio6g6rztppn59y1vj6cg3ug7qhzcr2zxwbbu7z1huwwvzksgqi29zbj3-edgyynk6kkhkbonsubrmdvuczuiabgi6mutgescegppahjtsoh9xb6mox9zi_gwolsngofvi8tapuid5s-hkfogplklp9lhz6diuuttvvz1p_qenqi62s_vzkgrcx4zvrc2tm48nv3g8uzxxrf_xsvsk-zxhpg6iwsv3p1rqy9a!/dz/d5/l2dbisevz0fbis9nqseh/files/IX-X/files/Senior%20Secondary/index.php?jp/auction/s25164914.shtm HTTP/1.1" 200 94 "-" "Mozilla/5.0 AppleWebKit/537.36 (KHTML, like Gecko; compatible; bingbot/2.0; +http://www.bing.com/bingbot.htm) Chrome/116.0.1938.76 Safari/537.36"
40.77.167.8 - - [25/Nov/2024:08:08:19 -0700] "GET /info/%E3%80%90%E7%A2%BA%E8%AA%8D%E3%80%91%E8%A8%88%E6%B8%AC%E7%94%A8%E3%83%81%E3%83%83%E3%83%97%E8%BF%94%E9%80%81%E3%81%AE%E3%81%8A%E9%A1%98%E3%81%84%E3%81%AB%E3%81%A4%E3%81%84%E3%81%A6/files/Senior%20Secondary/files/Secondary/theschool.php HTTP/1.1" 200 94 "-" "Mozilla/5.0 AppleWebKit/537.36 (KHTML, like Gecko; compatible; bingbot/2.0; +http://www.bing.com/bingbot.htm) Chrome/116.0.1938.76 Safari/537.36"
66.249.79.65 - - [25/Nov/2024:08:08:25 -0700] "GET /news/?qnrzca/ HTTP/1.1" 200 94 "-" "Mozilla/5.0 (compatible; Googlebot/2.1; +http://www.google.com/bot.html)"
52.167.144.203 - - [25/Nov/2024:08:08:35 -0700] "GET /nursinghome/%E4%BB%8B%E8%AD%B7%E4%BB%98%E6%9C%89%E6%96%99%E8%80%81%E4%BA%BA%E3%83%9B%E3%83%BC%E3%83%A0-%E3%83%8F%E3%82%A4%E3%83%BB%E3%83%95%E3%82%A9%E3%83%AD%E3%83%BC%E3%83%BB%E3%82%B4%E3%83%BC%E3%83%AB%E3%83%89/files/Secondary/files/Secondary/417-FAQ-min.pdf HTTP/1.1" 200 94 "-" "Mozilla/5.0 AppleWebKit/537.36 (KHTML, like Gecko; compatible; bingbot/2.0; +http://www.bing.com/bingbot.htm) Chrome/116.0.1938.76 Safari/537.36"
66.249.79.64 - - [25/Nov/2024:08:08:44 -0700] "GET /detail/?jpqseo/ HTTP/1.1" 200 94 "-" "Mozilla/5.0 (compatible; Googlebot/2.1; +http://www.google.com/bot.html)"
85.208.96.203 - - [25/Nov/2024:08:08:45 -0700] "GET /jp/auction/u251661356.shtm HTTP/1.1" 200 94 "-" "Mozilla/5.0 (compatible; SemrushBot/7~bl; +http://www.semrush.com/bot.html)"
185.191.171.14 - - [25/Nov/2024:08:08:59 -0700] "GET /jp/auction/j2531221905.shtm HTTP/1.1" 200 94 "-" "Mozilla/5.0 (compatible; SemrushBot/7~bl; +http://www.semrush.com/bot.html)"
185.191.171.4 - - [25/Nov/2024:08:09:04 -0700] "GET /jp/auction/b251133875.shtm HTTP/1.1" 200 94 "-" "Mozilla/5.0 (compatible; SemrushBot/7~bl; +http://www.semrush.com/bot.html)"
185.191.171.12 - - [25/Nov/2024:08:09:25 -0700] "GET /jp/auction/f2552645089.shtm HTTP/1.1" 200 94 "-" "Mozilla/5.0 (compatible; SemrushBot/7~bl; +http://www.semrush.com/bot.html)"
194.233.72.158 - - [25/Nov/2024:08:09:27 -0700] "GET /images/journey/santteja/wp-admin/noop.php HTTP/1.1" 200 94 "-" "Uptime-Kuma/1.23.3"
52.167.144.203 - - [25/Nov/2024:08:09:36 -0700] "GET /%E3%82%B9%E3%83%94%E3%83%AA%E3%83%81%E3%83%A5%E3%82%A2%E3%83%AA%E3%83%86%E3%82%A3%E3%81%AE%E5%BF%83%E7%90%86%E5%AD%A6%E2%80%95%E5%BF%83%E3%81%AE%E6%99%82%E4%BB%A3%E3%81%AE%E5%AD%A6%E5%95%8F%E3%82%92%E6%B1%82%E3%82%81%E3%81%A6-%E5%AE%89%E8%97%A4-%E6%B2%BB/dp/4884161645/files/Secondary/files/Senior%20Secondary/Physics-min.pdf HTTP/1.1" 200 94 "-" "Mozilla/5.0 AppleWebKit/537.36 (KHTML, like Gecko; compatible; bingbot/2.0; +http://www.bing.com/bingbot.htm) Chrome/116.0.1938.76 Safari/537.36"
66.249.79.65 - - [25/Nov/2024:08:10:01 -0700] "GET /bet/?mwlzop/ HTTP/1.1" 200 94 "-" "Mozilla/5.0 (compatible; Googlebot/2.1; +http://www.google.com/bot.html)"
66.249.79.64 - - [25/Nov/2024:08:10:20 -0700] "GET /detail/rhlbdb/canterbury-cricket-team-players-2019.html HTTP/1.1" 200 94 "-" "Mozilla/5.0 (compatible; Googlebot/2.1; +http://www.google.com/bot.html)"
52.167.144.186 - - [25/Nov/2024:08:10:23 -0700] "GET /~campus-life/housing-dining/files/Secondary/files/Senior%20Secondary/History-min.pdf HTTP/1.1" 200 94 "-" "Mozilla/5.0 AppleWebKit/537.36 (KHTML, like Gecko; compatible; bingbot/2.0; +http://www.bing.com/bingbot.htm) Chrome/116.0.1938.76 Safari/537.36"
66.249.79.64 - - [25/Nov/2024:08:10:51 -0700] "GET /news/?rnkyfp/play-ping-pong-game-online.html HTTP/1.1" 200 94 "-" "Mozilla/5.0 (compatible; Googlebot/2.1; +http://www.google.com/bot.html)"
66.249.79.64 - - [25/Nov/2024:08:11:00 -0700] "GET /news/?wlsurs/best-free-online-addicting-games.html HTTP/1.1" 200 94 "-" "Mozilla/5.0 (compatible; Googlebot/2.1; +http://www.google.com/bot.html)"
185.191.171.1 - - [25/Nov/2024:08:11:14 -0700] "GET /jp/auction/k2521132804.shtm HTTP/1.1" 200 94 "-" "Mozilla/5.0 (compatible; SemrushBot/7~bl; +http://www.semrush.com/bot.html)"
66.249.79.64 - - [25/Nov/2024:08:11:27 -0700] "GET /news/?mwhqwr/shivam-singh-prize-in-madeeasy.html HTTP/1.1" 200 94 "-" "Mozilla/5.0 (compatible; Googlebot/2.1; +http://www.google.com/bot.html)"
66.249.79.64 - - [25/Nov/2024:08:11:34 -0700] "GET /news/?edjnik/ HTTP/1.1" 200 94 "-" "Mozilla/5.0 (compatible; Googlebot/2.1; +http://www.google.com/bot.html)"
69.162.124.238 - - [25/Nov/2024:08:11:42 -0700] "HEAD /cbse-corner.php HTTP/1.1" 200 - "https://baragura.akalacademy.ac.in/cbse-corner.php" "Mozilla/5.0+(compatible; UptimeRobot/2.0; http://www.uptimerobot.com/)"
66.249.79.64 - - [25/Nov/2024:08:11:46 -0700] "GET /bet/nfkvdu/fifa-world-cup-july-12-mathc.html HTTP/1.1" 200 94 "-" "Mozilla/5.0 (compatible; Googlebot/2.1; +http://www.google.com/bot.html)"
66.249.79.65 - - [25/Nov/2024:08:12:01 -0700] "GET /bet/tijgke/ HTTP/1.1" 200 94 "-" "Mozilla/5.0 (compatible; Googlebot/2.1; +http://www.google.com/bot.html)"
66.249.79.64 - - [25/Nov/2024:08:12:22 -0700] "GET /bet/?gzqioq/ HTTP/1.1" 200 94 "-" "Mozilla/5.0 (compatible; Googlebot/2.1; +http://www.google.com/bot.html)"
66.249.79.64 - - [25/Nov/2024:08:12:28 -0700] "GET /bet/chftqx/casino-near-santa-ana-ca.html HTTP/1.1" 200 94 "-" "Mozilla/5.0 (compatible; Googlebot/2.1; +http://www.google.com/bot.html)"
66.249.79.64 - - [25/Nov/2024:08:12:45 -0700] "GET /news/xiruqi/ HTTP/1.1" 200 94 "-" "Mozilla/5.0 (compatible; Googlebot/2.1; +http://www.google.com/bot.html)"
185.191.171.16 - - [25/Nov/2024:08:12:54 -0700] "GET /jp/auction/x251450525.shtm HTTP/1.1" 200 94 "-" "Mozilla/5.0 (compatible; SemrushBot/7~bl; +http://www.semrush.com/bot.html)"
185.191.171.16 - - [25/Nov/2024:08:13:14 -0700] "GET /jp/auction/d2562910053.shtm HTTP/1.1" 200 94 "-" "Mozilla/5.0 (compatible; SemrushBot/7~bl; +http://www.semrush.com/bot.html)"
85.208.96.206 - - [25/Nov/2024:08:13:16 -0700] "GET /jp/class/x2531000651.shtm HTTP/1.1" 200 94 "-" "Mozilla/5.0 (compatible; SemrushBot/7~bl; +http://www.semrush.com/bot.html)"
66.249.79.64 - - [25/Nov/2024:08:13:21 -0700] "GET /bet/yupwgt/ HTTP/1.1" 200 94 "-" "Mozilla/5.0 (compatible; Googlebot/2.1; +http://www.google.com/bot.html)"
52.167.144.186 - - [25/Nov/2024:08:13:24 -0700] "GET /%E6%9C%80%E5%BC%B7%E3%81%AE%E3%82%B3%E3%83%9F%E3%83%A5%E3%83%8B%E3%82%B1%E3%83%BC%E3%82%B7%E3%83%A7%E3%83%B3-%E3%83%84%E3%83%83%E3%82%B3%E3%83%9F%E8%A1%93-%E7%A5%A5%E4%BC%9D%E7%A4%BE%E6%96%B0%E6%9B%B8-%E6%9D%91%E7%80%AC-%E5%81%A5/dp/files/I-VIII/files/I-VIII/result.php?jp/auction/a25138740.shtm HTTP/1.1" 200 94 "-" "Mozilla/5.0 AppleWebKit/537.36 (KHTML, like Gecko; compatible; bingbot/2.0; +http://www.bing.com/bingbot.htm) Chrome/116.0.1938.76 Safari/537.36"
66.249.79.65 - - [25/Nov/2024:08:13:27 -0700] "GET /news/?gmfsur/ HTTP/1.1" 200 94 "-" "Mozilla/5.0 (compatible; Googlebot/2.1; +http://www.google.com/bot.html)"
52.167.144.186 - - [25/Nov/2024:08:13:34 -0700] "GET /index.php/tai-lieu-hoc-tieng-trung/files/I-VIII/files/Secondary/402-INFO_TECH_X-min.pdf HTTP/1.1" 200 94 "-" "Mozilla/5.0 AppleWebKit/537.36 (KHTML, like Gecko; compatible; bingbot/2.0; +http://www.bing.com/bingbot.htm) Chrome/116.0.1938.76 Safari/537.36"
66.249.79.64 - - [25/Nov/2024:08:13:34 -0700] "GET /bet/?dtujrv/ HTTP/1.1" 200 94 "-" "Mozilla/5.0 (compatible; Googlebot/2.1; +http://www.google.com/bot.html)"
66.249.79.66 - - [25/Nov/2024:08:14:13 -0700] "GET /bet/ckqxrc/ HTTP/1.1" 200 94 "-" "Mozilla/5.0 (compatible; Googlebot/2.1; +http://www.google.com/bot.html)"
85.208.96.199 - - [25/Nov/2024:08:14:26 -0700] "GET /jp/auction/t2521046753.shtm HTTP/1.1" 200 94 "-" "Mozilla/5.0 (compatible; SemrushBot/7~bl; +http://www.semrush.com/bot.html)"
185.191.171.6 - - [25/Nov/2024:08:14:38 -0700] "GET /jp/auction/h251487013.shtm HTTP/1.1" 200 94 "-" "Mozilla/5.0 (compatible; SemrushBot/7~bl; +http://www.semrush.com/bot.html)"
52.167.144.170 - - [25/Nov/2024:08:14:41 -0700] "GET /wps/portal/serveis/rehabilitacio%20iqualitat%20tecnica/campanya-inspeccio-tecnica-de-ledifici-ite-2017/!ut/p/z1/vzhbbsiweer_hr44wl5ia-yylyqcgfzfpykv1czxyfbbceds8vc1ifmlirjuj1s7nqfz4zonxdvc0wo91q6r8e517109d0apskztejliilvj4wispacq_o2aqicxxdgx8cxxxbvng1_yfetjsa1fnmvdzm73lnzt2nosm6rio6g6rztppn59y1vj6cg3ug7qhzcr2zxwbbu7z1huwwvzksgqi29zbj3-edgyynk6kkhkbonsubrmdvuczuiabgi6mutgescegppahjtsoh9xb6mox9zi_gwolsngofvi8tapuid5s-hkfogplklp9lhz6diuuttvvz1p_qenqi62s_vzkgrcx4zvrc2tm48nv3g8uzxxrf_xsvsk-zxhpg6iwsv3p1rqy9a!/dz/d5/l2dbisevz0fbis9nqseh/files/I-VIII/cbse-corner.php?jp/auction/i25163630.shtm HTTP/1.1" 200 94 "-" "Mozilla/5.0 AppleWebKit/537.36 (KHTML, like Gecko; compatible; bingbot/2.0; +http://www.bing.com/bingbot.htm) Chrome/116.0.1938.76 Safari/537.36"
185.191.171.5 - - [25/Nov/2024:08:14:44 -0700] "GET /jp/auction/s251187686.shtm HTTP/1.1" 200 94 "-" "Mozilla/5.0 (compatible; SemrushBot/7~bl; +http://www.semrush.com/bot.html)"
66.249.79.64 - - [25/Nov/2024:08:14:52 -0700] "GET /bet/iuoqmk/ HTTP/1.1" 200 94 "-" "Mozilla/5.0 (compatible; Googlebot/2.1; +http://www.google.com/bot.html)"
40.77.167.241 - - [25/Nov/2024:08:14:56 -0700] "GET /news/%E9%9B%87%E7%94%A8%E4%BF%9D%E9%99%BA%E5%88%B6%E5%BA%A6%E3%80%80%E3%83%9E%E3%83%AB%E3%83%81%E9%AB%98%E5%B9%B4%E9%BD%A2%E8%A2%AB%E4%BF%9D%E9%99%BA%E8%80%85%E6%96%B0%E8%A8%AD%E2%80%95%E2%80%95%E5%8E%9A/files/Senior%20Secondary/files/Secondary/index.php HTTP/1.1" 200 94 "-" "Mozilla/5.0 AppleWebKit/537.36 (KHTML, like Gecko; compatible; bingbot/2.0; +http://www.bing.com/bingbot.htm) Chrome/116.0.1938.76 Safari/537.36"
66.249.79.64 - - [25/Nov/2024:08:15:03 -0700] "GET /detail/nfcczy/download-ace2three-rummy.html HTTP/1.1" 200 94 "-" "Mozilla/5.0 (compatible; Googlebot/2.1; +http://www.google.com/bot.html)"
66.249.79.64 - - [25/Nov/2024:08:15:12 -0700] "GET /detail/?zisrux/ HTTP/1.1" 200 94 "-" "Mozilla/5.0 (compatible; Googlebot/2.1; +http://www.google.com/bot.html)"
66.249.79.64 - - [25/Nov/2024:08:15:18 -0700] "GET /bet/?zmcwnw/ HTTP/1.1" 200 94 "-" "Mozilla/5.0 (compatible; Googlebot/2.1; +http://www.google.com/bot.html)"
66.249.79.64 - - [25/Nov/2024:08:15:32 -0700] "GET /news/?bholge/betway-kenya.html HTTP/1.1" 200 94 "-" "Mozilla/5.0 (compatible; Googlebot/2.1; +http://www.google.com/bot.html)"
66.249.79.64 - - [25/Nov/2024:08:15:50 -0700] "GET /news/oydsqg/new-zealand-t20-women's-team.html HTTP/1.1" 200 94 "-" "Mozilla/5.0 (compatible; Googlebot/2.1; +http://www.google.com/bot.html)"
66.249.79.65 - - [25/Nov/2024:08:16:05 -0700] "GET /bet/?inkiij/target-same-day-shipping.html HTTP/1.1" 200 94 "-" "Mozilla/5.0 (compatible; Googlebot/2.1; +http://www.google.com/bot.html)"
85.208.96.202 - - [25/Nov/2024:08:16:18 -0700] "GET /jp/auction/r25196113.shtm HTTP/1.1" 200 94 "-" "Mozilla/5.0 (compatible; SemrushBot/7~bl; +http://www.semrush.com/bot.html)"
66.249.79.65 - - [25/Nov/2024:08:16:21 -0700] "GET /bet/?wkvtks/ HTTP/1.1" 200 94 "-" "Mozilla/5.0 (compatible; Googlebot/2.1; +http://www.google.com/bot.html)"
52.167.144.186 - - [25/Nov/2024:08:16:24 -0700] "GET /docs/files/IX-X/files/Secondary/English_Sec_2019-20-min.pdf HTTP/1.1" 200 94 "-" "Mozilla/5.0 AppleWebKit/537.36 (KHTML, like Gecko; compatible; bingbot/2.0; +http://www.bing.com/bingbot.htm) Chrome/116.0.1938.76 Safari/537.36"
66.249.79.64 - - [25/Nov/2024:08:16:35 -0700] "GET /news/?rtgygf/ HTTP/1.1" 200 94 "-" "Mozilla/5.0 (compatible; Googlebot/2.1; +http://www.google.com/bot.html)"
69.162.124.238 - - [25/Nov/2024:08:16:42 -0700] "HEAD /cbse-corner.php HTTP/1.1" 200 - "https://baragura.akalacademy.ac.in/cbse-corner.php" "Mozilla/5.0+(compatible; UptimeRobot/2.0; http://www.uptimerobot.com/)"
66.249.79.64 - - [25/Nov/2024:08:16:42 -0700] "GET /bet/zmauzo/card-games-like-gwent.html HTTP/1.1" 200 94 "-" "Mozilla/5.0 (compatible; Googlebot/2.1; +http://www.google.com/bot.html)"
40.77.167.241 - - [25/Nov/2024:08:16:56 -0700] "GET /empresa/files/Secondary/files/Senior%20Secondary/Biology-min.pdf HTTP/1.1" 200 94 "-" "Mozilla/5.0 AppleWebKit/537.36 (KHTML, like Gecko; compatible; bingbot/2.0; +http://www.bing.com/bingbot.htm) Chrome/116.0.1938.76 Safari/537.36"
52.167.144.170 - - [25/Nov/2024:08:17:02 -0700] "GET /yunioshi-hamerare-hitodzuma-furin-nikki-%E3%80%9C-sore-kara-no-mari-%E3%80%9C-_-%E3%82%86%E3%81%AB%E3%81%8A%E3%81%97-%E3%83%8F%E3%83%A1%E3%83%A9%E3%83%AC%E4%BA%BA%E5%A6%BB%E4%B8%8D%E5%80%AB/files/Secondary/files/I-VIII/result.php HTTP/1.1" 200 94 "-" "Mozilla/5.0 AppleWebKit/537.36 (KHTML, like Gecko; compatible; bingbot/2.0; +http://www.bing.com/bingbot.htm) Chrome/116.0.1938.76 Safari/537.36"
66.249.79.66 - - [25/Nov/2024:08:17:02 -0700] "GET /detail/harwfj/ HTTP/1.1" 200 94 "-" "Mozilla/5.0 (compatible; Googlebot/2.1; +http://www.google.com/bot.html)"
66.249.79.65 - - [25/Nov/2024:08:17:10 -0700] "GET /news/?vfilma/team-india-ka-match.html HTTP/1.1" 200 94 "-" "Mozilla/5.0 (compatible; Googlebot/2.1; +http://www.google.com/bot.html)"
52.167.144.170 - - [25/Nov/2024:08:17:12 -0700] "GET /2018/02/%E3%81%82%E3%81%B6%E3%82%89%E3%81%92%E3%81%A8%E3%83%AC%E3%83%B3%E3%82%B3%E3%83%B3%E3%81%AE%E3%83%8F%E3%83%B3%E3%83%90%E3%83%BC%E3%82%B0/files/Secondary/files/Senior%20Secondary/BusinessStudies-min.pdf HTTP/1.1" 200 94 "-" "Mozilla/5.0 AppleWebKit/537.36 (KHTML, like Gecko; compatible; bingbot/2.0; +http://www.bing.com/bingbot.htm) Chrome/116.0.1938.76 Safari/537.36"
40.77.167.241 - - [25/Nov/2024:08:17:25 -0700] "GET /admission/undergraduate/files/Secondary/files/Senior%20Secondary/PhysicalEducation-min.pdf HTTP/1.1" 200 94 "-" "Mozilla/5.0 AppleWebKit/537.36 (KHTML, like Gecko; compatible; bingbot/2.0; +http://www.bing.com/bingbot.htm) Chrome/116.0.1938.76 Safari/537.36"
66.249.79.64 - - [25/Nov/2024:08:17:38 -0700] "GET /news/gjmwrv/fu-dao-le.html HTTP/1.1" 200 94 "-" "Mozilla/5.0 (compatible; Googlebot/2.1; +http://www.google.com/bot.html)"
66.249.79.64 - - [25/Nov/2024:08:17:48 -0700] "GET /bet/?fxrivh/ipl-today-openers.html HTTP/1.1" 200 94 "-" "Mozilla/5.0 (compatible; Googlebot/2.1; +http://www.google.com/bot.html)"
66.249.79.64 - - [25/Nov/2024:08:17:48 -0700] "GET /detail/?jnzlln/ HTTP/1.1" 200 94 "-" "Mozilla/5.0 (compatible; Googlebot/2.1; +http://www.google.com/bot.html)"
66.249.79.64 - - [25/Nov/2024:08:18:05 -0700] "GET /news/?zdysah/india-under-19-t20-world-cup.html HTTP/1.1" 200 94 "-" "Mozilla/5.0 (compatible; Googlebot/2.1; +http://www.google.com/bot.html)"
66.249.79.64 - - [25/Nov/2024:08:18:07 -0700] "GET /bet/?qiwncp/ HTTP/1.1" 200 94 "-" "Mozilla/5.0 (compatible; Googlebot/2.1; +http://www.google.com/bot.html)"
85.208.96.202 - - [25/Nov/2024:08:18:45 -0700] "GET /jp/auction/z2562929289.shtm HTTP/1.1" 200 94 "-" "Mozilla/5.0 (compatible; SemrushBot/7~bl; +http://www.semrush.com/bot.html)"
52.167.144.170 - - [25/Nov/2024:08:18:52 -0700] "GET /info/%E8%98%87%E3%82%8A%E3%81%AE%E5%9C%B0%E3%80%81%E3%82%8F%E3%81%8B%E3%82%84%E3%81%BE%E3%82%AD%E3%83%A3%E3%83%B3%E3%83%9A%E3%83%BC%E3%83%B3%EF%BD%9E-%E3%82%8F%E3%81%8B%E3%82%84%E3%81%BE%E3%83%AA/files/IX-X/files/Senior%20Secondary/academic.php HTTP/1.1" 200 94 "-" "Mozilla/5.0 AppleWebKit/537.36 (KHTML, like Gecko; compatible; bingbot/2.0; +http://www.bing.com/bingbot.htm) Chrome/116.0.1938.76 Safari/537.36"
66.249.79.66 - - [25/Nov/2024:08:19:07 -0700] "GET /bet/?bstmtf/ HTTP/1.1" 200 94 "-" "Mozilla/5.0 (compatible; Googlebot/2.1; +http://www.google.com/bot.html)"
85.208.96.210 - - [25/Nov/2024:08:19:14 -0700] "GET /jp/auction/x252803501.shtm HTTP/1.1" 200 94 "-" "Mozilla/5.0 (compatible; SemrushBot/7~bl; +http://www.semrush.com/bot.html)"
66.249.79.64 - - [25/Nov/2024:08:19:19 -0700] "GET /bet/?gudiem/best-online-casino-vip-programs.html HTTP/1.1" 200 94 "-" "Mozilla/5.0 (compatible; Googlebot/2.1; +http://www.google.com/bot.html)"
185.191.171.12 - - [25/Nov/2024:08:19:25 -0700] "GET /robots.txt HTTP/1.1" 200 94 "-" "Mozilla/5.0 (compatible; SemrushBot/7~bl; +http://www.semrush.com/bot.html)"
40.77.167.241 - - [25/Nov/2024:08:19:26 -0700] "GET /2019/08/27/%E3%80%901%E5%88%86%E3%81%A7%E3%82%8F%E3%81%8B%E3%82%8B%E3%80%91%E8%A8%B4%E6%B1%82%E5%8A%9B%E3%81%AE%E6%84%8F%E5%91%B3%E3%82%84%E4%BD%BF%E3%81%84%E6%96%B9%E3%81%A8%E4%BE%8B%E6%96%87%EF%BC%81%E9%A1%9E/files/I-VIII/result.php?jp/auction/m25117692.shtm HTTP/1.1" 200 94 "-" "Mozilla/5.0 AppleWebKit/537.36 (KHTML, like Gecko; compatible; bingbot/2.0; +http://www.bing.com/bingbot.htm) Chrome/116.0.1938.76 Safari/537.36"
185.191.171.1 - - [25/Nov/2024:08:19:27 -0700] "GET /jp/auction/q2521160838.shtm HTTP/1.1" 200 94 "-" "Mozilla/5.0 (compatible; SemrushBot/7~bl; +http://www.semrush.com/bot.html)"
194.233.72.158 - - [25/Nov/2024:08:19:27 -0700] "GET /images/journey/santteja/wp-admin/noop.php HTTP/1.1" 200 94 "-" "Uptime-Kuma/1.23.3"
40.77.167.241 - - [25/Nov/2024:08:19:28 -0700] "GET /2020/05/19/%E3%80%90%E5%8B%95%E7%94%BB%E3%80%91%E3%83%93%E3%83%AB%E3%83%BB%E3%82%B2%E3%82%A4%E3%83%84%E6%B0%8F%E3%81%AB%E3%82%88%E3%82%8B%E4%B8%96%E7%95%8C%E3%81%AE%E4%BA%BA%E5%8F%A3%E3%82%92%E3%82%B3%E3%83%B3/files/I-VIII/files/Senior%20Secondary/Physics-min.pdf HTTP/1.1" 200 94 "-" "Mozilla/5.0 AppleWebKit/537.36 (KHTML, like Gecko; compatible; bingbot/2.0; +http://www.bing.com/bingbot.htm) Chrome/116.0.1938.76 Safari/537.36"
185.191.171.12 - - [25/Nov/2024:08:19:29 -0700] "GET /jp/auction/c2552332488.shtm HTTP/1.1" 200 94 "-" "Mozilla/5.0 (compatible; SemrushBot/7~bl; +http://www.semrush.com/bot.html)"
66.249.79.64 - - [25/Nov/2024:08:19:38 -0700] "GET /news/?mdwzqg/ HTTP/1.1" 200 94 "-" "Mozilla/5.0 (compatible; Googlebot/2.1; +http://www.google.com/bot.html)"
40.77.167.241 - - [25/Nov/2024:08:19:47 -0700] "GET /index.php/gokumin-%E6%A5%B5%E5%8E%9A10cm-%E3%83%99%E3%83%83%E3%83%89%E3%83%9E%E3%83%83%E3%83%88-%E3%80%90180n%E3%81%A8250n%E3%81%AE2%E5%B1%A4%E6%A7%8B%E9%80%A0%E3%81%A8%E7%89%B9%E6%AE%8A%E5%8A%A0%E5%B7%A5%E3%81%AE%E9%95%B7%E6%8C%81%E3%81%A1%E3%82%B0%E3%83%A9%E3%83%B3%E3%83%9E%E3%83%83%E3%83%88%E3%83%AC%E3%82%B9%E3%80%91-%E3%83%97%E3%83%AC%E3%83%9F%E3%82%A2%E3%83%A0%E3%83%9B%E3%83%AF%E3%82%A4%E3%83%88/dp/files/Senior%20Secondary/files/Senior%20Secondary/PhysicalEducation-min.pdf?jp/auction/k25132510.shtm HTTP/1.1" 200 94 "-" "Mozilla/5.0 AppleWebKit/537.36 (KHTML, like Gecko; compatible; bingbot/2.0; +http://www.bing.com/bingbot.htm) Chrome/116.0.1938.76 Safari/537.36"
85.208.96.206 - - [25/Nov/2024:08:19:52 -0700] "GET /jp/auction/q2521189334.shtm HTTP/1.1" 200 94 "-" "Mozilla/5.0 (compatible; SemrushBot/7~bl; +http://www.semrush.com/bot.html)"
185.191.171.16 - - [25/Nov/2024:08:19:56 -0700] "GET /jp/auction/o2563120664.shtm HTTP/1.1" 200 94 "-" "Mozilla/5.0 (compatible; SemrushBot/7~bl; +http://www.semrush.com/bot.html)"
66.249.79.64 - - [25/Nov/2024:08:20:05 -0700] "GET /detail/?ftvtrw/captain-of-indian-cricket-team-t20.html HTTP/1.1" 200 94 "-" "Mozilla/5.0 (compatible; Googlebot/2.1; +http://www.google.com/bot.html)"
40.77.167.241 - - [25/Nov/2024:08:20:05 -0700] "GET /all-articles/files/I-VIII/files/I-VIII/Science%20%20(III%20to%20VIII)-min.pdf HTTP/1.1" 200 94 "-" "Mozilla/5.0 AppleWebKit/537.36 (KHTML, like Gecko; compatible; bingbot/2.0; +http://www.bing.com/bingbot.htm) Chrome/116.0.1938.76 Safari/537.36"
66.249.79.65 - - [25/Nov/2024:08:20:10 -0700] "GET /detail/?zakdfo/league-of-legends-main-characters.html HTTP/1.1" 200 94 "-" "Mozilla/5.0 (compatible; Googlebot/2.1; +http://www.google.com/bot.html)"
66.249.79.64 - - [25/Nov/2024:08:20:12 -0700] "GET /news/?lsafqx/ HTTP/1.1" 200 94 "-" "Mozilla/5.0 (compatible; Googlebot/2.1; +http://www.google.com/bot.html)"
66.249.79.64 - - [25/Nov/2024:08:20:23 -0700] "GET /detail/?rdtecv/team-india-oppo.html HTTP/1.1" 200 94 "-" "Mozilla/5.0 (compatible; Googlebot/2.1; +http://www.google.com/bot.html)"
40.77.167.241 - - [25/Nov/2024:08:20:25 -0700] "GET /index.php/th/%E0%B8%A7%E0%B8%B2%E0%B8%87%E0%B9%81%E0%B8%9C%E0%B8%99%E0%B8%81%E0%B8%B2%E0%B8%A3%E0%B8%97%E0%B9%88%E0%B8%AD%E0%B8%87%E0%B9%80%E0%B8%97%E0%B8%B5%E0%B9%88%E0%B8%A2%E0%B8%A7%E0%B8%82%E0%B8%AD%E0%B8%87/%E0%B8%AB%E0%B9%89%E0%B8%AD%E0%B8%87%E0%B8%9B%E0%B8%A3%E0%B8%B0%E0%B8%8A%E0%B8%B8%E0%B8%A1%E0%B8%AA%E0%B8%B1%E0%B8%A1%E0%B8%A1%E0%B8%99%E0%B8%B2/files/IX-X/files/I-VIII/VI-X%20Punjabi-min.pdf HTTP/1.1" 200 94 "-" "Mozilla/5.0 AppleWebKit/537.36 (KHTML, like Gecko; compatible; bingbot/2.0; +http://www.bing.com/bingbot.htm) Chrome/116.0.1938.76 Safari/537.36"
66.249.79.64 - - [25/Nov/2024:08:20:30 -0700] "GET /bet/?dwjlll/ HTTP/1.1" 200 94 "-" "Mozilla/5.0 (compatible; Googlebot/2.1; +http://www.google.com/bot.html)"
66.249.79.64 - - [25/Nov/2024:08:20:58 -0700] "GET /detail/?azlwhl/cs-go-pc.html HTTP/1.1" 200 94 "-" "Mozilla/5.0 (compatible; Googlebot/2.1; +http://www.google.com/bot.html)"
40.77.167.241 - - [25/Nov/2024:08:21:07 -0700] "GET /th/visit/%E0%B8%9E%E0%B8%B4%E0%B8%81%E0%B8%B1%E0%B8%94%E0%B9%81%E0%B8%A5%E0%B8%B0%E0%B9%81%E0%B8%9C%E0%B8%99%E0%B8%97%E0%B8%B5%E0%B9%88/files/Secondary/files/Senior%20Secondary/BusinessStudies-min.pdf HTTP/1.1" 200 94 "-" "Mozilla/5.0 AppleWebKit/537.36 (KHTML, like Gecko; compatible; bingbot/2.0; +http://www.bing.com/bingbot.htm) Chrome/116.0.1938.76 Safari/537.36"
66.249.79.64 - - [25/Nov/2024:08:21:14 -0700] "GET /bet/?fuusba/what-is-the-best-app-for-betting.html HTTP/1.1" 200 94 "-" "Mozilla/5.0 (compatible; Googlebot/2.1; +http://www.google.com/bot.html)"
40.77.167.241 - - [25/Nov/2024:08:21:16 -0700] "GET /index.php/gokumin-%E6%A5%B5%E5%8E%9A10cm-%E3%83%99%E3%83%83%E3%83%89%E3%83%9E%E3%83%83%E3%83%88-%E3%80%90180n%E3%81%A8250n%E3%81%AE2%E5%B1%A4%E6%A7%8B%E9%80%A0%E3%81%A8%E7%89%B9%E6%AE%8A%E5%8A%A0%E5%B7%A5%E3%81%AE%E9%95%B7%E6%8C%81%E3%81%A1%E3%82%B0%E3%83%A9%E3%83%B3%E3%83%9E%E3%83%83%E3%83%88%E3%83%AC%E3%82%B9%E3%80%91-%E3%83%97%E3%83%AC%E3%83%9F%E3%82%A2%E3%83%A0%E3%83%9B%E3%83%AF%E3%82%A4%E3%83%88/dp/files/IX-X/files/Secondary/417-VIII-min.pdf?jp/auction/a25159592.shtm HTTP/1.1" 200 94 "-" "Mozilla/5.0 AppleWebKit/537.36 (KHTML, like Gecko; compatible; bingbot/2.0; +http://www.bing.com/bingbot.htm) Chrome/116.0.1938.76 Safari/537.36"
85.208.96.210 - - [25/Nov/2024:08:21:30 -0700] "GET /jp/class/x2541000011.shtm HTTP/1.1" 200 94 "-" "Mozilla/5.0 (compatible; SemrushBot/7~bl; +http://www.semrush.com/bot.html)"
69.162.124.238 - - [25/Nov/2024:08:21:42 -0700] "HEAD /cbse-corner.php HTTP/1.1" 200 - "https://baragura.akalacademy.ac.in/cbse-corner.php" "Mozilla/5.0+(compatible; UptimeRobot/2.0; http://www.uptimerobot.com/)"
./LuLlaby007 ♥ Tata Cantik - Copyright 2k18