Cylul007 Webshell
Server :
Linux ip-148-66-134-25.ip.secureserver.net 3.10.0-1160.119.1.el7.tuxcare.els10.x86_64 #1 SMP Fri Oct 11 21:40:41 UTC 2024 x86_64
php :
8.0.30
on
cgi-fcgi
Time
25 Nov 2024 15:23:16
Current Directory :
/
home
/
amvm
/
access-logs
/
Upload File :
Mass Deface
Home
Bypass Passwd
Current File : /home/amvm/access-logs/baragura.akalacademy.ac.in-ssl_log
66.249.79.64 - - [25/Nov/2024:05:09:59 -0700] "GET /detail/thsysl/ind-vs-eng-women's-t20-playing-11.html HTTP/1.1" 200 94 "-" "Mozilla/5.0 (compatible; Googlebot/2.1; +http://www.google.com/bot.html)"
66.249.79.64 - - [25/Nov/2024:05:10:01 -0700] "GET /bet/gbfsxq/ HTTP/1.1" 200 94 "-" "Mozilla/5.0 (compatible; Googlebot/2.1; +http://www.google.com/bot.html)"
185.191.171.12 - - [25/Nov/2024:05:10:14 -0700] "GET /jp/auction/k2541826302.shtm HTTP/1.1" 200 94 "-" "Mozilla/5.0 (compatible; SemrushBot/7~bl; +http://www.semrush.com/bot.html)"
66.249.79.64 - - [25/Nov/2024:05:10:18 -0700] "GET /bet/?sproxo/barcelona-table-2023.html HTTP/1.1" 200 94 "-" "Mozilla/5.0 (compatible; Googlebot/2.1; +http://www.google.com/bot.html)"
66.249.79.64 - - [25/Nov/2024:05:10:21 -0700] "GET /news/?aevohi/ HTTP/1.1" 200 94 "-" "Mozilla/5.0 (compatible; Googlebot/2.1; +http://www.google.com/bot.html)"
66.249.79.64 - - [25/Nov/2024:05:10:29 -0700] "GET /news/jgdzem/indian-cricket-players-names-with-pics.html HTTP/1.1" 200 94 "-" "Mozilla/5.0 (compatible; Googlebot/2.1; +http://www.google.com/bot.html)"
52.167.144.20 - - [25/Nov/2024:05:10:37 -0700] "GET /cuentos/files/Senior%20Secondary/files/IX-X/Grade%20(IX)-min.pdf HTTP/1.1" 200 94 "-" "Mozilla/5.0 AppleWebKit/537.36 (KHTML, like Gecko; compatible; bingbot/2.0; +http://www.bing.com/bingbot.htm) Chrome/116.0.1938.76 Safari/537.36"
66.249.79.64 - - [25/Nov/2024:05:10:57 -0700] "GET /detail/?feyisw/ HTTP/1.1" 200 94 "-" "Mozilla/5.0 (compatible; Googlebot/2.1; +http://www.google.com/bot.html)"
66.249.79.66 - - [25/Nov/2024:05:11:10 -0700] "GET /detail/ieqzky/astrosage-faf-du-plessis.html HTTP/1.1" 200 94 "-" "Mozilla/5.0 (compatible; Googlebot/2.1; +http://www.google.com/bot.html)"
66.249.79.64 - - [25/Nov/2024:05:11:36 -0700] "GET /news/jrodxi/soccer-vista-prediction-site.html HTTP/1.1" 200 94 "-" "Mozilla/5.0 (compatible; Googlebot/2.1; +http://www.google.com/bot.html)"
66.249.79.64 - - [25/Nov/2024:05:11:38 -0700] "GET /bet/?hdqcrf/how-to-watch-live-ipl-streaming.html HTTP/1.1" 200 94 "-" "Mozilla/5.0 (compatible; Googlebot/2.1; +http://www.google.com/bot.html)"
66.249.79.64 - - [25/Nov/2024:05:11:46 -0700] "GET /news/?ybnhat/pola-slot-pragmatic-princess.html HTTP/1.1" 200 94 "-" "Mozilla/5.0 (compatible; Googlebot/2.1; +http://www.google.com/bot.html)"
66.249.79.64 - - [25/Nov/2024:05:11:55 -0700] "GET /detail/rljjhp/adventure-escapes-games-download.html HTTP/1.1" 200 94 "-" "Mozilla/5.0 (compatible; Googlebot/2.1; +http://www.google.com/bot.html)"
69.162.124.238 - - [25/Nov/2024:05:12:14 -0700] "HEAD /cbse-corner.php HTTP/1.1" 200 - "https://baragura.akalacademy.ac.in/cbse-corner.php" "Mozilla/5.0+(compatible; UptimeRobot/2.0; http://www.uptimerobot.com/)"
66.249.79.64 - - [25/Nov/2024:05:12:32 -0700] "GET /news/?rxirha/ HTTP/1.1" 200 94 "-" "Mozilla/5.0 (compatible; Googlebot/2.1; +http://www.google.com/bot.html)"
66.249.79.65 - - [25/Nov/2024:05:12:37 -0700] "GET /bet/?futviw/ HTTP/1.1" 200 94 "-" "Mozilla/5.0 (compatible; Googlebot/2.1; +http://www.google.com/bot.html)"
185.191.171.12 - - [25/Nov/2024:05:12:39 -0700] "GET /jp/auction/l251307253.shtm HTTP/1.1" 200 94 "-" "Mozilla/5.0 (compatible; SemrushBot/7~bl; +http://www.semrush.com/bot.html)"
52.167.144.20 - - [25/Nov/2024:05:12:46 -0700] "GET /index.php?%C3%A4%C2%BC%C5%A1%C3%A7%C2%A4%C2%BE%C3%A6%C2%A1%CB%86%C3%A5%E2%80%A0%E2%80%A6 HTTP/1.1" 200 94 "-" "Mozilla/5.0 AppleWebKit/537.36 (KHTML, like Gecko; compatible; bingbot/2.0; +http://www.bing.com/bingbot.htm) Chrome/116.0.1938.76 Safari/537.36"
66.249.79.64 - - [25/Nov/2024:05:12:53 -0700] "GET /bet/?ziorrh/moeen-ali-t20.html HTTP/1.1" 200 94 "-" "Mozilla/5.0 (compatible; Googlebot/2.1; +http://www.google.com/bot.html)"
66.249.79.64 - - [25/Nov/2024:05:12:55 -0700] "GET /detail/nbifvo/pro-kabaddi-live-streaming-channels.html HTTP/1.1" 200 94 "-" "Mozilla/5.0 (compatible; Googlebot/2.1; +http://www.google.com/bot.html)"
66.249.79.64 - - [25/Nov/2024:05:12:56 -0700] "GET /bet/?jjdsut/las-atlantis-best-welcome-bonus.html HTTP/1.1" 200 94 "-" "Mozilla/5.0 (compatible; Googlebot/2.1; +http://www.google.com/bot.html)"
216.244.66.233 - - [25/Nov/2024:05:13:05 -0700] "GET /robots.txt HTTP/1.1" 200 94 "-" "Mozilla/5.0 (compatible; DotBot/1.2; +https://opensiteexplorer.org/dotbot; help@moz.com)"
52.167.144.206 - - [25/Nov/2024:05:13:21 -0700] "GET /jajp/products/view/curtain-systems/curtain-track-systems/files/Senior%20Secondary/files/Secondary/402-INFO_TECH-min.pdf HTTP/1.1" 200 94 "-" "Mozilla/5.0 AppleWebKit/537.36 (KHTML, like Gecko; compatible; bingbot/2.0; +http://www.bing.com/bingbot.htm) Chrome/116.0.1938.76 Safari/537.36"
52.167.144.206 - - [25/Nov/2024:05:13:39 -0700] "GET /2021/12/22/%E4%B8%8D%E7%99%BB%E6%A0%A1%E3%81%AE%E5%8E%9F%E5%9B%A0%E3%81%AF%E6%A0%84%E9%A4%8A%E4%B8%8D%E8%B6%B3%E3%81%8B%E3%82%82%EF%BC%81%E6%A0%84%E9%A4%8A%E3%82%84%E3%81%8A%E8%96%AC%E3%81%AE%E3%81%8A%E8%A9%B1/index.php HTTP/1.1" 200 94 "-" "Mozilla/5.0 AppleWebKit/537.36 (KHTML, like Gecko; compatible; bingbot/2.0; +http://www.bing.com/bingbot.htm) Chrome/116.0.1938.76 Safari/537.36"
66.249.79.66 - - [25/Nov/2024:05:13:41 -0700] "GET /news/?icsxbh/ HTTP/1.1" 200 94 "-" "Mozilla/5.0 (compatible; Googlebot/2.1; +http://www.google.com/bot.html)"
66.249.79.66 - - [25/Nov/2024:05:13:43 -0700] "GET /news/?zcglkb/world-cup-icc-world-cup.html HTTP/1.1" 200 94 "-" "Mozilla/5.0 (compatible; Googlebot/2.1; +http://www.google.com/bot.html)"
66.249.79.65 - - [25/Nov/2024:05:13:58 -0700] "GET /detail/?dqhowl/ HTTP/1.1" 200 94 "-" "Mozilla/5.0 (compatible; Googlebot/2.1; +http://www.google.com/bot.html)"
52.167.144.194 - - [25/Nov/2024:05:14:00 -0700] "GET /%E6%98%A5%E6%97%A5%E9%83%A8%E5%85%B1%E6%A0%84%E4%B8%AD%E5%AD%A6%E6%A0%A1%E7%A4%BE%E4%BC%9A2021%E5%B9%B4%E5%BA%A6%E9%81%8E%E5%8E%BB%E5%95%8F%E8%A7%A3%E8%AA%AC%E3%80%90%E4%B8%AD%E5%AD%A6%E5%8F%97/files/I-VIII/files/I-VIII/index.php HTTP/1.1" 200 94 "-" "Mozilla/5.0 AppleWebKit/537.36 (KHTML, like Gecko; compatible; bingbot/2.0; +http://www.bing.com/bingbot.htm) Chrome/116.0.1938.76 Safari/537.36"
52.167.144.194 - - [25/Nov/2024:05:14:08 -0700] "GET /search/bus/list/busteiscity/index/files/Secondary/files/Secondary/402-INFO_TECH_X-min.pdf HTTP/1.1" 200 94 "-" "Mozilla/5.0 AppleWebKit/537.36 (KHTML, like Gecko; compatible; bingbot/2.0; +http://www.bing.com/bingbot.htm) Chrome/116.0.1938.76 Safari/537.36"
66.249.79.64 - - [25/Nov/2024:05:14:12 -0700] "GET /detail/?iambkj/zooba-play-online.html HTTP/1.1" 200 94 "-" "Mozilla/5.0 (compatible; Googlebot/2.1; +http://www.google.com/bot.html)"
52.167.144.206 - - [25/Nov/2024:05:14:13 -0700] "GET /index.php/th/%E0%B8%A1%E0%B8%B0%E0%B9%80%E0%B8%A3%E0%B9%87%E0%B8%87%E0%B8%84%E0%B8%B7%E0%B8%AD%E0%B8%AD%E0%B8%B0%E0%B9%84%E0%B8%A3/files/Senior%20Secondary/files/Senior%20Secondary/Accountancy-min.pdf HTTP/1.1" 200 94 "-" "Mozilla/5.0 AppleWebKit/537.36 (KHTML, like Gecko; compatible; bingbot/2.0; +http://www.bing.com/bingbot.htm) Chrome/116.0.1938.76 Safari/537.36"
52.167.144.206 - - [25/Nov/2024:05:14:13 -0700] "GET /index.php/2019/10/15/%E4%BA%BA%E3%81%AE%E3%80%8C%E6%80%A7%E8%B3%AA%E3%80%8D%E3%82%92%E7%9F%A5%E3%82%8A%E3%80%81%E4%B8%96%E3%81%AE%E4%B8%AD%E3%81%AE%E4%B8%8D%E4%BE%BF%E3%81%AB%E6%B0%97%E3%81%A5%E3%81%8F%E3%80%82-%E5%A4%A7/files/Secondary/files/I-VIII/contact.php HTTP/1.1" 200 94 "-" "Mozilla/5.0 AppleWebKit/537.36 (KHTML, like Gecko; compatible; bingbot/2.0; +http://www.bing.com/bingbot.htm) Chrome/116.0.1938.76 Safari/537.36"
66.249.79.64 - - [25/Nov/2024:05:14:17 -0700] "GET /detail/zphwkr/make-your-own-board-game-online.html HTTP/1.1" 200 94 "-" "Mozilla/5.0 (compatible; Googlebot/2.1; +http://www.google.com/bot.html)"
52.167.144.20 - - [25/Nov/2024:05:14:28 -0700] "GET /2020/11/files/Secondary/files/Secondary/402-INFO_TECH_X-min.pdf HTTP/1.1" 200 94 "-" "Mozilla/5.0 AppleWebKit/537.36 (KHTML, like Gecko; compatible; bingbot/2.0; +http://www.bing.com/bingbot.htm) Chrome/116.0.1938.76 Safari/537.36"
66.249.79.64 - - [25/Nov/2024:05:14:32 -0700] "GET /bet/?bbjaij/ HTTP/1.1" 200 94 "-" "Mozilla/5.0 (compatible; Googlebot/2.1; +http://www.google.com/bot.html)"
66.249.79.64 - - [25/Nov/2024:05:14:56 -0700] "GET /news/?himzmb/big-bass-keeping-it-reel.html HTTP/1.1" 200 94 "-" "Mozilla/5.0 (compatible; Googlebot/2.1; +http://www.google.com/bot.html)"
52.167.144.206 - - [25/Nov/2024:05:15:11 -0700] "GET /index.php/blog/%E8%BB%8A%E6%A4%9C%E3%81%A8%E3%81%AF%EF%BC%9F%E8%BB%8A%E6%A4%9C%E3%81%AF%E8%AA%B0%E3%81%AB%E9%A0%BC%E3%82%81%E3%82%8B%EF%BC%9F%E5%8F%97%E3%81%91%E3%81%AA%E3%81%84%E3%81%A8%E3%81%A9%E3%81%86%E3%81%AA/files/I-VIII/files/IX-X/academic.php?jp/auction/o25118526.shtm HTTP/1.1" 200 94 "-" "Mozilla/5.0 AppleWebKit/537.36 (KHTML, like Gecko; compatible; bingbot/2.0; +http://www.bing.com/bingbot.htm) Chrome/116.0.1938.76 Safari/537.36"
85.208.96.206 - - [25/Nov/2024:05:15:15 -0700] "GET /jp/auction/a251353002.shtm HTTP/1.1" 200 94 "-" "Mozilla/5.0 (compatible; SemrushBot/7~bl; +http://www.semrush.com/bot.html)"
66.249.79.64 - - [25/Nov/2024:05:15:33 -0700] "GET /bet/?dsupet/khaled-mahmud-sujon-casino.html HTTP/1.1" 200 94 "-" "Mozilla/5.0 (compatible; Googlebot/2.1; +http://www.google.com/bot.html)"
66.249.79.64 - - [25/Nov/2024:05:15:40 -0700] "GET /bet/?kbfhzj/zimbabwe-t20-league-schedule.html HTTP/1.1" 200 94 "-" "Mozilla/5.0 (compatible; Googlebot/2.1; +http://www.google.com/bot.html)"
66.249.79.64 - - [25/Nov/2024:05:15:47 -0700] "GET /bet/?eoketa/the-seneca-casino.html HTTP/1.1" 200 94 "-" "Mozilla/5.0 (compatible; Googlebot/2.1; +http://www.google.com/bot.html)"
66.249.79.64 - - [25/Nov/2024:05:15:49 -0700] "GET /bet/?vltixs/ HTTP/1.1" 200 94 "-" "Mozilla/5.0 (compatible; Googlebot/2.1; +http://www.google.com/bot.html)"
66.249.79.64 - - [25/Nov/2024:05:15:49 -0700] "GET /bet/xfrnca/world-cup-2019-qualifiers-football.html HTTP/1.1" 200 94 "-" "Mozilla/5.0 (compatible; Googlebot/2.1; +http://www.google.com/bot.html)"
66.249.79.64 - - [25/Nov/2024:05:16:04 -0700] "GET /bet/fytkco/vfl-table-2022.html HTTP/1.1" 200 94 "-" "Mozilla/5.0 (compatible; Googlebot/2.1; +http://www.google.com/bot.html)"
52.167.144.20 - - [25/Nov/2024:05:16:19 -0700] "GET /index.php/archives/files/Secondary/files/I-VIII/Maths%20(I%20to%20VIII)-min.pdf HTTP/1.1" 200 94 "-" "Mozilla/5.0 AppleWebKit/537.36 (KHTML, like Gecko; compatible; bingbot/2.0; +http://www.bing.com/bingbot.htm) Chrome/116.0.1938.76 Safari/537.36"
52.167.144.20 - - [25/Nov/2024:05:16:19 -0700] "GET /products-detail/id/files/Senior%20Secondary/files/Secondary/402-INFO_TECH-min.pdf HTTP/1.1" 200 94 "-" "Mozilla/5.0 AppleWebKit/537.36 (KHTML, like Gecko; compatible; bingbot/2.0; +http://www.bing.com/bingbot.htm) Chrome/116.0.1938.76 Safari/537.36"
52.167.144.206 - - [25/Nov/2024:05:17:01 -0700] "GET /site/data/html_dir/2021/12/04/files/Senior%20Secondary/files/I-VIII/contact.php HTTP/1.1" 200 94 "-" "Mozilla/5.0 AppleWebKit/537.36 (KHTML, like Gecko; compatible; bingbot/2.0; +http://www.bing.com/bingbot.htm) Chrome/116.0.1938.76 Safari/537.36"
69.162.124.238 - - [25/Nov/2024:05:17:14 -0700] "HEAD /cbse-corner.php HTTP/1.1" 200 - "https://baragura.akalacademy.ac.in/cbse-corner.php" "Mozilla/5.0+(compatible; UptimeRobot/2.0; http://www.uptimerobot.com/)"
66.249.79.66 - - [25/Nov/2024:05:17:34 -0700] "GET /detail/?wrlndv/alka-yagnik-dekha-hai-pehli-baar.html HTTP/1.1" 200 94 "-" "Mozilla/5.0 (compatible; Googlebot/2.1; +http://www.google.com/bot.html)"
66.249.79.65 - - [25/Nov/2024:05:17:46 -0700] "GET /news/?nwnhuu/ HTTP/1.1" 200 94 "-" "Mozilla/5.0 (compatible; Googlebot/2.1; +http://www.google.com/bot.html)"
66.249.79.64 - - [25/Nov/2024:05:17:57 -0700] "GET /news/otgaid/ HTTP/1.1" 200 94 "-" "Mozilla/5.0 (compatible; Googlebot/2.1; +http://www.google.com/bot.html)"
66.249.79.64 - - [25/Nov/2024:05:17:57 -0700] "GET /news/?htsqeq/ HTTP/1.1" 200 94 "-" "Mozilla/5.0 (compatible; Googlebot/2.1; +http://www.google.com/bot.html)"
66.249.79.66 - - [25/Nov/2024:05:18:03 -0700] "GET /bet/?hzwlxa/ HTTP/1.1" 200 94 "-" "Mozilla/5.0 (compatible; Googlebot/2.1; +http://www.google.com/bot.html)"
52.167.144.206 - - [25/Nov/2024:05:18:30 -0700] "GET /index.php/th/visit/%E0%B8%9E%E0%B8%B4%E0%B8%81%E0%B8%B1%E0%B8%94%E0%B9%81%E0%B8%A5%E0%B8%B0%E0%B9%81%E0%B8%9C%E0%B8%99%E0%B8%97%E0%B8%B5%E0%B9%88/files/Secondary/files/Senior%20Secondary/Sociology-min.pdf HTTP/1.1" 200 94 "-" "Mozilla/5.0 AppleWebKit/537.36 (KHTML, like Gecko; compatible; bingbot/2.0; +http://www.bing.com/bingbot.htm) Chrome/116.0.1938.76 Safari/537.36"
52.167.144.206 - - [25/Nov/2024:05:18:31 -0700] "GET /content/wamnet/pcpub/files/senior%20secondary/files/Senior%20Secondary/Chemistry-min.pdf HTTP/1.1" 200 94 "-" "Mozilla/5.0 AppleWebKit/537.36 (KHTML, like Gecko; compatible; bingbot/2.0; +http://www.bing.com/bingbot.htm) Chrome/116.0.1938.76 Safari/537.36"
66.249.79.64 - - [25/Nov/2024:05:18:51 -0700] "GET /bet/xubtfy/ HTTP/1.1" 200 94 "-" "Mozilla/5.0 (compatible; Googlebot/2.1; +http://www.google.com/bot.html)"
52.167.144.206 - - [25/Nov/2024:05:19:02 -0700] "GET /%E3%83%9E%E3%83%83%E3%82%B9%E3%83%AB%E3%82%AE%E3%83%A7%E3%83%BC%E3%82%B6-%E3%83%AC%E3%82%AE%E3%83%A5%E3%83%A9%E3%83%BC%E3%81%97%E3%81%9D%E9%A2%A8%E5%91%B3-%E3%82%86%E3%81%9A%E9%A2%A8%E5%91%B3%EF%BC%86%E3%83%99%E3%82%B8-%E5%A4%A7%E8%B1%86%E3%83%9F%E3%83%BC%E3%83%88%E4%BD%BF%E7%94%A8-%E3%81%AE3%E8%A2%8B%E3%82%BB%E3%83%83%E3%83%88/dp/b087cczxj2/files/IX-X/files/Senior%20Secondary/BusinessStudies-min.pdf HTTP/1.1" 200 94 "-" "Mozilla/5.0 AppleWebKit/537.36 (KHTML, like Gecko; compatible; bingbot/2.0; +http://www.bing.com/bingbot.htm) Chrome/116.0.1938.76 Safari/537.36"
52.167.144.206 - - [25/Nov/2024:05:19:03 -0700] "GET /blog/ginza/2021/11/files/Secondary/files/Secondary/Science_Sec_2019-20-min.pdf HTTP/1.1" 200 94 "-" "Mozilla/5.0 AppleWebKit/537.36 (KHTML, like Gecko; compatible; bingbot/2.0; +http://www.bing.com/bingbot.htm) Chrome/116.0.1938.76 Safari/537.36"
66.249.79.65 - - [25/Nov/2024:05:19:17 -0700] "GET /news/iblnsz/ HTTP/1.1" 200 94 "-" "Mozilla/5.0 (compatible; Googlebot/2.1; +http://www.google.com/bot.html)"
52.167.144.198 - - [25/Nov/2024:05:19:20 -0700] "GET /2021/04/16/3%E7%A4%BE%E5%90%88%E5%90%8C%E3%81%AE%E8%A3%9C%E5%8A%A9%E9%87%91%E5%8B%89%E5%BC%B7%E4%BC%9A%E5%AE%9A%E6%9C%9F%E9%96%8B%E5%82%AC%E3%81%B8%EF%BC%81%EF%BC%88%E6%9D%B1%E4%BA%AC%E4%B8%AD%E5%B0%8F%E4%BC%81/files/I-VIII/images/files/AA%20Bakarwal_Information_Website_16072018.pdf HTTP/1.1" 200 94 "-" "Mozilla/5.0 AppleWebKit/537.36 (KHTML, like Gecko; compatible; bingbot/2.0; +http://www.bing.com/bingbot.htm) Chrome/116.0.1938.76 Safari/537.36"
194.233.72.158 - - [25/Nov/2024:05:19:26 -0700] "GET /images/journey/santteja/wp-admin/noop.php HTTP/1.1" 200 94 "-" "Uptime-Kuma/1.23.3"
185.191.171.7 - - [25/Nov/2024:05:19:58 -0700] "GET /jp/auction/c2521113010.shtm HTTP/1.1" 200 94 "-" "Mozilla/5.0 (compatible; SemrushBot/7~bl; +http://www.semrush.com/bot.html)"
66.249.79.66 - - [25/Nov/2024:05:20:03 -0700] "GET /detail/?gsmecp/icc-soochin.html HTTP/1.1" 200 94 "-" "Mozilla/5.0 (compatible; Googlebot/2.1; +http://www.google.com/bot.html)"
66.249.79.64 - - [25/Nov/2024:05:20:04 -0700] "GET /news/?fdsgac/india-wimen-t20.html HTTP/1.1" 200 94 "-" "Mozilla/5.0 (compatible; Googlebot/2.1; +http://www.google.com/bot.html)"
66.249.79.65 - - [25/Nov/2024:05:20:27 -0700] "GET /news/?kyybkm/red-wings-prediction.html HTTP/1.1" 200 94 "-" "Mozilla/5.0 (compatible; Googlebot/2.1; +http://www.google.com/bot.html)"
66.249.79.64 - - [25/Nov/2024:05:20:36 -0700] "GET /news/kjhnzp/ HTTP/1.1" 200 94 "-" "Mozilla/5.0 (compatible; Googlebot/2.1; +http://www.google.com/bot.html)"
66.249.79.64 - - [25/Nov/2024:05:20:38 -0700] "GET /news/fclevo/borgata-pa-online-casino.html HTTP/1.1" 200 94 "-" "Mozilla/5.0 (compatible; Googlebot/2.1; +http://www.google.com/bot.html)"
66.249.79.64 - - [25/Nov/2024:05:20:46 -0700] "GET /news/?xnmsar/ HTTP/1.1" 200 94 "-" "Mozilla/5.0 (compatible; Googlebot/2.1; +http://www.google.com/bot.html)"
66.249.79.64 - - [25/Nov/2024:05:20:52 -0700] "GET /bet/?mjxifn/32-casino.html HTTP/1.1" 200 94 "-" "Mozilla/5.0 (compatible; Googlebot/2.1; +http://www.google.com/bot.html)"
40.77.167.48 - - [25/Nov/2024:05:21:00 -0700] "GET /yamanobori/%E3%80%90%E8%94%B5%E7%8E%8B%E5%B1%B1-%E7%99%BB%E5%B1%B1%E3%80%91%E7%86%8A%E9%87%8E%E5%B2%B3-%E5%BE%A1%E9%87%9C-ggm%E3%83%81%E3%83%A3%E3%83%B3%E3%83%8D%E3%83%AB/files/Senior%20Secondary/files/Secondary/402-INFO_TECH-min.pdf HTTP/1.1" 200 94 "-" "Mozilla/5.0 AppleWebKit/537.36 (KHTML, like Gecko; compatible; bingbot/2.0; +http://www.bing.com/bingbot.htm) Chrome/116.0.1938.76 Safari/537.36"
66.249.79.65 - - [25/Nov/2024:05:21:04 -0700] "GET /detail/bssrfh/vivo-pro-kabaddi-auction-2017-start.html HTTP/1.1" 200 94 "-" "Mozilla/5.0 (compatible; Googlebot/2.1; +http://www.google.com/bot.html)"
66.249.79.64 - - [25/Nov/2024:05:21:05 -0700] "GET /detail/vhagde/ HTTP/1.1" 200 94 "-" "Mozilla/5.0 (compatible; Googlebot/2.1; +http://www.google.com/bot.html)"
66.249.79.64 - - [25/Nov/2024:05:21:26 -0700] "GET /bet/nykfah/top-up-slot-machine.html HTTP/1.1" 200 94 "-" "Mozilla/5.0 (compatible; Googlebot/2.1; +http://www.google.com/bot.html)"
66.249.79.65 - - [25/Nov/2024:05:21:28 -0700] "GET /detail/?lfamol/ HTTP/1.1" 200 94 "-" "Mozilla/5.0 (compatible; Googlebot/2.1; +http://www.google.com/bot.html)"
40.77.167.48 - - [25/Nov/2024:05:21:49 -0700] "GET /index.php/th/%E0%B9%80%E0%B8%81%E0%B8%B5%E0%B9%88%E0%B8%A2%E0%B8%A7%E0%B8%81%E0%B8%B1%E0%B8%9A%E0%B9%80%E0%B8%A3%E0%B8%B2/%E0%B8%A3%E0%B8%B9%E0%B9%89%E0%B8%88%E0%B8%B1%E0%B8%81%E0%B9%80%E0%B8%8A%E0%B8%B5%E0%B8%A2%E0%B8%87%E0%B9%83%E0%B8%AB%E0%B8%A1%E0%B9%88%E0%B9%84%E0%B8%99%E0%B8%97%E0%B9%8C%E0%B8%8B%E0%B8%B2%E0%B8%9F/files/IX-X/files/I-VIII/academic.php HTTP/1.1" 200 94 "-" "Mozilla/5.0 AppleWebKit/537.36 (KHTML, like Gecko; compatible; bingbot/2.0; +http://www.bing.com/bingbot.htm) Chrome/116.0.1938.76 Safari/537.36"
69.162.124.238 - - [25/Nov/2024:05:22:14 -0700] "HEAD /cbse-corner.php HTTP/1.1" 200 - "https://baragura.akalacademy.ac.in/cbse-corner.php" "Mozilla/5.0+(compatible; UptimeRobot/2.0; http://www.uptimerobot.com/)"
66.249.79.65 - - [25/Nov/2024:05:22:21 -0700] "GET /detail/sgohhx/gran-casino-tiel.html HTTP/1.1" 200 94 "-" "Mozilla/5.0 (compatible; Googlebot/2.1; +http://www.google.com/bot.html)"
66.249.79.64 - - [25/Nov/2024:05:22:32 -0700] "GET /detail/nomidz/ HTTP/1.1" 200 94 "-" "Mozilla/5.0 (compatible; Googlebot/2.1; +http://www.google.com/bot.html)"
185.191.171.11 - - [25/Nov/2024:05:22:41 -0700] "GET /robots.txt HTTP/1.1" 200 94 "-" "Mozilla/5.0 (compatible; SemrushBot/7~bl; +http://www.semrush.com/bot.html)"
85.208.96.202 - - [25/Nov/2024:05:22:42 -0700] "GET /addmission.php?jp%2Fauction%2Fg2517832.shtm HTTP/1.1" 200 19750 "-" "Mozilla/5.0 (compatible; SemrushBot/7~bl; +http://www.semrush.com/bot.html)"
66.249.79.64 - - [25/Nov/2024:05:22:54 -0700] "GET /news/ziaasp/dwayne-bravo-in-mumbai-indians-team.html HTTP/1.1" 200 94 "-" "Mozilla/5.0 (compatible; Googlebot/2.1; +http://www.google.com/bot.html)"
66.249.79.64 - - [25/Nov/2024:05:23:00 -0700] "GET /detail/?gfuwjl/ HTTP/1.1" 200 94 "-" "Mozilla/5.0 (compatible; Googlebot/2.1; +http://www.google.com/bot.html)"
66.249.79.64 - - [25/Nov/2024:05:23:06 -0700] "GET /news/?njnlyx/ HTTP/1.1" 200 94 "-" "Mozilla/5.0 (compatible; Googlebot/2.1; +http://www.google.com/bot.html)"
66.249.79.64 - - [25/Nov/2024:05:23:35 -0700] "GET /detail/?fhaubc/10-card-rummy-rules.html HTTP/1.1" 200 94 "-" "Mozilla/5.0 (compatible; Googlebot/2.1; +http://www.google.com/bot.html)"
52.167.144.198 - - [25/Nov/2024:05:23:40 -0700] "GET /blog/arcserve_udp_appliance/files/Senior%20Secondary/files/Senior%20Secondary/History-min.pdf HTTP/1.1" 200 94 "-" "Mozilla/5.0 AppleWebKit/537.36 (KHTML, like Gecko; compatible; bingbot/2.0; +http://www.bing.com/bingbot.htm) Chrome/116.0.1938.76 Safari/537.36"
66.249.79.64 - - [25/Nov/2024:05:23:43 -0700] "GET /bet/fenryh/ HTTP/1.1" 200 94 "-" "Mozilla/5.0 (compatible; Googlebot/2.1; +http://www.google.com/bot.html)"
66.249.79.64 - - [25/Nov/2024:05:24:01 -0700] "GET /detail/?ueccaf/best-betting-offers-uk-2022.html HTTP/1.1" 200 94 "-" "Mozilla/5.0 (compatible; Googlebot/2.1; +http://www.google.com/bot.html)"
66.249.79.64 - - [25/Nov/2024:05:24:58 -0700] "GET /news/?loovdt/ HTTP/1.1" 200 94 "-" "Mozilla/5.0 (compatible; Googlebot/2.1; +http://www.google.com/bot.html)"
40.77.167.48 - - [25/Nov/2024:05:25:19 -0700] "GET /wp-content/uploads/2019/06/files/Secondary/files/Secondary/English_Sec_2019-20-min.pdf HTTP/1.1" 200 94 "-" "Mozilla/5.0 AppleWebKit/537.36 (KHTML, like Gecko; compatible; bingbot/2.0; +http://www.bing.com/bingbot.htm) Chrome/116.0.1938.76 Safari/537.36"
66.249.79.66 - - [25/Nov/2024:05:25:25 -0700] "GET /bet/urkhmg/blackjack-atari-2600.html HTTP/1.1" 200 94 "-" "Mozilla/5.0 (compatible; Googlebot/2.1; +http://www.google.com/bot.html)"
66.249.79.65 - - [25/Nov/2024:05:25:29 -0700] "GET /news/qdxjdx/cricket-world-cup-logo-2015.html HTTP/1.1" 200 94 "-" "Mozilla/5.0 (compatible; Googlebot/2.1; +http://www.google.com/bot.html)"
66.249.79.65 - - [25/Nov/2024:05:25:41 -0700] "GET /news/?mvrcdt/ HTTP/1.1" 200 94 "-" "Mozilla/5.0 (compatible; Googlebot/2.1; +http://www.google.com/bot.html)"
66.249.79.65 - - [25/Nov/2024:05:25:43 -0700] "GET /bet/aaqmtz/ HTTP/1.1" 200 94 "-" "Mozilla/5.0 (compatible; Googlebot/2.1; +http://www.google.com/bot.html)"
66.249.79.64 - - [25/Nov/2024:05:25:55 -0700] "GET /detail/tpeiyo/gg-poker-plo.html HTTP/1.1" 200 94 "-" "Mozilla/5.0 (compatible; Googlebot/2.1; +http://www.google.com/bot.html)"
66.249.79.65 - - [25/Nov/2024:05:26:25 -0700] "GET /news/?wwzxyt/ HTTP/1.1" 200 94 "-" "Mozilla/5.0 (compatible; Googlebot/2.1; +http://www.google.com/bot.html)"
66.249.79.64 - - [25/Nov/2024:05:26:44 -0700] "GET /bet/?fyieku/best-roulette-for-indian.html HTTP/1.1" 200 94 "-" "Mozilla/5.0 (compatible; Googlebot/2.1; +http://www.google.com/bot.html)"
40.77.167.48 - - [25/Nov/2024:05:27:01 -0700] "GET /blog/8-ways-to-spot-greedy-people/files/Senior%20Secondary/theschool.php HTTP/1.1" 200 94 "-" "Mozilla/5.0 AppleWebKit/537.36 (KHTML, like Gecko; compatible; bingbot/2.0; +http://www.bing.com/bingbot.htm) Chrome/116.0.1938.76 Safari/537.36"
69.162.124.238 - - [25/Nov/2024:05:27:14 -0700] "HEAD /cbse-corner.php HTTP/1.1" 200 - "https://baragura.akalacademy.ac.in/cbse-corner.php" "Mozilla/5.0+(compatible; UptimeRobot/2.0; http://www.uptimerobot.com/)"
66.249.79.64 - - [25/Nov/2024:05:27:23 -0700] "GET /bet/omjvho/ HTTP/1.1" 200 94 "-" "Mozilla/5.0 (compatible; Googlebot/2.1; +http://www.google.com/bot.html)"
66.249.79.65 - - [25/Nov/2024:05:27:31 -0700] "GET /bet/?hsvtlc/chennai-super-kings-recruitment.html HTTP/1.1" 200 94 "-" "Mozilla/5.0 (compatible; Googlebot/2.1; +http://www.google.com/bot.html)"
66.249.79.64 - - [25/Nov/2024:05:27:53 -0700] "GET /bet/?tamgjo/ HTTP/1.1" 200 94 "-" "Mozilla/5.0 (compatible; Googlebot/2.1; +http://www.google.com/bot.html)"
66.249.79.64 - - [25/Nov/2024:05:28:00 -0700] "GET /detail/?iefodx/pro-kabaddi-fixtures.html HTTP/1.1" 200 94 "-" "Mozilla/5.0 (compatible; Googlebot/2.1; +http://www.google.com/bot.html)"
40.77.167.48 - - [25/Nov/2024:05:28:11 -0700] "GET /%E7%B6%B2%E7%AB%99%E6%9E%B6%E8%A8%AD-%E6%89%8B%E6%8A%8A%E6%89%8B%E6%95%99%E4%BD%A0%E6%8A%8A%E7%B6%B2%E7%AB%99%E6%9E%B6%E8%A8%AD%E5%88%B0-google-drive-%E9%9B%B2%E7%AB%AF%E7%A9%BA%E9%96%93%E4%B8%8A/files/IX-X/files/IX-X/addmission.php HTTP/1.1" 200 94 "-" "Mozilla/5.0 AppleWebKit/537.36 (KHTML, like Gecko; compatible; bingbot/2.0; +http://www.bing.com/bingbot.htm) Chrome/116.0.1938.76 Safari/537.36"
40.77.167.65 - - [25/Nov/2024:05:28:15 -0700] "GET /zh-cn/solution-center/files/I-VIII/files/Senior%20Secondary/Punjabi_XII-min.pdf HTTP/1.1" 200 94 "-" "Mozilla/5.0 AppleWebKit/537.36 (KHTML, like Gecko; compatible; bingbot/2.0; +http://www.bing.com/bingbot.htm) Chrome/116.0.1938.76 Safari/537.36"
66.249.79.64 - - [25/Nov/2024:05:28:57 -0700] "GET /news/hjnray/pro-kabaddi-nagpur.html HTTP/1.1" 200 94 "-" "Mozilla/5.0 (compatible; Googlebot/2.1; +http://www.google.com/bot.html)"
66.249.79.65 - - [25/Nov/2024:05:29:06 -0700] "GET /bet/?zadgzb/ HTTP/1.1" 200 94 "-" "Mozilla/5.0 (compatible; Googlebot/2.1; +http://www.google.com/bot.html)"
66.249.79.65 - - [25/Nov/2024:05:29:22 -0700] "GET /detail/fslqpj/betting-assist.html HTTP/1.1" 200 94 "-" "Mozilla/5.0 (compatible; Googlebot/2.1; +http://www.google.com/bot.html)"
194.233.72.158 - - [25/Nov/2024:05:29:26 -0700] "GET /images/journey/santteja/wp-admin/noop.php HTTP/1.1" 200 94 "-" "Uptime-Kuma/1.23.3"
66.249.79.64 - - [25/Nov/2024:05:29:42 -0700] "GET /news/?oetemk/barstool-bet-promo.html HTTP/1.1" 200 94 "-" "Mozilla/5.0 (compatible; Googlebot/2.1; +http://www.google.com/bot.html)"
40.77.167.65 - - [25/Nov/2024:05:30:13 -0700] "GET /wp/2021/09/27/files/Secondary/files/Secondary/Social_Science_Sec_2019-20-min.pdf HTTP/1.1" 200 94 "-" "Mozilla/5.0 AppleWebKit/537.36 (KHTML, like Gecko; compatible; bingbot/2.0; +http://www.bing.com/bingbot.htm) Chrome/116.0.1938.76 Safari/537.36"
40.77.167.159 - - [25/Nov/2024:05:31:00 -0700] "GET /soshikikarasagasu/shokokankoka/files/secondary/files/Senior%20Secondary/Psychology-min.pdf HTTP/1.1" 200 94 "-" "Mozilla/5.0 AppleWebKit/537.36 (KHTML, like Gecko; compatible; bingbot/2.0; +http://www.bing.com/bingbot.htm) Chrome/116.0.1938.76 Safari/537.36"
66.249.79.66 - - [25/Nov/2024:05:31:01 -0700] "GET /bet/?lczelx/ HTTP/1.1" 200 94 "-" "Mozilla/5.0 (compatible; Googlebot/2.1; +http://www.google.com/bot.html)"
66.249.79.66 - - [25/Nov/2024:05:31:04 -0700] "GET /bet/?lmaeuh/ HTTP/1.1" 200 94 "-" "Mozilla/5.0 (compatible; Googlebot/2.1; +http://www.google.com/bot.html)"
185.191.171.10 - - [25/Nov/2024:05:31:09 -0700] "GET /jp/auction/h2531316465.shtm HTTP/1.1" 200 94 "-" "Mozilla/5.0 (compatible; SemrushBot/7~bl; +http://www.semrush.com/bot.html)"
40.77.167.65 - - [25/Nov/2024:05:31:33 -0700] "GET /index.php/2021/11/18/%E3%81%8C%E3%82%93%E4%BF%9D%E9%99%BA%E3%81%AE%E4%BF%9D%E9%99%BA%E6%96%99%E6%89%95%E8%BE%BC%E5%85%8D%E9%99%A4%E7%89%B9%E7%B4%84%E3%81%AB%E3%81%A4%E3%81%84%E3%81%A6/files/Secondary/files/Secondary/gallery.php HTTP/1.1" 200 94 "-" "Mozilla/5.0 AppleWebKit/537.36 (KHTML, like Gecko; compatible; bingbot/2.0; +http://www.bing.com/bingbot.htm) Chrome/116.0.1938.76 Safari/537.36"
66.249.79.65 - - [25/Nov/2024:05:31:36 -0700] "GET /detail/yqelts/rohit-sharma-performance-in-ipl-2018.html HTTP/1.1" 200 94 "-" "Mozilla/5.0 (compatible; Googlebot/2.1; +http://www.google.com/bot.html)"
66.249.79.64 - - [25/Nov/2024:05:31:42 -0700] "GET /detail/?giogiw/ HTTP/1.1" 200 94 "-" "Mozilla/5.0 (compatible; Googlebot/2.1; +http://www.google.com/bot.html)"
66.249.79.64 - - [25/Nov/2024:05:31:54 -0700] "GET /news/?gxknbs/new-champions-wild-rift.html HTTP/1.1" 200 94 "-" "Mozilla/5.0 (compatible; Googlebot/2.1; +http://www.google.com/bot.html)"
40.77.167.70 - - [25/Nov/2024:05:32:00 -0700] "GET /wp/%E3%80%8C%E7%B4%B0%E8%83%9E%E8%86%9C%E7%99%82%E6%B3%95%E3%80%8D%E8%84%B3%E3%80%81%E8%82%9D%E8%87%93%E3%80%81%E5%BF%83%E8%A1%80%E7%AE%A1%E7%B3%BB%E7%96%BE%E6%82%A3%E3%81%AE%E8%87%A8%E5%BA%8A%E5%AE%9F/files/Secondary/contact.php?jp/auction/b25123219.shtm HTTP/1.1" 200 94 "-" "Mozilla/5.0 AppleWebKit/537.36 (KHTML, like Gecko; compatible; bingbot/2.0; +http://www.bing.com/bingbot.htm) Chrome/116.0.1938.76 Safari/537.36"
185.191.171.19 - - [25/Nov/2024:05:32:02 -0700] "GET /jp/auction/l2516927.shtm HTTP/1.1" 200 94 "-" "Mozilla/5.0 (compatible; SemrushBot/7~bl; +http://www.semrush.com/bot.html)"
69.162.124.238 - - [25/Nov/2024:05:32:14 -0700] "HEAD /cbse-corner.php HTTP/1.1" 200 - "https://baragura.akalacademy.ac.in/cbse-corner.php" "Mozilla/5.0+(compatible; UptimeRobot/2.0; http://www.uptimerobot.com/)"
185.191.171.19 - - [25/Nov/2024:05:32:21 -0700] "GET /jp/auction/x252926819.shtm HTTP/1.1" 200 94 "-" "Mozilla/5.0 (compatible; SemrushBot/7~bl; +http://www.semrush.com/bot.html)"
52.167.144.184 - - [25/Nov/2024:05:32:24 -0700] "GET /category/waseda-measures/waseda-gyakuten-benkyohou/files/Secondary/files/IX-X/Grade%20(XII)-min.pdf HTTP/1.1" 200 94 "-" "Mozilla/5.0 AppleWebKit/537.36 (KHTML, like Gecko; compatible; bingbot/2.0; +http://www.bing.com/bingbot.htm) Chrome/116.0.1938.76 Safari/537.36"
66.249.79.66 - - [25/Nov/2024:05:32:25 -0700] "GET /news/?aasylt/ HTTP/1.1" 200 94 "-" "Mozilla/5.0 (compatible; Googlebot/2.1; +http://www.google.com/bot.html)"
66.249.79.64 - - [25/Nov/2024:05:32:42 -0700] "GET /detail/apmgqv/indian-cowboy-handicapper.html HTTP/1.1" 200 94 "-" "Mozilla/5.0 (compatible; Googlebot/2.1; +http://www.google.com/bot.html)"
40.77.167.159 - - [25/Nov/2024:05:32:42 -0700] "GET /2019/08/08/%E3%80%901%E5%88%86%E3%81%A7%E3%82%8F%E3%81%8B%E3%82%8B%E3%80%91%E9%96%A2%E4%BF%82%E8%80%85%E5%90%84%E4%BD%8D%E3%81%AE%E6%84%8F%E5%91%B3%E3%82%84%E4%BD%BF%E3%81%84%E6%96%B9%E3%81%A8%E3%83%A1%E3%83%BC/files/I-VIII/addmission.php HTTP/1.1" 200 94 "-" "Mozilla/5.0 AppleWebKit/537.36 (KHTML, like Gecko; compatible; bingbot/2.0; +http://www.bing.com/bingbot.htm) Chrome/116.0.1938.76 Safari/537.36"
66.249.79.64 - - [25/Nov/2024:05:32:42 -0700] "GET /detail/?fjsegi/ HTTP/1.1" 200 94 "-" "Mozilla/5.0 (compatible; Googlebot/2.1; +http://www.google.com/bot.html)"
66.249.79.64 - - [25/Nov/2024:05:32:51 -0700] "GET /news/udlkji/kapil-sharma-show-with-83-world-cup-team.html HTTP/1.1" 200 94 "-" "Mozilla/5.0 (compatible; Googlebot/2.1; +http://www.google.com/bot.html)"
66.249.79.64 - - [25/Nov/2024:05:32:57 -0700] "GET /bet/qrbuqj/ HTTP/1.1" 200 94 "-" "Mozilla/5.0 (compatible; Googlebot/2.1; +http://www.google.com/bot.html)"
66.249.79.64 - - [25/Nov/2024:05:33:14 -0700] "GET /news/?vgpufs/ HTTP/1.1" 200 94 "-" "Mozilla/5.0 (compatible; Googlebot/2.1; +http://www.google.com/bot.html)"
66.249.79.65 - - [25/Nov/2024:05:33:18 -0700] "GET /bet/?ajujox/ HTTP/1.1" 200 94 "-" "Mozilla/5.0 (compatible; Googlebot/2.1; +http://www.google.com/bot.html)"
66.249.79.65 - - [25/Nov/2024:05:34:00 -0700] "GET /news/jdcrnu/jaws-wedge-set.html HTTP/1.1" 200 94 "-" "Mozilla/5.0 (compatible; Googlebot/2.1; +http://www.google.com/bot.html)"
40.77.167.70 - - [25/Nov/2024:05:34:00 -0700] "GET /site/data/html_dir/2021/12/05/files/Senior%20Secondary/files/Secondary/contact.php HTTP/1.1" 200 94 "-" "Mozilla/5.0 AppleWebKit/537.36 (KHTML, like Gecko; compatible; bingbot/2.0; +http://www.bing.com/bingbot.htm) Chrome/116.0.1938.76 Safari/537.36"
185.191.171.1 - - [25/Nov/2024:05:34:01 -0700] "GET /jp/auction/s2552462374.shtm HTTP/1.1" 200 94 "-" "Mozilla/5.0 (compatible; SemrushBot/7~bl; +http://www.semrush.com/bot.html)"
185.191.171.16 - - [25/Nov/2024:05:34:25 -0700] "GET /jp/auction/u2531327736.shtm HTTP/1.1" 200 94 "-" "Mozilla/5.0 (compatible; SemrushBot/7~bl; +http://www.semrush.com/bot.html)"
66.249.79.64 - - [25/Nov/2024:05:34:50 -0700] "GET /news/xpeksc/ HTTP/1.1" 200 94 "-" "Mozilla/5.0 (compatible; Googlebot/2.1; +http://www.google.com/bot.html)"
40.77.167.159 - - [25/Nov/2024:05:35:00 -0700] "GET /news_sub.php?id_news=404 HTTP/1.1" 200 94 "-" "Mozilla/5.0 AppleWebKit/537.36 (KHTML, like Gecko; compatible; bingbot/2.0; +http://www.bing.com/bingbot.htm) Chrome/116.0.1938.76 Safari/537.36"
66.249.79.65 - - [25/Nov/2024:05:35:06 -0700] "GET /detail/?enhpgx/ HTTP/1.1" 200 94 "-" "Mozilla/5.0 (compatible; Googlebot/2.1; +http://www.google.com/bot.html)"
40.77.167.159 - - [25/Nov/2024:05:35:12 -0700] "GET /nocategory/%E3%82%A4%E3%83%80%E3%82%B1%E3%83%B3%E3%82%BF%E3%83%AD%E3%82%A6%E3%81%AE%E4%BA%BA%E7%94%9F%E6%9C%80%E9%AB%98%E3%82%B2%E3%83%BC%E3%83%A0%E5%88%97%E4%BC%9D%E3%80%90%E7%AC%AC%EF%BC%91%E5%9B%9E%E3%80%80/files/IX-X/files/Secondary/academic.php HTTP/1.1" 200 94 "-" "Mozilla/5.0 AppleWebKit/537.36 (KHTML, like Gecko; compatible; bingbot/2.0; +http://www.bing.com/bingbot.htm) Chrome/116.0.1938.76 Safari/537.36"
66.249.79.64 - - [25/Nov/2024:05:35:14 -0700] "GET /detail/ahzebs/zimbabwe-cricket-live-score.html HTTP/1.1" 200 94 "-" "Mozilla/5.0 (compatible; Googlebot/2.1; +http://www.google.com/bot.html)"
216.244.66.233 - - [25/Nov/2024:05:35:31 -0700] "GET /jp/class/x25121.shtm HTTP/1.1" 200 94 "-" "Mozilla/5.0 (compatible; DotBot/1.2; +https://opensiteexplorer.org/dotbot; help@moz.com)"
66.249.79.64 - - [25/Nov/2024:05:35:45 -0700] "GET /news/exzxja/indian-mumbai-nude-vista.com.html HTTP/1.1" 200 94 "-" "Mozilla/5.0 (compatible; Googlebot/2.1; +http://www.google.com/bot.html)"
66.249.79.64 - - [25/Nov/2024:05:35:48 -0700] "GET /news/?shnuyd/live-cricket-score-mcc.html HTTP/1.1" 200 94 "-" "Mozilla/5.0 (compatible; Googlebot/2.1; +http://www.google.com/bot.html)"
85.208.96.198 - - [25/Nov/2024:05:36:02 -0700] "GET /jp/auction/t251183111.shtm HTTP/1.1" 200 94 "-" "Mozilla/5.0 (compatible; SemrushBot/7~bl; +http://www.semrush.com/bot.html)"
66.249.79.65 - - [25/Nov/2024:05:36:26 -0700] "GET /news/?dhsjuk/ HTTP/1.1" 200 94 "-" "Mozilla/5.0 (compatible; Googlebot/2.1; +http://www.google.com/bot.html)"
85.208.96.193 - - [25/Nov/2024:05:36:32 -0700] "GET /jp/auction/a2521153698.shtm HTTP/1.1" 200 94 "-" "Mozilla/5.0 (compatible; SemrushBot/7~bl; +http://www.semrush.com/bot.html)"
52.167.144.184 - - [25/Nov/2024:05:36:33 -0700] "GET /ehonkouza3.html HTTP/1.1" 200 94 "-" "Mozilla/5.0 AppleWebKit/537.36 (KHTML, like Gecko; compatible; bingbot/2.0; +http://www.bing.com/bingbot.htm) Chrome/116.0.1938.76 Safari/537.36"
66.249.79.64 - - [25/Nov/2024:05:36:39 -0700] "GET /bet/?uucgdt/morongo-casino-resort-and-spa.html HTTP/1.1" 200 94 "-" "Mozilla/5.0 (compatible; Googlebot/2.1; +http://www.google.com/bot.html)"
85.208.96.200 - - [25/Nov/2024:05:36:42 -0700] "GET /jp/auction/e251287252.shtm HTTP/1.1" 200 94 "-" "Mozilla/5.0 (compatible; SemrushBot/7~bl; +http://www.semrush.com/bot.html)"
66.249.79.64 - - [25/Nov/2024:05:36:59 -0700] "GET /news/qaapam/ HTTP/1.1" 200 94 "-" "Mozilla/5.0 (compatible; Googlebot/2.1; +http://www.google.com/bot.html)"
66.249.79.64 - - [25/Nov/2024:05:36:59 -0700] "GET /bet/?jgvner/ HTTP/1.1" 200 94 "-" "Mozilla/5.0 (compatible; Googlebot/2.1; +http://www.google.com/bot.html)"
216.244.66.233 - - [25/Nov/2024:05:37:00 -0700] "GET /bet/msdcrv/result.php HTTP/1.1" 200 94 "-" "Mozilla/5.0 (compatible; DotBot/1.2; +https://opensiteexplorer.org/dotbot; help@moz.com)"
69.162.124.238 - - [25/Nov/2024:05:37:14 -0700] "HEAD /cbse-corner.php HTTP/1.1" 200 - "https://baragura.akalacademy.ac.in/cbse-corner.php" "Mozilla/5.0+(compatible; UptimeRobot/2.0; http://www.uptimerobot.com/)"
66.249.79.66 - - [25/Nov/2024:05:37:34 -0700] "GET /news/?thfiaq/predictz-today-prediction-tips.html HTTP/1.1" 200 94 "-" "Mozilla/5.0 (compatible; Googlebot/2.1; +http://www.google.com/bot.html)"
66.249.79.64 - - [25/Nov/2024:05:37:51 -0700] "GET /detail/?tnwsgw/ HTTP/1.1" 200 94 "-" "Mozilla/5.0 (compatible; Googlebot/2.1; +http://www.google.com/bot.html)"
85.208.96.194 - - [25/Nov/2024:05:37:51 -0700] "GET /jp/auction/k2531579588.shtm HTTP/1.1" 200 94 "-" "Mozilla/5.0 (compatible; SemrushBot/7~bl; +http://www.semrush.com/bot.html)"
66.249.64.98 - - [25/Nov/2024:05:37:52 -0700] "GET /detail/byxhho/beyblade-adventure-games-download.html HTTP/1.1" 200 94 "-" "Mozilla/5.0 (compatible; Googlebot/2.1; +http://www.google.com/bot.html)"
185.191.171.2 - - [25/Nov/2024:05:38:06 -0700] "GET /jp/auction/f251255949.shtm HTTP/1.1" 200 94 "-" "Mozilla/5.0 (compatible; SemrushBot/7~bl; +http://www.semrush.com/bot.html)"
66.249.79.64 - - [25/Nov/2024:05:38:13 -0700] "GET /bet/rqaeto/ HTTP/1.1" 200 94 "-" "Mozilla/5.0 (compatible; Googlebot/2.1; +http://www.google.com/bot.html)"
66.249.79.64 - - [25/Nov/2024:05:38:39 -0700] "GET /bet/?nppxbr/ok-online-poker.html HTTP/1.1" 200 94 "-" "Mozilla/5.0 (compatible; Googlebot/2.1; +http://www.google.com/bot.html)"
66.249.79.64 - - [25/Nov/2024:05:38:44 -0700] "GET /news/xzcnss/ HTTP/1.1" 200 94 "-" "Mozilla/5.0 (compatible; Googlebot/2.1; +http://www.google.com/bot.html)"
66.249.79.64 - - [25/Nov/2024:05:38:44 -0700] "GET /news/qtstwy/ HTTP/1.1" 200 94 "-" "Mozilla/5.0 (compatible; Googlebot/2.1; +http://www.google.com/bot.html)"
66.249.79.64 - - [25/Nov/2024:05:39:16 -0700] "GET /news/ddeyqs/chess-against-cpu.html HTTP/1.1" 200 94 "-" "Mozilla/5.0 (compatible; Googlebot/2.1; +http://www.google.com/bot.html)"
52.167.144.184 - - [25/Nov/2024:05:39:24 -0700] "GET /cgi-bin/auction/files/Secondary/files/Senior%20Secondary/14_Circular_2019ANX2-min.pdf HTTP/1.1" 200 94 "-" "Mozilla/5.0 AppleWebKit/537.36 (KHTML, like Gecko; compatible; bingbot/2.0; +http://www.bing.com/bingbot.htm) Chrome/116.0.1938.76 Safari/537.36"
194.233.72.158 - - [25/Nov/2024:05:39:26 -0700] "GET /images/journey/santteja/wp-admin/noop.php HTTP/1.1" 200 94 "-" "Uptime-Kuma/1.23.3"
40.77.167.20 - - [25/Nov/2024:05:39:30 -0700] "GET /staff-blog/%E3%80%8C%E6%AD%AF%E7%A7%91%E3%81%AB%E3%81%8A%E3%81%91%E3%82%8B%E5%8C%BB%E7%99%82%E5%AE%89%E5%85%A8%E3%81%A8%E6%84%9F%E6%9F%93%E7%AE%A1%E7%90%86%E3%81%AB%E3%81%A4%E3%81%84%E3%81%A6%E3%80%8Dweb/result.php?jp/auction/u25118454.shtm HTTP/1.1" 200 94 "-" "Mozilla/5.0 AppleWebKit/537.36 (KHTML, like Gecko; compatible; bingbot/2.0; +http://www.bing.com/bingbot.htm) Chrome/116.0.1938.76 Safari/537.36"
52.167.144.184 - - [25/Nov/2024:05:39:36 -0700] "GET /index.php/razer-deathadder-%E3%82%A8%E3%83%AB%E3%82%B4%E3%83%8E%E3%83%9F%E3%83%83%E3%82%AF-%E3%80%90%E6%AD%A3%E8%A6%8F%E4%BF%9D%E8%A8%BC%E5%93%81%E3%80%91-rz01-00151400-r3j1/dp/gallery.php?jp/auction/k25121408.shtm HTTP/1.1" 200 94 "-" "Mozilla/5.0 AppleWebKit/537.36 (KHTML, like Gecko; compatible; bingbot/2.0; +http://www.bing.com/bingbot.htm) Chrome/116.0.1938.76 Safari/537.36"
66.249.79.65 - - [25/Nov/2024:05:39:50 -0700] "GET /news/?aqnley/live-score-final-world-cup.html HTTP/1.1" 200 94 "-" "Mozilla/5.0 (compatible; Googlebot/2.1; +http://www.google.com/bot.html)"
40.77.167.20 - - [25/Nov/2024:05:39:51 -0700] "GET /artikel/excel-tipp-so-koennen-sie-die-nettoarbeitstage-berechnen/files/I-VIII/files/I-VIII/addmission.php?jp/auction/g25113500.shtm HTTP/1.1" 200 94 "-" "Mozilla/5.0 AppleWebKit/537.36 (KHTML, like Gecko; compatible; bingbot/2.0; +http://www.bing.com/bingbot.htm) Chrome/116.0.1938.76 Safari/537.36"
52.167.144.184 - - [25/Nov/2024:05:40:15 -0700] "GET /huong-dan-dang-ky-xet-tuyen-hoc-ba-vao-vien-nghien-cuu-dao-tao-viet-anh-vnuk-dai-hoc-da-nang/files/IX-X/addmission.php?jp/auction/q25114368.shtm HTTP/1.1" 200 94 "-" "Mozilla/5.0 AppleWebKit/537.36 (KHTML, like Gecko; compatible; bingbot/2.0; +http://www.bing.com/bingbot.htm) Chrome/116.0.1938.76 Safari/537.36"
66.249.79.65 - - [25/Nov/2024:05:40:18 -0700] "GET /news/uxwtwb/html5-web-banners.html HTTP/1.1" 200 94 "-" "Mozilla/5.0 (compatible; Googlebot/2.1; +http://www.google.com/bot.html)"
66.249.79.64 - - [25/Nov/2024:05:40:50 -0700] "GET /news/?kzxomp/ HTTP/1.1" 200 94 "-" "Mozilla/5.0 (compatible; Googlebot/2.1; +http://www.google.com/bot.html)"
66.249.79.64 - - [25/Nov/2024:05:40:50 -0700] "GET /bet/?gifigv/free-games-to-play-online-on-pc.html HTTP/1.1" 200 94 "-" "Mozilla/5.0 (compatible; Googlebot/2.1; +http://www.google.com/bot.html)"
52.167.144.197 - - [25/Nov/2024:05:40:52 -0700] "GET /3d/files/Secondary/files/Secondary/Intitial_pages_sec_2019-20-min.pdf HTTP/1.1" 200 94 "-" "Mozilla/5.0 AppleWebKit/537.36 (KHTML, like Gecko; compatible; bingbot/2.0; +http://www.bing.com/bingbot.htm) Chrome/116.0.1938.76 Safari/537.36"
40.77.167.20 - - [25/Nov/2024:05:41:03 -0700] "GET /sekou/files/Senior%20Secondary/files/Senior%20Secondary/Econonics%20(1)-min.pdf HTTP/1.1" 200 94 "-" "Mozilla/5.0 AppleWebKit/537.36 (KHTML, like Gecko; compatible; bingbot/2.0; +http://www.bing.com/bingbot.htm) Chrome/116.0.1938.76 Safari/537.36"
66.249.79.65 - - [25/Nov/2024:05:41:11 -0700] "GET /bet/?ydrlcg/icc-t20-cricket-score.html HTTP/1.1" 200 94 "-" "Mozilla/5.0 (compatible; Googlebot/2.1; +http://www.google.com/bot.html)"
66.249.79.66 - - [25/Nov/2024:05:41:14 -0700] "GET /detail/grrxmg/footy-betting-nrl.html HTTP/1.1" 200 94 "-" "Mozilla/5.0 (compatible; Googlebot/2.1; +http://www.google.com/bot.html)"
85.208.96.193 - - [25/Nov/2024:05:41:14 -0700] "GET /jp/auction/x2541781179.shtm HTTP/1.1" 200 94 "-" "Mozilla/5.0 (compatible; SemrushBot/7~bl; +http://www.semrush.com/bot.html)"
66.249.79.64 - - [25/Nov/2024:05:41:30 -0700] "GET /detail/?cplllc/indian-cricket-team-rohit-and-dinesh.html HTTP/1.1" 200 94 "-" "Mozilla/5.0 (compatible; Googlebot/2.1; +http://www.google.com/bot.html)"
66.249.79.64 - - [25/Nov/2024:05:41:51 -0700] "GET /detail/?sztzsc/ HTTP/1.1" 200 94 "-" "Mozilla/5.0 (compatible; Googlebot/2.1; +http://www.google.com/bot.html)"
66.249.79.64 - - [25/Nov/2024:05:41:52 -0700] "GET /news/?spahtt/ HTTP/1.1" 200 94 "-" "Mozilla/5.0 (compatible; Googlebot/2.1; +http://www.google.com/bot.html)"
66.249.79.66 - - [25/Nov/2024:05:42:03 -0700] "GET /news/?fshtcj/1.50-odds-strategy.html HTTP/1.1" 200 94 "-" "Mozilla/5.0 (compatible; Googlebot/2.1; +http://www.google.com/bot.html)"
66.249.79.65 - - [25/Nov/2024:05:42:14 -0700] "GET /bet/?unoepi/ HTTP/1.1" 200 94 "-" "Mozilla/5.0 (compatible; Googlebot/2.1; +http://www.google.com/bot.html)"
69.162.124.238 - - [25/Nov/2024:05:42:14 -0700] "HEAD /cbse-corner.php HTTP/1.1" 200 - "https://baragura.akalacademy.ac.in/cbse-corner.php" "Mozilla/5.0+(compatible; UptimeRobot/2.0; http://www.uptimerobot.com/)"
66.249.79.64 - - [25/Nov/2024:05:42:25 -0700] "GET /bet/zipppp/ HTTP/1.1" 200 94 "-" "Mozilla/5.0 (compatible; Googlebot/2.1; +http://www.google.com/bot.html)"
66.249.79.64 - - [25/Nov/2024:05:42:28 -0700] "GET /news/?mibsjm/ HTTP/1.1" 200 94 "-" "Mozilla/5.0 (compatible; Googlebot/2.1; +http://www.google.com/bot.html)"
66.249.79.64 - - [25/Nov/2024:05:42:29 -0700] "GET /news/?qffiee/icc.tmu-outlook.com.html HTTP/1.1" 200 94 "-" "Mozilla/5.0 (compatible; Googlebot/2.1; +http://www.google.com/bot.html)"
52.167.144.197 - - [25/Nov/2024:05:42:44 -0700] "GET /one-piece-lequipage-de-shanks-le-pere-de-zoro-les-mugiwaras-a-50-ans/files/I-VIII/files/Senior%20Secondary/PoliticalScience-min.pdf HTTP/1.1" 200 94 "-" "Mozilla/5.0 AppleWebKit/537.36 (KHTML, like Gecko; compatible; bingbot/2.0; +http://www.bing.com/bingbot.htm) Chrome/116.0.1938.76 Safari/537.36"
66.249.79.64 - - [25/Nov/2024:05:42:47 -0700] "GET /detail/?rjxgml/ HTTP/1.1" 200 94 "-" "Mozilla/5.0 (compatible; Googlebot/2.1; +http://www.google.com/bot.html)"
185.191.171.17 - - [25/Nov/2024:05:42:50 -0700] "GET /jp/auction/c25112040.shtm HTTP/1.1" 200 94 "-" "Mozilla/5.0 (compatible; SemrushBot/7~bl; +http://www.semrush.com/bot.html)"
66.249.79.64 - - [25/Nov/2024:05:42:53 -0700] "GET /news/ihrpjl/ HTTP/1.1" 200 94 "-" "Mozilla/5.0 (compatible; Googlebot/2.1; +http://www.google.com/bot.html)"
185.191.171.1 - - [25/Nov/2024:05:42:57 -0700] "GET /jp/auction/b2552595139.shtm HTTP/1.1" 200 94 "-" "Mozilla/5.0 (compatible; SemrushBot/7~bl; +http://www.semrush.com/bot.html)"
40.77.167.78 - - [25/Nov/2024:05:43:15 -0700] "GET /categories/guide/series/files/Senior%20Secondary/files/Secondary/Social_Science_Sec_2019-20-min.pdf HTTP/1.1" 200 94 "-" "Mozilla/5.0 AppleWebKit/537.36 (KHTML, like Gecko; compatible; bingbot/2.0; +http://www.bing.com/bingbot.htm) Chrome/116.0.1938.76 Safari/537.36"
40.77.167.78 - - [25/Nov/2024:05:43:16 -0700] "GET /moment-de-vie/files/Secondary/files/IX-X/Grade%20(X)-min.pdf HTTP/1.1" 200 94 "-" "Mozilla/5.0 AppleWebKit/537.36 (KHTML, like Gecko; compatible; bingbot/2.0; +http://www.bing.com/bingbot.htm) Chrome/116.0.1938.76 Safari/537.36"
66.249.79.64 - - [25/Nov/2024:05:43:18 -0700] "GET /news/?vtgdit/ HTTP/1.1" 200 94 "-" "Mozilla/5.0 (compatible; Googlebot/2.1; +http://www.google.com/bot.html)"
85.208.96.197 - - [25/Nov/2024:05:43:23 -0700] "GET /jp/auction/i251592080.shtm HTTP/1.1" 200 94 "-" "Mozilla/5.0 (compatible; SemrushBot/7~bl; +http://www.semrush.com/bot.html)"
66.249.79.64 - - [25/Nov/2024:05:43:44 -0700] "GET /detail/mvcvcd/ HTTP/1.1" 200 94 "-" "Mozilla/5.0 (compatible; Googlebot/2.1; +http://www.google.com/bot.html)"
52.167.144.197 - - [25/Nov/2024:05:43:46 -0700] "GET /post/news/%E6%96%B0%E5%9E%8B%E3%82%B3%E3%83%AD%E3%83%8A%E7%BD%B9%E6%82%A3%E8%80%85%E8%BF%BD%E8%B7%A1%EF%BD%A5%E6%BF%83%E5%8E%9A%E6%8E%A5%E8%A7%A6%E8%80%85%E8%BF%BD%E8%B7%A1%E3%82%B7%E3%82%B9%E3%83%86%E3%83%A0/files/Senior%20Secondary/files/IX-X/Grade%20(XI)%20-min.pdf HTTP/1.1" 200 94 "-" "Mozilla/5.0 AppleWebKit/537.36 (KHTML, like Gecko; compatible; bingbot/2.0; +http://www.bing.com/bingbot.htm) Chrome/116.0.1938.76 Safari/537.36"
52.167.144.197 - - [25/Nov/2024:05:43:54 -0700] "GET /apweb/rules/files/Senior%20Secondary/files/Secondary/Social_Science_Sec_2019-20-min.pdf HTTP/1.1" 200 94 "-" "Mozilla/5.0 AppleWebKit/537.36 (KHTML, like Gecko; compatible; bingbot/2.0; +http://www.bing.com/bingbot.htm) Chrome/116.0.1938.76 Safari/537.36"
66.249.79.64 - - [25/Nov/2024:05:43:54 -0700] "GET /news/?qqcchw/ HTTP/1.1" 200 94 "-" "Mozilla/5.0 (compatible; Googlebot/2.1; +http://www.google.com/bot.html)"
66.249.79.66 - - [25/Nov/2024:05:44:01 -0700] "GET /detail/fjvqjf/south-asian-t20-match.html HTTP/1.1" 200 94 "-" "Mozilla/5.0 (compatible; Googlebot/2.1; +http://www.google.com/bot.html)"
40.77.167.20 - - [25/Nov/2024:05:44:02 -0700] "GET /index.php/gokumin-%E6%A5%B5%E5%8E%9A10cm-%E3%83%99%E3%83%83%E3%83%89%E3%83%9E%E3%83%83%E3%83%88-%E3%80%90180n%E3%81%A8250n%E3%81%AE2%E5%B1%A4%E6%A7%8B%E9%80%A0%E3%81%A8%E7%89%B9%E6%AE%8A%E5%8A%A0%E5%B7%A5%E3%81%AE%E9%95%B7%E6%8C%81%E3%81%A1%E3%82%B0%E3%83%A9%E3%83%B3%E3%83%9E%E3%83%83%E3%83%88%E3%83%AC%E3%82%B9%E3%80%91-%E3%83%97%E3%83%AC%E3%83%9F%E3%82%A2%E3%83%A0%E3%83%9B%E3%83%AF%E3%82%A4%E3%83%88/dp/files/Senior%20Secondary/files/Senior%20Secondary/index.php?jp/auction/w25135928.shtm HTTP/1.1" 200 94 "-" "Mozilla/5.0 AppleWebKit/537.36 (KHTML, like Gecko; compatible; bingbot/2.0; +http://www.bing.com/bingbot.htm) Chrome/116.0.1938.76 Safari/537.36"
66.249.79.65 - - [25/Nov/2024:05:44:19 -0700] "GET /detail/?ojdfks/ HTTP/1.1" 200 94 "-" "Mozilla/5.0 (compatible; Googlebot/2.1; +http://www.google.com/bot.html)"
66.249.79.64 - - [25/Nov/2024:05:44:19 -0700] "GET /news/?oklinl/ndtv-todays-ipl-cricket-match.html HTTP/1.1" 200 94 "-" "Mozilla/5.0 (compatible; Googlebot/2.1; +http://www.google.com/bot.html)"
40.77.167.20 - - [25/Nov/2024:05:44:23 -0700] "GET /2020/12/files/Secondary/files/Senior%20Secondary/Physics-min.pdf HTTP/1.1" 200 94 "-" "Mozilla/5.0 AppleWebKit/537.36 (KHTML, like Gecko; compatible; bingbot/2.0; +http://www.bing.com/bingbot.htm) Chrome/116.0.1938.76 Safari/537.36"
66.249.79.64 - - [25/Nov/2024:05:44:26 -0700] "GET /detail/?kquiqp/test-cricket-games-online-free-play.html HTTP/1.1" 200 94 "-" "Mozilla/5.0 (compatible; Googlebot/2.1; +http://www.google.com/bot.html)"
66.249.79.64 - - [25/Nov/2024:05:44:41 -0700] "GET /bet/?hknoch/bandar-gacor.html HTTP/1.1" 200 94 "-" "Mozilla/5.0 (compatible; Googlebot/2.1; +http://www.google.com/bot.html)"
66.249.79.64 - - [25/Nov/2024:05:44:49 -0700] "GET /news/?bmiaam/ HTTP/1.1" 200 94 "-" "Mozilla/5.0 (compatible; Googlebot/2.1; +http://www.google.com/bot.html)"
66.249.79.64 - - [25/Nov/2024:05:44:51 -0700] "GET /news/mkfufu/ HTTP/1.1" 200 94 "-" "Mozilla/5.0 (compatible; Googlebot/2.1; +http://www.google.com/bot.html)"
40.77.167.20 - - [25/Nov/2024:05:44:51 -0700] "GET /%E3%80%90excel%E3%80%91-%E8%B3%87%E6%96%99%E6%95%B4%E7%90%86%E5%BF%85%E5%AD%B8%EF%BC%81%E6%A8%9E%E7%B4%90%E5%88%86%E6%9E%90%E8%A1%A8/files/I-VIII/files/Senior%20Secondary/addmission.php HTTP/1.1" 200 94 "-" "Mozilla/5.0 AppleWebKit/537.36 (KHTML, like Gecko; compatible; bingbot/2.0; +http://www.bing.com/bingbot.htm) Chrome/116.0.1938.76 Safari/537.36"
66.249.79.64 - - [25/Nov/2024:05:44:52 -0700] "GET /bet/qahjub/ HTTP/1.1" 200 94 "-" "Mozilla/5.0 (compatible; Googlebot/2.1; +http://www.google.com/bot.html)"
85.208.96.194 - - [25/Nov/2024:05:44:53 -0700] "GET /jp/auction/w251168372.shtm HTTP/1.1" 200 94 "-" "Mozilla/5.0 (compatible; SemrushBot/7~bl; +http://www.semrush.com/bot.html)"
185.191.171.1 - - [25/Nov/2024:05:45:39 -0700] "GET /jp/auction/d2563037791.shtm HTTP/1.1" 200 94 "-" "Mozilla/5.0 (compatible; SemrushBot/7~bl; +http://www.semrush.com/bot.html)"
66.249.79.64 - - [25/Nov/2024:05:45:40 -0700] "GET /news/dxctid/puzzle-blossom-game-free-download.html HTTP/1.1" 200 94 "-" "Mozilla/5.0 (compatible; Googlebot/2.1; +http://www.google.com/bot.html)"
66.249.79.65 - - [25/Nov/2024:05:45:42 -0700] "GET /news/?dwvjyr/ HTTP/1.1" 200 94 "-" "Mozilla/5.0 (compatible; Googlebot/2.1; +http://www.google.com/bot.html)"
52.167.144.197 - - [25/Nov/2024:05:45:44 -0700] "GET /menu/files/I-VIII/files/I-VIII/English%20%20(VI%20-%20VIII)-min.pdf HTTP/1.1" 200 94 "-" "Mozilla/5.0 AppleWebKit/537.36 (KHTML, like Gecko; compatible; bingbot/2.0; +http://www.bing.com/bingbot.htm) Chrome/116.0.1938.76 Safari/537.36"
40.77.167.20 - - [25/Nov/2024:05:45:51 -0700] "GET /about-su/files/Secondary/files/Senior%20Secondary/PhysicalEducation-min.pdf HTTP/1.1" 200 94 "-" "Mozilla/5.0 AppleWebKit/537.36 (KHTML, like Gecko; compatible; bingbot/2.0; +http://www.bing.com/bingbot.htm) Chrome/116.0.1938.76 Safari/537.36"
66.249.79.66 - - [25/Nov/2024:05:46:43 -0700] "GET /bet/?ilhzkz/ HTTP/1.1" 200 94 "-" "Mozilla/5.0 (compatible; Googlebot/2.1; +http://www.google.com/bot.html)"
52.167.144.197 - - [25/Nov/2024:05:46:55 -0700] "GET /en/column/a-y-judie-letter-no-72-%E8%A7%A6%E3%82%8C%E3%81%9A%E3%81%AB%E3%82%B4%E3%83%9F%E3%81%8C%E6%8D%A8%E3%81%A6%E3%82%89%E3%82%8C%E3%82%8B%E3%80%81%E5%8F%96%E3%82%8A%E5%A4%96%E3%81%9B%E3%82%8B%E6%8A%97/files/I-VIII/files/I-VIII/academic.php HTTP/1.1" 200 94 "-" "Mozilla/5.0 AppleWebKit/537.36 (KHTML, like Gecko; compatible; bingbot/2.0; +http://www.bing.com/bingbot.htm) Chrome/116.0.1938.76 Safari/537.36"
