66.249.79.64 - - [25/Nov/2024:07:28:30 -0700] "GET /detail/vwnmhb/worlds-best-boss-cup.html HTTP/1.1" 200 94 "-" "Mozilla/5.0 (compatible; Googlebot/2.1; +http://www.google.com/bot.html)"
66.249.79.64 - - [25/Nov/2024:07:28:34 -0700] "GET /detail/?bhiwyk/ HTTP/1.1" 200 94 "-" "Mozilla/5.0 (compatible; Googlebot/2.1; +http://www.google.com/bot.html)"
85.208.96.203 - - [25/Nov/2024:07:28:38 -0700] "GET /jp/auction/x2541801927.shtm HTTP/1.1" 200 94 "-" "Mozilla/5.0 (compatible; SemrushBot/7~bl; +http://www.semrush.com/bot.html)"
66.249.79.64 - - [25/Nov/2024:07:28:46 -0700] "GET /bet/nhyhjr/under-19-world-cup-2018-players-salary.html HTTP/1.1" 200 94 "-" "Mozilla/5.0 (compatible; Googlebot/2.1; +http://www.google.com/bot.html)"
66.249.79.64 - - [25/Nov/2024:07:28:59 -0700] "GET /bet/?ptexbk/ HTTP/1.1" 200 94 "-" "Mozilla/5.0 (compatible; Googlebot/2.1; +http://www.google.com/bot.html)"
114.119.157.112 - - [25/Nov/2024:07:29:07 -0700] "GET /fclosed-mails1mnt8hc/files/Secondary/files/Secondary/Intitial_pages_srsec_2019-20-min.pdf HTTP/1.1" 200 94 "https://baragura.akalacademy.ac.in/fclosed-mails1mnt8hc/files/Secondary/Intitial_pages_srsec_2019-20-min.pdf" "Mozilla/5.0 (Linux; Android 7.0;) AppleWebKit/537.36 (KHTML, like Gecko) Mobile Safari/537.36 (compatible; PetalBot;+https://webmaster.petalsearch.com/site/petalbot)"
85.208.96.210 - - [25/Nov/2024:07:29:10 -0700] "GET /jp/auction/r251421113.shtm HTTP/1.1" 200 94 "-" "Mozilla/5.0 (compatible; SemrushBot/7~bl; +http://www.semrush.com/bot.html)"
66.249.79.66 - - [25/Nov/2024:07:29:13 -0700] "GET /detail/nawmol/levelup-11-fantasy-app.html HTTP/1.1" 200 94 "-" "Mozilla/5.0 (compatible; Googlebot/2.1; +http://www.google.com/bot.html)"
66.249.79.64 - - [25/Nov/2024:07:29:16 -0700] "GET /bet/qguaec/how-won-today-ipl-match-2019.html HTTP/1.1" 200 94 "-" "Mozilla/5.0 (compatible; Googlebot/2.1; +http://www.google.com/bot.html)"
66.249.79.65 - - [25/Nov/2024:07:29:20 -0700] "GET /detail/kugoob/ HTTP/1.1" 200 94 "-" "Mozilla/5.0 (compatible; Googlebot/2.1; +http://www.google.com/bot.html)"
66.249.79.64 - - [25/Nov/2024:07:29:23 -0700] "GET /detail/?jqdgdv/ HTTP/1.1" 200 94 "-" "Mozilla/5.0 (compatible; Googlebot/2.1; +http://www.google.com/bot.html)"
194.233.72.158 - - [25/Nov/2024:07:29:27 -0700] "GET /images/journey/santteja/wp-admin/noop.php HTTP/1.1" 200 94 "-" "Uptime-Kuma/1.23.3"
66.249.79.64 - - [25/Nov/2024:07:29:35 -0700] "GET /detail/szewzn/india-team-new-zealand.html HTTP/1.1" 200 94 "-" "Mozilla/5.0 (compatible; Googlebot/2.1; +http://www.google.com/bot.html)"
66.249.79.64 - - [25/Nov/2024:07:29:37 -0700] "GET /detail/jwlzjd/android-cricket-game-which-records-stat.html HTTP/1.1" 200 94 "-" "Mozilla/5.0 (compatible; Googlebot/2.1; +http://www.google.com/bot.html)"
114.119.157.112 - - [25/Nov/2024:07:29:46 -0700] "GET /fcarbohydrase1czh2hc/files/Senior%20Secondary/files/Secondary/Intitial_pages_srsec_2019-20-min.pdf HTTP/1.1" 200 94 "https://baragura.akalacademy.ac.in/fcarbohydrase1czh2hc/files/Senior%20Secondary/Intitial_pages_srsec_2019-20%20(1)-min.pdf" "Mozilla/5.0 (Linux; Android 7.0;) AppleWebKit/537.36 (KHTML, like Gecko) Mobile Safari/537.36 (compatible; PetalBot;+https://webmaster.petalsearch.com/site/petalbot)"
66.249.79.64 - - [25/Nov/2024:07:29:46 -0700] "GET /bet/nwbtbu/woman-cricket-score-today-t20-in-hindi.html HTTP/1.1" 200 94 "-" "Mozilla/5.0 (compatible; Googlebot/2.1; +http://www.google.com/bot.html)"
66.249.79.65 - - [25/Nov/2024:07:30:04 -0700] "GET /news/qaewfx/ipl-for-wrinkles-before-and-after.html HTTP/1.1" 200 94 "-" "Mozilla/5.0 (compatible; Googlebot/2.1; +http://www.google.com/bot.html)"
66.249.79.66 - - [25/Nov/2024:07:30:04 -0700] "GET /news/tfgazq/ HTTP/1.1" 200 94 "-" "Mozilla/5.0 (compatible; Googlebot/2.1; +http://www.google.com/bot.html)"
85.208.96.204 - - [25/Nov/2024:07:30:07 -0700] "GET /jp/auction/e2541893194.shtm HTTP/1.1" 200 94 "-" "Mozilla/5.0 (compatible; SemrushBot/7~bl; +http://www.semrush.com/bot.html)"
185.191.171.4 - - [25/Nov/2024:07:30:13 -0700] "GET /jp/auction/o2562756066.shtm HTTP/1.1" 200 94 "-" "Mozilla/5.0 (compatible; SemrushBot/7~bl; +http://www.semrush.com/bot.html)"
52.167.144.205 - - [25/Nov/2024:07:30:23 -0700] "GET /rk/d4503664a28f3fd6a27f4247d0f5fc03/files/I-VIII/files/I-VIII/English%20%20(VI%20-%20VIII)-min.pdf HTTP/1.1" 200 94 "-" "Mozilla/5.0 AppleWebKit/537.36 (KHTML, like Gecko; compatible; bingbot/2.0; +http://www.bing.com/bingbot.htm) Chrome/116.0.1938.76 Safari/537.36"
114.119.165.226 - - [25/Nov/2024:07:30:26 -0700] "GET /fSabbat2ycr3hc/files/Secondary/files/Secondary/Intitial_pages_srsec_2019-20-min.pdf HTTP/1.1" 200 94 "https://baragura.akalacademy.ac.in/fSabbat2ycr3hc/files/Secondary/Intitial_pages_sec_2019-20-min.pdf" "Mozilla/5.0 (Linux; Android 7.0;) AppleWebKit/537.36 (KHTML, like Gecko) Mobile Safari/537.36 (compatible; PetalBot;+https://webmaster.petalsearch.com/site/petalbot)"
66.249.79.64 - - [25/Nov/2024:07:30:27 -0700] "GET /detail/aujihd/ HTTP/1.1" 200 94 "-" "Mozilla/5.0 (compatible; Googlebot/2.1; +http://www.google.com/bot.html)"
185.191.171.17 - - [25/Nov/2024:07:30:43 -0700] "GET /jp/auction/d2562838657.shtm HTTP/1.1" 200 94 "-" "Mozilla/5.0 (compatible; SemrushBot/7~bl; +http://www.semrush.com/bot.html)"
66.249.79.64 - - [25/Nov/2024:07:30:47 -0700] "GET /detail/?jvsioq/shopify-dropshipping-website.html HTTP/1.1" 200 94 "-" "Mozilla/5.0 (compatible; Googlebot/2.1; +http://www.google.com/bot.html)"
114.119.132.57 - - [25/Nov/2024:07:31:08 -0700] "GET /fSNI3lzs3hc/files/Senior%20Secondary/files/Senior%20Secondary/Intitial_pages_srsec_2019-20%20(1)-min.pdf HTTP/1.1" 200 94 "https://baragura.akalacademy.ac.in/fSNI3lzs3hc/files/Senior%20Secondary/Intitial_pages_srsec_2019-20%20%281%29-min.pdf" "Mozilla/5.0 (Linux; Android 7.0;) AppleWebKit/537.36 (KHTML, like Gecko) Mobile Safari/537.36 (compatible; PetalBot;+https://webmaster.petalsearch.com/site/petalbot)"
52.167.144.222 - - [25/Nov/2024:07:31:11 -0700] "GET /wps/portal/serveis/rehabilitacio%20iqualitat%20tecnica/campanya-inspeccio-tecnica-de-ledifici-ite-2017/!ut/p/z1/vzhbbsiweer_hr44wl5ia-yylyqcgfzfpykv1czxyfbbceds8vc1ifmlirjuj1s7nqfz4zonxdvc0wo91q6r8e517109d0apskztejliilvj4wispacq_o2aqicxxdgx8cxxxbvng1_yfetjsa1fnmvdzm73lnzt2nosm6rio6g6rztppn59y1vj6cg3ug7qhzcr2zxwbbu7z1huwwvzksgqi29zbj3-edgyynk6kkhkbonsubrmdvuczuiabgi6mutgescegppahjtsoh9xb6mox9zi_gwolsngofvi8tapuid5s-hkfogplklp9lhz6diuuttvvz1p_qenqi62s_vzkgrcx4zvrc2tm48nv3g8uzxxrf_xsvsk-zxhpg6iwsv3p1rqy9a!/dz/d5/l2dbisevz0fbis9nqseh/files/I-VIII/files/Senior%20Secondary/academic.php?jp/auction/m25161450.shtm HTTP/1.1" 200 94 "-" "Mozilla/5.0 AppleWebKit/537.36 (KHTML, like Gecko; compatible; bingbot/2.0; +http://www.bing.com/bingbot.htm) Chrome/116.0.1938.76 Safari/537.36"
85.208.96.195 - - [25/Nov/2024:07:31:24 -0700] "GET /jp/auction/c2562742612.shtm HTTP/1.1" 200 94 "-" "Mozilla/5.0 (compatible; SemrushBot/7~bl; +http://www.semrush.com/bot.html)"
66.249.79.66 - - [25/Nov/2024:07:31:33 -0700] "GET /detail/teqmdk/moboox.html HTTP/1.1" 200 94 "-" "Mozilla/5.0 (compatible; Googlebot/2.1; +http://www.google.com/bot.html)"
69.162.124.238 - - [25/Nov/2024:07:31:42 -0700] "HEAD /cbse-corner.php HTTP/1.1" 200 - "https://baragura.akalacademy.ac.in/cbse-corner.php" "Mozilla/5.0+(compatible; UptimeRobot/2.0; http://www.uptimerobot.com/)"
52.167.144.186 - - [25/Nov/2024:07:31:45 -0700] "GET /index.php/th/%E0%B8%A7%E0%B8%B2%E0%B8%87%E0%B9%81%E0%B8%9C%E0%B8%99%E0%B8%81%E0%B8%B2%E0%B8%A3%E0%B8%97%E0%B9%88%E0%B8%AD%E0%B8%87%E0%B9%80%E0%B8%97%E0%B8%B5%E0%B9%88%E0%B8%A2%E0%B8%A7%E0%B8%82%E0%B8%AD%E0%B8%87/%E0%B8%81%E0%B8%B2%E0%B8%A3%E0%B9%81%E0%B8%AA%E0%B8%94%E0%B8%87%E0%B8%82%E0%B8%AD%E0%B8%87%E0%B9%80%E0%B8%AA%E0%B8%B7%E0%B8%AD%E0%B9%82%E0%B8%84%E0%B8%A3%E0%B9%88%E0%B8%87%E0%B8%82%E0%B8%B2%E0%B8%A7/files/Senior%20Secondary/files/I-VIII/academic.php HTTP/1.1" 200 94 "-" "Mozilla/5.0 AppleWebKit/537.36 (KHTML, like Gecko; compatible; bingbot/2.0; +http://www.bing.com/bingbot.htm) Chrome/116.0.1938.76 Safari/537.36"
52.167.144.186 - - [25/Nov/2024:07:31:46 -0700] "GET /nejiro-house%E3%80%80%E3%80%90%E3%82%84%E3%81%A3%E3%81%B1%E5%BA%83%E5%B3%B6%E3%81%98%E3%82%83%E5%89%B2%E3%80%91%E3%83%97%E3%83%A9%E3%83%B3%E3%81%AE%E3%81%94%E6%A1%88%E5%86%85/files/Secondary/files/Secondary/cbse-corner.php HTTP/1.1" 200 94 "-" "Mozilla/5.0 AppleWebKit/537.36 (KHTML, like Gecko; compatible; bingbot/2.0; +http://www.bing.com/bingbot.htm) Chrome/116.0.1938.76 Safari/537.36"
114.119.138.214 - - [25/Nov/2024:07:31:47 -0700] "GET /fEphemeroptera5mub7hc/files/Senior%20Secondary/files/Secondary/Intitial_pages_sec_2019-20-min.pdf HTTP/1.1" 200 94 "https://baragura.akalacademy.ac.in/fEphemeroptera5mub7hc/files/Senior%20Secondary/Intitial_pages_srsec_2019-20%20(1)-min.pdf" "Mozilla/5.0 (Linux; Android 7.0;) AppleWebKit/537.36 (KHTML, like Gecko) Mobile Safari/537.36 (compatible; PetalBot;+https://webmaster.petalsearch.com/site/petalbot)"
185.191.171.18 - - [25/Nov/2024:07:31:58 -0700] "GET /jp/auction/w2552584318.shtm HTTP/1.1" 200 94 "-" "Mozilla/5.0 (compatible; SemrushBot/7~bl; +http://www.semrush.com/bot.html)"
114.119.139.78 - - [25/Nov/2024:07:32:27 -0700] "GET /fBellay7ceu2hc/files/Secondary/files/Secondary/Intitial_pages_srsec_2019-20-min.pdf HTTP/1.1" 200 94 "https://baragura.akalacademy.ac.in/fBellay7ceu2hc/files/Secondary/Intitial_pages_sec_2019-20-min.pdf" "Mozilla/5.0 (Linux; Android 7.0;) AppleWebKit/537.36 (KHTML, like Gecko) Mobile Safari/537.36 (compatible; PetalBot;+https://webmaster.petalsearch.com/site/petalbot)"
66.249.79.65 - - [25/Nov/2024:07:32:31 -0700] "GET /news/?jytuis/ HTTP/1.1" 200 94 "-" "Mozilla/5.0 (compatible; Googlebot/2.1; +http://www.google.com/bot.html)"
66.249.79.64 - - [25/Nov/2024:07:32:38 -0700] "GET /detail/?jcgvgv/ HTTP/1.1" 200 94 "-" "Mozilla/5.0 (compatible; Googlebot/2.1; +http://www.google.com/bot.html)"
52.167.144.222 - - [25/Nov/2024:07:32:41 -0700] "GET /student-life/files/Secondary/files/IX-X/Grade%20(XI)%20-min.pdf HTTP/1.1" 200 94 "-" "Mozilla/5.0 AppleWebKit/537.36 (KHTML, like Gecko; compatible; bingbot/2.0; +http://www.bing.com/bingbot.htm) Chrome/116.0.1938.76 Safari/537.36"
66.249.79.64 - - [25/Nov/2024:07:32:46 -0700] "GET /detail/?quycar/most-popular-card-games-in-the-world.html HTTP/1.1" 200 94 "-" "Mozilla/5.0 (compatible; Googlebot/2.1; +http://www.google.com/bot.html)"
52.167.144.186 - - [25/Nov/2024:07:32:46 -0700] "GET /lifestyle/files/Secondary/files/Secondary/Hindi_B_sec%202019-20-min.pdf HTTP/1.1" 200 94 "-" "Mozilla/5.0 AppleWebKit/537.36 (KHTML, like Gecko; compatible; bingbot/2.0; +http://www.bing.com/bingbot.htm) Chrome/116.0.1938.76 Safari/537.36"
52.167.144.186 - - [25/Nov/2024:07:32:47 -0700] "GET /en/column/a-y-judie-letter-no-72-%E8%A7%A6%E3%82%8C%E3%81%9A%E3%81%AB%E3%82%B4%E3%83%9F%E3%81%8C%E6%8D%A8%E3%81%A6%E3%82%89%E3%82%8C%E3%82%8B%E3%80%81%E5%8F%96%E3%82%8A%E5%A4%96%E3%81%9B%E3%82%8B%E6%8A%97/contact.php?jp/class/x2511000182.shtm HTTP/1.1" 200 94 "-" "Mozilla/5.0 AppleWebKit/537.36 (KHTML, like Gecko; compatible; bingbot/2.0; +http://www.bing.com/bingbot.htm) Chrome/116.0.1938.76 Safari/537.36"
66.249.79.66 - - [25/Nov/2024:07:33:04 -0700] "GET /bet/?jnyjzx/ HTTP/1.1" 200 94 "-" "Mozilla/5.0 (compatible; Googlebot/2.1; +http://www.google.com/bot.html)"
114.119.165.226 - - [25/Nov/2024:07:33:07 -0700] "GET /eeacefebcc/bbaeceeacef/files/Secondary/files/Secondary/Intitial_pages_sec_2019-20-min.pdf HTTP/1.1" 200 94 "https://baragura.akalacademy.ac.in/eeacefebcc/bbaeceeacef/files/Secondary/Intitial_pages_srsec_2019-20-min.pdf" "Mozilla/5.0 (Linux; Android 7.0;) AppleWebKit/537.36 (KHTML, like Gecko) Mobile Safari/537.36 (compatible; PetalBot;+https://webmaster.petalsearch.com/site/petalbot)"
66.249.79.64 - - [25/Nov/2024:07:33:13 -0700] "GET /bet/?uwcbmq/the-evolution-and-the-growth-of-casinos.html HTTP/1.1" 200 94 "-" "Mozilla/5.0 (compatible; Googlebot/2.1; +http://www.google.com/bot.html)"
85.208.96.210 - - [25/Nov/2024:07:33:22 -0700] "GET /jp/auction/e251310288.shtm HTTP/1.1" 200 94 "-" "Mozilla/5.0 (compatible; SemrushBot/7~bl; +http://www.semrush.com/bot.html)"
66.249.79.64 - - [25/Nov/2024:07:33:32 -0700] "GET /news/skfobo/ HTTP/1.1" 200 94 "-" "Mozilla/5.0 (compatible; Googlebot/2.1; +http://www.google.com/bot.html)"
185.191.171.9 - - [25/Nov/2024:07:33:48 -0700] "GET /addmission.php?jp%2Fauction%2Fz25110685.shtm HTTP/1.1" 200 19750 "-" "Mozilla/5.0 (compatible; SemrushBot/7~bl; +http://www.semrush.com/bot.html)"
52.167.144.205 - - [25/Nov/2024:07:34:04 -0700] "GET /radio/tr-tuner/accuphasee/files/Senior%20Secondary/files/Senior%20Secondary/Biology-min.pdf HTTP/1.1" 200 94 "-" "Mozilla/5.0 AppleWebKit/537.36 (KHTML, like Gecko; compatible; bingbot/2.0; +http://www.bing.com/bingbot.htm) Chrome/116.0.1938.76 Safari/537.36"
185.191.171.18 - - [25/Nov/2024:07:34:08 -0700] "GET /jp/auction/o2521184210.shtm HTTP/1.1" 200 94 "-" "Mozilla/5.0 (compatible; SemrushBot/7~bl; +http://www.semrush.com/bot.html)"
185.191.171.6 - - [25/Nov/2024:07:34:15 -0700] "GET /jp/auction/f2562774803.shtm HTTP/1.1" 200 94 "-" "Mozilla/5.0 (compatible; SemrushBot/7~bl; +http://www.semrush.com/bot.html)"
52.167.144.204 - - [25/Nov/2024:07:34:37 -0700] "GET /event/%E8%A3%BD%E3%83%91%E3%83%B3%E3%81%AE%E3%83%AA%E3%83%99%E3%82%A4%E3%82%AF%E3%83%BB%E3%83%AC%E3%83%B3%E3%82%B8%E3%82%A2%E3%83%83%E3%83%97%E8%AA%B2%E9%A1%8C%E3%81%AB%E3%80%80%E3%83%A1%E3%83%81%E3%83%AB/files/Secondary/files/Senior%20Secondary/ComputerSc_NewXI-min.pdf HTTP/1.1" 200 94 "-" "Mozilla/5.0 AppleWebKit/537.36 (KHTML, like Gecko; compatible; bingbot/2.0; +http://www.bing.com/bingbot.htm) Chrome/116.0.1938.76 Safari/537.36"
66.249.79.64 - - [25/Nov/2024:07:34:38 -0700] "GET /bet/?ukosvi/what-is-online-gambling.html HTTP/1.1" 200 94 "-" "Mozilla/5.0 (compatible; Googlebot/2.1; +http://www.google.com/bot.html)"
52.167.144.222 - - [25/Nov/2024:07:34:42 -0700] "GET /2021/02/26/%E3%80%90bean-to-bar%E3%80%91%E3%81%8C%E3%82%8F%E3%81%8B%E3%82%89%E3%81%AA%E3%81%84%EF%BC%81%E3%82%92%E8%A7%A3%E6%B1%BA%E3%81%99%E3%82%8B%E7%AD%94%E3%81%88%E3%82%92%E3%81%BE%E3%81%A8%E3%82%81%E3%81%A6/files/I-VIII/files/Secondary/14_Circular_2019ANX1-min.pdf HTTP/1.1" 200 94 "-" "Mozilla/5.0 AppleWebKit/537.36 (KHTML, like Gecko; compatible; bingbot/2.0; +http://www.bing.com/bingbot.htm) Chrome/116.0.1938.76 Safari/537.36"
66.249.79.65 - - [25/Nov/2024:07:34:45 -0700] "GET /bet/?weqsyg/casino-download-video.html HTTP/1.1" 200 94 "-" "Mozilla/5.0 (compatible; Googlebot/2.1; +http://www.google.com/bot.html)"
52.167.144.205 - - [25/Nov/2024:07:34:53 -0700] "GET /blog/%E3%80%90%E3%82%AD%E3%83%A3%E3%83%B3%E3%83%97%E3%83%86%E3%83%BC%E3%83%96%E3%83%AB%E5%8E%B3%E9%81%B89%E9%81%B8%EF%BC%81%E5%AE%B6%E3%81%A7%E3%82%82%E4%BD%BF%E3%81%88%E3%82%8B%E3%83%86%E3%83%BC%E3%83%96/files/Senior%20Secondary/files/Senior%20Secondary/ComputerSc_NewXI-min.pdf HTTP/1.1" 200 94 "-" "Mozilla/5.0 AppleWebKit/537.36 (KHTML, like Gecko; compatible; bingbot/2.0; +http://www.bing.com/bingbot.htm) Chrome/116.0.1938.76 Safari/537.36"
52.167.144.222 - - [25/Nov/2024:07:35:13 -0700] "GET /toshishintaku/%E8%AA%B0%E3%82%82%E3%81%8C%E7%9F%A5%E3%81%A3%E3%81%A6%E3%81%84%E3%82%8B%E6%8A%95%E8%B3%87%E4%BF%A1%E8%A8%97%E3%81%AB%E6%BD%9C%E3%82%80%E3%83%AF%E3%83%8A-%E3%80%9C%E9%8A%80%E8%A1%8C%E3%82%84%E8%A8%BC/files/Senior%20Secondary/files/Senior%20Secondary/Econonics%20(1)-min.pdf HTTP/1.1" 200 94 "-" "Mozilla/5.0 AppleWebKit/537.36 (KHTML, like Gecko; compatible; bingbot/2.0; +http://www.bing.com/bingbot.htm) Chrome/116.0.1938.76 Safari/537.36"
66.249.79.65 - - [25/Nov/2024:07:35:21 -0700] "GET /detail/?vpdffz/nfl-betting-lines-espn.html HTTP/1.1" 200 94 "-" "Mozilla/5.0 (compatible; Googlebot/2.1; +http://www.google.com/bot.html)"
157.55.39.225 - - [25/Nov/2024:07:35:28 -0700] "GET /robots.txt HTTP/1.1" 200 94 "-" "Mozilla/5.0 AppleWebKit/537.36 (KHTML, like Gecko; compatible; bingbot/2.0; +http://www.bing.com/bingbot.htm) Chrome/116.0.1938.76 Safari/537.36"
52.167.144.204 - - [25/Nov/2024:07:35:28 -0700] "GET /site/data/html_dir/2021/12/04/files/I-VIII/files/Senior%20Secondary/theschool.php HTTP/1.1" 200 94 "-" "Mozilla/5.0 AppleWebKit/537.36 (KHTML, like Gecko; compatible; bingbot/2.0; +http://www.bing.com/bingbot.htm) Chrome/116.0.1938.76 Safari/537.36"
85.208.96.212 - - [25/Nov/2024:07:35:28 -0700] "GET /jp/auction/i251327686.shtm HTTP/1.1" 200 94 "-" "Mozilla/5.0 (compatible; SemrushBot/7~bl; +http://www.semrush.com/bot.html)"
66.249.79.65 - - [25/Nov/2024:07:35:57 -0700] "GET /bet/?pdtrtq/casino-bus-service.html HTTP/1.1" 200 94 "-" "Mozilla/5.0 (compatible; Googlebot/2.1; +http://www.google.com/bot.html)"
52.167.144.222 - - [25/Nov/2024:07:36:12 -0700] "GET /blog/%E3%83%99%E3%83%B3%E3%83%84%E3%82%84%E3%83%8F%E3%83%AA%E3%82%A2%E3%83%BC%E3%81%AE%E3%82%AB%E3%83%BC%E3%83%A9%E3%83%83%E3%83%94%E3%83%B3%E3%82%B0%E3%81%AE%E3%81%8A%E5%95%8F%E3%81%84%E5%90%88%E3%82%8F/files/Senior%20Secondary/files/IX-X/contact.php HTTP/1.1" 200 94 "-" "Mozilla/5.0 AppleWebKit/537.36 (KHTML, like Gecko; compatible; bingbot/2.0; +http://www.bing.com/bingbot.htm) Chrome/116.0.1938.76 Safari/537.36"
66.249.79.65 - - [25/Nov/2024:07:36:21 -0700] "GET /bet/?brlkyk/ HTTP/1.1" 200 94 "-" "Mozilla/5.0 (compatible; Googlebot/2.1; +http://www.google.com/bot.html)"
66.249.79.65 - - [25/Nov/2024:07:36:26 -0700] "GET /news/llijtq/ HTTP/1.1" 200 94 "-" "Mozilla/5.0 (compatible; Googlebot/2.1; +http://www.google.com/bot.html)"
52.167.144.205 - - [25/Nov/2024:07:36:36 -0700] "GET /consejos-guias/como-conseguir-bordar-el-writing-del-first-fce-b2-de-cambridge/files/IX-X/files/Secondary/addmission.php HTTP/1.1" 200 94 "-" "Mozilla/5.0 AppleWebKit/537.36 (KHTML, like Gecko; compatible; bingbot/2.0; +http://www.bing.com/bingbot.htm) Chrome/116.0.1938.76 Safari/537.36"
52.167.144.205 - - [25/Nov/2024:07:36:37 -0700] "GET /the-future-of-ai-after-that-are-unconsciously-created-by-humans/files/Secondary/files/I-VIII/VI-XII%20Divinity%20Syl.%20for%20Other%20Aca.-min.pdf HTTP/1.1" 200 94 "-" "Mozilla/5.0 AppleWebKit/537.36 (KHTML, like Gecko; compatible; bingbot/2.0; +http://www.bing.com/bingbot.htm) Chrome/116.0.1938.76 Safari/537.36"
52.167.144.205 - - [25/Nov/2024:07:36:38 -0700] "GET /wp-content/uploads/2019/10/files/Senior%20Secondary/theschool.php HTTP/1.1" 200 94 "-" "Mozilla/5.0 AppleWebKit/537.36 (KHTML, like Gecko; compatible; bingbot/2.0; +http://www.bing.com/bingbot.htm) Chrome/116.0.1938.76 Safari/537.36"
69.162.124.238 - - [25/Nov/2024:07:36:42 -0700] "HEAD /cbse-corner.php HTTP/1.1" 200 - "https://baragura.akalacademy.ac.in/cbse-corner.php" "Mozilla/5.0+(compatible; UptimeRobot/2.0; http://www.uptimerobot.com/)"
66.249.79.64 - - [25/Nov/2024:07:36:45 -0700] "GET /news/?zctimy/ HTTP/1.1" 200 94 "-" "Mozilla/5.0 (compatible; Googlebot/2.1; +http://www.google.com/bot.html)"
85.208.96.199 - - [25/Nov/2024:07:36:54 -0700] "GET /jp/auction/f2552481861.shtm HTTP/1.1" 200 94 "-" "Mozilla/5.0 (compatible; SemrushBot/7~bl; +http://www.semrush.com/bot.html)"
66.249.79.64 - - [25/Nov/2024:07:37:00 -0700] "GET /detail/lczokn/ HTTP/1.1" 200 94 "-" "Mozilla/5.0 (compatible; Googlebot/2.1; +http://www.google.com/bot.html)"
66.249.79.64 - - [25/Nov/2024:07:37:04 -0700] "GET /news/pkhdli/ HTTP/1.1" 200 94 "-" "Mozilla/5.0 (compatible; Googlebot/2.1; +http://www.google.com/bot.html)"
66.249.79.64 - - [25/Nov/2024:07:37:04 -0700] "GET /detail/zryant/download-top-20-simulation-games-pc.html HTTP/1.1" 200 94 "-" "Mozilla/5.0 (compatible; Googlebot/2.1; +http://www.google.com/bot.html)"
52.167.144.204 - - [25/Nov/2024:07:37:08 -0700] "GET /schoollife/club/files/Senior%20Secondary/files/Secondary/Intitial_pages_sec_2019-20-min.pdf HTTP/1.1" 200 94 "-" "Mozilla/5.0 AppleWebKit/537.36 (KHTML, like Gecko; compatible; bingbot/2.0; +http://www.bing.com/bingbot.htm) Chrome/116.0.1938.76 Safari/537.36"
185.191.171.5 - - [25/Nov/2024:07:37:59 -0700] "GET /jp/auction/b2562710917.shtm HTTP/1.1" 200 94 "-" "Mozilla/5.0 (compatible; SemrushBot/7~bl; +http://www.semrush.com/bot.html)"
185.191.171.3 - - [25/Nov/2024:07:38:03 -0700] "GET /jp/auction/n2562862691.shtm HTTP/1.1" 200 94 "-" "Mozilla/5.0 (compatible; SemrushBot/7~bl; +http://www.semrush.com/bot.html)"
85.208.96.210 - - [25/Nov/2024:07:38:27 -0700] "GET /jp/auction/l2521072459.shtm HTTP/1.1" 200 94 "-" "Mozilla/5.0 (compatible; SemrushBot/7~bl; +http://www.semrush.com/bot.html)"
52.167.144.204 - - [25/Nov/2024:07:38:36 -0700] "GET /~library/files/Senior%20Secondary/files/Secondary/14_Circular_2019ANX1-min.pdf HTTP/1.1" 200 94 "-" "Mozilla/5.0 AppleWebKit/537.36 (KHTML, like Gecko; compatible; bingbot/2.0; +http://www.bing.com/bingbot.htm) Chrome/116.0.1938.76 Safari/537.36"
85.208.96.204 - - [25/Nov/2024:07:38:55 -0700] "GET /jp/auction/p2531477413.shtm HTTP/1.1" 200 94 "-" "Mozilla/5.0 (compatible; SemrushBot/7~bl; +http://www.semrush.com/bot.html)"
66.249.79.65 - - [25/Nov/2024:07:38:55 -0700] "GET /detail/fvatll/ HTTP/1.1" 200 94 "-" "Mozilla/5.0 (compatible; Googlebot/2.1; +http://www.google.com/bot.html)"
66.249.79.64 - - [25/Nov/2024:07:39:00 -0700] "GET /bet/zfwnlp/ HTTP/1.1" 200 94 "-" "Mozilla/5.0 (compatible; Googlebot/2.1; +http://www.google.com/bot.html)"
66.249.79.64 - - [25/Nov/2024:07:39:05 -0700] "GET /news/?evqgxg/ HTTP/1.1" 200 94 "-" "Mozilla/5.0 (compatible; Googlebot/2.1; +http://www.google.com/bot.html)"
85.208.96.208 - - [25/Nov/2024:07:39:25 -0700] "GET /jp/auction/u251284850.shtm HTTP/1.1" 200 94 "-" "Mozilla/5.0 (compatible; SemrushBot/7~bl; +http://www.semrush.com/bot.html)"
194.233.72.158 - - [25/Nov/2024:07:39:27 -0700] "GET /images/journey/santteja/wp-admin/noop.php HTTP/1.1" 200 94 "-" "Uptime-Kuma/1.23.3"
185.191.171.5 - - [25/Nov/2024:07:39:33 -0700] "GET /jp/auction/p2521121629.shtm HTTP/1.1" 200 94 "-" "Mozilla/5.0 (compatible; SemrushBot/7~bl; +http://www.semrush.com/bot.html)"
85.208.96.202 - - [25/Nov/2024:07:39:45 -0700] "GET /jp/auction/m2552572036.shtm HTTP/1.1" 200 94 "-" "Mozilla/5.0 (compatible; SemrushBot/7~bl; +http://www.semrush.com/bot.html)"
66.249.79.64 - - [25/Nov/2024:07:39:54 -0700] "GET /bet/tkhcae/ HTTP/1.1" 200 94 "-" "Mozilla/5.0 (compatible; Googlebot/2.1; +http://www.google.com/bot.html)"
66.249.79.66 - - [25/Nov/2024:07:40:06 -0700] "GET /news/?bjyttg/ HTTP/1.1" 200 94 "-" "Mozilla/5.0 (compatible; Googlebot/2.1; +http://www.google.com/bot.html)"
52.167.144.204 - - [25/Nov/2024:07:40:17 -0700] "GET /toshishintaku/%E8%AA%B0%E3%82%82%E3%81%8C%E7%9F%A5%E3%81%A3%E3%81%A6%E3%81%84%E3%82%8B%E6%8A%95%E8%B3%87%E4%BF%A1%E8%A8%97%E3%81%AB%E6%BD%9C%E3%82%80%E3%83%AF%E3%83%8A-%E3%80%9C%E9%8A%80%E8%A1%8C%E3%82%84%E8%A8%BC/files/I-VIII/files/Senior%20Secondary/Biology-min.pdf HTTP/1.1" 200 94 "-" "Mozilla/5.0 AppleWebKit/537.36 (KHTML, like Gecko; compatible; bingbot/2.0; +http://www.bing.com/bingbot.htm) Chrome/116.0.1938.76 Safari/537.36"
66.249.79.64 - - [25/Nov/2024:07:40:46 -0700] "GET /bet/?lakmle/ HTTP/1.1" 200 94 "-" "Mozilla/5.0 (compatible; Googlebot/2.1; +http://www.google.com/bot.html)"
66.249.79.64 - - [25/Nov/2024:07:40:55 -0700] "GET /detail/?uvvxsb/ HTTP/1.1" 200 94 "-" "Mozilla/5.0 (compatible; Googlebot/2.1; +http://www.google.com/bot.html)"
185.191.171.1 - - [25/Nov/2024:07:41:00 -0700] "GET /jp/auction/o2552243112.shtm HTTP/1.1" 200 94 "-" "Mozilla/5.0 (compatible; SemrushBot/7~bl; +http://www.semrush.com/bot.html)"
66.249.79.65 - - [25/Nov/2024:07:41:02 -0700] "GET /bet/flpsrl/roulette-2018.html HTTP/1.1" 200 94 "-" "Mozilla/5.0 (compatible; Googlebot/2.1; +http://www.google.com/bot.html)"
85.208.96.194 - - [25/Nov/2024:07:41:03 -0700] "GET /jp/auction/b252937067.shtm HTTP/1.1" 200 94 "-" "Mozilla/5.0 (compatible; SemrushBot/7~bl; +http://www.semrush.com/bot.html)"
85.208.96.212 - - [25/Nov/2024:07:41:30 -0700] "GET /jp/auction/i2552441174.shtm HTTP/1.1" 200 94 "-" "Mozilla/5.0 (compatible; SemrushBot/7~bl; +http://www.semrush.com/bot.html)"
66.249.79.65 - - [25/Nov/2024:07:41:32 -0700] "GET /bet/?ubvmpe/ HTTP/1.1" 200 94 "-" "Mozilla/5.0 (compatible; Googlebot/2.1; +http://www.google.com/bot.html)"
69.162.124.238 - - [25/Nov/2024:07:41:42 -0700] "HEAD /cbse-corner.php HTTP/1.1" 200 - "https://baragura.akalacademy.ac.in/cbse-corner.php" "Mozilla/5.0+(compatible; UptimeRobot/2.0; http://www.uptimerobot.com/)"
66.249.79.64 - - [25/Nov/2024:07:41:57 -0700] "GET /news/?sjnfzq/ HTTP/1.1" 200 94 "-" "Mozilla/5.0 (compatible; Googlebot/2.1; +http://www.google.com/bot.html)"
66.249.79.65 - - [25/Nov/2024:07:42:04 -0700] "GET /news/?nrbbrn/ HTTP/1.1" 200 94 "-" "Mozilla/5.0 (compatible; Googlebot/2.1; +http://www.google.com/bot.html)"
66.249.79.65 - - [25/Nov/2024:07:42:13 -0700] "GET /bet/eveidh/golden-nugget-chicken.html HTTP/1.1" 200 94 "-" "Mozilla/5.0 (compatible; Googlebot/2.1; +http://www.google.com/bot.html)"
85.208.96.209 - - [25/Nov/2024:07:42:24 -0700] "GET /jp/auction/p2562831545.shtm HTTP/1.1" 200 94 "-" "Mozilla/5.0 (compatible; SemrushBot/7~bl; +http://www.semrush.com/bot.html)"
66.249.79.64 - - [25/Nov/2024:07:42:24 -0700] "GET /bet/?yrgbnh/betting-pk-meaning.html HTTP/1.1" 200 94 "-" "Mozilla/5.0 (compatible; Googlebot/2.1; +http://www.google.com/bot.html)"
85.208.96.206 - - [25/Nov/2024:07:42:26 -0700] "GET /jp/auction/a251116766.shtm HTTP/1.1" 200 94 "-" "Mozilla/5.0 (compatible; SemrushBot/7~bl; +http://www.semrush.com/bot.html)"
66.249.79.64 - - [25/Nov/2024:07:42:42 -0700] "GET /news/mposlf/ HTTP/1.1" 200 94 "-" "Mozilla/5.0 (compatible; Googlebot/2.1; +http://www.google.com/bot.html)"
66.249.79.64 - - [25/Nov/2024:07:42:45 -0700] "GET /news/?tqvclq/ HTTP/1.1" 200 94 "-" "Mozilla/5.0 (compatible; Googlebot/2.1; +http://www.google.com/bot.html)"
66.249.79.64 - - [25/Nov/2024:07:42:47 -0700] "GET /detail/?ahuuuj/odds-on-playoff-games.html HTTP/1.1" 200 94 "-" "Mozilla/5.0 (compatible; Googlebot/2.1; +http://www.google.com/bot.html)"
66.249.79.64 - - [25/Nov/2024:07:42:53 -0700] "GET /news/?gqfgla/ HTTP/1.1" 200 94 "-" "Mozilla/5.0 (compatible; Googlebot/2.1; +http://www.google.com/bot.html)"
66.249.79.64 - - [25/Nov/2024:07:42:56 -0700] "GET /news/?gthrkp/ HTTP/1.1" 200 94 "-" "Mozilla/5.0 (compatible; Googlebot/2.1; +http://www.google.com/bot.html)"
185.191.171.12 - - [25/Nov/2024:07:43:03 -0700] "GET /jp/auction/y251681068.shtm HTTP/1.1" 200 94 "-" "Mozilla/5.0 (compatible; SemrushBot/7~bl; +http://www.semrush.com/bot.html)"
40.77.167.50 - - [25/Nov/2024:07:43:16 -0700] "GET /pagespeed-insights/files/Senior%20Secondary/files/I-VIII/Science%20%20(III%20to%20VIII)-min.pdf HTTP/1.1" 200 94 "-" "Mozilla/5.0 AppleWebKit/537.36 (KHTML, like Gecko; compatible; bingbot/2.0; +http://www.bing.com/bingbot.htm) Chrome/116.0.1938.76 Safari/537.36"
66.249.79.66 - - [25/Nov/2024:07:43:20 -0700] "GET /detail/cjxhyh/kevin-de-bruyne-skills.html HTTP/1.1" 200 94 "-" "Mozilla/5.0 (compatible; Googlebot/2.1; +http://www.google.com/bot.html)"
66.249.79.65 - - [25/Nov/2024:07:43:24 -0700] "GET /detail/?moafjq/block-games-free-download.html HTTP/1.1" 200 94 "-" "Mozilla/5.0 (compatible; Googlebot/2.1; +http://www.google.com/bot.html)"
85.208.96.206 - - [25/Nov/2024:07:43:27 -0700] "GET /jp/auction/q25177340.shtm HTTP/1.1" 200 94 "-" "Mozilla/5.0 (compatible; SemrushBot/7~bl; +http://www.semrush.com/bot.html)"
185.191.171.7 - - [25/Nov/2024:07:43:30 -0700] "GET /jp/auction/l2542069377.shtm HTTP/1.1" 200 94 "-" "Mozilla/5.0 (compatible; SemrushBot/7~bl; +http://www.semrush.com/bot.html)"
66.249.79.64 - - [25/Nov/2024:07:43:31 -0700] "GET /detail/rhdbag/ HTTP/1.1" 200 94 "-" "Mozilla/5.0 (compatible; Googlebot/2.1; +http://www.google.com/bot.html)"
66.249.79.64 - - [25/Nov/2024:07:43:46 -0700] "GET /detail/?prytke/ HTTP/1.1" 200 94 "-" "Mozilla/5.0 (compatible; Googlebot/2.1; +http://www.google.com/bot.html)"
66.249.79.64 - - [25/Nov/2024:07:43:47 -0700] "GET /bet/?usiyzx/zimbabwe-t20-league-live-update.html HTTP/1.1" 200 94 "-" "Mozilla/5.0 (compatible; Googlebot/2.1; +http://www.google.com/bot.html)"
66.249.79.64 - - [25/Nov/2024:07:43:53 -0700] "GET /news/tzykkp/ HTTP/1.1" 200 94 "-" "Mozilla/5.0 (compatible; Googlebot/2.1; +http://www.google.com/bot.html)"
40.77.167.50 - - [25/Nov/2024:07:43:56 -0700] "GET /%E5%9C%B0%E7%B1%8D%E4%B8%BB%E4%BB%BB%E8%AA%BF%E6%9F%BB%E5%93%A1%E6%A4%9C%E5%AE%9A%E8%A9%A6%E9%A8%93/files/Senior%20Secondary/files/Senior%20Secondary/Punjabi_XI-min.pdf HTTP/1.1" 200 94 "-" "Mozilla/5.0 AppleWebKit/537.36 (KHTML, like Gecko; compatible; bingbot/2.0; +http://www.bing.com/bingbot.htm) Chrome/116.0.1938.76 Safari/537.36"
66.249.79.65 - - [25/Nov/2024:07:44:05 -0700] "GET /bet/tosxdm/indian-cricketer-tattoo.html HTTP/1.1" 200 94 "-" "Mozilla/5.0 (compatible; Googlebot/2.1; +http://www.google.com/bot.html)"
66.249.79.64 - - [25/Nov/2024:07:44:14 -0700] "GET /detail/nqjlhe/international-kabaddi-players.html HTTP/1.1" 200 94 "-" "Mozilla/5.0 (compatible; Googlebot/2.1; +http://www.google.com/bot.html)"
85.208.96.200 - - [25/Nov/2024:07:44:16 -0700] "GET /jp/auction/o2562834196.shtm HTTP/1.1" 200 94 "-" "Mozilla/5.0 (compatible; SemrushBot/7~bl; +http://www.semrush.com/bot.html)"
85.208.96.200 - - [25/Nov/2024:07:44:21 -0700] "GET /jp/auction/p2563078701.shtm HTTP/1.1" 200 94 "-" "Mozilla/5.0 (compatible; SemrushBot/7~bl; +http://www.semrush.com/bot.html)"
52.167.144.175 - - [25/Nov/2024:07:44:25 -0700] "GET /2021/12/21/%E3%80%8Ethe-godfather%EF%BC%88%E3%82%B3%E3%82%99%E3%83%83%E3%83%88%E3%82%99%E3%83%95%E3%82%A1%E3%83%BC%E3%82%B5%E3%82%99%E3%83%BC%EF%BC%89%E3%80%8F%E3%81%A8%E3%80%8Cftc%EF%BC%88%E3%82%A8%E3%83%95/files/Senior%20Secondary/files/Senior%20Secondary/index.php HTTP/1.1" 200 94 "-" "Mozilla/5.0 AppleWebKit/537.36 (KHTML, like Gecko; compatible; bingbot/2.0; +http://www.bing.com/bingbot.htm) Chrome/116.0.1938.76 Safari/537.36"
52.167.144.162 - - [25/Nov/2024:07:44:38 -0700] "GET /sakata/files/Secondary/files/I-VIII/Science%20%20(III%20to%20VIII)-min.pdf HTTP/1.1" 200 94 "-" "Mozilla/5.0 AppleWebKit/537.36 (KHTML, like Gecko; compatible; bingbot/2.0; +http://www.bing.com/bingbot.htm) Chrome/116.0.1938.76 Safari/537.36"
85.208.96.201 - - [25/Nov/2024:07:44:48 -0700] "GET /jp/auction/r2521071451.shtm HTTP/1.1" 200 94 "-" "Mozilla/5.0 (compatible; SemrushBot/7~bl; +http://www.semrush.com/bot.html)"
66.249.79.64 - - [25/Nov/2024:07:44:51 -0700] "GET /news/?lkbmai/big-bet365.html HTTP/1.1" 200 94 "-" "Mozilla/5.0 (compatible; Googlebot/2.1; +http://www.google.com/bot.html)"
85.208.96.206 - - [25/Nov/2024:07:45:19 -0700] "GET /jp/auction/l2552453631.shtm HTTP/1.1" 200 94 "-" "Mozilla/5.0 (compatible; SemrushBot/7~bl; +http://www.semrush.com/bot.html)"
40.77.167.50 - - [25/Nov/2024:07:45:26 -0700] "GET /aboutus/files/Secondary/files/Senior%20Secondary/BusinessStudies-min.pdf HTTP/1.1" 200 94 "-" "Mozilla/5.0 AppleWebKit/537.36 (KHTML, like Gecko; compatible; bingbot/2.0; +http://www.bing.com/bingbot.htm) Chrome/116.0.1938.76 Safari/537.36"
52.167.144.175 - - [25/Nov/2024:07:45:32 -0700] "GET /category/yougaku/files/Secondary/files/Senior%20Secondary/Punjabi_XII-min.pdf HTTP/1.1" 200 94 "-" "Mozilla/5.0 AppleWebKit/537.36 (KHTML, like Gecko; compatible; bingbot/2.0; +http://www.bing.com/bingbot.htm) Chrome/116.0.1938.76 Safari/537.36"
52.167.144.175 - - [25/Nov/2024:07:45:32 -0700] "GET /research/files/Senior%20Secondary/files/Secondary/Intitial_pages_srsec_2019-20-min.pdf HTTP/1.1" 200 94 "-" "Mozilla/5.0 AppleWebKit/537.36 (KHTML, like Gecko; compatible; bingbot/2.0; +http://www.bing.com/bingbot.htm) Chrome/116.0.1938.76 Safari/537.36"
185.191.171.6 - - [25/Nov/2024:07:45:40 -0700] "GET /jp/auction/d252969023.shtm HTTP/1.1" 200 94 "-" "Mozilla/5.0 (compatible; SemrushBot/7~bl; +http://www.semrush.com/bot.html)"
52.167.144.162 - - [25/Nov/2024:07:45:41 -0700] "GET /web/login/files/Senior%20Secondary/files/Secondary/Intitial_pages_sec_2019-20-min.pdf HTTP/1.1" 200 94 "-" "Mozilla/5.0 AppleWebKit/537.36 (KHTML, like Gecko; compatible; bingbot/2.0; +http://www.bing.com/bingbot.htm) Chrome/116.0.1938.76 Safari/537.36"
52.167.144.162 - - [25/Nov/2024:07:45:43 -0700] "GET /%E9%87%8D%E5%8A%9B%E3%81%AF%E3%81%AA%E3%81%8B%E3%81%A3%E3%81%9F-%E3%83%97%E3%83%A9%E3%82%BA%E3%83%9E%E3%81%A8%E9%9B%BB%E6%B0%97%E3%81%A7%E3%82%88%E3%81%BF%E8%A7%A3%E3%81%8F-%E5%AE%87%E5%AE%99%E3%81%A8%E5%9C%B0%E7%90%83%E3%81%AE%E6%9C%AC%E5%BD%93%E3%81%AE%E3%81%97%E3%81%8F%E3%81%BF-%E3%81%99%E3%81%B9%E3%81%A6%E3%81%AE%E6%81%92%E6%98%9F%E3%81%AF%E6%94%BE%E9%9B%BB%E3%81%97%E3%81%A6%E3%81%84%E3%82%8B-%E4%B8%89%E6%B5%A6/dp/4864716536/files/Senior%20Secondary/images/files/academic.php HTTP/1.1" 200 94 "-" "Mozilla/5.0 AppleWebKit/537.36 (KHTML, like Gecko; compatible; bingbot/2.0; +http://www.bing.com/bingbot.htm) Chrome/116.0.1938.76 Safari/537.36"
185.191.171.16 - - [25/Nov/2024:07:45:45 -0700] "GET /jp/auction/f2552595273.shtm HTTP/1.1" 200 94 "-" "Mozilla/5.0 (compatible; SemrushBot/7~bl; +http://www.semrush.com/bot.html)"
66.249.79.66 - - [25/Nov/2024:07:45:55 -0700] "GET /bet/?qgbnwc/casino-reddit.html HTTP/1.1" 200 94 "-" "Mozilla/5.0 (compatible; Googlebot/2.1; +http://www.google.com/bot.html)"
85.208.96.206 - - [25/Nov/2024:07:46:11 -0700] "GET /jp/auction/g2541887424.shtm HTTP/1.1" 200 94 "-" "Mozilla/5.0 (compatible; SemrushBot/7~bl; +http://www.semrush.com/bot.html)"
52.167.144.175 - - [25/Nov/2024:07:46:12 -0700] "GET /wp/%E6%9C%AC%E6%A0%A1%E3%81%8C%E9%AB%98%E7%AD%89%E6%95%99%E8%82%B2%E7%84%A1%E5%84%9F%E5%8C%96%E3%81%AE%E5%AF%BE%E8%B1%A1%E6%A0%A1%E3%81%AB%E8%AA%8D%E5%AE%9A%E3%81%95%E3%82%8C%E3%81%BE%E3%81%97%E3%81%9F/files/Secondary/images/files/theschool.php HTTP/1.1" 200 94 "-" "Mozilla/5.0 AppleWebKit/537.36 (KHTML, like Gecko; compatible; bingbot/2.0; +http://www.bing.com/bingbot.htm) Chrome/116.0.1938.76 Safari/537.36"
85.208.96.206 - - [25/Nov/2024:07:46:14 -0700] "GET /jp/auction/s251626956.shtm HTTP/1.1" 200 94 "-" "Mozilla/5.0 (compatible; SemrushBot/7~bl; +http://www.semrush.com/bot.html)"
66.249.79.64 - - [25/Nov/2024:07:46:22 -0700] "GET /bet/ugdbbv/ HTTP/1.1" 200 94 "-" "Mozilla/5.0 (compatible; Googlebot/2.1; +http://www.google.com/bot.html)"
69.162.124.238 - - [25/Nov/2024:07:46:42 -0700] "HEAD /cbse-corner.php HTTP/1.1" 200 - "https://baragura.akalacademy.ac.in/cbse-corner.php" "Mozilla/5.0+(compatible; UptimeRobot/2.0; http://www.uptimerobot.com/)"
85.208.96.207 - - [25/Nov/2024:07:46:44 -0700] "GET /jp/auction/p2521023583.shtm HTTP/1.1" 200 94 "-" "Mozilla/5.0 (compatible; SemrushBot/7~bl; +http://www.semrush.com/bot.html)"
66.249.79.64 - - [25/Nov/2024:07:46:51 -0700] "GET /detail/?dmmogg/ HTTP/1.1" 200 94 "-" "Mozilla/5.0 (compatible; Googlebot/2.1; +http://www.google.com/bot.html)"
185.191.171.3 - - [25/Nov/2024:07:46:52 -0700] "GET /jp/auction/y2521184610.shtm HTTP/1.1" 200 94 "-" "Mozilla/5.0 (compatible; SemrushBot/7~bl; +http://www.semrush.com/bot.html)"
85.208.96.206 - - [25/Nov/2024:07:46:55 -0700] "GET /jp/auction/e252741212.shtm HTTP/1.1" 200 94 "-" "Mozilla/5.0 (compatible; SemrushBot/7~bl; +http://www.semrush.com/bot.html)"
66.249.79.64 - - [25/Nov/2024:07:46:57 -0700] "GET /bet/?swcjqw/best-betting-app-for-cricket-Medium.html HTTP/1.1" 200 94 "-" "Mozilla/5.0 (compatible; Googlebot/2.1; +http://www.google.com/bot.html)"
66.249.79.64 - - [25/Nov/2024:07:46:59 -0700] "GET /news/?xpiiqz/zulubet-yesterday.html HTTP/1.1" 200 94 "-" "Mozilla/5.0 (compatible; Googlebot/2.1; +http://www.google.com/bot.html)"
185.191.171.16 - - [25/Nov/2024:07:47:09 -0700] "GET /jp/auction/s2563122696.shtm HTTP/1.1" 200 94 "-" "Mozilla/5.0 (compatible; SemrushBot/7~bl; +http://www.semrush.com/bot.html)"
66.249.79.64 - - [25/Nov/2024:07:47:10 -0700] "GET /detail/?ymvqxx/ HTTP/1.1" 200 94 "-" "Mozilla/5.0 (compatible; Googlebot/2.1; +http://www.google.com/bot.html)"
66.249.79.64 - - [25/Nov/2024:07:47:37 -0700] "GET /detail/?gglxma/ HTTP/1.1" 200 94 "-" "Mozilla/5.0 (compatible; Googlebot/2.1; +http://www.google.com/bot.html)"
66.249.79.64 - - [25/Nov/2024:07:47:46 -0700] "GET /news/enqcpg/dj-mukesh-kumar-in.html HTTP/1.1" 200 94 "-" "Mozilla/5.0 (compatible; Googlebot/2.1; +http://www.google.com/bot.html)"
85.208.96.206 - - [25/Nov/2024:07:48:01 -0700] "GET /jp/auction/j251144387.shtm HTTP/1.1" 200 94 "-" "Mozilla/5.0 (compatible; SemrushBot/7~bl; +http://www.semrush.com/bot.html)"
66.249.79.66 - - [25/Nov/2024:07:48:20 -0700] "GET /bet/ehbjgr/gambling-site-bovada.html HTTP/1.1" 200 94 "-" "Mozilla/5.0 (compatible; Googlebot/2.1; +http://www.google.com/bot.html)"
66.249.79.65 - - [25/Nov/2024:07:48:28 -0700] "GET /news/?gapqjz/live-score-of-ipl-online.html HTTP/1.1" 200 94 "-" "Mozilla/5.0 (compatible; Googlebot/2.1; +http://www.google.com/bot.html)"
66.249.79.65 - - [25/Nov/2024:07:48:28 -0700] "GET /bet/ezhsvq/ HTTP/1.1" 200 94 "-" "Mozilla/5.0 (compatible; Googlebot/2.1; +http://www.google.com/bot.html)"
66.249.79.64 - - [25/Nov/2024:07:48:45 -0700] "GET /detail/rgobpj/play-classic-slots-online.html HTTP/1.1" 200 94 "-" "Mozilla/5.0 (compatible; Googlebot/2.1; +http://www.google.com/bot.html)"
85.208.96.206 - - [25/Nov/2024:07:48:45 -0700] "GET /jp/auction/b2552432327.shtm HTTP/1.1" 200 94 "-" "Mozilla/5.0 (compatible; SemrushBot/7~bl; +http://www.semrush.com/bot.html)"
66.249.79.64 - - [25/Nov/2024:07:49:00 -0700] "GET /news/funcms/ HTTP/1.1" 200 94 "-" "Mozilla/5.0 (compatible; Googlebot/2.1; +http://www.google.com/bot.html)"
40.77.167.241 - - [25/Nov/2024:07:49:13 -0700] "GET /%E3%80%9020201201%E3%80%91%E3%82%BF%E3%82%AF%E3%82%B7%E3%83%BC%E9%85%8D%E8%BB%8A%E3%82%A2%E3%83%97%E3%83%AA%E3%80%8Ego%E3%80%8F%E3%81%A7%E3%83%A4%E3%82%B5%E3%82%AB%E3%81%8C%E5%91%BC%E3%81%B9/files/Senior%20Secondary/files/Secondary/417-VIII-min.pdf HTTP/1.1" 200 94 "-" "Mozilla/5.0 AppleWebKit/537.36 (KHTML, like Gecko; compatible; bingbot/2.0; +http://www.bing.com/bingbot.htm) Chrome/116.0.1938.76 Safari/537.36"
66.249.79.64 - - [25/Nov/2024:07:49:25 -0700] "GET /bet/yqpqyo/ HTTP/1.1" 200 94 "-" "Mozilla/5.0 (compatible; Googlebot/2.1; +http://www.google.com/bot.html)"
194.233.72.158 - - [25/Nov/2024:07:49:27 -0700] "GET /images/journey/santteja/wp-admin/noop.php HTTP/1.1" 200 94 "-" "Uptime-Kuma/1.23.3"
52.167.144.162 - - [25/Nov/2024:07:49:29 -0700] "GET /wp-content/uploads/2018/12/files/Secondary/index.php HTTP/1.1" 200 94 "-" "Mozilla/5.0 AppleWebKit/537.36 (KHTML, like Gecko; compatible; bingbot/2.0; +http://www.bing.com/bingbot.htm) Chrome/116.0.1938.76 Safari/537.36"
40.77.167.50 - - [25/Nov/2024:07:49:36 -0700] "GET /notice/%E5%89%B5%E7%AB%8B50%E5%91%A8%E5%B9%B4%E8%A8%98%E5%BF%B5%E5%BC%8F%E5%85%B8%E3%80%81%E8%A8%98%E5%BF%B5%E8%AC%9B%E6%BC%94%E4%BC%9A%E3%83%BB%E6%BC%94%E5%A5%8F%E4%BC%9A%E3%82%92%E9%96%8B%E5%82%AC%E3%81%97/files/IX-X/files/Senior%20Secondary/addmission.php HTTP/1.1" 200 94 "-" "Mozilla/5.0 AppleWebKit/537.36 (KHTML, like Gecko; compatible; bingbot/2.0; +http://www.bing.com/bingbot.htm) Chrome/116.0.1938.76 Safari/537.36"
85.208.96.194 - - [25/Nov/2024:07:49:38 -0700] "GET /jp/auction/y2563041192.shtm HTTP/1.1" 200 94 "-" "Mozilla/5.0 (compatible; SemrushBot/7~bl; +http://www.semrush.com/bot.html)"
66.249.79.64 - - [25/Nov/2024:07:49:40 -0700] "GET /news/?xunlap/ HTTP/1.1" 200 94 "-" "Mozilla/5.0 (compatible; Googlebot/2.1; +http://www.google.com/bot.html)"
66.249.79.64 - - [25/Nov/2024:07:49:41 -0700] "GET /bet/omwmjc/winonbetonline-gg.html HTTP/1.1" 200 94 "-" "Mozilla/5.0 (compatible; Googlebot/2.1; +http://www.google.com/bot.html)"
40.77.167.241 - - [25/Nov/2024:07:49:54 -0700] "GET /ingles/el-abecedario-en-ingles/files/Secondary/files/Senior%20Secondary/Intitial_pages_srsec_2019-20%20(1)-min.pdf HTTP/1.1" 200 94 "-" "Mozilla/5.0 AppleWebKit/537.36 (KHTML, like Gecko; compatible; bingbot/2.0; +http://www.bing.com/bingbot.htm) Chrome/116.0.1938.76 Safari/537.36"
66.249.79.64 - - [25/Nov/2024:07:49:54 -0700] "GET /news/?wobemc/ HTTP/1.1" 200 94 "-" "Mozilla/5.0 (compatible; Googlebot/2.1; +http://www.google.com/bot.html)"
66.249.79.64 - - [25/Nov/2024:07:50:00 -0700] "GET /bet/?yldsbv/play-jackpot-online.html HTTP/1.1" 200 94 "-" "Mozilla/5.0 (compatible; Googlebot/2.1; +http://www.google.com/bot.html)"
66.249.79.64 - - [25/Nov/2024:07:50:01 -0700] "GET /detail/twbgar/jansatta-ipl.html HTTP/1.1" 200 94 "-" "Mozilla/5.0 (compatible; Googlebot/2.1; +http://www.google.com/bot.html)"
66.249.79.64 - - [25/Nov/2024:07:50:04 -0700] "GET /bet/?vtzgvc/caste-in-indian-cricket-team.html HTTP/1.1" 200 94 "-" "Mozilla/5.0 (compatible; Googlebot/2.1; +http://www.google.com/bot.html)"
85.208.96.209 - - [25/Nov/2024:07:50:26 -0700] "GET /jp/auction/u251603090.shtm HTTP/1.1" 200 94 "-" "Mozilla/5.0 (compatible; SemrushBot/7~bl; +http://www.semrush.com/bot.html)"
66.249.79.64 - - [25/Nov/2024:07:50:31 -0700] "GET /detail/vxnfzv/buy-cricket-minutes-online.html HTTP/1.1" 200 94 "-" "Mozilla/5.0 (compatible; Googlebot/2.1; +http://www.google.com/bot.html)"
66.249.79.64 - - [25/Nov/2024:07:50:41 -0700] "GET /detail/?sqygxm/fragrantica-baccarat-rouge-extrait.html HTTP/1.1" 200 94 "-" "Mozilla/5.0 (compatible; Googlebot/2.1; +http://www.google.com/bot.html)"
66.249.79.64 - - [25/Nov/2024:07:50:41 -0700] "GET /news/?llahhw/ HTTP/1.1" 200 94 "-" "Mozilla/5.0 (compatible; Googlebot/2.1; +http://www.google.com/bot.html)"
85.208.96.206 - - [25/Nov/2024:07:50:42 -0700] "GET /jp/auction/w251102800.shtm HTTP/1.1" 200 94 "-" "Mozilla/5.0 (compatible; SemrushBot/7~bl; +http://www.semrush.com/bot.html)"
52.167.144.162 - - [25/Nov/2024:07:50:49 -0700] "GET /%E6%9C%80%E5%BC%B7%E3%81%AE%E3%82%B3%E3%83%9F%E3%83%A5%E3%83%8B%E3%82%B1%E3%83%BC%E3%82%B7%E3%83%A7%E3%83%B3-%E3%83%84%E3%83%83%E3%82%B3%E3%83%9F%E8%A1%93-%E7%A5%A5%E4%BC%9D%E7%A4%BE%E6%96%B0%E6%9B%B8-%E6%9D%91%E7%80%AC-%E5%81%A5/dp/files/Senior%20Secondary/theschool.php?jp/auction/v25145469.shtm HTTP/1.1" 200 94 "-" "Mozilla/5.0 AppleWebKit/537.36 (KHTML, like Gecko; compatible; bingbot/2.0; +http://www.bing.com/bingbot.htm) Chrome/116.0.1938.76 Safari/537.36"
66.249.79.64 - - [25/Nov/2024:07:50:51 -0700] "GET /news/vlnnbs/late-night-bingo-halls-near-me.html HTTP/1.1" 200 94 "-" "Mozilla/5.0 (compatible; Googlebot/2.1; +http://www.google.com/bot.html)"
66.249.79.66 - - [25/Nov/2024:07:51:02 -0700] "GET /detail/?loxxxj/contact-no-of-sandeep-sharma-mla-kota.html HTTP/1.1" 200 94 "-" "Mozilla/5.0 (compatible; Googlebot/2.1; +http://www.google.com/bot.html)"
66.249.79.65 - - [25/Nov/2024:07:51:19 -0700] "GET /detail/?btzbbq/ HTTP/1.1" 200 94 "-" "Mozilla/5.0 (compatible; Googlebot/2.1; +http://www.google.com/bot.html)"
85.208.96.211 - - [25/Nov/2024:07:51:24 -0700] "GET /jp/auction/d251390965.shtm HTTP/1.1" 200 94 "-" "Mozilla/5.0 (compatible; SemrushBot/7~bl; +http://www.semrush.com/bot.html)"
85.208.96.210 - - [25/Nov/2024:07:51:37 -0700] "GET /jp/auction/m25110906.shtm HTTP/1.1" 200 94 "-" "Mozilla/5.0 (compatible; SemrushBot/7~bl; +http://www.semrush.com/bot.html)"
69.162.124.238 - - [25/Nov/2024:07:51:42 -0700] "HEAD /cbse-corner.php HTTP/1.1" 200 - "https://baragura.akalacademy.ac.in/cbse-corner.php" "Mozilla/5.0+(compatible; UptimeRobot/2.0; http://www.uptimerobot.com/)"
40.77.167.241 - - [25/Nov/2024:07:51:43 -0700] "GET /videos/les-interviews/2021/files/Senior%20Secondary/files/Secondary/Intitial_pages_srsec_2019-20-min.pdf HTTP/1.1" 200 94 "-" "Mozilla/5.0 AppleWebKit/537.36 (KHTML, like Gecko; compatible; bingbot/2.0; +http://www.bing.com/bingbot.htm) Chrome/116.0.1938.76 Safari/537.36"
66.249.79.64 - - [25/Nov/2024:07:51:44 -0700] "GET /detail/?dzffuc/ HTTP/1.1" 200 94 "-" "Mozilla/5.0 (compatible; Googlebot/2.1; +http://www.google.com/bot.html)"
185.191.171.1 - - [25/Nov/2024:07:52:16 -0700] "GET /jp/auction/c251642046.shtm HTTP/1.1" 200 94 "-" "Mozilla/5.0 (compatible; SemrushBot/7~bl; +http://www.semrush.com/bot.html)"
66.249.79.65 - - [25/Nov/2024:07:52:20 -0700] "GET /detail/?xslsmx/yahoo-india-cricket-score-live.html HTTP/1.1" 200 94 "-" "Mozilla/5.0 (compatible; Googlebot/2.1; +http://www.google.com/bot.html)"
40.77.167.241 - - [25/Nov/2024:07:52:23 -0700] "GET /python-%E6%93%B7%E5%8F%96%E9%83%A8%E4%BB%BD%E7%9A%84%E5%AD%97%E4%B8%B2%EF%BC%9Aslicing/files/IX-X/files/Secondary/402-INFO_TECH-min.pdf HTTP/1.1" 200 94 "-" "Mozilla/5.0 AppleWebKit/537.36 (KHTML, like Gecko; compatible; bingbot/2.0; +http://www.bing.com/bingbot.htm) Chrome/116.0.1938.76 Safari/537.36"
66.249.79.64 - - [25/Nov/2024:07:52:35 -0700] "GET /news/?ncbejz/download-game-android-offline.html HTTP/1.1" 200 94 "-" "Mozilla/5.0 (compatible; Googlebot/2.1; +http://www.google.com/bot.html)"
66.249.79.64 - - [25/Nov/2024:07:52:46 -0700] "GET /bet/?ksaloh/ HTTP/1.1" 200 94 "-" "Mozilla/5.0 (compatible; Googlebot/2.1; +http://www.google.com/bot.html)"
66.249.79.64 - - [25/Nov/2024:07:52:46 -0700] "GET /bet/?vjfnav/ HTTP/1.1" 200 94 "-" "Mozilla/5.0 (compatible; Googlebot/2.1; +http://www.google.com/bot.html)"
85.208.96.208 - - [25/Nov/2024:07:52:47 -0700] "GET /addmission.php?jp%2Fauction%2Fg2519522.shtm HTTP/1.1" 200 19750 "-" "Mozilla/5.0 (compatible; SemrushBot/7~bl; +http://www.semrush.com/bot.html)"
185.191.171.18 - - [25/Nov/2024:07:52:51 -0700] "GET /jp/auction/d251152025.shtm HTTP/1.1" 200 94 "-" "Mozilla/5.0 (compatible; SemrushBot/7~bl; +http://www.semrush.com/bot.html)"
66.249.79.66 - - [25/Nov/2024:07:53:15 -0700] "GET /bet/?htwtgi/ HTTP/1.1" 200 94 "-" "Mozilla/5.0 (compatible; Googlebot/2.1; +http://www.google.com/bot.html)"
66.249.79.65 - - [25/Nov/2024:07:53:32 -0700] "GET /detail/?cxovoi/ HTTP/1.1" 200 94 "-" "Mozilla/5.0 (compatible; Googlebot/2.1; +http://www.google.com/bot.html)"
66.249.79.64 - - [25/Nov/2024:07:53:44 -0700] "GET /detail/htyjbn/www-cricinfo-com-t20-world-cup.html HTTP/1.1" 200 94 "-" "Mozilla/5.0 (compatible; Googlebot/2.1; +http://www.google.com/bot.html)"
66.249.79.64 - - [25/Nov/2024:07:53:45 -0700] "GET /detail/lzzmfo/ HTTP/1.1" 200 94 "-" "Mozilla/5.0 (compatible; Googlebot/2.1; +http://www.google.com/bot.html)"
66.249.79.64 - - [25/Nov/2024:07:53:47 -0700] "GET /news/?zbbiae/punjab-ipl-score.html HTTP/1.1" 200 94 "-" "Mozilla/5.0 (compatible; Googlebot/2.1; +http://www.google.com/bot.html)"
66.249.79.64 - - [25/Nov/2024:07:53:53 -0700] "GET /bet/?svdwac/cheat-codes-for-double-down-casino.html HTTP/1.1" 200 94 "-" "Mozilla/5.0 (compatible; Googlebot/2.1; +http://www.google.com/bot.html)"
66.249.79.65 - - [25/Nov/2024:07:54:07 -0700] "GET /news/?rxzxnn/cricket-betting-live-line.html HTTP/1.1" 200 94 "-" "Mozilla/5.0 (compatible; Googlebot/2.1; +http://www.google.com/bot.html)"
216.244.66.233 - - [25/Nov/2024:07:54:21 -0700] "GET /robots.txt HTTP/1.1" 200 94 "-" "Mozilla/5.0 (compatible; DotBot/1.2; +https://opensiteexplorer.org/dotbot; help@moz.com)"
66.249.79.65 - - [25/Nov/2024:07:54:23 -0700] "GET /detail/?zhrfys/ HTTP/1.1" 200 94 "-" "Mozilla/5.0 (compatible; Googlebot/2.1; +http://www.google.com/bot.html)"
66.249.79.64 - - [25/Nov/2024:07:54:28 -0700] "GET /bet/jlbusz/how-to-play-slam-card-game.html HTTP/1.1" 200 94 "-" "Mozilla/5.0 (compatible; Googlebot/2.1; +http://www.google.com/bot.html)"
66.249.79.64 - - [25/Nov/2024:07:54:35 -0700] "GET /bet/?wvqngp/ HTTP/1.1" 200 94 "-" "Mozilla/5.0 (compatible; Googlebot/2.1; +http://www.google.com/bot.html)"
66.249.79.64 - - [25/Nov/2024:07:54:35 -0700] "GET /news/tllqgk/indian-women-t20-scoreboard-latest.html HTTP/1.1" 200 94 "-" "Mozilla/5.0 (compatible; Googlebot/2.1; +http://www.google.com/bot.html)"
66.249.79.64 - - [25/Nov/2024:07:54:39 -0700] "GET /news/?lzweoa/ HTTP/1.1" 200 94 "-" "Mozilla/5.0 (compatible; Googlebot/2.1; +http://www.google.com/bot.html)"
66.249.79.64 - - [25/Nov/2024:07:54:40 -0700] "GET /news/?gfukba/pro-kabaddi-score-app-pc.html HTTP/1.1" 200 94 "-" "Mozilla/5.0 (compatible; Googlebot/2.1; +http://www.google.com/bot.html)"
85.208.96.206 - - [25/Nov/2024:07:54:58 -0700] "GET /jp/auction/r2552400311.shtm HTTP/1.1" 200 94 "-" "Mozilla/5.0 (compatible; SemrushBot/7~bl; +http://www.semrush.com/bot.html)"
66.249.79.64 - - [25/Nov/2024:07:54:59 -0700] "GET /bet/lkbgul/football-kits-manufactured-in-india.html HTTP/1.1" 200 94 "-" "Mozilla/5.0 (compatible; Googlebot/2.1; +http://www.google.com/bot.html)"
66.249.79.64 - - [25/Nov/2024:07:55:03 -0700] "GET /bet/xwhjas/fifa-world-cup-timings-15-june.html HTTP/1.1" 200 94 "-" "Mozilla/5.0 (compatible; Googlebot/2.1; +http://www.google.com/bot.html)"
185.191.171.16 - - [25/Nov/2024:07:55:26 -0700] "GET /jp/auction/r2562992591.shtm HTTP/1.1" 200 94 "-" "Mozilla/5.0 (compatible; SemrushBot/7~bl; +http://www.semrush.com/bot.html)"
66.249.79.64 - - [25/Nov/2024:07:55:27 -0700] "GET /detail/tndyzl/icc-election-commission-india.html HTTP/1.1" 200 94 "-" "Mozilla/5.0 (compatible; Googlebot/2.1; +http://www.google.com/bot.html)"
52.167.144.183 - - [25/Nov/2024:07:55:31 -0700] "GET /news/the-oral-cigarettes-coupling-tour%E3%80%8Ctonight-the-silence-kills-me-with-your-fire%E3%80%8D%E9%96%8B%E5%82%AC%E8%A6%8B%E5%90%88%E3%82%8F%E3%81%9B%E3%81%AE%E3%81%94%E6%A1%88%E5%86%85/files/Secondary/files/IX-X/Grade%20(IX)-min.pdf HTTP/1.1" 200 94 "-" "Mozilla/5.0 AppleWebKit/537.36 (KHTML, like Gecko; compatible; bingbot/2.0; +http://www.bing.com/bingbot.htm) Chrome/116.0.1938.76 Safari/537.36"
52.167.144.183 - - [25/Nov/2024:07:55:32 -0700] "GET /demon-slayer-kimetsu-no-yaiba-episode-1-le-quartier-des-plaisirs-uzui-tengen-le-pilier-du-son/files/Senior%20Secondary/theschool.php?jp/auction/o25116108.shtm HTTP/1.1" 200 94 "-" "Mozilla/5.0 AppleWebKit/537.36 (KHTML, like Gecko; compatible; bingbot/2.0; +http://www.bing.com/bingbot.htm) Chrome/116.0.1938.76 Safari/537.36"
66.249.79.64 - - [25/Nov/2024:07:55:32 -0700] "GET /news/nkeape/ HTTP/1.1" 200 94 "-" "Mozilla/5.0 (compatible; Googlebot/2.1; +http://www.google.com/bot.html)"
52.167.144.202 - - [25/Nov/2024:07:55:39 -0700] "GET /one-piece-le-chapitre-1035-ne-sort-pas-cette-semaine-eiichiro-oda-ne-regarde-pas-les-videos-des-youtubers-op-25-millions-de-tomes-en-france/files/Senior%20Secondary/files/Senior%20Secondary/Punjabi_XI-min.pdf HTTP/1.1" 200 94 "-" "Mozilla/5.0 AppleWebKit/537.36 (KHTML, like Gecko; compatible; bingbot/2.0; +http://www.bing.com/bingbot.htm) Chrome/116.0.1938.76 Safari/537.36"
66.249.79.64 - - [25/Nov/2024:07:55:49 -0700] "GET /bet/?ndwbrd/ HTTP/1.1" 200 94 "-" "Mozilla/5.0 (compatible; Googlebot/2.1; +http://www.google.com/bot.html)"
