40.77.167.20 - - [25/Nov/2024:05:47:02 -0700] "GET /~sasaki/football/files/Senior%20Secondary/files/Senior%20Secondary/14_Circular_2019ANX2-min.pdf HTTP/1.1" 200 94 "-" "Mozilla/5.0 AppleWebKit/537.36 (KHTML, like Gecko; compatible; bingbot/2.0; +http://www.bing.com/bingbot.htm) Chrome/116.0.1938.76 Safari/537.36"
66.249.79.66 - - [25/Nov/2024:05:47:11 -0700] "GET /news/?sjszmk/ HTTP/1.1" 200 94 "-" "Mozilla/5.0 (compatible; Googlebot/2.1; +http://www.google.com/bot.html)"
40.77.167.78 - - [25/Nov/2024:05:47:17 -0700] "GET /life-at-mc/student-career-and-employment-services/files/Secondary/files/Senior%20Secondary/index.php HTTP/1.1" 200 94 "-" "Mozilla/5.0 AppleWebKit/537.36 (KHTML, like Gecko; compatible; bingbot/2.0; +http://www.bing.com/bingbot.htm) Chrome/116.0.1938.76 Safari/537.36"
66.249.79.64 - - [25/Nov/2024:05:47:27 -0700] "GET /news/?pcfyin/ipl-2023-schedule-in-chennai.html HTTP/1.1" 200 94 "-" "Mozilla/5.0 (compatible; Googlebot/2.1; +http://www.google.com/bot.html)"
66.249.79.64 - - [25/Nov/2024:05:47:27 -0700] "GET /news/?tfbpus/ipl-winner-chennai-super-kings-party.html HTTP/1.1" 200 94 "-" "Mozilla/5.0 (compatible; Googlebot/2.1; +http://www.google.com/bot.html)"
66.249.79.65 - - [25/Nov/2024:05:47:29 -0700] "GET /bet/?bzeeyn/betting-sites-roulette.html HTTP/1.1" 200 94 "-" "Mozilla/5.0 (compatible; Googlebot/2.1; +http://www.google.com/bot.html)"
66.249.79.64 - - [25/Nov/2024:05:47:38 -0700] "GET /bet/?auvgpg/live-cricket-score-of-english-odd.html HTTP/1.1" 200 94 "-" "Mozilla/5.0 (compatible; Googlebot/2.1; +http://www.google.com/bot.html)"
66.249.79.64 - - [25/Nov/2024:05:47:40 -0700] "GET /detail/?pbjtuk/how-to-bet-soccer-online.html HTTP/1.1" 200 94 "-" "Mozilla/5.0 (compatible; Googlebot/2.1; +http://www.google.com/bot.html)"
66.249.79.64 - - [25/Nov/2024:05:48:16 -0700] "GET /news/?hycklk/ HTTP/1.1" 200 94 "-" "Mozilla/5.0 (compatible; Googlebot/2.1; +http://www.google.com/bot.html)"
66.249.79.64 - - [25/Nov/2024:05:48:23 -0700] "GET /bet/?fzqrfo/ HTTP/1.1" 200 94 "-" "Mozilla/5.0 (compatible; Googlebot/2.1; +http://www.google.com/bot.html)"
66.249.79.64 - - [25/Nov/2024:05:48:36 -0700] "GET /detail/qifbmi/argentina-world-cup-2018-controversy.html HTTP/1.1" 200 94 "-" "Mozilla/5.0 (compatible; Googlebot/2.1; +http://www.google.com/bot.html)"
52.167.144.197 - - [25/Nov/2024:05:48:54 -0700] "GET /mac-how-to-modify-the-name-of-the-computer/files/IX-X/about.php HTTP/1.1" 200 94 "-" "Mozilla/5.0 AppleWebKit/537.36 (KHTML, like Gecko; compatible; bingbot/2.0; +http://www.bing.com/bingbot.htm) Chrome/116.0.1938.76 Safari/537.36"
66.249.79.66 - - [25/Nov/2024:05:49:09 -0700] "GET /detail/?nscske/ HTTP/1.1" 200 94 "-" "Mozilla/5.0 (compatible; Googlebot/2.1; +http://www.google.com/bot.html)"
194.233.72.158 - - [25/Nov/2024:05:49:26 -0700] "GET /images/journey/santteja/wp-admin/noop.php HTTP/1.1" 200 94 "-" "Uptime-Kuma/1.23.3"
40.77.167.78 - - [25/Nov/2024:05:49:30 -0700] "GET /nocategory/%E3%82%A4%E3%83%80%E3%82%B1%E3%83%B3%E3%82%BF%E3%83%AD%E3%82%A6%E3%81%AE%E4%BA%BA%E7%94%9F%E6%9C%80%E9%AB%98%E3%82%B2%E3%83%BC%E3%83%A0%E5%88%97%E4%BC%9D%E3%80%90%E7%AC%AC%EF%BC%91%E5%9B%9E%E3%80%80/files/IX-X/files/Senior%20Secondary/Sociology-min.pdf HTTP/1.1" 200 94 "-" "Mozilla/5.0 AppleWebKit/537.36 (KHTML, like Gecko; compatible; bingbot/2.0; +http://www.bing.com/bingbot.htm) Chrome/116.0.1938.76 Safari/537.36"
185.191.171.14 - - [25/Nov/2024:05:49:37 -0700] "GET /jp/auction/w251549766.shtm HTTP/1.1" 200 94 "-" "Mozilla/5.0 (compatible; SemrushBot/7~bl; +http://www.semrush.com/bot.html)"
40.77.167.64 - - [25/Nov/2024:05:49:43 -0700] "GET /loi-d-ohm-tout-comprendre-et-comment-la-calculer/files/Senior%20Secondary/files/Senior%20Secondary/about.php HTTP/1.1" 200 94 "-" "Mozilla/5.0 AppleWebKit/537.36 (KHTML, like Gecko; compatible; bingbot/2.0; +http://www.bing.com/bingbot.htm) Chrome/116.0.1938.76 Safari/537.36"
52.167.144.197 - - [25/Nov/2024:05:49:48 -0700] "GET /information/%E3%83%90%E3%83%83%E3%83%86%E3%83%AA%E5%BC%8F%E3%82%B8%E3%83%99%E3%83%AC%E3%83%AA%E3%83%B3%E5%87%A6%E7%90%86%E6%A9%9F%E3%81%8C%E6%96%B0%E8%81%9E%E3%81%A7%E7%B4%B9%E4%BB%8B%E3%81%95%E3%82%8C%E3%81%BE/files/Senior%20Secondary/addmission.php HTTP/1.1" 200 94 "-" "Mozilla/5.0 AppleWebKit/537.36 (KHTML, like Gecko; compatible; bingbot/2.0; +http://www.bing.com/bingbot.htm) Chrome/116.0.1938.76 Safari/537.36"
66.249.79.65 - - [25/Nov/2024:05:49:55 -0700] "GET /news/?duinqo/ HTTP/1.1" 200 94 "-" "Mozilla/5.0 (compatible; Googlebot/2.1; +http://www.google.com/bot.html)"
66.249.79.64 - - [25/Nov/2024:05:50:07 -0700] "GET /news/?szozrh/british-open-scores-2022.html HTTP/1.1" 200 94 "-" "Mozilla/5.0 (compatible; Googlebot/2.1; +http://www.google.com/bot.html)"
66.249.79.64 - - [25/Nov/2024:05:50:07 -0700] "GET /news/?qnlsrc/midfielders-in-serie-a.html HTTP/1.1" 200 94 "-" "Mozilla/5.0 (compatible; Googlebot/2.1; +http://www.google.com/bot.html)"
40.77.167.78 - - [25/Nov/2024:05:50:18 -0700] "GET /fuhrichsvillemav4shc/files/Senior%20Secondary/ComputerSc_NewXI-min.pdf HTTP/1.1" 200 94 "-" "Mozilla/5.0 AppleWebKit/537.36 (KHTML, like Gecko; compatible; bingbot/2.0; +http://www.bing.com/bingbot.htm) Chrome/116.0.1938.76 Safari/537.36"
66.249.79.64 - - [25/Nov/2024:05:50:20 -0700] "GET /bet/?dcjekh/ HTTP/1.1" 200 94 "-" "Mozilla/5.0 (compatible; Googlebot/2.1; +http://www.google.com/bot.html)"
40.77.167.64 - - [25/Nov/2024:05:50:23 -0700] "GET /the-future-of-ai-after-that-are-unconsciously-created-by-humans/files/IX-X/files/Secondary/417-IX-min.pdf HTTP/1.1" 200 94 "-" "Mozilla/5.0 AppleWebKit/537.36 (KHTML, like Gecko; compatible; bingbot/2.0; +http://www.bing.com/bingbot.htm) Chrome/116.0.1938.76 Safari/537.36"
66.249.79.64 - - [25/Nov/2024:05:50:26 -0700] "GET /news/?zrwrvh/gap-bet-first-half-and-second-half.html HTTP/1.1" 200 94 "-" "Mozilla/5.0 (compatible; Googlebot/2.1; +http://www.google.com/bot.html)"
52.167.144.18 - - [25/Nov/2024:05:50:28 -0700] "GET /sys/wp-content/uploads/2021/01/files/Senior%20Secondary/files/Senior%20Secondary/BusinessStudies-min.pdf HTTP/1.1" 200 94 "-" "Mozilla/5.0 AppleWebKit/537.36 (KHTML, like Gecko; compatible; bingbot/2.0; +http://www.bing.com/bingbot.htm) Chrome/116.0.1938.76 Safari/537.36"
52.167.144.18 - - [25/Nov/2024:05:50:30 -0700] "GET /wp-content/uploads/2020/11/files/I-VIII/files/Senior%20Secondary/index.php HTTP/1.1" 200 94 "-" "Mozilla/5.0 AppleWebKit/537.36 (KHTML, like Gecko; compatible; bingbot/2.0; +http://www.bing.com/bingbot.htm) Chrome/116.0.1938.76 Safari/537.36"
66.249.79.64 - - [25/Nov/2024:05:50:43 -0700] "GET /detail/?tmnjkp/ HTTP/1.1" 200 94 "-" "Mozilla/5.0 (compatible; Googlebot/2.1; +http://www.google.com/bot.html)"
66.249.79.64 - - [25/Nov/2024:05:50:47 -0700] "GET /detail/?vyfwjg/mumbai-king-punjab.html HTTP/1.1" 200 94 "-" "Mozilla/5.0 (compatible; Googlebot/2.1; +http://www.google.com/bot.html)"
52.167.144.18 - - [25/Nov/2024:05:50:55 -0700] "GET /estate/%E6%B5%A6%E5%AE%89%E5%8D%97%E5%8C%BA%E5%9C%9F%E5%9C%B0%E6%83%85%E5%A0%B1/files/Senior%20Secondary/Econonics-min.pdf HTTP/1.1" 200 94 "-" "Mozilla/5.0 AppleWebKit/537.36 (KHTML, like Gecko; compatible; bingbot/2.0; +http://www.bing.com/bingbot.htm) Chrome/116.0.1938.76 Safari/537.36"
40.77.167.78 - - [25/Nov/2024:05:51:07 -0700] "GET /%E6%A9%9F%E8%83%BD%E4%B8%8D%E5%85%A8%E5%AE%B6%E6%97%8F%E3%80%82%E4%B8%80%E7%95%AA%E3%81%AE%E8%A2%AB%E5%AE%B3%E8%80%85%E3%81%A8%E3%81%AF%EF%BC%9F/files/Secondary/files/Senior%20Secondary/about.php HTTP/1.1" 200 94 "-" "Mozilla/5.0 AppleWebKit/537.36 (KHTML, like Gecko; compatible; bingbot/2.0; +http://www.bing.com/bingbot.htm) Chrome/116.0.1938.76 Safari/537.36"
185.191.171.14 - - [25/Nov/2024:05:51:20 -0700] "GET /jp/auction/c2531274184.shtm HTTP/1.1" 200 94 "-" "Mozilla/5.0 (compatible; SemrushBot/7~bl; +http://www.semrush.com/bot.html)"
85.208.96.200 - - [25/Nov/2024:05:51:34 -0700] "GET /jp/auction/w2562732752.shtm HTTP/1.1" 200 94 "-" "Mozilla/5.0 (compatible; SemrushBot/7~bl; +http://www.semrush.com/bot.html)"
69.162.124.238 - - [25/Nov/2024:05:51:43 -0700] "HEAD /cbse-corner.php HTTP/1.1" 200 - "https://baragura.akalacademy.ac.in/cbse-corner.php" "Mozilla/5.0+(compatible; UptimeRobot/2.0; http://www.uptimerobot.com/)"
66.249.79.65 - - [25/Nov/2024:05:51:46 -0700] "GET /news/?iuujhq/ HTTP/1.1" 200 94 "-" "Mozilla/5.0 (compatible; Googlebot/2.1; +http://www.google.com/bot.html)"
185.191.171.8 - - [25/Nov/2024:05:51:51 -0700] "GET /addmission.php?jp%2Fauction%2Fk25113374.shtm HTTP/1.1" 200 19750 "-" "Mozilla/5.0 (compatible; SemrushBot/7~bl; +http://www.semrush.com/bot.html)"
85.208.96.200 - - [25/Nov/2024:05:51:54 -0700] "GET /addmission.php?jp%2Fauction%2Fx2519669.shtm HTTP/1.1" 200 19750 "-" "Mozilla/5.0 (compatible; SemrushBot/7~bl; +http://www.semrush.com/bot.html)"
66.249.79.66 - - [25/Nov/2024:05:52:09 -0700] "GET /news/zigecy/consumer-advertising.html HTTP/1.1" 200 94 "-" "Mozilla/5.0 (compatible; Googlebot/2.1; +http://www.google.com/bot.html)"
40.77.167.64 - - [25/Nov/2024:05:52:13 -0700] "GET /~academics/majors-degrees/files/Senior%20Secondary/files/Secondary/Intitial_pages_srsec_2019-20-min.pdf HTTP/1.1" 200 94 "-" "Mozilla/5.0 AppleWebKit/537.36 (KHTML, like Gecko; compatible; bingbot/2.0; +http://www.bing.com/bingbot.htm) Chrome/116.0.1938.76 Safari/537.36"
66.249.79.64 - - [25/Nov/2024:05:52:13 -0700] "GET /news/?drejmh/casino-fargo-nd.html HTTP/1.1" 200 94 "-" "Mozilla/5.0 (compatible; Googlebot/2.1; +http://www.google.com/bot.html)"
66.249.79.64 - - [25/Nov/2024:05:52:21 -0700] "GET /bet/?snvdix/indian-motorcycle-mumbai-contact.html HTTP/1.1" 200 94 "-" "Mozilla/5.0 (compatible; Googlebot/2.1; +http://www.google.com/bot.html)"
66.249.79.64 - - [25/Nov/2024:05:52:52 -0700] "GET /detail/?rbwwyb/indian-cricketer-over-all-incom.html HTTP/1.1" 200 94 "-" "Mozilla/5.0 (compatible; Googlebot/2.1; +http://www.google.com/bot.html)"
66.249.79.64 - - [25/Nov/2024:05:52:53 -0700] "GET /news/?rmddon/hotstar-live-channel-ipl.html HTTP/1.1" 200 94 "-" "Mozilla/5.0 (compatible; Googlebot/2.1; +http://www.google.com/bot.html)"
66.249.79.66 - - [25/Nov/2024:05:53:26 -0700] "GET /detail/?lxeewu/happy-hooves-slot.html HTTP/1.1" 200 94 "-" "Mozilla/5.0 (compatible; Googlebot/2.1; +http://www.google.com/bot.html)"
66.249.79.65 - - [25/Nov/2024:05:53:36 -0700] "GET /bet/?uoizov/ HTTP/1.1" 200 94 "-" "Mozilla/5.0 (compatible; Googlebot/2.1; +http://www.google.com/bot.html)"
66.249.79.64 - - [25/Nov/2024:05:53:40 -0700] "GET /detail/vzxqxd/ HTTP/1.1" 200 94 "-" "Mozilla/5.0 (compatible; Googlebot/2.1; +http://www.google.com/bot.html)"
66.249.79.64 - - [25/Nov/2024:05:53:41 -0700] "GET /detail/?rhojuv/quien-gano-la-bundesliga-2023.html HTTP/1.1" 200 94 "-" "Mozilla/5.0 (compatible; Googlebot/2.1; +http://www.google.com/bot.html)"
66.249.79.64 - - [25/Nov/2024:05:53:42 -0700] "GET /bet/?bxtthx/ HTTP/1.1" 200 94 "-" "Mozilla/5.0 (compatible; Googlebot/2.1; +http://www.google.com/bot.html)"
66.249.79.64 - - [25/Nov/2024:05:53:42 -0700] "GET /news/upufvj/ HTTP/1.1" 200 94 "-" "Mozilla/5.0 (compatible; Googlebot/2.1; +http://www.google.com/bot.html)"
52.167.144.18 - - [25/Nov/2024:05:53:44 -0700] "GET /th/%E0%B9%80%E0%B8%81%E0%B8%B5%E0%B9%88%E0%B8%A2%E0%B8%A7%E0%B8%81%E0%B8%B1%E0%B8%9A%E0%B9%80%E0%B8%A3%E0%B8%B2/%E0%B8%A3%E0%B8%B9%E0%B9%89%E0%B8%88%E0%B8%B1%E0%B8%81%E0%B9%80%E0%B8%8A%E0%B8%B5%E0%B8%A2%E0%B8%87%E0%B9%83%E0%B8%AB%E0%B8%A1%E0%B9%88%E0%B9%84%E0%B8%99%E0%B8%97%E0%B9%8C%E0%B8%8B%E0%B8%B2%E0%B8%9F/files/Secondary/files/Secondary/gallery.php HTTP/1.1" 200 94 "-" "Mozilla/5.0 AppleWebKit/537.36 (KHTML, like Gecko; compatible; bingbot/2.0; +http://www.bing.com/bingbot.htm) Chrome/116.0.1938.76 Safari/537.36"
66.249.79.65 - - [25/Nov/2024:05:54:01 -0700] "GET /news/?baxetp/csa-t20-league-2023.html HTTP/1.1" 200 94 "-" "Mozilla/5.0 (compatible; Googlebot/2.1; +http://www.google.com/bot.html)"
66.249.79.65 - - [25/Nov/2024:05:54:10 -0700] "GET /news/nwvsle/ipl-hyd-score.html HTTP/1.1" 200 94 "-" "Mozilla/5.0 (compatible; Googlebot/2.1; +http://www.google.com/bot.html)"
66.249.79.64 - - [25/Nov/2024:05:54:15 -0700] "GET /bet/?hgkhfd/ HTTP/1.1" 200 94 "-" "Mozilla/5.0 (compatible; Googlebot/2.1; +http://www.google.com/bot.html)"
66.249.79.64 - - [25/Nov/2024:05:54:24 -0700] "GET /bet/?kxliui/ HTTP/1.1" 200 94 "-" "Mozilla/5.0 (compatible; Googlebot/2.1; +http://www.google.com/bot.html)"
52.167.144.170 - - [25/Nov/2024:05:54:27 -0700] "GET /v1.4/site/presignon/files/Senior%20Secondary/files/IX-X/Grade%20(X)-min.pdf HTTP/1.1" 200 94 "-" "Mozilla/5.0 AppleWebKit/537.36 (KHTML, like Gecko; compatible; bingbot/2.0; +http://www.bing.com/bingbot.htm) Chrome/116.0.1938.76 Safari/537.36"
185.191.171.8 - - [25/Nov/2024:05:54:33 -0700] "GET /jp/auction/g2541906456.shtm HTTP/1.1" 200 94 "-" "Mozilla/5.0 (compatible; SemrushBot/7~bl; +http://www.semrush.com/bot.html)"
66.249.79.64 - - [25/Nov/2024:05:54:42 -0700] "GET /bet/?fmniot/fun-game-night-games.html HTTP/1.1" 200 94 "-" "Mozilla/5.0 (compatible; Googlebot/2.1; +http://www.google.com/bot.html)"
66.249.79.64 - - [25/Nov/2024:05:55:00 -0700] "GET /bet/?mgacuc/ HTTP/1.1" 200 94 "-" "Mozilla/5.0 (compatible; Googlebot/2.1; +http://www.google.com/bot.html)"
85.208.96.202 - - [25/Nov/2024:05:55:08 -0700] "GET /jp/auction/m2521086448.shtm HTTP/1.1" 200 94 "-" "Mozilla/5.0 (compatible; SemrushBot/7~bl; +http://www.semrush.com/bot.html)"
52.167.144.18 - - [25/Nov/2024:05:55:15 -0700] "GET /study/html/to099/html-to035/files/Secondary/files/I-VIII/about.php HTTP/1.1" 200 94 "-" "Mozilla/5.0 AppleWebKit/537.36 (KHTML, like Gecko; compatible; bingbot/2.0; +http://www.bing.com/bingbot.htm) Chrome/116.0.1938.76 Safari/537.36"
52.167.144.18 - - [25/Nov/2024:05:55:16 -0700] "GET /departments/center-for-neuroscience-and-behavioral-medicine/programs-and-services/files/Secondary/files/Senior%20Secondary/Eng.Core-min.pdf HTTP/1.1" 200 94 "-" "Mozilla/5.0 AppleWebKit/537.36 (KHTML, like Gecko; compatible; bingbot/2.0; +http://www.bing.com/bingbot.htm) Chrome/116.0.1938.76 Safari/537.36"
66.249.79.64 - - [25/Nov/2024:05:55:26 -0700] "GET /bet/?oelyjq/choctaw-casino-games.html HTTP/1.1" 200 94 "-" "Mozilla/5.0 (compatible; Googlebot/2.1; +http://www.google.com/bot.html)"
185.191.171.2 - - [25/Nov/2024:05:55:29 -0700] "GET /cbse-corner.php?jp%2Fauction%2Fo2516956.shtm HTTP/1.1" 200 24110 "-" "Mozilla/5.0 (compatible; SemrushBot/7~bl; +http://www.semrush.com/bot.html)"
66.249.79.64 - - [25/Nov/2024:05:56:04 -0700] "GET /news/aqreiw/ultimate-rummy-circle-online.html HTTP/1.1" 200 94 "-" "Mozilla/5.0 (compatible; Googlebot/2.1; +http://www.google.com/bot.html)"
103.131.71.34 - - [25/Nov/2024:05:56:10 -0700] "GET /robots.txt HTTP/1.1" 200 94 "-" "Mozilla/5.0 (compatible; coccocbot-image/1.0; +http://help.coccoc.com/searchengine)"
103.131.71.38 - - [25/Nov/2024:05:56:11 -0700] "GET /images/gallery/school%20(3).jpg HTTP/1.1" 200 94 "-" "Mozilla/5.0 (compatible; coccocbot-image/1.0; +http://help.coccoc.com/searchengine)"
66.249.79.64 - - [25/Nov/2024:05:56:12 -0700] "GET /bet/?cifhic/shivam-dube-religion.html HTTP/1.1" 200 94 "-" "Mozilla/5.0 (compatible; Googlebot/2.1; +http://www.google.com/bot.html)"
66.249.79.64 - - [25/Nov/2024:05:56:19 -0700] "GET /news/?foqdkj/blackjack-cep-telefonu.html HTTP/1.1" 200 94 "-" "Mozilla/5.0 (compatible; Googlebot/2.1; +http://www.google.com/bot.html)"
66.249.79.64 - - [25/Nov/2024:05:56:27 -0700] "GET /bet/?dzytau/ HTTP/1.1" 200 94 "-" "Mozilla/5.0 (compatible; Googlebot/2.1; +http://www.google.com/bot.html)"
66.249.79.64 - - [25/Nov/2024:05:56:33 -0700] "GET /news/mzcfck/ HTTP/1.1" 200 94 "-" "Mozilla/5.0 (compatible; Googlebot/2.1; +http://www.google.com/bot.html)"
66.249.79.64 - - [25/Nov/2024:05:56:40 -0700] "GET /detail/memrlg/top-coop-games.html HTTP/1.1" 200 94 "-" "Mozilla/5.0 (compatible; Googlebot/2.1; +http://www.google.com/bot.html)"
69.162.124.238 - - [25/Nov/2024:05:56:42 -0700] "HEAD /cbse-corner.php HTTP/1.1" 200 - "https://baragura.akalacademy.ac.in/cbse-corner.php" "Mozilla/5.0+(compatible; UptimeRobot/2.0; http://www.uptimerobot.com/)"
66.249.79.64 - - [25/Nov/2024:05:56:44 -0700] "GET /news/elermy/monopoly-lunar.html HTTP/1.1" 200 94 "-" "Mozilla/5.0 (compatible; Googlebot/2.1; +http://www.google.com/bot.html)"
85.208.96.202 - - [25/Nov/2024:05:56:56 -0700] "GET /jp/auction/e2541947248.shtm HTTP/1.1" 200 94 "-" "Mozilla/5.0 (compatible; SemrushBot/7~bl; +http://www.semrush.com/bot.html)"
85.208.96.212 - - [25/Nov/2024:05:57:24 -0700] "GET /jp/auction/k2531475848.shtm HTTP/1.1" 200 94 "-" "Mozilla/5.0 (compatible; SemrushBot/7~bl; +http://www.semrush.com/bot.html)"
185.191.171.8 - - [25/Nov/2024:05:57:41 -0700] "GET /jp/auction/b2552236885.shtm HTTP/1.1" 200 94 "-" "Mozilla/5.0 (compatible; SemrushBot/7~bl; +http://www.semrush.com/bot.html)"
52.167.144.170 - - [25/Nov/2024:05:57:50 -0700] "GET /category/arcgis-online/arcgis-online-%E3%81%A7%E3%81%AA%E3%81%AB%E3%81%8C%E3%81%A7%E3%81%8D%E3%82%8B%EF%BC%9F/files/Senior%20Secondary/cbse-corner.php HTTP/1.1" 200 94 "-" "Mozilla/5.0 AppleWebKit/537.36 (KHTML, like Gecko; compatible; bingbot/2.0; +http://www.bing.com/bingbot.htm) Chrome/116.0.1938.76 Safari/537.36"
52.167.144.18 - - [25/Nov/2024:05:58:05 -0700] "GET /people/%E5%B0%8F%E6%9C%8B%E5%8F%8B%E7%8E%A9%E5%98%85%E9%87%8E%E6%84%88%E9%BB%8E%E6%84%88%E5%A4%A7%E8%88%8A/files/Secondary/files/I-VIII/cbse-corner.php HTTP/1.1" 200 94 "-" "Mozilla/5.0 AppleWebKit/537.36 (KHTML, like Gecko; compatible; bingbot/2.0; +http://www.bing.com/bingbot.htm) Chrome/116.0.1938.76 Safari/537.36"
66.249.79.64 - - [25/Nov/2024:05:58:13 -0700] "GET /detail/ynhffi/ipl-cup-win-bets.html HTTP/1.1" 200 94 "-" "Mozilla/5.0 (compatible; Googlebot/2.1; +http://www.google.com/bot.html)"
66.249.79.64 - - [25/Nov/2024:05:58:19 -0700] "GET /news/?dlhkoz/harrahs-casino-tunica.html HTTP/1.1" 200 94 "-" "Mozilla/5.0 (compatible; Googlebot/2.1; +http://www.google.com/bot.html)"
66.249.79.64 - - [25/Nov/2024:05:58:39 -0700] "GET /detail/?mtjvol/top-casino-bonuses-canada.html HTTP/1.1" 200 94 "-" "Mozilla/5.0 (compatible; Googlebot/2.1; +http://www.google.com/bot.html)"
66.249.79.64 - - [25/Nov/2024:05:58:41 -0700] "GET /bet/llfjaa/ HTTP/1.1" 200 94 "-" "Mozilla/5.0 (compatible; Googlebot/2.1; +http://www.google.com/bot.html)"
66.249.79.64 - - [25/Nov/2024:05:58:41 -0700] "GET /detail/wlljwe/new-valley-view-casino.html HTTP/1.1" 200 94 "-" "Mozilla/5.0 (compatible; Googlebot/2.1; +http://www.google.com/bot.html)"
52.167.144.170 - - [25/Nov/2024:05:58:49 -0700] "GET /%E3%83%86%E3%82%AD%E3%82%B9%E3%83%88-%E3%83%88%E3%83%A9%E3%83%B3%E3%82%B9%E3%83%91%E3%83%BC%E3%82%BD%E3%83%8A%E3%83%AB%E5%BF%83%E7%90%86%E5%AD%A6%E3%83%BB%E7%B2%BE%E7%A5%9E%E5%8C%BB%E5%AD%A6-%E3%82%B8%E3%83%A7%E3%83%B3%E3%83%BBr-%E3%83%90%E3%83%86%E3%82%A3%E3%82%B9%E3%82%BF/dp/4535561451/files/IX-X/files/Secondary/cbse-corner.php HTTP/1.1" 200 94 "-" "Mozilla/5.0 AppleWebKit/537.36 (KHTML, like Gecko; compatible; bingbot/2.0; +http://www.bing.com/bingbot.htm) Chrome/116.0.1938.76 Safari/537.36"
66.249.79.64 - - [25/Nov/2024:05:58:51 -0700] "GET /bet/?rteufd/casino-near-port-angeles.html HTTP/1.1" 200 94 "-" "Mozilla/5.0 (compatible; Googlebot/2.1; +http://www.google.com/bot.html)"
52.167.144.18 - - [25/Nov/2024:05:58:56 -0700] "GET /site/page/0271f4f2-73fe-46e4-bfc6-715298d38c24/files/Senior%20Secondary/cbse-corner.php HTTP/1.1" 200 94 "-" "Mozilla/5.0 AppleWebKit/537.36 (KHTML, like Gecko; compatible; bingbot/2.0; +http://www.bing.com/bingbot.htm) Chrome/116.0.1938.76 Safari/537.36"
85.208.96.206 - - [25/Nov/2024:05:59:14 -0700] "GET /jp/auction/b25141263.shtm HTTP/1.1" 200 94 "-" "Mozilla/5.0 (compatible; SemrushBot/7~bl; +http://www.semrush.com/bot.html)"
66.249.79.65 - - [25/Nov/2024:05:59:24 -0700] "GET /bet/ixpulv/a320m-pro-vd-plus.html HTTP/1.1" 200 94 "-" "Mozilla/5.0 (compatible; Googlebot/2.1; +http://www.google.com/bot.html)"
194.233.72.158 - - [25/Nov/2024:05:59:26 -0700] "GET /images/journey/santteja/wp-admin/noop.php HTTP/1.1" 200 94 "-" "Uptime-Kuma/1.23.3"
85.208.96.210 - - [25/Nov/2024:05:59:29 -0700] "GET /jp/auction/y2541835962.shtm HTTP/1.1" 200 94 "-" "Mozilla/5.0 (compatible; SemrushBot/7~bl; +http://www.semrush.com/bot.html)"
66.249.79.66 - - [25/Nov/2024:06:00:04 -0700] "GET /news/?gutzna/odds-for-man-utd-to-be-relegated.html HTTP/1.1" 200 94 "-" "Mozilla/5.0 (compatible; Googlebot/2.1; +http://www.google.com/bot.html)"
185.191.171.7 - - [25/Nov/2024:06:00:08 -0700] "GET /jp/auction/n2541830023.shtm HTTP/1.1" 200 94 "-" "Mozilla/5.0 (compatible; SemrushBot/7~bl; +http://www.semrush.com/bot.html)"
52.167.144.170 - - [25/Nov/2024:06:00:21 -0700] "GET /%E5%90%8C%E4%BA%BA%E8%AA%8C-%E5%B0%8F%E9%B3%A5%E6%97%A5%E5%A0%82-koto-%E7%8B%99%E3%82%8F%E3%82%8C%E3%81%9F%E3%83%91%E3%82%A4%E3%83%A2%E3%83%B3%E3%81%AE%E3%81%8A%E3%81%AA%E3%81%8B-asava-acme/files/Secondary/images/files/AA%20Bakarwal_Information_Website_16072018.pdf HTTP/1.1" 200 94 "-" "Mozilla/5.0 AppleWebKit/537.36 (KHTML, like Gecko; compatible; bingbot/2.0; +http://www.bing.com/bingbot.htm) Chrome/116.0.1938.76 Safari/537.36"
66.249.79.64 - - [25/Nov/2024:06:00:21 -0700] "GET /bet/qtyaxz/ HTTP/1.1" 200 94 "-" "Mozilla/5.0 (compatible; Googlebot/2.1; +http://www.google.com/bot.html)"
52.167.144.170 - - [25/Nov/2024:06:00:23 -0700] "GET /dendama-gummy-%E3%82%AA%E3%83%B3%E3%83%A9%E3%82%A4%E3%83%B3%E5%AF%BE%E6%88%A6%E3%81%A7%E3%81%8D%E3%81%A6%E5%85%AC%E5%BC%8F%E6%A4%9C%E5%AE%9A%E3%82%82%E3%82%A2%E3%83%97%E3%83%AA%E3%81%A7%E5%8F%96%E3%82%8C%E3%82%8B%EF%BC%81-raspberry/dp/b08l5wvc6g/files/Secondary/files/Senior%20Secondary/academic.php HTTP/1.1" 200 94 "-" "Mozilla/5.0 AppleWebKit/537.36 (KHTML, like Gecko; compatible; bingbot/2.0; +http://www.bing.com/bingbot.htm) Chrome/116.0.1938.76 Safari/537.36"
185.191.171.17 - - [25/Nov/2024:06:00:25 -0700] "GET /jp/auction/o2562878006.shtm HTTP/1.1" 200 94 "-" "Mozilla/5.0 (compatible; SemrushBot/7~bl; +http://www.semrush.com/bot.html)"
66.249.79.64 - - [25/Nov/2024:06:00:28 -0700] "GET /news/nafwsk/campeonato-de-portugal-betting-odds.html HTTP/1.1" 200 94 "-" "Mozilla/5.0 (compatible; Googlebot/2.1; +http://www.google.com/bot.html)"
66.249.79.64 - - [25/Nov/2024:06:00:49 -0700] "GET /news/itdfwk/2010-fifa-world-cup-winning-team.html HTTP/1.1" 200 94 "-" "Mozilla/5.0 (compatible; Googlebot/2.1; +http://www.google.com/bot.html)"
66.249.79.64 - - [25/Nov/2024:06:00:56 -0700] "GET /news/?edfshk/chennai-super-king-best.html HTTP/1.1" 200 94 "-" "Mozilla/5.0 (compatible; Googlebot/2.1; +http://www.google.com/bot.html)"
52.167.144.207 - - [25/Nov/2024:06:01:04 -0700] "GET /fund/%E3%81%AA%E3%81%9C%E5%AF%8C%E8%A3%95%E5%B1%A4%E3%81%9F%E3%81%A1%E3%81%AF%E6%8A%95%E8%B3%87%E3%83%95%E3%82%A1%E3%83%B3%E3%83%89%E3%81%A7%E3%81%AE%E9%81%8B%E7%94%A8%E3%82%92%E9%81%B8%E6%8A%9E%E3%81%99/files/Secondary/files/Senior%20Secondary/PhysicalEducation-min.pdf HTTP/1.1" 200 94 "-" "Mozilla/5.0 AppleWebKit/537.36 (KHTML, like Gecko; compatible; bingbot/2.0; +http://www.bing.com/bingbot.htm) Chrome/116.0.1938.76 Safari/537.36"
52.167.144.207 - - [25/Nov/2024:06:01:13 -0700] "GET /one-piece-lequipage-de-shanks-le-pere-de-zoro-les-mugiwaras-a-50-ans/files/Senior%20Secondary/files/IX-X/Grade%20(X)-min.pdf HTTP/1.1" 200 94 "-" "Mozilla/5.0 AppleWebKit/537.36 (KHTML, like Gecko; compatible; bingbot/2.0; +http://www.bing.com/bingbot.htm) Chrome/116.0.1938.76 Safari/537.36"
66.249.79.64 - - [25/Nov/2024:06:01:15 -0700] "GET /detail/cmtvfb/ HTTP/1.1" 200 94 "-" "Mozilla/5.0 (compatible; Googlebot/2.1; +http://www.google.com/bot.html)"
40.77.167.0 - - [25/Nov/2024:06:01:27 -0700] "GET /2017/08/19/lenso-raiden-drag-by-soul-truck-%E0%B8%AA%E0%B8%99%E0%B8%B2%E0%B8%A1%E0%B8%A3%E0%B8%B1%E0%B8%AA%E0%B8%A1%E0%B8%B5-%E0%B8%84%E0%B8%A5%E0%B8%AD%E0%B8%8714-%E0%B8%88-%E0%B8%99%E0%B8%84%E0%B8%A3%E0%B8%99/images/files/files/Senior%20Secondary/Chemistry-min.pdf HTTP/1.1" 200 94 "-" "Mozilla/5.0 AppleWebKit/537.36 (KHTML, like Gecko; compatible; bingbot/2.0; +http://www.bing.com/bingbot.htm) Chrome/116.0.1938.76 Safari/537.36"
85.208.96.195 - - [25/Nov/2024:06:01:33 -0700] "GET /jp/auction/l2563093881.shtm HTTP/1.1" 200 94 "-" "Mozilla/5.0 (compatible; SemrushBot/7~bl; +http://www.semrush.com/bot.html)"
69.162.124.238 - - [25/Nov/2024:06:01:42 -0700] "HEAD /cbse-corner.php HTTP/1.1" 200 - "https://baragura.akalacademy.ac.in/cbse-corner.php" "Mozilla/5.0+(compatible; UptimeRobot/2.0; http://www.uptimerobot.com/)"
66.249.79.64 - - [25/Nov/2024:06:01:45 -0700] "GET /bet/?mgjyui/ HTTP/1.1" 200 94 "-" "Mozilla/5.0 (compatible; Googlebot/2.1; +http://www.google.com/bot.html)"
185.191.171.18 - - [25/Nov/2024:06:01:47 -0700] "GET /jp/auction/r2552679915.shtm HTTP/1.1" 200 94 "-" "Mozilla/5.0 (compatible; SemrushBot/7~bl; +http://www.semrush.com/bot.html)"
185.191.171.14 - - [25/Nov/2024:06:01:51 -0700] "GET /jp/auction/f2563037793.shtm HTTP/1.1" 200 94 "-" "Mozilla/5.0 (compatible; SemrushBot/7~bl; +http://www.semrush.com/bot.html)"
66.249.79.64 - - [25/Nov/2024:06:01:53 -0700] "GET /detail/?qdfmzj/tipster-weekend.html HTTP/1.1" 200 94 "-" "Mozilla/5.0 (compatible; Googlebot/2.1; +http://www.google.com/bot.html)"
66.249.79.64 - - [25/Nov/2024:06:01:54 -0700] "GET /detail/?xyajfb/ HTTP/1.1" 200 94 "-" "Mozilla/5.0 (compatible; Googlebot/2.1; +http://www.google.com/bot.html)"
66.249.79.65 - - [25/Nov/2024:06:02:22 -0700] "GET /news/qfrsds/why-t20-world-cup-not-held-in-2018.html HTTP/1.1" 200 94 "-" "Mozilla/5.0 (compatible; Googlebot/2.1; +http://www.google.com/bot.html)"
40.77.167.0 - - [25/Nov/2024:06:02:27 -0700] "GET /travelmamechishiki/files/I-VIII/files/IX-X/Grade%20(IX)-min.pdf HTTP/1.1" 200 94 "-" "Mozilla/5.0 AppleWebKit/537.36 (KHTML, like Gecko; compatible; bingbot/2.0; +http://www.bing.com/bingbot.htm) Chrome/116.0.1938.76 Safari/537.36"
85.208.96.193 - - [25/Nov/2024:06:02:34 -0700] "GET /jp/auction/v252856201.shtm HTTP/1.1" 200 94 "-" "Mozilla/5.0 (compatible; SemrushBot/7~bl; +http://www.semrush.com/bot.html)"
66.249.79.64 - - [25/Nov/2024:06:02:55 -0700] "GET /detail/?juwdxz/smear-card-game.html HTTP/1.1" 200 94 "-" "Mozilla/5.0 (compatible; Googlebot/2.1; +http://www.google.com/bot.html)"
185.191.171.11 - - [25/Nov/2024:06:02:56 -0700] "GET /images/result/cbse-corner.php HTTP/1.1" 403 94 "-" "Mozilla/5.0 (compatible; SemrushBot/7~bl; +http://www.semrush.com/bot.html)"
66.249.79.64 - - [25/Nov/2024:06:02:58 -0700] "GET /detail/ppjxmy/ HTTP/1.1" 200 94 "-" "Mozilla/5.0 (compatible; Googlebot/2.1; +http://www.google.com/bot.html)"
66.249.79.64 - - [25/Nov/2024:06:03:18 -0700] "GET /detail/?ysfhai/real-cash-money-slots.html HTTP/1.1" 200 94 "-" "Mozilla/5.0 (compatible; Googlebot/2.1; +http://www.google.com/bot.html)"
52.167.144.207 - - [25/Nov/2024:06:03:24 -0700] "GET /blogs/nie/files/Senior%20Secondary/files/IX-X/Grade%20(XI)%20-min.pdf HTTP/1.1" 200 94 "-" "Mozilla/5.0 AppleWebKit/537.36 (KHTML, like Gecko; compatible; bingbot/2.0; +http://www.bing.com/bingbot.htm) Chrome/116.0.1938.76 Safari/537.36"
66.249.79.64 - - [25/Nov/2024:06:03:29 -0700] "GET /news/?ylgdxh/whens-the-next-euro-millions.html HTTP/1.1" 200 94 "-" "Mozilla/5.0 (compatible; Googlebot/2.1; +http://www.google.com/bot.html)"
66.249.79.64 - - [25/Nov/2024:06:03:35 -0700] "GET /bet/?aprddx/ HTTP/1.1" 200 94 "-" "Mozilla/5.0 (compatible; Googlebot/2.1; +http://www.google.com/bot.html)"
185.191.171.9 - - [25/Nov/2024:06:03:37 -0700] "GET /jp/auction/k25175358.shtm HTTP/1.1" 200 94 "-" "Mozilla/5.0 (compatible; SemrushBot/7~bl; +http://www.semrush.com/bot.html)"
66.249.79.64 - - [25/Nov/2024:06:03:38 -0700] "GET /bet/?cezqkv/asianodds-bookie.html HTTP/1.1" 200 94 "-" "Mozilla/5.0 (compatible; Googlebot/2.1; +http://www.google.com/bot.html)"
40.77.167.0 - - [25/Nov/2024:06:03:46 -0700] "GET /index.php/2021/11/18/%E3%81%8C%E3%82%93%E4%BF%9D%E9%99%BA%E3%81%AE%E4%BF%9D%E9%99%BA%E6%96%99%E6%89%95%E8%BE%BC%E5%85%8D%E9%99%A4%E7%89%B9%E7%B4%84%E3%81%AB%E3%81%A4%E3%81%84%E3%81%A6/files/I-VIII/files/Senior%20Secondary/Intitial_pages_srsec_2019-20%20(1)-min.pdf HTTP/1.1" 200 94 "-" "Mozilla/5.0 AppleWebKit/537.36 (KHTML, like Gecko; compatible; bingbot/2.0; +http://www.bing.com/bingbot.htm) Chrome/116.0.1938.76 Safari/537.36"
66.249.79.64 - - [25/Nov/2024:06:03:47 -0700] "GET /news/sbesww/euromillions-jackpot-live.html HTTP/1.1" 200 94 "-" "Mozilla/5.0 (compatible; Googlebot/2.1; +http://www.google.com/bot.html)"
66.249.79.64 - - [25/Nov/2024:06:03:50 -0700] "GET /bet/?zhcyzc/ HTTP/1.1" 200 94 "-" "Mozilla/5.0 (compatible; Googlebot/2.1; +http://www.google.com/bot.html)"
66.249.79.64 - - [25/Nov/2024:06:03:54 -0700] "GET /bet/symbfp/geant-casino-firminy.html HTTP/1.1" 200 94 "-" "Mozilla/5.0 (compatible; Googlebot/2.1; +http://www.google.com/bot.html)"
40.77.167.0 - - [25/Nov/2024:06:03:57 -0700] "GET /index.php/razer-deathadder-%E3%82%A8%E3%83%AB%E3%82%B4%E3%83%8E%E3%83%9F%E3%83%83%E3%82%AF-%E3%80%90%E6%AD%A3%E8%A6%8F%E4%BF%9D%E8%A8%BC%E5%93%81%E3%80%91-rz01-00151400-r3j1/dp/files/I-VIII/files/Senior%20Secondary/PhysicalEducation-min.pdf HTTP/1.1" 200 94 "-" "Mozilla/5.0 AppleWebKit/537.36 (KHTML, like Gecko; compatible; bingbot/2.0; +http://www.bing.com/bingbot.htm) Chrome/116.0.1938.76 Safari/537.36"
66.249.79.65 - - [25/Nov/2024:06:05:22 -0700] "GET /news/?wdespn/ HTTP/1.1" 200 94 "-" "Mozilla/5.0 (compatible; Googlebot/2.1; +http://www.google.com/bot.html)"
66.249.79.64 - - [25/Nov/2024:06:05:36 -0700] "GET /detail/?sealxq/world-poker-game-free-download.html HTTP/1.1" 200 94 "-" "Mozilla/5.0 (compatible; Googlebot/2.1; +http://www.google.com/bot.html)"
66.249.79.65 - - [25/Nov/2024:06:05:36 -0700] "GET /bet/?nflfub/ HTTP/1.1" 200 94 "-" "Mozilla/5.0 (compatible; Googlebot/2.1; +http://www.google.com/bot.html)"
85.208.96.202 - - [25/Nov/2024:06:05:45 -0700] "GET /jp/auction/p2541778181.shtm HTTP/1.1" 200 94 "-" "Mozilla/5.0 (compatible; SemrushBot/7~bl; +http://www.semrush.com/bot.html)"
66.249.79.64 - - [25/Nov/2024:06:05:49 -0700] "GET /detail/?jmquro/categorizing-games-online.html HTTP/1.1" 200 94 "-" "Mozilla/5.0 (compatible; Googlebot/2.1; +http://www.google.com/bot.html)"
66.249.79.64 - - [25/Nov/2024:06:05:59 -0700] "GET /detail/?jaswnw/vikrant-indian-cricketer.html HTTP/1.1" 200 94 "-" "Mozilla/5.0 (compatible; Googlebot/2.1; +http://www.google.com/bot.html)"
185.191.171.9 - - [25/Nov/2024:06:06:00 -0700] "GET /jp/auction/z2563011449.shtm HTTP/1.1" 200 94 "-" "Mozilla/5.0 (compatible; SemrushBot/7~bl; +http://www.semrush.com/bot.html)"
66.249.79.64 - - [25/Nov/2024:06:06:02 -0700] "GET /news/wqjouu/ HTTP/1.1" 200 94 "-" "Mozilla/5.0 (compatible; Googlebot/2.1; +http://www.google.com/bot.html)"
66.249.79.64 - - [25/Nov/2024:06:06:06 -0700] "GET /news/?ziiyvx/sunrisers-hyderabad-openers.html HTTP/1.1" 200 94 "-" "Mozilla/5.0 (compatible; Googlebot/2.1; +http://www.google.com/bot.html)"
40.77.167.38 - - [25/Nov/2024:06:06:10 -0700] "GET /study/html/to099/html-to035/files/IX-X/files/Secondary/gallery.php HTTP/1.1" 200 94 "-" "Mozilla/5.0 AppleWebKit/537.36 (KHTML, like Gecko; compatible; bingbot/2.0; +http://www.bing.com/bingbot.htm) Chrome/116.0.1938.76 Safari/537.36"
66.249.79.64 - - [25/Nov/2024:06:06:25 -0700] "GET /detail/?xbqbxg/ HTTP/1.1" 200 94 "-" "Mozilla/5.0 (compatible; Googlebot/2.1; +http://www.google.com/bot.html)"
185.191.171.2 - - [25/Nov/2024:06:06:29 -0700] "GET /jp/auction/x2521123925.shtm HTTP/1.1" 200 94 "-" "Mozilla/5.0 (compatible; SemrushBot/7~bl; +http://www.semrush.com/bot.html)"
17.241.75.143 - - [25/Nov/2024:06:06:41 -0700] "GET /index.php HTTP/1.1" 200 94 "-" "Mozilla/5.0 (Macintosh; Intel Mac OS X 10_15_7) AppleWebKit/605.1.15 (KHTML, like Gecko) Version/17.4 Safari/605.1.15 (Applebot/0.1; +http://www.apple.com/go/applebot)"
66.249.79.64 - - [25/Nov/2024:06:06:42 -0700] "GET /bet/?ubjbih/logged-games-online.html HTTP/1.1" 200 94 "-" "Mozilla/5.0 (compatible; Googlebot/2.1; +http://www.google.com/bot.html)"
69.162.124.238 - - [25/Nov/2024:06:06:42 -0700] "HEAD /cbse-corner.php HTTP/1.1" 200 - "https://baragura.akalacademy.ac.in/cbse-corner.php" "Mozilla/5.0+(compatible; UptimeRobot/2.0; http://www.uptimerobot.com/)"
66.249.79.64 - - [25/Nov/2024:06:07:03 -0700] "GET /news/xuzzfv/ HTTP/1.1" 200 94 "-" "Mozilla/5.0 (compatible; Googlebot/2.1; +http://www.google.com/bot.html)"
185.191.171.6 - - [25/Nov/2024:06:07:18 -0700] "GET /jp/auction/o2552354834.shtm HTTP/1.1" 200 94 "-" "Mozilla/5.0 (compatible; SemrushBot/7~bl; +http://www.semrush.com/bot.html)"
185.191.171.14 - - [25/Nov/2024:06:07:20 -0700] "GET /jp/auction/c252779404.shtm HTTP/1.1" 200 94 "-" "Mozilla/5.0 (compatible; SemrushBot/7~bl; +http://www.semrush.com/bot.html)"
52.167.144.207 - - [25/Nov/2024:06:07:24 -0700] "GET /en/category/news-en/files/Senior%20Secondary/Econonics-min.pdf HTTP/1.1" 200 94 "-" "Mozilla/5.0 AppleWebKit/537.36 (KHTML, like Gecko; compatible; bingbot/2.0; +http://www.bing.com/bingbot.htm) Chrome/116.0.1938.76 Safari/537.36"
66.249.79.64 - - [25/Nov/2024:06:07:27 -0700] "GET /bet/?uubbcb/ HTTP/1.1" 200 94 "-" "Mozilla/5.0 (compatible; Googlebot/2.1; +http://www.google.com/bot.html)"
185.191.171.15 - - [25/Nov/2024:06:07:50 -0700] "GET /jp/auction/w2531497336.shtm HTTP/1.1" 200 94 "-" "Mozilla/5.0 (compatible; SemrushBot/7~bl; +http://www.semrush.com/bot.html)"
66.249.79.66 - - [25/Nov/2024:06:08:08 -0700] "GET /detail/qnspmp/ipl-yesterday-match-live-score.html HTTP/1.1" 200 94 "-" "Mozilla/5.0 (compatible; Googlebot/2.1; +http://www.google.com/bot.html)"
40.77.167.38 - - [25/Nov/2024:06:08:12 -0700] "GET /client/%E3%80%8C%E3%82%B3%E3%83%B3%E3%83%94%E3%83%A5%E3%83%BC%E3%82%BF%E3%83%BC%E3%81%A7%E5%BE%97%E3%82%8B%E8%87%AA%E7%94%B1%E3%80%8D%E5%B9%B4%E8%B3%80%E7%8A%B6%E3%81%A7%E8%91%97%E4%BD%9C%E6%A8%A9%E3%82%AF/files/Senior%20Secondary/Accountancy-min.pdf HTTP/1.1" 200 94 "-" "Mozilla/5.0 AppleWebKit/537.36 (KHTML, like Gecko; compatible; bingbot/2.0; +http://www.bing.com/bingbot.htm) Chrome/116.0.1938.76 Safari/537.36"
66.249.79.64 - - [25/Nov/2024:06:08:23 -0700] "GET /detail/?gfttpr/ HTTP/1.1" 200 94 "-" "Mozilla/5.0 (compatible; Googlebot/2.1; +http://www.google.com/bot.html)"
66.249.79.64 - - [25/Nov/2024:06:08:27 -0700] "GET /bet/?apwhig/gambling-soccer-tips.html HTTP/1.1" 200 94 "-" "Mozilla/5.0 (compatible; Googlebot/2.1; +http://www.google.com/bot.html)"
66.249.79.64 - - [25/Nov/2024:06:08:39 -0700] "GET /detail/?sedbej/ HTTP/1.1" 200 94 "-" "Mozilla/5.0 (compatible; Googlebot/2.1; +http://www.google.com/bot.html)"
40.77.167.38 - - [25/Nov/2024:06:09:00 -0700] "GET /school/files/Senior%20Secondary/files/Secondary/English_Sec_2019-20-min.pdf HTTP/1.1" 200 94 "-" "Mozilla/5.0 AppleWebKit/537.36 (KHTML, like Gecko; compatible; bingbot/2.0; +http://www.bing.com/bingbot.htm) Chrome/116.0.1938.76 Safari/537.36"
216.244.66.233 - - [25/Nov/2024:06:09:22 -0700] "GET /robots.txt HTTP/1.1" 200 94 "-" "Mozilla/5.0 (compatible; DotBot/1.2; +https://opensiteexplorer.org/dotbot; help@moz.com)"
194.233.72.158 - - [25/Nov/2024:06:09:26 -0700] "GET /images/journey/santteja/wp-admin/noop.php HTTP/1.1" 200 94 "-" "Uptime-Kuma/1.23.3"
66.249.79.66 - - [25/Nov/2024:06:09:30 -0700] "GET /bet/?mdkgdt/ghe-cricket-player.html HTTP/1.1" 200 94 "-" "Mozilla/5.0 (compatible; Googlebot/2.1; +http://www.google.com/bot.html)"
66.249.79.64 - - [25/Nov/2024:06:09:34 -0700] "GET /bet/?dlgfrn/ HTTP/1.1" 200 94 "-" "Mozilla/5.0 (compatible; Googlebot/2.1; +http://www.google.com/bot.html)"
52.167.144.207 - - [25/Nov/2024:06:09:35 -0700] "GET /quick-heal-total-security-receives-best-certification-avlab/files/Senior%20Secondary/files/IX-X/Grade%20(X)-min.pdf HTTP/1.1" 200 94 "-" "Mozilla/5.0 AppleWebKit/537.36 (KHTML, like Gecko; compatible; bingbot/2.0; +http://www.bing.com/bingbot.htm) Chrome/116.0.1938.76 Safari/537.36"
52.167.144.207 - - [25/Nov/2024:06:09:37 -0700] "GET /dendama-gummy-%E3%82%AA%E3%83%B3%E3%83%A9%E3%82%A4%E3%83%B3%E5%AF%BE%E6%88%A6%E3%81%A7%E3%81%8D%E3%81%A6%E5%85%AC%E5%BC%8F%E6%A4%9C%E5%AE%9A%E3%82%82%E3%82%A2%E3%83%97%E3%83%AA%E3%81%A7%E5%8F%96%E3%82%8C%E3%82%8B%EF%BC%81-raspberry/dp/b08l5wvc6g/files/I-VIII/files/Secondary/theschool.php?jp/auction/e25156190.shtm HTTP/1.1" 200 94 "-" "Mozilla/5.0 AppleWebKit/537.36 (KHTML, like Gecko; compatible; bingbot/2.0; +http://www.bing.com/bingbot.htm) Chrome/116.0.1938.76 Safari/537.36"
185.191.171.3 - - [25/Nov/2024:06:09:49 -0700] "GET /jp/auction/k2521186936.shtm HTTP/1.1" 200 94 "-" "Mozilla/5.0 (compatible; SemrushBot/7~bl; +http://www.semrush.com/bot.html)"
185.191.171.11 - - [25/Nov/2024:06:10:08 -0700] "GET /jp/auction/a2531289366.shtm HTTP/1.1" 200 94 "-" "Mozilla/5.0 (compatible; SemrushBot/7~bl; +http://www.semrush.com/bot.html)"
40.77.167.38 - - [25/Nov/2024:06:10:13 -0700] "GET /clean-architecture-%E9%81%94%E4%BA%BA%E3%81%AB%E5%AD%A6%E3%81%B6%E3%82%BD%E3%83%95%E3%83%88%E3%82%A6%E3%82%A7%E3%82%A2%E3%81%AE%E6%A7%8B%E9%80%A0%E3%81%A8%E8%A8%AD%E8%A8%88-robert-c-martin/dp/images/files/files/Secondary/14_Circular_2019ANX1-min.pdf HTTP/1.1" 200 94 "-" "Mozilla/5.0 AppleWebKit/537.36 (KHTML, like Gecko; compatible; bingbot/2.0; +http://www.bing.com/bingbot.htm) Chrome/116.0.1938.76 Safari/537.36"
66.249.79.66 - - [25/Nov/2024:06:10:17 -0700] "GET /bet/geifbr/ HTTP/1.1" 200 94 "-" "Mozilla/5.0 (compatible; Googlebot/2.1; +http://www.google.com/bot.html)"
66.249.79.65 - - [25/Nov/2024:06:10:26 -0700] "GET /news/?wrtill/ascot-odds-today.html HTTP/1.1" 200 94 "-" "Mozilla/5.0 (compatible; Googlebot/2.1; +http://www.google.com/bot.html)"
66.249.79.64 - - [25/Nov/2024:06:10:28 -0700] "GET /bet/?usfzsu/ HTTP/1.1" 200 94 "-" "Mozilla/5.0 (compatible; Googlebot/2.1; +http://www.google.com/bot.html)"
185.191.171.3 - - [25/Nov/2024:06:10:31 -0700] "GET /jp/auction/e2531467002.shtm HTTP/1.1" 200 94 "-" "Mozilla/5.0 (compatible; SemrushBot/7~bl; +http://www.semrush.com/bot.html)"
66.249.79.64 - - [25/Nov/2024:06:10:36 -0700] "GET /bet/hhseoz/australia-vs-srilanka-world-cup-2007.html HTTP/1.1" 200 94 "-" "Mozilla/5.0 (compatible; Googlebot/2.1; +http://www.google.com/bot.html)"
66.249.79.66 - - [25/Nov/2024:06:11:04 -0700] "GET /news/xyzvlh/ HTTP/1.1" 200 94 "-" "Mozilla/5.0 (compatible; Googlebot/2.1; +http://www.google.com/bot.html)"
185.191.171.11 - - [25/Nov/2024:06:11:20 -0700] "GET /jp/auction/u251365918.shtm HTTP/1.1" 200 94 "-" "Mozilla/5.0 (compatible; SemrushBot/7~bl; +http://www.semrush.com/bot.html)"
40.77.167.38 - - [25/Nov/2024:06:11:30 -0700] "GET /worldsoccer/files/Secondary/files/Secondary/417-FAQ-min.pdf HTTP/1.1" 200 94 "-" "Mozilla/5.0 AppleWebKit/537.36 (KHTML, like Gecko; compatible; bingbot/2.0; +http://www.bing.com/bingbot.htm) Chrome/116.0.1938.76 Safari/537.36"
185.191.171.15 - - [25/Nov/2024:06:11:37 -0700] "GET /search HTTP/1.1" 200 94 "-" "Mozilla/5.0 (compatible; SemrushBot/7~bl; +http://www.semrush.com/bot.html)"
40.77.167.0 - - [25/Nov/2024:06:11:39 -0700] "GET /%E7%9F%A5%E3%82%89%E3%81%AA%E3%81%84%E4%BA%BA%E3%82%92%E6%8E%A1%E3%81%A3%E3%81%A6%E3%81%AF%E3%81%84%E3%81%91%E3%81%AA%E3%81%84-%E6%96%B0%E3%81%97%E3%81%84%E4%B8%96%E7%95%8C%E5%9F%BA%E6%BA%96%E3%80%8C%E3%83%AA%E3%83%95%E3%82%A1%E3%83%A9%E3%83%AB%E6%8E%A1%E7%94%A8%E3%80%8D%E3%81%AE%E6%95%99%E7%A7%91%E6%9B%B8-%E7%99%BD%E6%BD%9F-%E6%95%8F%E6%9C%97/dp/files/Secondary/files/Senior%20Secondary/gallery.php?jp/auction/v25127139.shtm HTTP/1.1" 200 94 "-" "Mozilla/5.0 AppleWebKit/537.36 (KHTML, like Gecko; compatible; bingbot/2.0; +http://www.bing.com/bingbot.htm) Chrome/116.0.1938.76 Safari/537.36"
69.162.124.238 - - [25/Nov/2024:06:11:43 -0700] "HEAD /cbse-corner.php HTTP/1.1" 200 - "https://baragura.akalacademy.ac.in/cbse-corner.php" "Mozilla/5.0+(compatible; UptimeRobot/2.0; http://www.uptimerobot.com/)"
66.249.79.65 - - [25/Nov/2024:06:12:04 -0700] "GET /bet/?kmlfdy/ HTTP/1.1" 200 94 "-" "Mozilla/5.0 (compatible; Googlebot/2.1; +http://www.google.com/bot.html)"
40.77.167.15 - - [25/Nov/2024:06:12:28 -0700] "GET /info/%E3%80%90%E7%A2%BA%E8%AA%8D%E3%80%91%E8%A8%88%E6%B8%AC%E7%94%A8%E3%83%81%E3%83%83%E3%83%97%E8%BF%94%E9%80%81%E3%81%AE%E3%81%8A%E9%A1%98%E3%81%84%E3%81%AB%E3%81%A4%E3%81%84%E3%81%A6/images/files/files/Senior%20Secondary/academic.php HTTP/1.1" 200 94 "-" "Mozilla/5.0 AppleWebKit/537.36 (KHTML, like Gecko; compatible; bingbot/2.0; +http://www.bing.com/bingbot.htm) Chrome/116.0.1938.76 Safari/537.36"
185.191.171.5 - - [25/Nov/2024:06:12:29 -0700] "GET /jp/auction/r2563062401.shtm HTTP/1.1" 200 94 "-" "Mozilla/5.0 (compatible; SemrushBot/7~bl; +http://www.semrush.com/bot.html)"
40.77.167.15 - - [25/Nov/2024:06:12:29 -0700] "GET /admissions/visit/cbse-corner.php HTTP/1.1" 200 94 "-" "Mozilla/5.0 AppleWebKit/537.36 (KHTML, like Gecko; compatible; bingbot/2.0; +http://www.bing.com/bingbot.htm) Chrome/116.0.1938.76 Safari/537.36"
66.249.79.65 - - [25/Nov/2024:06:12:41 -0700] "GET /bet/futari/ HTTP/1.1" 200 94 "-" "Mozilla/5.0 (compatible; Googlebot/2.1; +http://www.google.com/bot.html)"
40.77.167.15 - - [25/Nov/2024:06:12:48 -0700] "GET /stories/files/Secondary/files/Secondary/417-VIII-min.pdf HTTP/1.1" 200 94 "-" "Mozilla/5.0 AppleWebKit/537.36 (KHTML, like Gecko; compatible; bingbot/2.0; +http://www.bing.com/bingbot.htm) Chrome/116.0.1938.76 Safari/537.36"
66.249.79.64 - - [25/Nov/2024:06:12:50 -0700] "GET /detail/?mnblxu/zynga-poker-chips-online-india.html HTTP/1.1" 200 94 "-" "Mozilla/5.0 (compatible; Googlebot/2.1; +http://www.google.com/bot.html)"
66.249.79.66 - - [25/Nov/2024:06:13:06 -0700] "GET /bet/?qxonru/today-match-location-t20.html HTTP/1.1" 200 94 "-" "Mozilla/5.0 (compatible; Googlebot/2.1; +http://www.google.com/bot.html)"
40.77.167.51 - - [25/Nov/2024:06:13:15 -0700] "GET /web/content/files/Senior%20Secondary/addmission.php HTTP/1.1" 200 94 "-" "Mozilla/5.0 AppleWebKit/537.36 (KHTML, like Gecko; compatible; bingbot/2.0; +http://www.bing.com/bingbot.htm) Chrome/116.0.1938.76 Safari/537.36"
66.249.79.65 - - [25/Nov/2024:06:13:33 -0700] "GET /news/?xwknlp/ HTTP/1.1" 200 94 "-" "Mozilla/5.0 (compatible; Googlebot/2.1; +http://www.google.com/bot.html)"
185.191.171.15 - - [25/Nov/2024:06:13:35 -0700] "GET /jp/auction/f251572967.shtm HTTP/1.1" 200 94 "-" "Mozilla/5.0 (compatible; SemrushBot/7~bl; +http://www.semrush.com/bot.html)"
66.249.79.64 - - [25/Nov/2024:06:13:41 -0700] "GET /detail/?gmiwwt/pro-kabaddi-history-in-english.html HTTP/1.1" 200 94 "-" "Mozilla/5.0 (compatible; Googlebot/2.1; +http://www.google.com/bot.html)"
66.249.79.64 - - [25/Nov/2024:06:13:48 -0700] "GET /bet/tomhro/ HTTP/1.1" 200 94 "-" "Mozilla/5.0 (compatible; Googlebot/2.1; +http://www.google.com/bot.html)"
66.249.79.64 - - [25/Nov/2024:06:13:53 -0700] "GET /detail/?mkjmue/ HTTP/1.1" 200 94 "-" "Mozilla/5.0 (compatible; Googlebot/2.1; +http://www.google.com/bot.html)"
66.249.79.64 - - [25/Nov/2024:06:13:55 -0700] "GET /detail/?rnenbq/ HTTP/1.1" 200 94 "-" "Mozilla/5.0 (compatible; Googlebot/2.1; +http://www.google.com/bot.html)"
66.249.79.64 - - [25/Nov/2024:06:13:57 -0700] "GET /news/yzsbjz/ HTTP/1.1" 200 94 "-" "Mozilla/5.0 (compatible; Googlebot/2.1; +http://www.google.com/bot.html)"
40.77.167.51 - - [25/Nov/2024:06:14:06 -0700] "GET /health_room/files/Secondary/files/Senior%20Secondary/Econonics%20(1)-min.pdf HTTP/1.1" 200 94 "-" "Mozilla/5.0 AppleWebKit/537.36 (KHTML, like Gecko; compatible; bingbot/2.0; +http://www.bing.com/bingbot.htm) Chrome/116.0.1938.76 Safari/537.36"
69.163.179.237 - - [25/Nov/2024:06:14:09 -0700] "GET /events/wp-login.php HTTP/1.1" 200 94 "http://baragura.akalacademy.ac.in/events/wp-login.php" "Mozilla/5.0 (X11; Ubuntu; Linux x86_64; rv:62.0) Gecko/20100101 Firefox/62.0"
66.249.79.66 - - [25/Nov/2024:06:14:27 -0700] "GET /detail/?pbgjxc/ HTTP/1.1" 200 94 "-" "Mozilla/5.0 (compatible; Googlebot/2.1; +http://www.google.com/bot.html)"
40.77.167.51 - - [25/Nov/2024:06:14:34 -0700] "GET /%E0%B8%82%E0%B9%88%E0%B8%B2%E0%B8%A7%E0%B8%AA%E0%B8%B2%E0%B8%A3%E0%B9%80%E0%B8%97%E0%B8%A8%E0%B8%9A%E0%B8%B2%E0%B8%A5/%E0%B8%87%E0%B8%9A%E0%B9%81%E0%B8%AA%E0%B8%94%E0%B8%87%E0%B8%9C%E0%B8%A5%E0%B8%94%E0%B8%B3%E0%B9%80%E0%B8%99%E0%B8%B4%E0%B8%99%E0%B8%87%E0%B8%B2%E0%B8%99%E0%B8%88%E0%B9%88%E0%B8%B2%E0%B8%A2%E0%B8%88/files/Secondary/files/Senior%20Secondary/result.php HTTP/1.1" 200 94 "-" "Mozilla/5.0 AppleWebKit/537.36 (KHTML, like Gecko; compatible; bingbot/2.0; +http://www.bing.com/bingbot.htm) Chrome/116.0.1938.76 Safari/537.36"
85.208.96.206 - - [25/Nov/2024:06:14:36 -0700] "GET /jp/auction/x252945877.shtm HTTP/1.1" 200 94 "-" "Mozilla/5.0 (compatible; SemrushBot/7~bl; +http://www.semrush.com/bot.html)"
66.249.79.65 - - [25/Nov/2024:06:14:52 -0700] "GET /bet/wqvwra/ HTTP/1.1" 200 94 "-" "Mozilla/5.0 (compatible; Googlebot/2.1; +http://www.google.com/bot.html)"
66.249.79.64 - - [25/Nov/2024:06:14:53 -0700] "GET /news/?sbqsdr/ HTTP/1.1" 200 94 "-" "Mozilla/5.0 (compatible; Googlebot/2.1; +http://www.google.com/bot.html)"
66.249.79.64 - - [25/Nov/2024:06:14:53 -0700] "GET /news/?qwmjhw/ HTTP/1.1" 200 94 "-" "Mozilla/5.0 (compatible; Googlebot/2.1; +http://www.google.com/bot.html)"
40.77.167.38 - - [25/Nov/2024:06:15:01 -0700] "GET /2021/09/%E4%BB%A4%E5%92%8C3%E5%B9%B49%E6%9C%8829%E6%97%A5-%E4%BA%AC%E9%83%BD%E6%94%AF%E5%BA%97%E7%A7%BB%E8%BB%A2%E3%81%AE%E3%81%94%E6%A1%88%E5%86%85/files/Secondary/files/Senior%20Secondary/about.php HTTP/1.1" 200 94 "-" "Mozilla/5.0 AppleWebKit/537.36 (KHTML, like Gecko; compatible; bingbot/2.0; +http://www.bing.com/bingbot.htm) Chrome/116.0.1938.76 Safari/537.36"
40.77.167.51 - - [25/Nov/2024:06:15:05 -0700] "GET /2019/11/12/%E3%82%A2%E3%83%A1%E3%83%AA%E3%82%AB%E3%81%AE%E6%88%B8%E5%BB%BA%E4%B8%8D%E5%8B%95%E7%94%A3%E6%8A%95%E8%B3%87%E3%81%8C%E5%AE%89%E5%AE%9A%E5%8F%8E%E7%9B%8A%E3%82%92%E3%82%82%E3%81%9F%E3%82%89%E3%81%99/files/Secondary/files/Secondary/theschool.php HTTP/1.1" 200 94 "-" "Mozilla/5.0 AppleWebKit/537.36 (KHTML, like Gecko; compatible; bingbot/2.0; +http://www.bing.com/bingbot.htm) Chrome/116.0.1938.76 Safari/537.36"
66.249.79.66 - - [25/Nov/2024:06:15:22 -0700] "GET /detail/?tphvmy/ HTTP/1.1" 200 94 "-" "Mozilla/5.0 (compatible; Googlebot/2.1; +http://www.google.com/bot.html)"
66.249.79.65 - - [25/Nov/2024:06:15:26 -0700] "GET /bet/mjaecv/funniest-prop-bets.html HTTP/1.1" 200 94 "-" "Mozilla/5.0 (compatible; Googlebot/2.1; +http://www.google.com/bot.html)"
40.77.167.15 - - [25/Nov/2024:06:15:39 -0700] "GET /the-herbaland-award-2021/%E3%83%8F%E3%83%BC%E3%83%90%E3%83%AA%E3%82%A6%E3%83%A0%E9%83%A8%E9%96%80-top-20/%E3%83%8F%E3%83%BC%E3%83%90%E3%83%AA%E3%82%A6%E3%83%A0%E9%83%A8%E9%96%80-top-10/files/Secondary/files/Secondary/Hindi_B_sec%202019-20-min.pdf HTTP/1.1" 200 94 "-" "Mozilla/5.0 AppleWebKit/537.36 (KHTML, like Gecko; compatible; bingbot/2.0; +http://www.bing.com/bingbot.htm) Chrome/116.0.1938.76 Safari/537.36"
185.191.171.6 - - [25/Nov/2024:06:15:49 -0700] "GET /jp/auction/l2552371549.shtm HTTP/1.1" 200 94 "-" "Mozilla/5.0 (compatible; SemrushBot/7~bl; +http://www.semrush.com/bot.html)"
185.191.171.5 - - [25/Nov/2024:06:16:02 -0700] "GET /jp/auction/v2531558929.shtm HTTP/1.1" 200 94 "-" "Mozilla/5.0 (compatible; SemrushBot/7~bl; +http://www.semrush.com/bot.html)"
40.77.167.52 - - [25/Nov/2024:06:16:02 -0700] "GET /shisanunyo/%E5%8C%BB%E8%80%85%E3%81%AB%E3%81%97%E3%81%8B%E5%87%BA%E6%9D%A5%E3%81%AA%E3%81%84%E6%8A%95%E8%B3%87%E3%82%92%EF%BC%81%E5%8C%BB%E5%B8%AB%E3%81%AE%E6%96%B9%E3%81%AE%E8%B3%87%E7%94%A3%E9%81%8B%E7%94%A8/files/IX-X/Grade%20(X)-min.pdf HTTP/1.1" 200 94 "-" "Mozilla/5.0 AppleWebKit/537.36 (KHTML, like Gecko; compatible; bingbot/2.0; +http://www.bing.com/bingbot.htm) Chrome/116.0.1938.76 Safari/537.36"
66.249.79.65 - - [25/Nov/2024:06:16:06 -0700] "GET /detail/?hgvgnn/satta-king-super-punjab-satta.html HTTP/1.1" 200 94 "-" "Mozilla/5.0 (compatible; Googlebot/2.1; +http://www.google.com/bot.html)"
66.249.79.64 - - [25/Nov/2024:06:16:30 -0700] "GET /news/?hlyseq/ HTTP/1.1" 200 94 "-" "Mozilla/5.0 (compatible; Googlebot/2.1; +http://www.google.com/bot.html)"
69.162.124.238 - - [25/Nov/2024:06:16:42 -0700] "HEAD /cbse-corner.php HTTP/1.1" 200 - "https://baragura.akalacademy.ac.in/cbse-corner.php" "Mozilla/5.0+(compatible; UptimeRobot/2.0; http://www.uptimerobot.com/)"
66.249.79.64 - - [25/Nov/2024:06:16:48 -0700] "GET /detail/daenpg/ HTTP/1.1" 200 94 "-" "Mozilla/5.0 (compatible; Googlebot/2.1; +http://www.google.com/bot.html)"
185.191.171.9 - - [25/Nov/2024:06:17:02 -0700] "GET /jp/auction/a251270478.shtm HTTP/1.1" 200 94 "-" "Mozilla/5.0 (compatible; SemrushBot/7~bl; +http://www.semrush.com/bot.html)"
66.249.79.64 - - [25/Nov/2024:06:17:12 -0700] "GET /bet/?gzydvk/ HTTP/1.1" 200 94 "-" "Mozilla/5.0 (compatible; Googlebot/2.1; +http://www.google.com/bot.html)"
66.249.79.65 - - [25/Nov/2024:06:17:20 -0700] "GET /detail/pwxmav/ HTTP/1.1" 200 94 "-" "Mozilla/5.0 (compatible; Googlebot/2.1; +http://www.google.com/bot.html)"
185.191.171.12 - - [25/Nov/2024:06:18:10 -0700] "GET /jp/auction/e2542047764.shtm HTTP/1.1" 200 94 "-" "Mozilla/5.0 (compatible; SemrushBot/7~bl; +http://www.semrush.com/bot.html)"
40.77.167.51 - - [25/Nov/2024:06:18:12 -0700] "GET /info/company HTTP/1.1" 200 94 "-" "Mozilla/5.0 AppleWebKit/537.36 (KHTML, like Gecko; compatible; bingbot/2.0; +http://www.bing.com/bingbot.htm) Chrome/116.0.1938.76 Safari/537.36"
66.249.79.66 - - [25/Nov/2024:06:18:16 -0700] "GET /detail/yuexnm/ HTTP/1.1" 200 94 "-" "Mozilla/5.0 (compatible; Googlebot/2.1; +http://www.google.com/bot.html)"
66.249.79.65 - - [25/Nov/2024:06:18:18 -0700] "GET /detail/tsdhzu/fast-betting-script-for-luckygames.html HTTP/1.1" 200 94 "-" "Mozilla/5.0 (compatible; Googlebot/2.1; +http://www.google.com/bot.html)"
185.191.171.6 - - [25/Nov/2024:06:18:32 -0700] "GET /jp/auction/a2541823692.shtm HTTP/1.1" 200 94 "-" "Mozilla/5.0 (compatible; SemrushBot/7~bl; +http://www.semrush.com/bot.html)"
66.249.79.64 - - [25/Nov/2024:06:18:49 -0700] "GET /detail/?kuatun/virat-kohli-ka-cricket-game.html HTTP/1.1" 200 94 "-" "Mozilla/5.0 (compatible; Googlebot/2.1; +http://www.google.com/bot.html)"
