52.167.144.149 - - [25/Nov/2024:06:45:37 -0700] "GET /arcserve-udp/available/8.0/jpn/bookshelf_files/html/solg/files/Senior%20Secondary/files/I-VIII/VI-X%20Punjabi-min.pdf HTTP/1.1" 200 94 "-" "Mozilla/5.0 AppleWebKit/537.36 (KHTML, like Gecko; compatible; bingbot/2.0; +http://www.bing.com/bingbot.htm) Chrome/116.0.1938.76 Safari/537.36"
114.119.147.32 - - [25/Nov/2024:06:45:39 -0700] "GET /index.php/funconfounding9eso9hc/files/Senior%20Secondary/files/Secondary/Intitial_pages_sec_2019-20-min.pdf HTTP/1.1" 200 94 "https://baragura.akalacademy.ac.in/index.php/funconfounding9eso9hc/files/Senior%20Secondary/Intitial_pages_srsec_2019-20%20(1)-min.pdf" "Mozilla/5.0 (Linux; Android 7.0;) AppleWebKit/537.36 (KHTML, like Gecko) Mobile Safari/537.36 (compatible; PetalBot;+https://webmaster.petalsearch.com/site/petalbot)"
52.167.144.223 - - [25/Nov/2024:06:46:05 -0700] "GET /2021/10/24/%E7%84%A1%E5%8D%B0%E8%89%AF%E5%93%81%E3%81%A7%E8%AA%95%E7%94%9F%E6%97%A5%E3%83%97%E3%83%AC%E3%82%BC%E3%83%B3%E3%83%88%E3%82%92%E8%B2%B7%E3%81%A3%E3%81%A6%E3%82%82%E3%82%89%E3%81%A3%E3%81%9F%E3%80%82/files/Secondary/about.php HTTP/1.1" 200 94 "-" "Mozilla/5.0 AppleWebKit/537.36 (KHTML, like Gecko; compatible; bingbot/2.0; +http://www.bing.com/bingbot.htm) Chrome/116.0.1938.76 Safari/537.36"
85.208.96.207 - - [25/Nov/2024:06:46:12 -0700] "GET /jp/auction/l251101463.shtm HTTP/1.1" 200 94 "-" "Mozilla/5.0 (compatible; SemrushBot/7~bl; +http://www.semrush.com/bot.html)"
52.167.144.149 - - [25/Nov/2024:06:46:18 -0700] "GET /specialties-and-services/files/Secondary/files/I-VIII/VI-X%20Punjabi-min.pdf HTTP/1.1" 200 94 "-" "Mozilla/5.0 AppleWebKit/537.36 (KHTML, like Gecko; compatible; bingbot/2.0; +http://www.bing.com/bingbot.htm) Chrome/116.0.1938.76 Safari/537.36"
114.119.165.226 - - [25/Nov/2024:06:46:20 -0700] "GET /index.php/ftenoning8zxe5hc/files/Secondary/files/Secondary/Intitial_pages_sec_2019-20-min.pdf HTTP/1.1" 200 94 "https://baragura.akalacademy.ac.in/index.php/ftenoning8zxe5hc/files/Secondary/Intitial_pages_srsec_2019-20-min.pdf" "Mozilla/5.0 (Linux; Android 7.0;) AppleWebKit/537.36 (KHTML, like Gecko) Mobile Safari/537.36 (compatible; PetalBot;+https://webmaster.petalsearch.com/site/petalbot)"
185.191.171.5 - - [25/Nov/2024:06:46:28 -0700] "GET /jp/auction/z2552254693.shtm HTTP/1.1" 200 94 "-" "Mozilla/5.0 (compatible; SemrushBot/7~bl; +http://www.semrush.com/bot.html)"
66.249.79.66 - - [25/Nov/2024:06:46:31 -0700] "GET /detail/?ekausb/ HTTP/1.1" 200 94 "-" "Mozilla/5.0 (compatible; Googlebot/2.1; +http://www.google.com/bot.html)"
69.162.124.238 - - [25/Nov/2024:06:46:42 -0700] "HEAD /cbse-corner.php HTTP/1.1" 200 - "https://baragura.akalacademy.ac.in/cbse-corner.php" "Mozilla/5.0+(compatible; UptimeRobot/2.0; http://www.uptimerobot.com/)"
114.119.139.78 - - [25/Nov/2024:06:47:00 -0700] "GET /index.php/fsubpower5fmd0hc/files/Senior%20Secondary/files/Secondary/files/Senior%20Secondary/Intitial_pages_srsec_2019-20%20(1)-min.pdf HTTP/1.1" 200 94 "https://baragura.akalacademy.ac.in/index.php/fsubpower5fmd0hc/files/Senior%20Secondary/files/Secondary/Punjabi_Sec_2019-20-min.pdf" "Mozilla/5.0 (Linux; Android 7.0;) AppleWebKit/537.36 (KHTML, like Gecko) Mobile Safari/537.36 (compatible; PetalBot;+https://webmaster.petalsearch.com/site/petalbot)"
66.249.79.65 - - [25/Nov/2024:06:47:02 -0700] "GET /bet/?ouccwq/best-poker-streamers.html HTTP/1.1" 200 94 "-" "Mozilla/5.0 (compatible; Googlebot/2.1; +http://www.google.com/bot.html)"
66.249.79.66 - - [25/Nov/2024:06:47:02 -0700] "GET /bet/guphrc/ HTTP/1.1" 200 94 "-" "Mozilla/5.0 (compatible; Googlebot/2.1; +http://www.google.com/bot.html)"
66.249.79.65 - - [25/Nov/2024:06:47:27 -0700] "GET /bet/?mxzmbk/microgaming-blackjack-list.html HTTP/1.1" 200 94 "-" "Mozilla/5.0 (compatible; Googlebot/2.1; +http://www.google.com/bot.html)"
114.119.132.57 - - [25/Nov/2024:06:47:40 -0700] "GET /index.php/fspade0gxw8hc/files/Senior%20Secondary/files/Senior%20Secondary/Intitial_pages_srsec_2019-20%20(1)-min.pdf HTTP/1.1" 200 94 "https://baragura.akalacademy.ac.in/index.php/fspade0gxw8hc/files/Senior%20Secondary/Intitial_pages_srsec_2019-20%20(1)-min.pdf" "Mozilla/5.0 (Linux; Android 7.0;) AppleWebKit/537.36 (KHTML, like Gecko) Mobile Safari/537.36 (compatible; PetalBot;+https://webmaster.petalsearch.com/site/petalbot)"
66.249.79.64 - - [25/Nov/2024:06:47:43 -0700] "GET /bet/ntzois/ipl-cricket-symbol.html HTTP/1.1" 200 94 "-" "Mozilla/5.0 (compatible; Googlebot/2.1; +http://www.google.com/bot.html)"
52.167.144.223 - - [25/Nov/2024:06:47:45 -0700] "GET /for-healthcare-professionals/refer-a-patient/files/I-VIII/files/Senior%20Secondary/Mathematics-min.pdf HTTP/1.1" 200 94 "-" "Mozilla/5.0 AppleWebKit/537.36 (KHTML, like Gecko; compatible; bingbot/2.0; +http://www.bing.com/bingbot.htm) Chrome/116.0.1938.76 Safari/537.36"
185.191.171.1 - - [25/Nov/2024:06:47:47 -0700] "GET /jp/auction/z251499407.shtm HTTP/1.1" 200 94 "-" "Mozilla/5.0 (compatible; SemrushBot/7~bl; +http://www.semrush.com/bot.html)"
66.249.79.64 - - [25/Nov/2024:06:47:50 -0700] "GET /news/zzycyv/arbitrage-betting-difficult-in-us.html HTTP/1.1" 200 94 "-" "Mozilla/5.0 (compatible; Googlebot/2.1; +http://www.google.com/bot.html)"
66.249.79.64 - - [25/Nov/2024:06:47:58 -0700] "GET /bet/?hsavbk/ HTTP/1.1" 200 94 "-" "Mozilla/5.0 (compatible; Googlebot/2.1; +http://www.google.com/bot.html)"
114.119.132.57 - - [25/Nov/2024:06:48:20 -0700] "GET /index.php/fskin-peeled6iwn0hc/files/Secondary/files/Senior%20Secondary/files/Secondary/Intitial_pages_srsec_2019-20-min.pdf HTTP/1.1" 200 94 "https://baragura.akalacademy.ac.in/index.php/fskin-peeled6iwn0hc/files/Secondary/files/Senior%20Secondary/Intitial_pages_srsec_2019-20%20(1)-min.pdf" "Mozilla/5.0 (Linux; Android 7.0;) AppleWebKit/537.36 (KHTML, like Gecko) Mobile Safari/537.36 (compatible; PetalBot;+https://webmaster.petalsearch.com/site/petalbot)"
66.249.79.65 - - [25/Nov/2024:06:48:21 -0700] "GET /detail/ckybrp/ HTTP/1.1" 200 94 "-" "Mozilla/5.0 (compatible; Googlebot/2.1; +http://www.google.com/bot.html)"
66.249.79.64 - - [25/Nov/2024:06:48:46 -0700] "GET /detail/mscpqq/roll-no-21-adventure-games-laptop.html HTTP/1.1" 200 94 "-" "Mozilla/5.0 (compatible; Googlebot/2.1; +http://www.google.com/bot.html)"
66.249.79.64 - - [25/Nov/2024:06:48:55 -0700] "GET /news/?mcpihj/tash-game-online-play.html HTTP/1.1" 200 94 "-" "Mozilla/5.0 (compatible; Googlebot/2.1; +http://www.google.com/bot.html)"
66.249.79.64 - - [25/Nov/2024:06:48:57 -0700] "GET /detail/?uewxrd/mumbai-indians-&-rps-percentg-who-won.html HTTP/1.1" 200 94 "-" "Mozilla/5.0 (compatible; Googlebot/2.1; +http://www.google.com/bot.html)"
114.119.155.118 - - [25/Nov/2024:06:49:00 -0700] "GET /index.php/fself-terminating1bno0hc/files/Senior%20Secondary/files/Secondary/Intitial_pages_srsec_2019-20-min.pdf HTTP/1.1" 200 94 "https://baragura.akalacademy.ac.in/index.php/fself-terminating1bno0hc/files/Senior%20Secondary/Intitial_pages_srsec_2019-20%20(1)-min.pdf" "Mozilla/5.0 (Linux; Android 7.0;) AppleWebKit/537.36 (KHTML, like Gecko) Mobile Safari/537.36 (compatible; PetalBot;+https://webmaster.petalsearch.com/site/petalbot)"
85.208.96.193 - - [25/Nov/2024:06:49:01 -0700] "GET /jp/auction/f2552356593.shtm HTTP/1.1" 200 94 "-" "Mozilla/5.0 (compatible; SemrushBot/7~bl; +http://www.semrush.com/bot.html)"
66.249.79.66 - - [25/Nov/2024:06:49:03 -0700] "GET /detail/aaclfx/ HTTP/1.1" 200 94 "-" "Mozilla/5.0 (compatible; Googlebot/2.1; +http://www.google.com/bot.html)"
66.249.79.66 - - [25/Nov/2024:06:49:05 -0700] "GET /detail/cfuwli/ea-cricket-games-at-media-fire.html HTTP/1.1" 200 94 "-" "Mozilla/5.0 (compatible; Googlebot/2.1; +http://www.google.com/bot.html)"
52.167.144.145 - - [25/Nov/2024:06:49:09 -0700] "GET /c/files/Secondary/files/IX-X/Grade%20(X)-min.pdf HTTP/1.1" 200 94 "-" "Mozilla/5.0 AppleWebKit/537.36 (KHTML, like Gecko; compatible; bingbot/2.0; +http://www.bing.com/bingbot.htm) Chrome/116.0.1938.76 Safari/537.36"
52.167.144.145 - - [25/Nov/2024:06:49:09 -0700] "GET /topix/%E3%80%90rizin-30%E3%80%91%E6%9C%9D%E5%80%89%E6%B5%B7%E9%81%B8%E6%89%8B%EF%BC%81%E6%8B%B3%E3%82%92%E7%97%9B%E3%82%81%E3%81%AA%E3%81%8C%E3%82%89%E3%82%82%E8%BE%9B%E5%8B%9D%EF%BC%81/files/Secondary/files/Secondary/402-INFO_TECH_X-min.pdf HTTP/1.1" 200 94 "-" "Mozilla/5.0 AppleWebKit/537.36 (KHTML, like Gecko; compatible; bingbot/2.0; +http://www.bing.com/bingbot.htm) Chrome/116.0.1938.76 Safari/537.36"
66.249.79.65 - - [25/Nov/2024:06:49:10 -0700] "GET /detail/gazqzg/india-hockey-world-cup-win-in-which-year.html HTTP/1.1" 200 94 "-" "Mozilla/5.0 (compatible; Googlebot/2.1; +http://www.google.com/bot.html)"
66.249.79.64 - - [25/Nov/2024:06:49:19 -0700] "GET /detail/?xngoia/cricket-world-cup-prediction-contest.html HTTP/1.1" 200 94 "-" "Mozilla/5.0 (compatible; Googlebot/2.1; +http://www.google.com/bot.html)"
194.233.72.158 - - [25/Nov/2024:06:49:27 -0700] "GET /images/journey/santteja/wp-admin/noop.php HTTP/1.1" 200 94 "-" "Uptime-Kuma/1.23.3"
66.249.79.64 - - [25/Nov/2024:06:49:36 -0700] "GET /detail/ldliyi/ HTTP/1.1" 200 94 "-" "Mozilla/5.0 (compatible; Googlebot/2.1; +http://www.google.com/bot.html)"
66.249.79.64 - - [25/Nov/2024:06:49:36 -0700] "GET /news/?kdwgcs/ HTTP/1.1" 200 94 "-" "Mozilla/5.0 (compatible; Googlebot/2.1; +http://www.google.com/bot.html)"
114.119.157.112 - - [25/Nov/2024:06:49:40 -0700] "GET /index.php/fsandpapery8azw6hc/files/Senior%20Secondary/files/Secondary/Intitial_pages_sec_2019-20-min.pdf HTTP/1.1" 200 94 "https://baragura.akalacademy.ac.in/index.php/fsandpapery8azw6hc/files/Senior%20Secondary/Intitial_pages_srsec_2019-20%20(1)-min.pdf" "Mozilla/5.0 (Linux; Android 7.0;) AppleWebKit/537.36 (KHTML, like Gecko) Mobile Safari/537.36 (compatible; PetalBot;+https://webmaster.petalsearch.com/site/petalbot)"
66.249.79.64 - - [25/Nov/2024:06:49:42 -0700] "GET /news/?ajqeoz/ HTTP/1.1" 200 94 "-" "Mozilla/5.0 (compatible; Googlebot/2.1; +http://www.google.com/bot.html)"
66.249.79.64 - - [25/Nov/2024:06:49:44 -0700] "GET /detail/amtsyj/ HTTP/1.1" 200 94 "-" "Mozilla/5.0 (compatible; Googlebot/2.1; +http://www.google.com/bot.html)"
66.249.79.64 - - [25/Nov/2024:06:49:56 -0700] "GET /news/tcppel/afghanistan-youngest-cricket-player.html HTTP/1.1" 200 94 "-" "Mozilla/5.0 (compatible; Googlebot/2.1; +http://www.google.com/bot.html)"
66.249.79.64 - - [25/Nov/2024:06:50:20 -0700] "GET /detail/?aagaxj/ea-cricket-player-editor.html HTTP/1.1" 200 94 "-" "Mozilla/5.0 (compatible; Googlebot/2.1; +http://www.google.com/bot.html)"
114.119.157.112 - - [25/Nov/2024:06:50:20 -0700] "GET /index.php/froiling3yag4hc/files/Secondary/files/Senior%20Secondary/files/Secondary/Intitial_pages_sec_2019-20-min.pdf HTTP/1.1" 200 94 "https://baragura.akalacademy.ac.in/index.php/froiling3yag4hc/files/Secondary/files/Senior%20Secondary/Intitial_pages_srsec_2019-20%20(1)-min.pdf" "Mozilla/5.0 (Linux; Android 7.0;) AppleWebKit/537.36 (KHTML, like Gecko) Mobile Safari/537.36 (compatible; PetalBot;+https://webmaster.petalsearch.com/site/petalbot)"
66.249.79.64 - - [25/Nov/2024:06:50:22 -0700] "GET /news/?rxkqyl/ HTTP/1.1" 200 94 "-" "Mozilla/5.0 (compatible; Googlebot/2.1; +http://www.google.com/bot.html)"
185.191.171.14 - - [25/Nov/2024:06:50:24 -0700] "GET /jp/auction/y2542009382.shtm HTTP/1.1" 200 94 "-" "Mozilla/5.0 (compatible; SemrushBot/7~bl; +http://www.semrush.com/bot.html)"
66.249.79.65 - - [25/Nov/2024:06:50:25 -0700] "GET /bet/tgegft/tash-ka-game-lakdi-wala.html HTTP/1.1" 200 94 "-" "Mozilla/5.0 (compatible; Googlebot/2.1; +http://www.google.com/bot.html)"
66.249.79.64 - - [25/Nov/2024:06:50:32 -0700] "GET /bet/?pofcyc/ HTTP/1.1" 200 94 "-" "Mozilla/5.0 (compatible; Googlebot/2.1; +http://www.google.com/bot.html)"
114.119.136.146 - - [25/Nov/2024:06:51:00 -0700] "GET /index.php/frevolved6baa2hc/files/Senior%20Secondary/files/Senior%20Secondary/Intitial_pages_srsec_2019-20%20(1)-min.pdf HTTP/1.1" 200 94 "https://baragura.akalacademy.ac.in/index.php/frevolved6baa2hc/files/Senior%20Secondary/Intitial_pages_srsec_2019-20%20(1)-min.pdf" "Mozilla/5.0 (Linux; Android 7.0;) AppleWebKit/537.36 (KHTML, like Gecko) Mobile Safari/537.36 (compatible; PetalBot;+https://webmaster.petalsearch.com/site/petalbot)"
66.249.79.66 - - [25/Nov/2024:06:51:12 -0700] "GET /news/uowhns/ HTTP/1.1" 200 94 "-" "Mozilla/5.0 (compatible; Googlebot/2.1; +http://www.google.com/bot.html)"
66.249.79.65 - - [25/Nov/2024:06:51:30 -0700] "GET /bet/vrqqkz/ HTTP/1.1" 200 94 "-" "Mozilla/5.0 (compatible; Googlebot/2.1; +http://www.google.com/bot.html)"
185.191.171.3 - - [25/Nov/2024:06:51:37 -0700] "GET /jp/auction/s2541938734.shtm HTTP/1.1" 200 94 "-" "Mozilla/5.0 (compatible; SemrushBot/7~bl; +http://www.semrush.com/bot.html)"
66.249.79.64 - - [25/Nov/2024:06:51:39 -0700] "GET /detail/?fjrhkz/ HTTP/1.1" 200 94 "-" "Mozilla/5.0 (compatible; Googlebot/2.1; +http://www.google.com/bot.html)"
114.119.147.32 - - [25/Nov/2024:06:51:40 -0700] "GET /index.php/fretrievers9uei3hc/files/Senior%20Secondary/files/Secondary/Intitial_pages_sec_2019-20-min.pdf HTTP/1.1" 200 94 "https://baragura.akalacademy.ac.in/index.php/fretrievers9uei3hc/files/Senior%20Secondary/Intitial_pages_srsec_2019-20%20(1)-min.pdf" "Mozilla/5.0 (Linux; Android 7.0;) AppleWebKit/537.36 (KHTML, like Gecko) Mobile Safari/537.36 (compatible; PetalBot;+https://webmaster.petalsearch.com/site/petalbot)"
69.162.124.238 - - [25/Nov/2024:06:51:42 -0700] "HEAD /cbse-corner.php HTTP/1.1" 200 - "https://baragura.akalacademy.ac.in/cbse-corner.php" "Mozilla/5.0+(compatible; UptimeRobot/2.0; http://www.uptimerobot.com/)"
52.167.144.223 - - [25/Nov/2024:06:51:45 -0700] "GET /wp/%E3%80%8C%E7%B4%B0%E8%83%9E%E8%86%9C%E7%99%82%E6%B3%95%E3%80%8D%E8%84%B3%E3%80%81%E8%82%9D%E8%87%93%E3%80%81%E5%BF%83%E8%A1%80%E7%AE%A1%E7%B3%BB%E7%96%BE%E6%82%A3%E3%81%AE%E8%87%A8%E5%BA%8A%E5%AE%9F/files/Secondary/contact.php?jp/class/x25110010.shtm HTTP/1.1" 200 94 "-" "Mozilla/5.0 AppleWebKit/537.36 (KHTML, like Gecko; compatible; bingbot/2.0; +http://www.bing.com/bingbot.htm) Chrome/116.0.1938.76 Safari/537.36"
52.167.144.223 - - [25/Nov/2024:06:51:45 -0700] "GET /ps/solution/ibmi/bizapp1 HTTP/1.1" 200 94 "-" "Mozilla/5.0 AppleWebKit/537.36 (KHTML, like Gecko; compatible; bingbot/2.0; +http://www.bing.com/bingbot.htm) Chrome/116.0.1938.76 Safari/537.36"
52.167.144.145 - - [25/Nov/2024:06:51:47 -0700] "GET /product/%E5%AE%B6%E5%BA%AD%E7%94%A8%E3%81%A0%E3%81%91%E3%81%A9%E6%9C%AC%E6%A0%BC%E7%9A%84%EF%BC%81%E3%80%8C%E3%82%AA%E3%83%A0%E3%83%AD%E3%83%B3-%E9%9B%BB%E6%B0%97%E6%B2%BB%E7%99%82%E5%99%A8-hv-f5200%E3%80%8D/files/Secondary/files/Senior%20Secondary/theschool.php HTTP/1.1" 200 94 "-" "Mozilla/5.0 AppleWebKit/537.36 (KHTML, like Gecko; compatible; bingbot/2.0; +http://www.bing.com/bingbot.htm) Chrome/116.0.1938.76 Safari/537.36"
85.208.96.193 - - [25/Nov/2024:06:51:49 -0700] "GET /jp/auction/i2563075236.shtm HTTP/1.1" 200 94 "-" "Mozilla/5.0 (compatible; SemrushBot/7~bl; +http://www.semrush.com/bot.html)"
114.119.138.214 - - [25/Nov/2024:06:52:20 -0700] "GET /index.php/fpurred5bpy8hc/files/Senior%20Secondary/files/Secondary/Intitial_pages_srsec_2019-20-min.pdf HTTP/1.1" 200 94 "https://baragura.akalacademy.ac.in/index.php/fpurred5bpy8hc/files/Senior%20Secondary/Intitial_pages_srsec_2019-20%20(1)-min.pdf" "Mozilla/5.0 (Linux; Android 7.0;) AppleWebKit/537.36 (KHTML, like Gecko) Mobile Safari/537.36 (compatible; PetalBot;+https://webmaster.petalsearch.com/site/petalbot)"
185.191.171.13 - - [25/Nov/2024:06:52:20 -0700] "GET /academics.php?jp%2Fauction%2Fu25112734.shtm HTTP/1.1" 200 94 "-" "Mozilla/5.0 (compatible; SemrushBot/7~bl; +http://www.semrush.com/bot.html)"
66.249.79.65 - - [25/Nov/2024:06:52:22 -0700] "GET /bet/jxtakn/ HTTP/1.1" 200 94 "-" "Mozilla/5.0 (compatible; Googlebot/2.1; +http://www.google.com/bot.html)"
185.191.171.15 - - [25/Nov/2024:06:52:24 -0700] "GET /jp/auction/u2552572538.shtm HTTP/1.1" 200 94 "-" "Mozilla/5.0 (compatible; SemrushBot/7~bl; +http://www.semrush.com/bot.html)"
66.249.79.64 - - [25/Nov/2024:06:52:30 -0700] "GET /news/kouhmo/ HTTP/1.1" 200 94 "-" "Mozilla/5.0 (compatible; Googlebot/2.1; +http://www.google.com/bot.html)"
66.249.79.64 - - [25/Nov/2024:06:52:46 -0700] "GET /news/?ovrsst/baccarat-id3-steak-knives.html HTTP/1.1" 200 94 "-" "Mozilla/5.0 (compatible; Googlebot/2.1; +http://www.google.com/bot.html)"
114.119.138.214 - - [25/Nov/2024:06:53:00 -0700] "GET /index.php/fporcated6adb0hc/files/Senior%20Secondary/files/Secondary/Intitial_pages_srsec_2019-20-min.pdf HTTP/1.1" 200 94 "https://baragura.akalacademy.ac.in/index.php/fporcated6adb0hc/files/Senior%20Secondary/Intitial_pages_srsec_2019-20%20(1)-min.pdf" "Mozilla/5.0 (Linux; Android 7.0;) AppleWebKit/537.36 (KHTML, like Gecko) Mobile Safari/537.36 (compatible; PetalBot;+https://webmaster.petalsearch.com/site/petalbot)"
185.191.171.4 - - [25/Nov/2024:06:53:03 -0700] "GET /jp/auction/c2552288184.shtm HTTP/1.1" 200 94 "-" "Mozilla/5.0 (compatible; SemrushBot/7~bl; +http://www.semrush.com/bot.html)"
66.249.79.66 - - [25/Nov/2024:06:53:09 -0700] "GET /detail/?qqqvwo/ HTTP/1.1" 200 94 "-" "Mozilla/5.0 (compatible; Googlebot/2.1; +http://www.google.com/bot.html)"
66.249.79.65 - - [25/Nov/2024:06:53:25 -0700] "GET /bet/?qewrft/bet-on-yourself-in-hindi.html HTTP/1.1" 200 94 "-" "Mozilla/5.0 (compatible; Googlebot/2.1; +http://www.google.com/bot.html)"
66.249.79.65 - - [25/Nov/2024:06:53:26 -0700] "GET /bet/?lnvotk/best-android-game-cricket.html HTTP/1.1" 200 94 "-" "Mozilla/5.0 (compatible; Googlebot/2.1; +http://www.google.com/bot.html)"
66.249.79.64 - - [25/Nov/2024:06:53:35 -0700] "GET /news/hcdzpq/ HTTP/1.1" 200 94 "-" "Mozilla/5.0 (compatible; Googlebot/2.1; +http://www.google.com/bot.html)"
52.167.144.145 - - [25/Nov/2024:06:53:38 -0700] "GET /2021/11/17/files/senior%20secondary/physicaleducation-min.pdf HTTP/1.1" 200 94 "-" "Mozilla/5.0 AppleWebKit/537.36 (KHTML, like Gecko; compatible; bingbot/2.0; +http://www.bing.com/bingbot.htm) Chrome/116.0.1938.76 Safari/537.36"
114.119.138.214 - - [25/Nov/2024:06:53:40 -0700] "GET /index.php/fpianoforte8nse7hc/files/Secondary/files/Senior%20Secondary/Intitial_pages_srsec_2019-20%20(1)-min.pdf HTTP/1.1" 200 94 "https://baragura.akalacademy.ac.in/index.php/fpianoforte8nse7hc/files/Secondary/Intitial_pages_srsec_2019-20-min.pdf" "Mozilla/5.0 (Linux; Android 7.0;) AppleWebKit/537.36 (KHTML, like Gecko) Mobile Safari/537.36 (compatible; PetalBot;+https://webmaster.petalsearch.com/site/petalbot)"
52.167.144.149 - - [25/Nov/2024:06:53:59 -0700] "GET /content/guide/files/Senior%20Secondary/files/Secondary/14_Circular_2019ANX1-min.pdf HTTP/1.1" 200 94 "-" "Mozilla/5.0 AppleWebKit/537.36 (KHTML, like Gecko; compatible; bingbot/2.0; +http://www.bing.com/bingbot.htm) Chrome/116.0.1938.76 Safari/537.36"
114.119.155.118 - - [25/Nov/2024:06:54:21 -0700] "GET /index.php/fpermaphase0bvg6hc/files/Secondary/files/Secondary/files/Secondary/Intitial_pages_srsec_2019-20-min.pdf HTTP/1.1" 200 94 "https://baragura.akalacademy.ac.in/index.php/fpermaphase0bvg6hc/files/Secondary/files/Secondary/Intitial_pages_sec_2019-20-min.pdf" "Mozilla/5.0 (Linux; Android 7.0;) AppleWebKit/537.36 (KHTML, like Gecko) Mobile Safari/537.36 (compatible; PetalBot;+https://webmaster.petalsearch.com/site/petalbot)"
40.77.167.65 - - [25/Nov/2024:06:54:28 -0700] "GET /information/%E3%83%90%E3%83%83%E3%83%86%E3%83%AA%E5%BC%8F%E3%82%B8%E3%83%99%E3%83%AC%E3%83%AA%E3%83%B3%E5%87%A6%E7%90%86%E6%A9%9F%E3%81%8C%E6%96%B0%E8%81%9E%E3%81%A7%E7%B4%B9%E4%BB%8B%E3%81%95%E3%82%8C%E3%81%BE/files/Secondary/images/files/cbse-corner.php HTTP/1.1" 200 94 "-" "Mozilla/5.0 AppleWebKit/537.36 (KHTML, like Gecko; compatible; bingbot/2.0; +http://www.bing.com/bingbot.htm) Chrome/116.0.1938.76 Safari/537.36"
52.167.144.223 - - [25/Nov/2024:06:54:36 -0700] "GET /artikel/checkliste-wie-sie-praesentationen-vorbereiten-und-durchfuehren/files/I-VIII/files/I-VIII/S.St%20(III%20to%20VIII)-min.pdf HTTP/1.1" 200 94 "-" "Mozilla/5.0 AppleWebKit/537.36 (KHTML, like Gecko; compatible; bingbot/2.0; +http://www.bing.com/bingbot.htm) Chrome/116.0.1938.76 Safari/537.36"
66.249.79.64 - - [25/Nov/2024:06:54:40 -0700] "GET /bet/eqbyae/ HTTP/1.1" 200 94 "-" "Mozilla/5.0 (compatible; Googlebot/2.1; +http://www.google.com/bot.html)"
52.167.144.145 - - [25/Nov/2024:06:54:49 -0700] "GET /kabu/%E6%A0%AA%E3%81%AE%E5%8B%9D%E3%81%A1%E6%96%B9%E3%81%A8%E3%81%AF%EF%BC%81%E3%83%95%E3%82%A1%E3%83%B3%E3%83%80%E3%83%A1%E3%83%B3%E3%82%BF%E3%83%AB%E3%82%BA%E5%88%86%E6%9E%90%EF%BC%9F%E3%83%86%E3%82%AF/files/Secondary/gallery.php?jp/auction/m25118498.shtm HTTP/1.1" 200 94 "-" "Mozilla/5.0 AppleWebKit/537.36 (KHTML, like Gecko; compatible; bingbot/2.0; +http://www.bing.com/bingbot.htm) Chrome/116.0.1938.76 Safari/537.36"
52.167.144.145 - - [25/Nov/2024:06:54:50 -0700] "GET /tutoriel-complet-accus-et-leur-utilisation-dans-la-vape/files/IX-X/files/IX-X/addmission.php HTTP/1.1" 200 94 "-" "Mozilla/5.0 AppleWebKit/537.36 (KHTML, like Gecko; compatible; bingbot/2.0; +http://www.bing.com/bingbot.htm) Chrome/116.0.1938.76 Safari/537.36"
52.167.144.145 - - [25/Nov/2024:06:54:54 -0700] "GET /visit/resources-for-families/wellness-resources/files/Senior%20Secondary/files/Secondary/402-INFO_TECH-min.pdf HTTP/1.1" 200 94 "-" "Mozilla/5.0 AppleWebKit/537.36 (KHTML, like Gecko; compatible; bingbot/2.0; +http://www.bing.com/bingbot.htm) Chrome/116.0.1938.76 Safari/537.36"
114.119.147.32 - - [25/Nov/2024:06:55:01 -0700] "GET /index.php/fowes3dfe8hc/files/Secondary/files/Secondary/Intitial_pages_srsec_2019-20-min.pdf HTTP/1.1" 200 94 "https://baragura.akalacademy.ac.in/index.php/fowes3dfe8hc/files/Secondary/Intitial_pages_sec_2019-20-min.pdf" "Mozilla/5.0 (Linux; Android 7.0;) AppleWebKit/537.36 (KHTML, like Gecko) Mobile Safari/537.36 (compatible; PetalBot;+https://webmaster.petalsearch.com/site/petalbot)"
40.77.167.65 - - [25/Nov/2024:06:55:09 -0700] "GET /2021/10/19/%E3%80%90%E7%94%B3%E8%AB%8B%E5%8F%97%E4%BB%98%E3%81%AE%E5%A4%89%E6%9B%B4%E3%80%91%E8%87%AA%E5%8B%95%E8%BB%8A%E4%BA%8B%E6%95%85%E5%AF%BE%E7%AD%96%E8%B2%BB%E8%A3%9C%E5%8A%A9%E9%87%91%EF%BC%88%E5%85%88/files/Senior%20Secondary/files/Senior%20Secondary/contact.php HTTP/1.1" 200 94 "-" "Mozilla/5.0 AppleWebKit/537.36 (KHTML, like Gecko; compatible; bingbot/2.0; +http://www.bing.com/bingbot.htm) Chrome/116.0.1938.76 Safari/537.36"
66.249.79.65 - - [25/Nov/2024:06:55:18 -0700] "GET /bet/tbcyor/ HTTP/1.1" 200 94 "-" "Mozilla/5.0 (compatible; Googlebot/2.1; +http://www.google.com/bot.html)"
66.249.79.64 - - [25/Nov/2024:06:55:35 -0700] "GET /bet/?fcbfxh/ms-dhoni-final-six-and-bat-swing.html HTTP/1.1" 200 94 "-" "Mozilla/5.0 (compatible; Googlebot/2.1; +http://www.google.com/bot.html)"
114.119.138.214 - - [25/Nov/2024:06:55:41 -0700] "GET /index.php/foversauce8sye0hc/files/Secondary/files/Secondary/Intitial_pages_srsec_2019-20-min.pdf HTTP/1.1" 200 94 "https://baragura.akalacademy.ac.in/index.php/foversauce8sye0hc/files/Secondary/Intitial_pages_sec_2019-20-min.pdf" "Mozilla/5.0 (Linux; Android 7.0;) AppleWebKit/537.36 (KHTML, like Gecko) Mobile Safari/537.36 (compatible; PetalBot;+https://webmaster.petalsearch.com/site/petalbot)"
66.249.79.64 - - [25/Nov/2024:06:55:45 -0700] "GET /news/nxvwox/rummy-apk-online.html HTTP/1.1" 200 94 "-" "Mozilla/5.0 (compatible; Googlebot/2.1; +http://www.google.com/bot.html)"
66.249.79.64 - - [25/Nov/2024:06:55:46 -0700] "GET /news/jvuqyv/yesterday-t20-world-cup-match.html HTTP/1.1" 200 94 "-" "Mozilla/5.0 (compatible; Googlebot/2.1; +http://www.google.com/bot.html)"
66.249.79.65 - - [25/Nov/2024:06:56:14 -0700] "GET /detail/bwqexm/online-cricket-ticket-booking-pune.html HTTP/1.1" 200 94 "-" "Mozilla/5.0 (compatible; Googlebot/2.1; +http://www.google.com/bot.html)"
185.191.171.6 - - [25/Nov/2024:06:56:21 -0700] "GET /jp/auction/j251151719.shtm HTTP/1.1" 200 94 "-" "Mozilla/5.0 (compatible; SemrushBot/7~bl; +http://www.semrush.com/bot.html)"
114.119.157.112 - - [25/Nov/2024:06:56:21 -0700] "GET /index.php/fmoldasle4koz2hc/files/Senior%20Secondary/files/Secondary/Intitial_pages_sec_2019-20-min.pdf HTTP/1.1" 200 94 "https://baragura.akalacademy.ac.in/index.php/fmoldasle4koz2hc/files/Senior%20Secondary/Intitial_pages_srsec_2019-20%20(1)-min.pdf" "Mozilla/5.0 (Linux; Android 7.0;) AppleWebKit/537.36 (KHTML, like Gecko) Mobile Safari/537.36 (compatible; PetalBot;+https://webmaster.petalsearch.com/site/petalbot)"
185.191.171.18 - - [25/Nov/2024:06:56:35 -0700] "GET /jp/auction/k2542103280.shtm HTTP/1.1" 200 94 "-" "Mozilla/5.0 (compatible; SemrushBot/7~bl; +http://www.semrush.com/bot.html)"
66.249.79.65 - - [25/Nov/2024:06:56:38 -0700] "GET /news/tdiqts/ HTTP/1.1" 200 94 "-" "Mozilla/5.0 (compatible; Googlebot/2.1; +http://www.google.com/bot.html)"
66.249.79.64 - - [25/Nov/2024:06:56:40 -0700] "GET /detail/?gdiufy/ HTTP/1.1" 200 94 "-" "Mozilla/5.0 (compatible; Googlebot/2.1; +http://www.google.com/bot.html)"
69.162.124.238 - - [25/Nov/2024:06:56:42 -0700] "HEAD /cbse-corner.php HTTP/1.1" 200 - "https://baragura.akalacademy.ac.in/cbse-corner.php" "Mozilla/5.0+(compatible; UptimeRobot/2.0; http://www.uptimerobot.com/)"
185.191.171.10 - - [25/Nov/2024:06:56:48 -0700] "GET /jp/auction/l25174735.shtm HTTP/1.1" 200 94 "-" "Mozilla/5.0 (compatible; SemrushBot/7~bl; +http://www.semrush.com/bot.html)"
114.119.138.214 - - [25/Nov/2024:06:57:02 -0700] "GET /index.php/fmetanotum7clr0hc/files/Secondary/files/Secondary/Intitial_pages_srsec_2019-20-min.pdf HTTP/1.1" 200 94 "https://baragura.akalacademy.ac.in/index.php/fmetanotum7clr0hc/files/Secondary/Intitial_pages_srsec_2019-20-min.pdf" "Mozilla/5.0 (Linux; Android 7.0;) AppleWebKit/537.36 (KHTML, like Gecko) Mobile Safari/537.36 (compatible; PetalBot;+https://webmaster.petalsearch.com/site/petalbot)"
185.191.171.10 - - [25/Nov/2024:06:57:18 -0700] "GET /jp/auction/y2563035108.shtm HTTP/1.1" 200 94 "-" "Mozilla/5.0 (compatible; SemrushBot/7~bl; +http://www.semrush.com/bot.html)"
40.77.167.254 - - [25/Nov/2024:06:57:27 -0700] "GET /%E8%A1%80%E7%B3%96%E5%80%A4%E3%82%84hba1c%E3%82%92%E4%B8%8B%E3%81%92%E3%82%8B%E3%81%AB%E3%81%AF%E5%86%85%E8%87%93%E8%84%82%E8%82%AA%E3%81%8C%E3%82%AB%E3%82%AE-%E3%80%9C-%E3%82%A4%E3%83%B3%E3%82%B9/files/I-VIII/files/I-VIII/contact.php HTTP/1.1" 200 94 "-" "Mozilla/5.0 AppleWebKit/537.36 (KHTML, like Gecko; compatible; bingbot/2.0; +http://www.bing.com/bingbot.htm) Chrome/116.0.1938.76 Safari/537.36"
66.249.79.66 - - [25/Nov/2024:06:57:39 -0700] "GET /news/?ubviyc/ HTTP/1.1" 200 94 "-" "Mozilla/5.0 (compatible; Googlebot/2.1; +http://www.google.com/bot.html)"
114.119.138.214 - - [25/Nov/2024:06:57:41 -0700] "GET /index.php/fmedioccipital6xrf9hc/files/Secondary/files/Secondary/files/Secondary/Intitial_pages_sec_2019-20-min.pdf HTTP/1.1" 200 94 "https://baragura.akalacademy.ac.in/index.php/fmedioccipital6xrf9hc/files/Secondary/files/Secondary/Intitial_pages_sec_2019-20-min.pdf" "Mozilla/5.0 (Linux; Android 7.0;) AppleWebKit/537.36 (KHTML, like Gecko) Mobile Safari/537.36 (compatible; PetalBot;+https://webmaster.petalsearch.com/site/petalbot)"
185.191.171.3 - - [25/Nov/2024:06:57:42 -0700] "GET /jp/auction/u2552398572.shtm HTTP/1.1" 200 94 "-" "Mozilla/5.0 (compatible; SemrushBot/7~bl; +http://www.semrush.com/bot.html)"
66.249.79.65 - - [25/Nov/2024:06:57:48 -0700] "GET /news/?ktkgxb/438-cricket-game.html HTTP/1.1" 200 94 "-" "Mozilla/5.0 (compatible; Googlebot/2.1; +http://www.google.com/bot.html)"
40.77.167.65 - - [25/Nov/2024:06:57:51 -0700] "GET /fmi/webd/files/secondary/files/Secondary/Punjabi_Sec_2019-20-min.pdf HTTP/1.1" 200 94 "-" "Mozilla/5.0 AppleWebKit/537.36 (KHTML, like Gecko; compatible; bingbot/2.0; +http://www.bing.com/bingbot.htm) Chrome/116.0.1938.76 Safari/537.36"
66.249.79.64 - - [25/Nov/2024:06:57:54 -0700] "GET /bet/vspirs/ HTTP/1.1" 200 94 "-" "Mozilla/5.0 (compatible; Googlebot/2.1; +http://www.google.com/bot.html)"
66.249.79.64 - - [25/Nov/2024:06:57:55 -0700] "GET /detail/hpufaz/ HTTP/1.1" 200 94 "-" "Mozilla/5.0 (compatible; Googlebot/2.1; +http://www.google.com/bot.html)"
66.249.79.66 - - [25/Nov/2024:06:58:06 -0700] "GET /detail/miwhqd/online-vending-machine-game.html HTTP/1.1" 200 94 "-" "Mozilla/5.0 (compatible; Googlebot/2.1; +http://www.google.com/bot.html)"
114.119.139.78 - - [25/Nov/2024:06:58:21 -0700] "GET /index.php/floose-living5trk3hc/files/Senior%20Secondary/files/Secondary/Intitial_pages_srsec_2019-20-min.pdf HTTP/1.1" 200 94 "https://baragura.akalacademy.ac.in/index.php/floose-living5trk3hc/files/Senior%20Secondary/Intitial_pages_srsec_2019-20%20(1)-min.pdf" "Mozilla/5.0 (Linux; Android 7.0;) AppleWebKit/537.36 (KHTML, like Gecko) Mobile Safari/537.36 (compatible; PetalBot;+https://webmaster.petalsearch.com/site/petalbot)"
66.249.79.64 - - [25/Nov/2024:06:58:34 -0700] "GET /detail/?yqvfww/ HTTP/1.1" 200 94 "-" "Mozilla/5.0 (compatible; Googlebot/2.1; +http://www.google.com/bot.html)"
66.249.79.64 - - [25/Nov/2024:06:58:41 -0700] "GET /news/?pweret/mlb-mvp-predictions-2022.html HTTP/1.1" 200 94 "-" "Mozilla/5.0 (compatible; Googlebot/2.1; +http://www.google.com/bot.html)"
40.77.167.65 - - [25/Nov/2024:06:59:01 -0700] "GET /yamanobori/%E3%80%90%E5%8C%97%E7%A9%82%E9%AB%98%E5%B2%B3-%E7%99%BB%E5%B1%B1%E2%91%A1%E3%80%91%E9%96%89%E5%B1%B1%E7%9B%B4%E5%89%8D%E3%81%AE%E4%B8%8A%E9%AB%98%E5%9C%B0%EF%BC%81%E6%B6%B8%E6%B2%A2%E3%82%AB%E3%83%BC/files/Senior%20Secondary/files/IX-X/gallery.php HTTP/1.1" 200 94 "-" "Mozilla/5.0 AppleWebKit/537.36 (KHTML, like Gecko; compatible; bingbot/2.0; +http://www.bing.com/bingbot.htm) Chrome/116.0.1938.76 Safari/537.36"
114.119.138.214 - - [25/Nov/2024:06:59:02 -0700] "GET /index.php/flegpiece0rnu6hc/files/Senior%20Secondary/files/Senior%20Secondary/Intitial_pages_srsec_2019-20%20(1)-min.pdf HTTP/1.1" 200 94 "https://baragura.akalacademy.ac.in/index.php/flegpiece0rnu6hc/files/Senior%20Secondary/Intitial_pages_srsec_2019-20%20(1)-min.pdf" "Mozilla/5.0 (Linux; Android 7.0;) AppleWebKit/537.36 (KHTML, like Gecko) Mobile Safari/537.36 (compatible; PetalBot;+https://webmaster.petalsearch.com/site/petalbot)"
40.77.167.65 - - [25/Nov/2024:06:59:20 -0700] "GET /workshops/files/Senior%20Secondary/files/I-VIII/Science%20%20(III%20to%20VIII)-min.pdf HTTP/1.1" 200 94 "-" "Mozilla/5.0 AppleWebKit/537.36 (KHTML, like Gecko; compatible; bingbot/2.0; +http://www.bing.com/bingbot.htm) Chrome/116.0.1938.76 Safari/537.36"
66.249.79.65 - - [25/Nov/2024:06:59:21 -0700] "GET /news/?nqrphc/ HTTP/1.1" 200 94 "-" "Mozilla/5.0 (compatible; Googlebot/2.1; +http://www.google.com/bot.html)"
194.233.72.158 - - [25/Nov/2024:06:59:27 -0700] "GET /images/journey/santteja/wp-admin/noop.php HTTP/1.1" 200 94 "-" "Uptime-Kuma/1.23.3"
185.191.171.12 - - [25/Nov/2024:06:59:30 -0700] "GET /jp/auction/f251232289.shtm HTTP/1.1" 200 94 "-" "Mozilla/5.0 (compatible; SemrushBot/7~bl; +http://www.semrush.com/bot.html)"
66.249.79.65 - - [25/Nov/2024:06:59:31 -0700] "GET /detail/fooffc/ HTTP/1.1" 200 94 "-" "Mozilla/5.0 (compatible; Googlebot/2.1; +http://www.google.com/bot.html)"
85.208.96.197 - - [25/Nov/2024:06:59:41 -0700] "GET /jp/auction/n2552621827.shtm HTTP/1.1" 200 94 "-" "Mozilla/5.0 (compatible; SemrushBot/7~bl; +http://www.semrush.com/bot.html)"
114.119.157.112 - - [25/Nov/2024:06:59:42 -0700] "GET /index.php/flathreeve3ngv3hc/files/Senior%20Secondary/files/Senior%20Secondary/Intitial_pages_srsec_2019-20%20(1)-min.pdf HTTP/1.1" 200 94 "https://baragura.akalacademy.ac.in/index.php/flathreeve3ngv3hc/files/Senior%20Secondary/Intitial_pages_srsec_2019-20%20(1)-min.pdf" "Mozilla/5.0 (Linux; Android 7.0;) AppleWebKit/537.36 (KHTML, like Gecko) Mobile Safari/537.36 (compatible; PetalBot;+https://webmaster.petalsearch.com/site/petalbot)"
87.250.224.77 - - [25/Nov/2024:07:00:07 -0700] "GET /robots.txt HTTP/1.1" 200 94 "-" "Mozilla/5.0 (compatible; YandexBot/3.0; +http://yandex.com/bots)"
95.108.213.86 - - [25/Nov/2024:07:00:08 -0700] "GET /files/files/I-VIII/files/I-VIII/files/Secondary/Science_Sec_2019-20-min.pdf HTTP/1.1" 200 94 "-" "Mozilla/5.0 (compatible; YandexBot/3.0; +http://yandex.com/bots)"
52.167.144.146 - - [25/Nov/2024:07:00:10 -0700] "GET /online-casinos/files/senior%20secondary/files/Secondary/Mathematics_Sec_2019-20-min.pdf HTTP/1.1" 200 94 "-" "Mozilla/5.0 AppleWebKit/537.36 (KHTML, like Gecko; compatible; bingbot/2.0; +http://www.bing.com/bingbot.htm) Chrome/116.0.1938.76 Safari/537.36"
52.167.144.146 - - [25/Nov/2024:07:00:11 -0700] "GET /catalogue/category/zhi-ren-nong-zuo-v/zhu-ti-xi-lie/jie-ni-zhu-dai-xie_163/files/I-VIII/files/Senior%20Secondary/index.php HTTP/1.1" 200 94 "-" "Mozilla/5.0 AppleWebKit/537.36 (KHTML, like Gecko; compatible; bingbot/2.0; +http://www.bing.com/bingbot.htm) Chrome/116.0.1938.76 Safari/537.36"
66.249.79.64 - - [25/Nov/2024:07:00:19 -0700] "GET /news/vsgoxd/ HTTP/1.1" 200 94 "-" "Mozilla/5.0 (compatible; Googlebot/2.1; +http://www.google.com/bot.html)"
114.119.138.214 - - [25/Nov/2024:07:00:22 -0700] "GET /index.php/flappage4etq1hc/files/Senior%20Secondary/files/I-VIII/files/Senior%20Secondary/Eng.Core-min.pdf HTTP/1.1" 200 94 "https://baragura.akalacademy.ac.in/index.php/flappage4etq1hc/files/Senior%20Secondary/files/I-VIII/Science%20%20(III%20to%20VIII)-min.pdf" "Mozilla/5.0 (Linux; Android 7.0;) AppleWebKit/537.36 (KHTML, like Gecko) Mobile Safari/537.36 (compatible; PetalBot;+https://webmaster.petalsearch.com/site/petalbot)"
40.77.167.65 - - [25/Nov/2024:07:00:28 -0700] "GET /%E5%90%8C%E4%BA%BAcg%E9%9B%86-%E3%83%A0%E3%83%8B%E3%83%A5%E3%83%BC%E5%A4%A7%E4%BD%BF-%E7%94%B0%E8%88%8E%E3%81%AE%E7%B4%94%E7%B2%8B%E3%81%A7%E5%A4%A9%E4%BD%BF%E3%81%AE%E3%82%88%E3%81%86%E3%81%AA/files/IX-X/files/Secondary/gallery.php HTTP/1.1" 200 94 "-" "Mozilla/5.0 AppleWebKit/537.36 (KHTML, like Gecko; compatible; bingbot/2.0; +http://www.bing.com/bingbot.htm) Chrome/116.0.1938.76 Safari/537.36"
85.208.96.193 - - [25/Nov/2024:07:00:49 -0700] "GET /jp/auction/d2531259417.shtm HTTP/1.1" 200 94 "-" "Mozilla/5.0 (compatible; SemrushBot/7~bl; +http://www.semrush.com/bot.html)"
66.249.79.64 - - [25/Nov/2024:07:00:50 -0700] "GET /bet/?dgmegl/ HTTP/1.1" 200 94 "-" "Mozilla/5.0 (compatible; Googlebot/2.1; +http://www.google.com/bot.html)"
85.208.96.208 - - [25/Nov/2024:07:00:53 -0700] "GET /jp/auction/p2541735437.shtm HTTP/1.1" 200 94 "-" "Mozilla/5.0 (compatible; SemrushBot/7~bl; +http://www.semrush.com/bot.html)"
52.167.144.146 - - [25/Nov/2024:07:01:00 -0700] "GET /index.php/info/2020%E5%B9%B4%E5%BA%A6-%E5%85%A8%E5%9B%BD%E8%87%AA%E7%AB%8B%E6%8F%B4%E5%8A%A9%E3%83%9B%E3%83%BC%E3%83%A0%E5%AE%9F%E6%85%8B%E8%AA%BF%E6%9F%BB%E5%A0%B1%E5%91%8A%E6%9B%B8%E3%81%8C%E5%AE%8C%E6%88%90/files/IX-X/files/Senior%20Secondary/contact.php HTTP/1.1" 200 94 "-" "Mozilla/5.0 AppleWebKit/537.36 (KHTML, like Gecko; compatible; bingbot/2.0; +http://www.bing.com/bingbot.htm) Chrome/116.0.1938.76 Safari/537.36"
66.249.79.66 - - [25/Nov/2024:07:01:01 -0700] "GET /news/?fcyftt/ HTTP/1.1" 200 94 "-" "Mozilla/5.0 (compatible; Googlebot/2.1; +http://www.google.com/bot.html)"
114.119.136.146 - - [25/Nov/2024:07:01:02 -0700] "GET /index.php/finfidelity5xem1hc/files/Secondary/files/Senior%20Secondary/files/Secondary/Intitial_pages_srsec_2019-20-min.pdf HTTP/1.1" 200 94 "https://baragura.akalacademy.ac.in/index.php/finfidelity5xem1hc/files/Secondary/files/Senior%20Secondary/Intitial_pages_srsec_2019-20%20(1)-min.pdf" "Mozilla/5.0 (Linux; Android 7.0;) AppleWebKit/537.36 (KHTML, like Gecko) Mobile Safari/537.36 (compatible; PetalBot;+https://webmaster.petalsearch.com/site/petalbot)"
66.249.79.64 - - [25/Nov/2024:07:01:06 -0700] "GET /bet/ajbcdc/free-bets-and-parlays.html HTTP/1.1" 200 94 "-" "Mozilla/5.0 (compatible; Googlebot/2.1; +http://www.google.com/bot.html)"
66.249.79.64 - - [25/Nov/2024:07:01:17 -0700] "GET /bet/?jwvaxo/ HTTP/1.1" 200 94 "-" "Mozilla/5.0 (compatible; Googlebot/2.1; +http://www.google.com/bot.html)"
85.208.96.202 - - [25/Nov/2024:07:01:41 -0700] "GET /jp/auction/e2531614656.shtm HTTP/1.1" 200 94 "-" "Mozilla/5.0 (compatible; SemrushBot/7~bl; +http://www.semrush.com/bot.html)"
69.162.124.238 - - [25/Nov/2024:07:01:42 -0700] "HEAD /cbse-corner.php HTTP/1.1" 200 - "https://baragura.akalacademy.ac.in/cbse-corner.php" "Mozilla/5.0+(compatible; UptimeRobot/2.0; http://www.uptimerobot.com/)"
114.119.157.112 - - [25/Nov/2024:07:01:43 -0700] "GET /index.php/findecorously77mz1hc/files/Senior%20Secondary/files/Senior%20Secondary/Intitial_pages_srsec_2019-20%20(1)-min.pdf HTTP/1.1" 200 94 "https://baragura.akalacademy.ac.in/index.php/findecorously77mz1hc/files/Senior%20Secondary/Intitial_pages_srsec_2019-20%20(1)-min.pdf" "Mozilla/5.0 (Linux; Android 7.0;) AppleWebKit/537.36 (KHTML, like Gecko) Mobile Safari/537.36 (compatible; PetalBot;+https://webmaster.petalsearch.com/site/petalbot)"
85.208.96.205 - - [25/Nov/2024:07:01:46 -0700] "GET /jp/auction/l251222753.shtm HTTP/1.1" 200 94 "-" "Mozilla/5.0 (compatible; SemrushBot/7~bl; +http://www.semrush.com/bot.html)"
66.249.79.64 - - [25/Nov/2024:07:01:50 -0700] "GET /news/tocgzz/3d-roulette-online.html HTTP/1.1" 200 94 "-" "Mozilla/5.0 (compatible; Googlebot/2.1; +http://www.google.com/bot.html)"
66.249.79.64 - - [25/Nov/2024:07:01:56 -0700] "GET /news/?mrwxdj/ HTTP/1.1" 200 94 "-" "Mozilla/5.0 (compatible; Googlebot/2.1; +http://www.google.com/bot.html)"
66.249.79.64 - - [25/Nov/2024:07:01:57 -0700] "GET /detail/kmvsno/2024-senate-predictit.html HTTP/1.1" 200 94 "-" "Mozilla/5.0 (compatible; Googlebot/2.1; +http://www.google.com/bot.html)"
114.119.139.78 - - [25/Nov/2024:07:02:22 -0700] "GET /index.php/fferricrust2rdu4hc/files/Secondary/files/Senior%20Secondary/files/Secondary/Intitial_pages_sec_2019-20-min.pdf HTTP/1.1" 200 94 "https://baragura.akalacademy.ac.in/index.php/fferricrust2rdu4hc/files/Secondary/files/Senior%20Secondary/Intitial_pages_srsec_2019-20%20(1)-min.pdf" "Mozilla/5.0 (Linux; Android 7.0;) AppleWebKit/537.36 (KHTML, like Gecko) Mobile Safari/537.36 (compatible; PetalBot;+https://webmaster.petalsearch.com/site/petalbot)"
66.249.79.66 - - [25/Nov/2024:07:02:32 -0700] "GET /news/?oxeeyx/cynn-poker.html HTTP/1.1" 200 94 "-" "Mozilla/5.0 (compatible; Googlebot/2.1; +http://www.google.com/bot.html)"
66.249.79.66 - - [25/Nov/2024:07:02:35 -0700] "GET /news/?jrgixz/ HTTP/1.1" 200 94 "-" "Mozilla/5.0 (compatible; Googlebot/2.1; +http://www.google.com/bot.html)"
66.249.79.64 - - [25/Nov/2024:07:02:44 -0700] "GET /news/txbjuf/kabaddi-match-lineup.html HTTP/1.1" 200 94 "-" "Mozilla/5.0 (compatible; Googlebot/2.1; +http://www.google.com/bot.html)"
66.249.79.64 - - [25/Nov/2024:07:02:49 -0700] "GET /news/?fwdgfm/ipl-score-card-kk.html HTTP/1.1" 200 94 "-" "Mozilla/5.0 (compatible; Googlebot/2.1; +http://www.google.com/bot.html)"
66.249.79.64 - - [25/Nov/2024:07:02:57 -0700] "GET /news/elflgf/amazon-video-games-gift-card.html HTTP/1.1" 200 94 "-" "Mozilla/5.0 (compatible; Googlebot/2.1; +http://www.google.com/bot.html)"
114.119.147.32 - - [25/Nov/2024:07:03:02 -0700] "GET /index.php/fessling0pbs6hc/files/Secondary/files/Senior%20Secondary/Intitial_pages_srsec_2019-20%20(1)-min.pdf HTTP/1.1" 200 94 "https://baragura.akalacademy.ac.in/index.php/fessling0pbs6hc/files/Secondary/Intitial_pages_srsec_2019-20-min.pdf" "Mozilla/5.0 (Linux; Android 7.0;) AppleWebKit/537.36 (KHTML, like Gecko) Mobile Safari/537.36 (compatible; PetalBot;+https://webmaster.petalsearch.com/site/petalbot)"
66.249.79.64 - - [25/Nov/2024:07:03:06 -0700] "GET /detail/xaixfw/ HTTP/1.1" 200 94 "-" "Mozilla/5.0 (compatible; Googlebot/2.1; +http://www.google.com/bot.html)"
185.191.171.14 - - [25/Nov/2024:07:03:17 -0700] "GET /jp/auction/t251159347.shtm HTTP/1.1" 200 94 "-" "Mozilla/5.0 (compatible; SemrushBot/7~bl; +http://www.semrush.com/bot.html)"
66.249.79.65 - - [25/Nov/2024:07:03:20 -0700] "GET /bet/?fxmbdu/expert-mega-jackpot-prediction.html HTTP/1.1" 200 94 "-" "Mozilla/5.0 (compatible; Googlebot/2.1; +http://www.google.com/bot.html)"
66.249.79.65 - - [25/Nov/2024:07:03:21 -0700] "GET /bet/?zusegf/ HTTP/1.1" 200 94 "-" "Mozilla/5.0 (compatible; Googlebot/2.1; +http://www.google.com/bot.html)"
85.208.96.198 - - [25/Nov/2024:07:03:25 -0700] "GET /jp/auction/q251537488.shtm HTTP/1.1" 200 94 "-" "Mozilla/5.0 (compatible; SemrushBot/7~bl; +http://www.semrush.com/bot.html)"
52.167.144.146 - - [25/Nov/2024:07:03:34 -0700] "GET /artikel/checkliste-wie-sie-praesentationen-vorbereiten-und-durchfuehren/files/Senior%20Secondary/files/Senior%20Secondary/academic.php HTTP/1.1" 200 94 "-" "Mozilla/5.0 AppleWebKit/537.36 (KHTML, like Gecko; compatible; bingbot/2.0; +http://www.bing.com/bingbot.htm) Chrome/116.0.1938.76 Safari/537.36"
66.249.79.64 - - [25/Nov/2024:07:03:35 -0700] "GET /news/?ggnita/ HTTP/1.1" 200 94 "-" "Mozilla/5.0 (compatible; Googlebot/2.1; +http://www.google.com/bot.html)"
40.77.167.65 - - [25/Nov/2024:07:03:39 -0700] "GET /soshikikarasagasu/shokokankoka/files/Secondary/files/I-VIII/VI-X%20Hindi-min.pdf HTTP/1.1" 200 94 "-" "Mozilla/5.0 AppleWebKit/537.36 (KHTML, like Gecko; compatible; bingbot/2.0; +http://www.bing.com/bingbot.htm) Chrome/116.0.1938.76 Safari/537.36"
114.119.157.112 - - [25/Nov/2024:07:03:43 -0700] "GET /index.php/fembase4eha1hc/files/Secondary/files/Senior%20Secondary/Intitial_pages_srsec_2019-20%20(1)-min.pdf HTTP/1.1" 200 94 "https://baragura.akalacademy.ac.in/index.php/fembase4eha1hc/files/Secondary/Intitial_pages_sec_2019-20-min.pdf" "Mozilla/5.0 (Linux; Android 7.0;) AppleWebKit/537.36 (KHTML, like Gecko) Mobile Safari/537.36 (compatible; PetalBot;+https://webmaster.petalsearch.com/site/petalbot)"
185.191.171.10 - - [25/Nov/2024:07:03:47 -0700] "GET /jp/auction/j2541995457.shtm HTTP/1.1" 200 94 "-" "Mozilla/5.0 (compatible; SemrushBot/7~bl; +http://www.semrush.com/bot.html)"
66.249.79.64 - - [25/Nov/2024:07:04:07 -0700] "GET /detail/ighwxc/ HTTP/1.1" 200 94 "-" "Mozilla/5.0 (compatible; Googlebot/2.1; +http://www.google.com/bot.html)"
185.191.171.2 - - [25/Nov/2024:07:04:08 -0700] "GET /jp/auction/a251429104.shtm HTTP/1.1" 200 94 "-" "Mozilla/5.0 (compatible; SemrushBot/7~bl; +http://www.semrush.com/bot.html)"
185.191.171.1 - - [25/Nov/2024:07:04:11 -0700] "GET /jp/auction/q2531216166.shtm HTTP/1.1" 200 94 "-" "Mozilla/5.0 (compatible; SemrushBot/7~bl; +http://www.semrush.com/bot.html)"
114.119.139.78 - - [25/Nov/2024:07:04:22 -0700] "GET /index.php/felfhood7fvx9hc/files/Secondary/files/Secondary/files/Secondary/Intitial_pages_sec_2019-20-min.pdf HTTP/1.1" 200 94 "https://baragura.akalacademy.ac.in/index.php/felfhood7fvx9hc/files/Secondary/files/Secondary/Intitial_pages_srsec_2019-20-min.pdf" "Mozilla/5.0 (Linux; Android 7.0;) AppleWebKit/537.36 (KHTML, like Gecko) Mobile Safari/537.36 (compatible; PetalBot;+https://webmaster.petalsearch.com/site/petalbot)"
216.244.66.233 - - [25/Nov/2024:07:04:34 -0700] "GET /robots.txt HTTP/1.1" 200 94 "-" "Mozilla/5.0 (compatible; DotBot/1.2; +https://opensiteexplorer.org/dotbot; help@moz.com)"
185.191.171.12 - - [25/Nov/2024:07:04:45 -0700] "GET /jp/auction/s2552485904.shtm HTTP/1.1" 200 94 "-" "Mozilla/5.0 (compatible; SemrushBot/7~bl; +http://www.semrush.com/bot.html)"
114.119.138.214 - - [25/Nov/2024:07:05:03 -0700] "GET /index.php/fdrummock3bge7hc/files/Senior%20Secondary/files/Secondary/Intitial_pages_srsec_2019-20-min.pdf HTTP/1.1" 200 94 "https://baragura.akalacademy.ac.in/index.php/fdrummock3bge7hc/files/Senior%20Secondary/Intitial_pages_srsec_2019-20%20(1)-min.pdf" "Mozilla/5.0 (Linux; Android 7.0;) AppleWebKit/537.36 (KHTML, like Gecko) Mobile Safari/537.36 (compatible; PetalBot;+https://webmaster.petalsearch.com/site/petalbot)"
66.249.79.65 - - [25/Nov/2024:07:05:07 -0700] "GET /bet/?ujsagc/create-bbl-file-from-bibtex-online.html HTTP/1.1" 200 94 "-" "Mozilla/5.0 (compatible; Googlebot/2.1; +http://www.google.com/bot.html)"
85.208.96.203 - - [25/Nov/2024:07:05:13 -0700] "GET /jp/auction/x2531435717.shtm HTTP/1.1" 200 94 "-" "Mozilla/5.0 (compatible; SemrushBot/7~bl; +http://www.semrush.com/bot.html)"
66.249.79.65 - - [25/Nov/2024:07:05:16 -0700] "GET /detail/?efpknq/ HTTP/1.1" 200 94 "-" "Mozilla/5.0 (compatible; Googlebot/2.1; +http://www.google.com/bot.html)"
40.77.167.116 - - [25/Nov/2024:07:05:28 -0700] "GET /page07.html HTTP/1.1" 200 94 "-" "Mozilla/5.0 AppleWebKit/537.36 (KHTML, like Gecko; compatible; bingbot/2.0; +http://www.bing.com/bingbot.htm) Chrome/116.0.1938.76 Safari/537.36"
40.77.167.254 - - [25/Nov/2024:07:05:32 -0700] "GET /staff-blog/%E3%80%8C%E6%AD%AF%E7%A7%91%E3%81%AB%E3%81%8A%E3%81%91%E3%82%8B%E5%8C%BB%E7%99%82%E5%AE%89%E5%85%A8%E3%81%A8%E6%84%9F%E6%9F%93%E7%AE%A1%E7%90%86%E3%81%AB%E3%81%A4%E3%81%84%E3%81%A6%E3%80%8Dweb/files/Secondary/files/Senior%20Secondary/Psychology-min.pdf HTTP/1.1" 200 94 "-" "Mozilla/5.0 AppleWebKit/537.36 (KHTML, like Gecko; compatible; bingbot/2.0; +http://www.bing.com/bingbot.htm) Chrome/116.0.1938.76 Safari/537.36"
52.167.144.146 - - [25/Nov/2024:07:05:41 -0700] "GET /portal-gym/2021/12/03/files/Senior%20Secondary/files/I-VIII/Maths%20(I%20to%20VIII)-min.pdf HTTP/1.1" 200 94 "-" "Mozilla/5.0 AppleWebKit/537.36 (KHTML, like Gecko; compatible; bingbot/2.0; +http://www.bing.com/bingbot.htm) Chrome/116.0.1938.76 Safari/537.36"
114.119.147.32 - - [25/Nov/2024:07:05:43 -0700] "GET /index.php/fdisinterestednesses9scr4hc/files/Secondary/files/Secondary/files/Secondary/Intitial_pages_sec_2019-20-min.pdf HTTP/1.1" 200 94 "https://baragura.akalacademy.ac.in/index.php/fdisinterestednesses9scr4hc/files/Secondary/files/Secondary/Intitial_pages_sec_2019-20-min.pdf" "Mozilla/5.0 (Linux; Android 7.0;) AppleWebKit/537.36 (KHTML, like Gecko) Mobile Safari/537.36 (compatible; PetalBot;+https://webmaster.petalsearch.com/site/petalbot)"
66.249.79.64 - - [25/Nov/2024:07:05:57 -0700] "GET /detail/?upxylu/ HTTP/1.1" 200 94 "-" "Mozilla/5.0 (compatible; Googlebot/2.1; +http://www.google.com/bot.html)"
66.249.79.64 - - [25/Nov/2024:07:06:07 -0700] "GET /bet/?gjdjpi/zimbabwe-womens-t20-scorecard.html HTTP/1.1" 200 94 "-" "Mozilla/5.0 (compatible; Googlebot/2.1; +http://www.google.com/bot.html)"
66.249.79.64 - - [25/Nov/2024:07:06:11 -0700] "GET /detail/?eoxhgy/ HTTP/1.1" 200 94 "-" "Mozilla/5.0 (compatible; Googlebot/2.1; +http://www.google.com/bot.html)"
66.249.79.64 - - [25/Nov/2024:07:06:21 -0700] "GET /bet/kaehkh/ HTTP/1.1" 200 94 "-" "Mozilla/5.0 (compatible; Googlebot/2.1; +http://www.google.com/bot.html)"
114.119.138.214 - - [25/Nov/2024:07:06:23 -0700] "GET /index.php/fdemiassignation3mym9hc/files/Secondary/files/Senior%20Secondary/files/Senior%20Secondary/Intitial_pages_srsec_2019-20%20(1)-min.pdf HTTP/1.1" 200 94 "https://baragura.akalacademy.ac.in/index.php/fdemiassignation3mym9hc/files/Secondary/files/Senior%20Secondary/Intitial_pages_srsec_2019-20%20(1)-min.pdf" "Mozilla/5.0 (Linux; Android 7.0;) AppleWebKit/537.36 (KHTML, like Gecko) Mobile Safari/537.36 (compatible; PetalBot;+https://webmaster.petalsearch.com/site/petalbot)"
66.249.79.64 - - [25/Nov/2024:07:06:23 -0700] "GET /bet/urdoum/ HTTP/1.1" 200 94 "-" "Mozilla/5.0 (compatible; Googlebot/2.1; +http://www.google.com/bot.html)"
69.162.124.238 - - [25/Nov/2024:07:06:42 -0700] "HEAD /cbse-corner.php HTTP/1.1" 200 - "https://baragura.akalacademy.ac.in/cbse-corner.php" "Mozilla/5.0+(compatible; UptimeRobot/2.0; http://www.uptimerobot.com/)"
66.249.79.64 - - [25/Nov/2024:07:06:57 -0700] "GET /detail/esilwj/ HTTP/1.1" 200 94 "-" "Mozilla/5.0 (compatible; Googlebot/2.1; +http://www.google.com/bot.html)"
114.119.165.226 - - [25/Nov/2024:07:07:02 -0700] "GET /index.php/fcolluvium4vms9hc/files/Secondary/files/Secondary/Intitial_pages_srsec_2019-20-min.pdf HTTP/1.1" 200 94 "https://baragura.akalacademy.ac.in/index.php/fcolluvium4vms9hc/files/Secondary/Intitial_pages_srsec_2019-20-min.pdf" "Mozilla/5.0 (Linux; Android 7.0;) AppleWebKit/537.36 (KHTML, like Gecko) Mobile Safari/537.36 (compatible; PetalBot;+https://webmaster.petalsearch.com/site/petalbot)"
66.249.79.64 - - [25/Nov/2024:07:07:14 -0700] "GET /news/okelun/ HTTP/1.1" 200 94 "-" "Mozilla/5.0 (compatible; Googlebot/2.1; +http://www.google.com/bot.html)"
66.249.79.65 - - [25/Nov/2024:07:07:30 -0700] "GET /news/?xumquj/ HTTP/1.1" 200 94 "-" "Mozilla/5.0 (compatible; Googlebot/2.1; +http://www.google.com/bot.html)"
40.77.167.116 - - [25/Nov/2024:07:07:38 -0700] "GET /blog/useful-info/usa-university-rankings_2022/files/Secondary/files/I-VIII/VI-XII%20Divinity%20Syl.%20for%20Other%20Aca.-min.pdf HTTP/1.1" 200 94 "-" "Mozilla/5.0 AppleWebKit/537.36 (KHTML, like Gecko; compatible; bingbot/2.0; +http://www.bing.com/bingbot.htm) Chrome/116.0.1938.76 Safari/537.36"
114.119.155.118 - - [25/Nov/2024:07:07:43 -0700] "GET /index.php/fanthropophilic5zlk5hc/files/Secondary/files/Secondary/Intitial_pages_srsec_2019-20-min.pdf HTTP/1.1" 200 94 "https://baragura.akalacademy.ac.in/index.php/fanthropophilic5zlk5hc/files/Secondary/Intitial_pages_sec_2019-20-min.pdf" "Mozilla/5.0 (Linux; Android 7.0;) AppleWebKit/537.36 (KHTML, like Gecko) Mobile Safari/537.36 (compatible; PetalBot;+https://webmaster.petalsearch.com/site/petalbot)"
185.191.171.2 - - [25/Nov/2024:07:07:47 -0700] "GET /jp/auction/l2531298711.shtm HTTP/1.1" 200 94 "-" "Mozilla/5.0 (compatible; SemrushBot/7~bl; +http://www.semrush.com/bot.html)"
66.249.79.64 - - [25/Nov/2024:07:07:50 -0700] "GET /news/?ideetr/blackjack-films-list.html HTTP/1.1" 200 94 "-" "Mozilla/5.0 (compatible; Googlebot/2.1; +http://www.google.com/bot.html)"
66.249.79.66 - - [25/Nov/2024:07:08:01 -0700] "GET /detail/detyof/ HTTP/1.1" 200 94 "-" "Mozilla/5.0 (compatible; Googlebot/2.1; +http://www.google.com/bot.html)"
66.249.79.64 - - [25/Nov/2024:07:08:06 -0700] "GET /detail/?nrakve/cricket-world-cup-official-site.html HTTP/1.1" 200 94 "-" "Mozilla/5.0 (compatible; Googlebot/2.1; +http://www.google.com/bot.html)"
114.119.165.226 - - [25/Nov/2024:07:08:23 -0700] "GET /index.php/fagnations9hah0hc/files/Senior%20Secondary/files/Secondary/Intitial_pages_srsec_2019-20-min.pdf HTTP/1.1" 200 94 "https://baragura.akalacademy.ac.in/index.php/fagnations9hah0hc/files/Senior%20Secondary/Intitial_pages_srsec_2019-20%20(1)-min.pdf" "Mozilla/5.0 (Linux; Android 7.0;) AppleWebKit/537.36 (KHTML, like Gecko) Mobile Safari/537.36 (compatible; PetalBot;+https://webmaster.petalsearch.com/site/petalbot)"
