40.77.167.51 - - [25/Nov/2024:06:18:52 -0700] "GET /%E5%90%8C%E4%BA%BAcg%E9%9B%86-%E3%81%BE%E3%82%8D%E3%82%93%E2%98%86%E3%81%BE%E3%82%8D%E3%82%93-%E7%84%A1%E8%A6%96%E3%81%9B%E3%81%96%E3%82%8B%E3%82%92%E5%BE%97%E3%81%AC%E7%94%BA%E3%83%BB%E7%95%AA/files/I-VIII/files/I-VIII/VI-XII%20Divinity%20Syl.%20for%20Other%20Aca.-min.pdf HTTP/1.1" 200 94 "-" "Mozilla/5.0 AppleWebKit/537.36 (KHTML, like Gecko; compatible; bingbot/2.0; +http://www.bing.com/bingbot.htm) Chrome/116.0.1938.76 Safari/537.36"
185.191.171.6 - - [25/Nov/2024:06:18:56 -0700] "GET /jp/auction/m251113242.shtm HTTP/1.1" 200 94 "-" "Mozilla/5.0 (compatible; SemrushBot/7~bl; +http://www.semrush.com/bot.html)"
85.208.96.200 - - [25/Nov/2024:06:18:59 -0700] "GET /jp/auction/z2541792023.shtm HTTP/1.1" 200 94 "-" "Mozilla/5.0 (compatible; SemrushBot/7~bl; +http://www.semrush.com/bot.html)"
40.77.167.52 - - [25/Nov/2024:06:19:13 -0700] "GET /category/mens/mens-schedules/files/Senior%20Secondary/about.php HTTP/1.1" 200 94 "-" "Mozilla/5.0 AppleWebKit/537.36 (KHTML, like Gecko; compatible; bingbot/2.0; +http://www.bing.com/bingbot.htm) Chrome/116.0.1938.76 Safari/537.36"
194.233.72.158 - - [25/Nov/2024:06:19:27 -0700] "GET /images/journey/santteja/wp-admin/noop.php HTTP/1.1" 200 94 "-" "Uptime-Kuma/1.23.3"
66.249.79.64 - - [25/Nov/2024:06:19:27 -0700] "GET /news/svubsm/ HTTP/1.1" 200 94 "-" "Mozilla/5.0 (compatible; Googlebot/2.1; +http://www.google.com/bot.html)"
66.249.79.65 - - [25/Nov/2024:06:19:31 -0700] "GET /detail/?jcwjra/six-venues-for-icc-world-cup.html HTTP/1.1" 200 94 "-" "Mozilla/5.0 (compatible; Googlebot/2.1; +http://www.google.com/bot.html)"
185.191.171.4 - - [25/Nov/2024:06:19:35 -0700] "GET /cbse-corner.php?jp%2Fauction%2Fh25113293.shtm HTTP/1.1" 200 24110 "-" "Mozilla/5.0 (compatible; SemrushBot/7~bl; +http://www.semrush.com/bot.html)"
40.77.167.52 - - [25/Nov/2024:06:19:52 -0700] "GET /books/files/I-VIII/files/Senior%20Secondary/Econonics-min.pdf HTTP/1.1" 200 94 "-" "Mozilla/5.0 AppleWebKit/537.36 (KHTML, like Gecko; compatible; bingbot/2.0; +http://www.bing.com/bingbot.htm) Chrome/116.0.1938.76 Safari/537.36"
66.249.79.64 - - [25/Nov/2024:06:19:54 -0700] "GET /bet/?msekqa/ HTTP/1.1" 200 94 "-" "Mozilla/5.0 (compatible; Googlebot/2.1; +http://www.google.com/bot.html)"
66.249.79.64 - - [25/Nov/2024:06:19:58 -0700] "GET /detail/?qbfmhq/players-retained-in-ipl-2023.html HTTP/1.1" 200 94 "-" "Mozilla/5.0 (compatible; Googlebot/2.1; +http://www.google.com/bot.html)"
40.77.167.52 - - [25/Nov/2024:06:20:11 -0700] "GET /guide/outpatient HTTP/1.1" 200 94 "-" "Mozilla/5.0 AppleWebKit/537.36 (KHTML, like Gecko; compatible; bingbot/2.0; +http://www.bing.com/bingbot.htm) Chrome/116.0.1938.76 Safari/537.36"
66.249.79.64 - - [25/Nov/2024:06:20:47 -0700] "GET /detail/cnhdeo/ HTTP/1.1" 200 94 "-" "Mozilla/5.0 (compatible; Googlebot/2.1; +http://www.google.com/bot.html)"
40.77.167.15 - - [25/Nov/2024:06:20:50 -0700] "GET /event/%E3%80%8A%E3%81%94%E4%BA%88%E7%B4%84%E5%8F%AF%E3%80%8B%E5%A4%A7%E6%A3%AE%E7%9C%9F%E7%90%86%E5%AD%90%E3%83%95%E3%82%A1%E3%83%B3%E6%84%9F%E8%AC%9D%E7%A5%AD%E3%83%AF%E3%83%B3%E3%83%9E%E3%83%B3%E3%83%A9/files/Senior%20Secondary/files/IX-X/Grade%20(IX)-min.pdf HTTP/1.1" 200 94 "-" "Mozilla/5.0 AppleWebKit/537.36 (KHTML, like Gecko; compatible; bingbot/2.0; +http://www.bing.com/bingbot.htm) Chrome/116.0.1938.76 Safari/537.36"
66.249.79.64 - - [25/Nov/2024:06:21:16 -0700] "GET /detail/?wsssjd/cricket-world-cup-time-table.html HTTP/1.1" 200 94 "-" "Mozilla/5.0 (compatible; Googlebot/2.1; +http://www.google.com/bot.html)"
69.162.124.238 - - [25/Nov/2024:06:21:42 -0700] "HEAD /cbse-corner.php HTTP/1.1" 200 - "https://baragura.akalacademy.ac.in/cbse-corner.php" "Mozilla/5.0+(compatible; UptimeRobot/2.0; http://www.uptimerobot.com/)"
185.191.171.5 - - [25/Nov/2024:06:21:54 -0700] "GET /jp/auction/p2562902603.shtm HTTP/1.1" 200 94 "-" "Mozilla/5.0 (compatible; SemrushBot/7~bl; +http://www.semrush.com/bot.html)"
66.249.79.66 - - [25/Nov/2024:06:22:09 -0700] "GET /detail/?ztuhep/spela-roulette-gratis.html HTTP/1.1" 200 94 "-" "Mozilla/5.0 (compatible; Googlebot/2.1; +http://www.google.com/bot.html)"
52.167.144.141 - - [25/Nov/2024:06:22:14 -0700] "GET /chinaadmimap.asp HTTP/1.1" 200 94 "-" "Mozilla/5.0 AppleWebKit/537.36 (KHTML, like Gecko; compatible; bingbot/2.0; +http://www.bing.com/bingbot.htm) Chrome/116.0.1938.76 Safari/537.36"
40.77.167.52 - - [25/Nov/2024:06:22:33 -0700] "GET /miyano-kintarou-hentai-obenjors-_-%E5%AE%AE%E9%87%8E%E9%87%91%E5%A4%AA%E9%83%8E-%E5%A4%89%E6%85%8B%E3%82%AA%E3%83%99%E3%83%B3%E3%82%B8%E3%83%A7%E3%83%BC%E3%82%BA-%E3%82%A4%E3%83%A9%E3%82%B9/files/I-VIII/files/Senior%20Secondary/Intitial_pages_srsec_2019-20%20(1)-min.pdf HTTP/1.1" 200 94 "-" "Mozilla/5.0 AppleWebKit/537.36 (KHTML, like Gecko; compatible; bingbot/2.0; +http://www.bing.com/bingbot.htm) Chrome/116.0.1938.76 Safari/537.36"
66.249.79.65 - - [25/Nov/2024:06:22:34 -0700] "GET /news/mbemdv/call-break-kaise-khela-jata-hai.html HTTP/1.1" 200 94 "-" "Mozilla/5.0 (compatible; Googlebot/2.1; +http://www.google.com/bot.html)"
52.167.144.141 - - [25/Nov/2024:06:22:56 -0700] "GET /category/arcgis-online/arcgis-online-%E3%81%A7%E3%81%AA%E3%81%AB%E3%81%8C%E3%81%A7%E3%81%8D%E3%82%8B%EF%BC%9F/files/Senior%20Secondary/files/Secondary/English_Sec_2019-20-min.pdf HTTP/1.1" 200 94 "-" "Mozilla/5.0 AppleWebKit/537.36 (KHTML, like Gecko; compatible; bingbot/2.0; +http://www.bing.com/bingbot.htm) Chrome/116.0.1938.76 Safari/537.36"
66.249.79.64 - - [25/Nov/2024:06:23:06 -0700] "GET /bet/?llprbm/solo-prediction-100-sure-win-today.html HTTP/1.1" 200 94 "-" "Mozilla/5.0 (compatible; Googlebot/2.1; +http://www.google.com/bot.html)"
66.249.79.66 - - [25/Nov/2024:06:23:06 -0700] "GET /news/fcavqj/what-games-win-real-money.html HTTP/1.1" 200 94 "-" "Mozilla/5.0 (compatible; Googlebot/2.1; +http://www.google.com/bot.html)"
66.249.79.64 - - [25/Nov/2024:06:23:14 -0700] "GET /news/vavczb/noor-ahmad-afghanistan-cricketer.html HTTP/1.1" 200 94 "-" "Mozilla/5.0 (compatible; Googlebot/2.1; +http://www.google.com/bot.html)"
185.191.171.12 - - [25/Nov/2024:06:23:19 -0700] "GET /robots.txt HTTP/1.1" 200 94 "-" "Mozilla/5.0 (compatible; SemrushBot/7~bl; +http://www.semrush.com/bot.html)"
85.208.96.205 - - [25/Nov/2024:06:23:20 -0700] "GET /jp/auction/i251201144.shtm HTTP/1.1" 200 94 "-" "Mozilla/5.0 (compatible; SemrushBot/7~bl; +http://www.semrush.com/bot.html)"
66.249.79.64 - - [25/Nov/2024:06:23:25 -0700] "GET /bet/?dmmrwk/ HTTP/1.1" 200 94 "-" "Mozilla/5.0 (compatible; Googlebot/2.1; +http://www.google.com/bot.html)"
40.77.167.154 - - [25/Nov/2024:06:23:30 -0700] "GET /web/login/files/Senior%20Secondary/files/IX-X/Grade%20(XII)-min.pdf HTTP/1.1" 200 94 "-" "Mozilla/5.0 AppleWebKit/537.36 (KHTML, like Gecko; compatible; bingbot/2.0; +http://www.bing.com/bingbot.htm) Chrome/116.0.1938.76 Safari/537.36"
185.191.171.6 - - [25/Nov/2024:06:23:40 -0700] "GET /jp/auction/k2552263856.shtm HTTP/1.1" 200 94 "-" "Mozilla/5.0 (compatible; SemrushBot/7~bl; +http://www.semrush.com/bot.html)"
66.249.79.64 - - [25/Nov/2024:06:23:42 -0700] "GET /news/tujjqr/ HTTP/1.1" 200 94 "-" "Mozilla/5.0 (compatible; Googlebot/2.1; +http://www.google.com/bot.html)"
52.167.144.141 - - [25/Nov/2024:06:24:06 -0700] "GET /ps/solution/ibmi/bizapp1/files/Secondary/files/Senior%20Secondary/PhysicalEducation-min.pdf HTTP/1.1" 200 94 "-" "Mozilla/5.0 AppleWebKit/537.36 (KHTML, like Gecko; compatible; bingbot/2.0; +http://www.bing.com/bingbot.htm) Chrome/116.0.1938.76 Safari/537.36"
52.167.144.141 - - [25/Nov/2024:06:24:08 -0700] "GET /index/marine_goods/apparel/tops/yre21_racing_parka_jacket/files/Senior%20Secondary/result.php HTTP/1.1" 200 94 "-" "Mozilla/5.0 AppleWebKit/537.36 (KHTML, like Gecko; compatible; bingbot/2.0; +http://www.bing.com/bingbot.htm) Chrome/116.0.1938.76 Safari/537.36"
185.191.171.7 - - [25/Nov/2024:06:24:10 -0700] "GET /jp/auction/a2562887326.shtm HTTP/1.1" 200 94 "-" "Mozilla/5.0 (compatible; SemrushBot/7~bl; +http://www.semrush.com/bot.html)"
85.208.96.194 - - [25/Nov/2024:06:24:12 -0700] "GET /jp/auction/f2521148815.shtm HTTP/1.1" 200 94 "-" "Mozilla/5.0 (compatible; SemrushBot/7~bl; +http://www.semrush.com/bot.html)"
66.249.79.64 - - [25/Nov/2024:06:24:19 -0700] "GET /detail/?wqxqcn/today-tata-ipl-score.html HTTP/1.1" 200 94 "-" "Mozilla/5.0 (compatible; Googlebot/2.1; +http://www.google.com/bot.html)"
66.249.79.65 - - [25/Nov/2024:06:24:40 -0700] "GET /news/?nidunp/apostrophe-games-blank-playing-cards.html HTTP/1.1" 200 94 "-" "Mozilla/5.0 (compatible; Googlebot/2.1; +http://www.google.com/bot.html)"
85.208.96.201 - - [25/Nov/2024:06:25:04 -0700] "GET /jp/auction/v251355623.shtm HTTP/1.1" 200 94 "-" "Mozilla/5.0 (compatible; SemrushBot/7~bl; +http://www.semrush.com/bot.html)"
213.180.203.181 - - [25/Nov/2024:06:25:21 -0700] "GET /robots.txt HTTP/1.1" 200 94 "-" "Mozilla/5.0 (compatible; YandexBot/3.0; +http://yandex.com/bots)"
5.255.231.196 - - [25/Nov/2024:06:25:21 -0700] "GET /files/files/I-VIII/files/Secondary/files/Senior%20Secondary/14_Circular_2019ANX2-min.pdf HTTP/1.1" 200 94 "-" "Mozilla/5.0 (compatible; YandexBot/3.0; +http://yandex.com/bots)"
85.208.96.210 - - [25/Nov/2024:06:25:39 -0700] "GET /jp/auction/e2521000718.shtm HTTP/1.1" 200 94 "-" "Mozilla/5.0 (compatible; SemrushBot/7~bl; +http://www.semrush.com/bot.html)"
40.77.167.154 - - [25/Nov/2024:06:25:42 -0700] "GET /diy/bmw%E3%81%AE%E3%82%BF%E3%82%A4%E3%83%A4%E4%BA%A4%E6%8F%9B%E3%81%AF%E8%87%AA%E5%88%86%E3%81%A7%E3%81%A7%E3%81%8D%E3%82%8B%EF%BC%81%E4%BA%A4%E6%8F%9B%E6%96%B9%E6%B3%95%E3%81%A8%E5%B7%A5%E5%85%B7/files/Secondary/files/IX-X/cbse-corner.php HTTP/1.1" 200 94 "-" "Mozilla/5.0 AppleWebKit/537.36 (KHTML, like Gecko; compatible; bingbot/2.0; +http://www.bing.com/bingbot.htm) Chrome/116.0.1938.76 Safari/537.36"
66.249.79.64 - - [25/Nov/2024:06:25:49 -0700] "GET /news/gstlkf/irland-last-t20-match-played.html HTTP/1.1" 200 94 "-" "Mozilla/5.0 (compatible; Googlebot/2.1; +http://www.google.com/bot.html)"
66.249.79.66 - - [25/Nov/2024:06:25:51 -0700] "GET /bet/?cvspsw/casino-terninger.html HTTP/1.1" 200 94 "-" "Mozilla/5.0 (compatible; Googlebot/2.1; +http://www.google.com/bot.html)"
66.249.79.66 - - [25/Nov/2024:06:26:08 -0700] "GET /news/?ipgjgk/free-soccer-draw-predictions.html HTTP/1.1" 200 94 "-" "Mozilla/5.0 (compatible; Googlebot/2.1; +http://www.google.com/bot.html)"
66.249.79.64 - - [25/Nov/2024:06:26:13 -0700] "GET /news/mtwyfo/campeonato-brasileiro-where-to-watch.html HTTP/1.1" 200 94 "-" "Mozilla/5.0 (compatible; Googlebot/2.1; +http://www.google.com/bot.html)"
66.249.79.64 - - [25/Nov/2024:06:26:29 -0700] "GET /detail/?msnrcv/ HTTP/1.1" 200 94 "-" "Mozilla/5.0 (compatible; Googlebot/2.1; +http://www.google.com/bot.html)"
66.249.79.64 - - [25/Nov/2024:06:26:36 -0700] "GET /bet/?edoqao/icc-liver-cancer-resection-fourms.html HTTP/1.1" 200 94 "-" "Mozilla/5.0 (compatible; Googlebot/2.1; +http://www.google.com/bot.html)"
40.77.167.154 - - [25/Nov/2024:06:26:41 -0700] "GET /blog/2021/07/17/%E5%A4%A7%E5%92%8C%E5%BE%A1%E6%89%80%E9%81%93%E8%B7%AF%E6%9B%B2%E5%B7%9D%E9%AB%98%E6%9E%B6%E6%A9%8B%E5%BF%8C%E9%83%A8%E5%9C%B0%E5%8C%BA%E4%BB%96%E4%B8%8B%E9%83%A8%E5%B7%A5%E4%BA%8B/files/Senior%20Secondary/files/IX-X/Grade%20(XII)-min.pdf HTTP/1.1" 200 94 "-" "Mozilla/5.0 AppleWebKit/537.36 (KHTML, like Gecko; compatible; bingbot/2.0; +http://www.bing.com/bingbot.htm) Chrome/116.0.1938.76 Safari/537.36"
69.162.124.238 - - [25/Nov/2024:06:26:42 -0700] "HEAD /cbse-corner.php HTTP/1.1" 200 - "https://baragura.akalacademy.ac.in/cbse-corner.php" "Mozilla/5.0+(compatible; UptimeRobot/2.0; http://www.uptimerobot.com/)"
66.249.79.64 - - [25/Nov/2024:06:26:43 -0700] "GET /detail/ouewwr/sun-dth-cricket-world-cup-2019.html HTTP/1.1" 200 94 "-" "Mozilla/5.0 (compatible; Googlebot/2.1; +http://www.google.com/bot.html)"
185.191.171.4 - - [25/Nov/2024:06:26:45 -0700] "GET /jp/auction/o2531628004.shtm HTTP/1.1" 200 94 "-" "Mozilla/5.0 (compatible; SemrushBot/7~bl; +http://www.semrush.com/bot.html)"
40.77.167.154 - - [25/Nov/2024:06:27:01 -0700] "GET /content/cusservice/files/Senior%20Secondary/files/Senior%20Secondary/Biology-min.pdf HTTP/1.1" 200 94 "-" "Mozilla/5.0 AppleWebKit/537.36 (KHTML, like Gecko; compatible; bingbot/2.0; +http://www.bing.com/bingbot.htm) Chrome/116.0.1938.76 Safari/537.36"
66.249.79.64 - - [25/Nov/2024:06:27:36 -0700] "GET /news/nojykl/1982-world-cup-ball.html HTTP/1.1" 200 94 "-" "Mozilla/5.0 (compatible; Googlebot/2.1; +http://www.google.com/bot.html)"
85.208.96.194 - - [25/Nov/2024:06:27:51 -0700] "GET /jp/auction/v2541714747.shtm HTTP/1.1" 200 94 "-" "Mozilla/5.0 (compatible; SemrushBot/7~bl; +http://www.semrush.com/bot.html)"
66.249.79.66 - - [25/Nov/2024:06:28:09 -0700] "GET /detail/jdrlzp/bbl-laser-machine.html HTTP/1.1" 200 94 "-" "Mozilla/5.0 (compatible; Googlebot/2.1; +http://www.google.com/bot.html)"
85.208.96.204 - - [25/Nov/2024:06:28:20 -0700] "GET /jp/auction/r2562846887.shtm HTTP/1.1" 200 94 "-" "Mozilla/5.0 (compatible; SemrushBot/7~bl; +http://www.semrush.com/bot.html)"
40.77.167.154 - - [25/Nov/2024:06:28:31 -0700] "GET /fukuoka-roudoukyoku/hourei_seido_tetsuzuki/roudou_eisei/files/Secondary/files/Senior%20Secondary/Punjabi_XII-min.pdf HTTP/1.1" 200 94 "-" "Mozilla/5.0 AppleWebKit/537.36 (KHTML, like Gecko; compatible; bingbot/2.0; +http://www.bing.com/bingbot.htm) Chrome/116.0.1938.76 Safari/537.36"
66.249.79.64 - - [25/Nov/2024:06:28:33 -0700] "GET /bet/?pfheql/netbet-com.html HTTP/1.1" 200 94 "-" "Mozilla/5.0 (compatible; Googlebot/2.1; +http://www.google.com/bot.html)"
66.249.79.64 - - [25/Nov/2024:06:28:34 -0700] "GET /news/ncldiz/ HTTP/1.1" 200 94 "-" "Mozilla/5.0 (compatible; Googlebot/2.1; +http://www.google.com/bot.html)"
85.208.96.211 - - [25/Nov/2024:06:29:01 -0700] "GET /jp/auction/w2541828160.shtm HTTP/1.1" 200 94 "-" "Mozilla/5.0 (compatible; SemrushBot/7~bl; +http://www.semrush.com/bot.html)"
194.233.72.158 - - [25/Nov/2024:06:29:27 -0700] "GET /images/journey/santteja/wp-admin/noop.php HTTP/1.1" 200 94 "-" "Uptime-Kuma/1.23.3"
52.167.144.222 - - [25/Nov/2024:06:29:43 -0700] "GET /dragon-quest-10-quest-596-flower-to-the-dead-king HTTP/1.1" 200 94 "-" "Mozilla/5.0 AppleWebKit/537.36 (KHTML, like Gecko; compatible; bingbot/2.0; +http://www.bing.com/bingbot.htm) Chrome/116.0.1938.76 Safari/537.36"
66.249.79.66 - - [25/Nov/2024:06:30:02 -0700] "GET /bet/bcxtyq/ HTTP/1.1" 200 94 "-" "Mozilla/5.0 (compatible; Googlebot/2.1; +http://www.google.com/bot.html)"
66.249.79.65 - - [25/Nov/2024:06:30:04 -0700] "GET /bet/?xqzbxi/bonanza-online-game.html HTTP/1.1" 200 94 "-" "Mozilla/5.0 (compatible; Googlebot/2.1; +http://www.google.com/bot.html)"
66.249.79.64 - - [25/Nov/2024:06:30:14 -0700] "GET /detail/?fmuhmk/today-epl-results-update.html HTTP/1.1" 200 94 "-" "Mozilla/5.0 (compatible; Googlebot/2.1; +http://www.google.com/bot.html)"
85.208.96.195 - - [25/Nov/2024:06:30:36 -0700] "GET /jp/auction/i251454618.shtm HTTP/1.1" 200 94 "-" "Mozilla/5.0 (compatible; SemrushBot/7~bl; +http://www.semrush.com/bot.html)"
66.249.79.64 - - [25/Nov/2024:06:30:40 -0700] "GET /detail/?ugziha/ HTTP/1.1" 200 94 "-" "Mozilla/5.0 (compatible; Googlebot/2.1; +http://www.google.com/bot.html)"
66.249.79.64 - - [25/Nov/2024:06:30:48 -0700] "GET /news/?kiwsen/ HTTP/1.1" 200 94 "-" "Mozilla/5.0 (compatible; Googlebot/2.1; +http://www.google.com/bot.html)"
85.208.96.201 - - [25/Nov/2024:06:31:07 -0700] "GET /jp/auction/r251413807.shtm HTTP/1.1" 200 94 "-" "Mozilla/5.0 (compatible; SemrushBot/7~bl; +http://www.semrush.com/bot.html)"
85.208.96.211 - - [25/Nov/2024:06:31:10 -0700] "GET /jp/auction/v2531573723.shtm HTTP/1.1" 200 94 "-" "Mozilla/5.0 (compatible; SemrushBot/7~bl; +http://www.semrush.com/bot.html)"
66.249.79.65 - - [25/Nov/2024:06:31:10 -0700] "GET /detail/?mxwwak/ HTTP/1.1" 200 94 "-" "Mozilla/5.0 (compatible; Googlebot/2.1; +http://www.google.com/bot.html)"
66.249.79.64 - - [25/Nov/2024:06:31:23 -0700] "GET /bet/?maxnrj/ HTTP/1.1" 200 94 "-" "Mozilla/5.0 (compatible; Googlebot/2.1; +http://www.google.com/bot.html)"
52.167.144.141 - - [25/Nov/2024:06:31:26 -0700] "GET /the-herbaland-award-2021/%E3%83%8F%E3%83%BC%E3%83%90%E3%83%AA%E3%82%A6%E3%83%A0%E9%83%A8%E9%96%80-top-20/%E3%83%8F%E3%83%BC%E3%83%90%E3%83%AA%E3%82%A6%E3%83%A0%E9%83%A8%E9%96%80-top-10/files/Senior%20Secondary/files/I-VIII/theschool.php HTTP/1.1" 200 94 "-" "Mozilla/5.0 AppleWebKit/537.36 (KHTML, like Gecko; compatible; bingbot/2.0; +http://www.bing.com/bingbot.htm) Chrome/116.0.1938.76 Safari/537.36"
66.249.79.64 - - [25/Nov/2024:06:31:29 -0700] "GET /bet/?efajwx/indian-cricket-team-winning-quotes.html HTTP/1.1" 200 94 "-" "Mozilla/5.0 (compatible; Googlebot/2.1; +http://www.google.com/bot.html)"
69.162.124.238 - - [25/Nov/2024:06:31:42 -0700] "HEAD /cbse-corner.php HTTP/1.1" 200 - "https://baragura.akalacademy.ac.in/cbse-corner.php" "Mozilla/5.0+(compatible; UptimeRobot/2.0; http://www.uptimerobot.com/)"
66.249.79.64 - - [25/Nov/2024:06:31:49 -0700] "GET /bet/icopjy/pro-kabaddi-2016-results.html HTTP/1.1" 200 94 "-" "Mozilla/5.0 (compatible; Googlebot/2.1; +http://www.google.com/bot.html)"
66.249.79.64 - - [25/Nov/2024:06:31:57 -0700] "GET /news/?jyzlpw/ HTTP/1.1" 200 94 "-" "Mozilla/5.0 (compatible; Googlebot/2.1; +http://www.google.com/bot.html)"
52.167.144.222 - - [25/Nov/2024:06:32:06 -0700] "GET /planes-navegar/files/Secondary/files/Secondary/417-IX-min.pdf HTTP/1.1" 200 94 "-" "Mozilla/5.0 AppleWebKit/537.36 (KHTML, like Gecko; compatible; bingbot/2.0; +http://www.bing.com/bingbot.htm) Chrome/116.0.1938.76 Safari/537.36"
66.249.79.65 - - [25/Nov/2024:06:32:09 -0700] "GET /detail/?inheqm/ HTTP/1.1" 200 94 "-" "Mozilla/5.0 (compatible; Googlebot/2.1; +http://www.google.com/bot.html)"
66.249.79.65 - - [25/Nov/2024:06:32:28 -0700] "GET /news/?ctrgpk/ HTTP/1.1" 200 94 "-" "Mozilla/5.0 (compatible; Googlebot/2.1; +http://www.google.com/bot.html)"
66.249.79.64 - - [25/Nov/2024:06:32:41 -0700] "GET /detail/svonip/ HTTP/1.1" 200 94 "-" "Mozilla/5.0 (compatible; Googlebot/2.1; +http://www.google.com/bot.html)"
52.167.144.222 - - [25/Nov/2024:06:32:45 -0700] "GET /2021/06/30/xargs-%E4%B8%A6%E5%88%97%E5%87%A6%E7%90%86%EF%BC%88-p-%E3%82%AA%E3%83%97%E3%82%B7%E3%83%A7%E3%83%B3%EF%BC%89%E3%81%A8%E6%99%82%E9%96%93%E8%A8%88%E6%B8%AC/files/I-VIII/files/IX-X/Grade%20(IX)-min.pdf HTTP/1.1" 200 94 "-" "Mozilla/5.0 AppleWebKit/537.36 (KHTML, like Gecko; compatible; bingbot/2.0; +http://www.bing.com/bingbot.htm) Chrome/116.0.1938.76 Safari/537.36"
85.208.96.201 - - [25/Nov/2024:06:32:45 -0700] "GET /jp/auction/f2562904595.shtm HTTP/1.1" 200 94 "-" "Mozilla/5.0 (compatible; SemrushBot/7~bl; +http://www.semrush.com/bot.html)"
114.119.139.78 - - [25/Nov/2024:06:32:57 -0700] "GET /v26585d_l88d/dafdfefba/files/Secondary/files/Secondary/Intitial_pages_sec_2019-20-min.pdf HTTP/1.1" 200 94 "https://baragura.akalacademy.ac.in/v26585d_l88d/dafdfefba/files/Secondary/Intitial_pages_srsec_2019-20-min.pdf" "Mozilla/5.0 (Linux; Android 7.0;) AppleWebKit/537.36 (KHTML, like Gecko) Mobile Safari/537.36 (compatible; PetalBot;+https://webmaster.petalsearch.com/site/petalbot)"
52.167.144.222 - - [25/Nov/2024:06:33:25 -0700] "GET /news/%E6%96%B0%E5%9E%8B%E3%82%B3%E3%83%AD%E3%83%8A%E3%82%A6%E3%82%A3%E3%83%AB%E3%82%B9%E7%A6%8D%E3%81%AB%E3%81%8A%E3%81%91%E3%82%8B%E5%AD%A6%E7%94%9F%E4%BC%9A%E5%93%A1%E3%81%AB%E5%AF%BE%E3%81%99%E3%82%8B%E5%8A%A9%E6%88%90%EF%BC%88%E7%94%B31/files/Secondary/files/IX-X/Grade%20(IX)-min.pdf HTTP/1.1" 200 94 "-" "Mozilla/5.0 AppleWebKit/537.36 (KHTML, like Gecko; compatible; bingbot/2.0; +http://www.bing.com/bingbot.htm) Chrome/116.0.1938.76 Safari/537.36"
52.167.144.222 - - [25/Nov/2024:06:33:26 -0700] "GET /nocategory/%E3%82%A4%E3%83%80%E3%82%B1%E3%83%B3%E3%82%BF%E3%83%AD%E3%82%A6%E3%81%AE%E4%BA%BA%E7%94%9F%E6%9C%80%E9%AB%98%E3%82%B2%E3%83%BC%E3%83%A0%E5%88%97%E4%BC%9D%E3%80%90%E7%AC%AC%EF%BC%91%E5%9B%9E%E3%80%80/files/Senior%20Secondary/about.php HTTP/1.1" 200 94 "-" "Mozilla/5.0 AppleWebKit/537.36 (KHTML, like Gecko; compatible; bingbot/2.0; +http://www.bing.com/bingbot.htm) Chrome/116.0.1938.76 Safari/537.36"
66.249.79.64 - - [25/Nov/2024:06:33:30 -0700] "GET /bet/pcdjfh/ishant-sharma-actor.html HTTP/1.1" 200 94 "-" "Mozilla/5.0 (compatible; Googlebot/2.1; +http://www.google.com/bot.html)"
66.249.79.65 - - [25/Nov/2024:06:33:35 -0700] "GET /detail/?hkfrvr/ HTTP/1.1" 200 94 "-" "Mozilla/5.0 (compatible; Googlebot/2.1; +http://www.google.com/bot.html)"
114.119.147.32 - - [25/Nov/2024:06:33:38 -0700] "GET /v26115a_l88d/aaefddefd/files/Senior%20Secondary/files/Senior%20Secondary/Intitial_pages_srsec_2019-20%20(1)-min.pdf HTTP/1.1" 200 94 "https://baragura.akalacademy.ac.in/v26115a_l88d/aaefddefd/files/Senior%20Secondary/Intitial_pages_srsec_2019-20%20%281%29-min.pdf" "Mozilla/5.0 (Linux; Android 7.0;) AppleWebKit/537.36 (KHTML, like Gecko) Mobile Safari/537.36 (compatible; PetalBot;+https://webmaster.petalsearch.com/site/petalbot)"
66.249.79.65 - - [25/Nov/2024:06:33:38 -0700] "GET /bet/?fqdrlz/play-online-games-at-gahe.html HTTP/1.1" 200 94 "-" "Mozilla/5.0 (compatible; Googlebot/2.1; +http://www.google.com/bot.html)"
66.249.79.64 - - [25/Nov/2024:06:33:55 -0700] "GET /news/hgvorn/ HTTP/1.1" 200 94 "-" "Mozilla/5.0 (compatible; Googlebot/2.1; +http://www.google.com/bot.html)"
66.249.79.64 - - [25/Nov/2024:06:34:17 -0700] "GET /news/erajtk/ HTTP/1.1" 200 94 "-" "Mozilla/5.0 (compatible; Googlebot/2.1; +http://www.google.com/bot.html)"
85.208.96.195 - - [25/Nov/2024:06:34:17 -0700] "GET /jp/auction/y251207088.shtm HTTP/1.1" 200 94 "-" "Mozilla/5.0 (compatible; SemrushBot/7~bl; +http://www.semrush.com/bot.html)"
114.119.155.118 - - [25/Nov/2024:06:34:18 -0700] "GET /v15463d_l144d/dafebdaaa/files/Secondary/files/Secondary/Intitial_pages_srsec_2019-20-min.pdf HTTP/1.1" 200 94 "https://baragura.akalacademy.ac.in/v15463d_l144d/dafebdaaa/files/Secondary/Intitial_pages_srsec_2019-20-min.pdf" "Mozilla/5.0 (Linux; Android 7.0;) AppleWebKit/537.36 (KHTML, like Gecko) Mobile Safari/537.36 (compatible; PetalBot;+https://webmaster.petalsearch.com/site/petalbot)"
66.249.79.64 - - [25/Nov/2024:06:34:44 -0700] "GET /detail/?ehpbey/ HTTP/1.1" 200 94 "-" "Mozilla/5.0 (compatible; Googlebot/2.1; +http://www.google.com/bot.html)"
185.191.171.12 - - [25/Nov/2024:06:34:51 -0700] "GET /jp/auction/d2562799293.shtm HTTP/1.1" 200 94 "-" "Mozilla/5.0 (compatible; SemrushBot/7~bl; +http://www.semrush.com/bot.html)"
216.244.66.233 - - [25/Nov/2024:06:34:54 -0700] "GET /jp/auction/p2515943.shtm HTTP/1.1" 200 94 "-" "Mozilla/5.0 (compatible; DotBot/1.2; +https://opensiteexplorer.org/dotbot; help@moz.com)"
114.119.155.118 - - [25/Nov/2024:06:34:58 -0700] "GET /v14283c_l144d/cafedaded/files/Secondary/files/Secondary/Intitial_pages_srsec_2019-20-min.pdf HTTP/1.1" 200 94 "https://baragura.akalacademy.ac.in/v14283c_l144d/cafedaded/files/Secondary/Intitial_pages_srsec_2019-20-min.pdf" "Mozilla/5.0 (Linux; Android 7.0;) AppleWebKit/537.36 (KHTML, like Gecko) Mobile Safari/537.36 (compatible; PetalBot;+https://webmaster.petalsearch.com/site/petalbot)"
66.249.79.66 - - [25/Nov/2024:06:35:04 -0700] "GET /detail/?mrcpdf/ HTTP/1.1" 200 94 "-" "Mozilla/5.0 (compatible; Googlebot/2.1; +http://www.google.com/bot.html)"
52.167.144.204 - - [25/Nov/2024:06:35:06 -0700] "GET /2021/09/29/%E3%80%8E%E6%AD%BB%E3%81%AE%E6%A3%98%E3%80%8F%E3%81%AE%E5%AB%89%E5%A6%AC%E3%81%AB%E7%8B%82%E3%81%86%E5%A6%BB%E3%83%BB%E5%B3%B6%E5%B0%BE%E3%83%9F%E3%83%9B%E3%81%AE%E5%AE%9F%E5%83%8F%E3%81%AB%E8%BF%AB/files/I-VIII/files/I-VIII/academic.php HTTP/1.1" 200 94 "-" "Mozilla/5.0 AppleWebKit/537.36 (KHTML, like Gecko; compatible; bingbot/2.0; +http://www.bing.com/bingbot.htm) Chrome/116.0.1938.76 Safari/537.36"
52.167.144.204 - - [25/Nov/2024:06:35:07 -0700] "GET /yamanobori/%E3%80%90%E6%A0%97%E9%A7%92%E5%B1%B1-%E7%99%BB%E5%B1%B1%E3%80%91%E7%A5%9E%E3%81%AE%E7%B5%A8%E6%AF%AF%E3%81%A8%E8%A8%80%E3%82%8F%E3%82%8C%E3%82%8B%E6%A0%97%E9%A7%92%E5%B1%B1%E3%81%AE%E7%B4%85%E8%91%89/files/I-VIII/files/I-VIII/VI-X%20Punjabi-min.pdf HTTP/1.1" 200 94 "-" "Mozilla/5.0 AppleWebKit/537.36 (KHTML, like Gecko; compatible; bingbot/2.0; +http://www.bing.com/bingbot.htm) Chrome/116.0.1938.76 Safari/537.36"
66.249.79.65 - - [25/Nov/2024:06:35:09 -0700] "GET /bet/?rgxrbj/zulu-casino.html HTTP/1.1" 200 94 "-" "Mozilla/5.0 (compatible; Googlebot/2.1; +http://www.google.com/bot.html)"
52.167.144.222 - - [25/Nov/2024:06:35:36 -0700] "GET /wp-content/uploads/2020/04/files/I-VIII/files/Senior%20Secondary/Biology-min.pdf HTTP/1.1" 200 94 "-" "Mozilla/5.0 AppleWebKit/537.36 (KHTML, like Gecko; compatible; bingbot/2.0; +http://www.bing.com/bingbot.htm) Chrome/116.0.1938.76 Safari/537.36"
66.249.79.64 - - [25/Nov/2024:06:35:36 -0700] "GET /news/hupaek/future-of-indian-cricket-team.html HTTP/1.1" 200 94 "-" "Mozilla/5.0 (compatible; Googlebot/2.1; +http://www.google.com/bot.html)"
114.119.165.226 - - [25/Nov/2024:06:35:38 -0700] "GET /l88dv25796b/740142/files/Secondary/files/Secondary/Intitial_pages_srsec_2019-20-min.pdf HTTP/1.1" 200 94 "https://baragura.akalacademy.ac.in/l88dv25796b/740142/files/Secondary/Intitial_pages_srsec_2019-20-min.pdf" "Mozilla/5.0 (Linux; Android 7.0;) AppleWebKit/537.36 (KHTML, like Gecko) Mobile Safari/537.36 (compatible; PetalBot;+https://webmaster.petalsearch.com/site/petalbot)"
52.167.144.166 - - [25/Nov/2024:06:36:03 -0700] "GET /study/html/to099/html-to035/files/Senior%20Secondary/files/Senior%20Secondary/Accountancy-min.pdf HTTP/1.1" 200 94 "-" "Mozilla/5.0 AppleWebKit/537.36 (KHTML, like Gecko; compatible; bingbot/2.0; +http://www.bing.com/bingbot.htm) Chrome/116.0.1938.76 Safari/537.36"
66.249.79.65 - - [25/Nov/2024:06:36:17 -0700] "GET /news/?btcbhs/ HTTP/1.1" 200 94 "-" "Mozilla/5.0 (compatible; Googlebot/2.1; +http://www.google.com/bot.html)"
114.119.139.78 - - [25/Nov/2024:06:36:19 -0700] "GET /l88d_v25933a/301654/files/Secondary/files/Secondary/Intitial_pages_srsec_2019-20-min.pdf HTTP/1.1" 200 94 "https://baragura.akalacademy.ac.in/l88d_v25933a/301654/files/Secondary/Intitial_pages_sec_2019-20-min.pdf" "Mozilla/5.0 (Linux; Android 7.0;) AppleWebKit/537.36 (KHTML, like Gecko) Mobile Safari/537.36 (compatible; PetalBot;+https://webmaster.petalsearch.com/site/petalbot)"
185.191.171.12 - - [25/Nov/2024:06:36:24 -0700] "GET /jp/auction/p2531573197.shtm HTTP/1.1" 200 94 "-" "Mozilla/5.0 (compatible; SemrushBot/7~bl; +http://www.semrush.com/bot.html)"
85.208.96.205 - - [25/Nov/2024:06:36:39 -0700] "GET /jp/auction/t251675369.shtm HTTP/1.1" 200 94 "-" "Mozilla/5.0 (compatible; SemrushBot/7~bl; +http://www.semrush.com/bot.html)"
66.249.79.64 - - [25/Nov/2024:06:36:40 -0700] "GET /news/?rjthwl/ HTTP/1.1" 200 94 "-" "Mozilla/5.0 (compatible; Googlebot/2.1; +http://www.google.com/bot.html)"
66.249.79.64 - - [25/Nov/2024:06:36:40 -0700] "GET /bet/?mfzely/live-golden-ball-roulette.html HTTP/1.1" 200 94 "-" "Mozilla/5.0 (compatible; Googlebot/2.1; +http://www.google.com/bot.html)"
69.162.124.238 - - [25/Nov/2024:06:36:42 -0700] "HEAD /cbse-corner.php HTTP/1.1" 200 - "https://baragura.akalacademy.ac.in/cbse-corner.php" "Mozilla/5.0+(compatible; UptimeRobot/2.0; http://www.uptimerobot.com/)"
52.167.144.222 - - [25/Nov/2024:06:36:44 -0700] "GET /solutions/files/Secondary/files/Senior%20Secondary/Econonics-min.pdf HTTP/1.1" 200 94 "-" "Mozilla/5.0 AppleWebKit/537.36 (KHTML, like Gecko; compatible; bingbot/2.0; +http://www.bing.com/bingbot.htm) Chrome/116.0.1938.76 Safari/537.36"
52.167.144.222 - - [25/Nov/2024:06:36:45 -0700] "GET /?s=web HTTP/1.1" 200 94 "-" "Mozilla/5.0 AppleWebKit/537.36 (KHTML, like Gecko; compatible; bingbot/2.0; +http://www.bing.com/bingbot.htm) Chrome/116.0.1938.76 Safari/537.36"
66.249.79.64 - - [25/Nov/2024:06:36:46 -0700] "GET /news/?yiaseq/bbl-cricket-game-uptodown.html HTTP/1.1" 200 94 "-" "Mozilla/5.0 (compatible; Googlebot/2.1; +http://www.google.com/bot.html)"
114.119.147.32 - - [25/Nov/2024:06:36:59 -0700] "GET /l144dv15055f/spyker/files/Secondary/files/Secondary/Intitial_pages_srsec_2019-20-min.pdf HTTP/1.1" 200 94 "https://baragura.akalacademy.ac.in/l144dv15055f/spyker/files/Secondary/Intitial_pages_srsec_2019-20-min.pdf" "Mozilla/5.0 (Linux; Android 7.0;) AppleWebKit/537.36 (KHTML, like Gecko) Mobile Safari/537.36 (compatible; PetalBot;+https://webmaster.petalsearch.com/site/petalbot)"
66.249.79.65 - - [25/Nov/2024:06:37:02 -0700] "GET /news/?ntuqqo/icc-103th-member-usa.html HTTP/1.1" 200 94 "-" "Mozilla/5.0 (compatible; Googlebot/2.1; +http://www.google.com/bot.html)"
52.167.144.204 - - [25/Nov/2024:06:37:06 -0700] "GET /knowledge/files/Secondary/files/I-VIII/Maths%20(I%20to%20VIII)-min.pdf HTTP/1.1" 200 94 "-" "Mozilla/5.0 AppleWebKit/537.36 (KHTML, like Gecko; compatible; bingbot/2.0; +http://www.bing.com/bingbot.htm) Chrome/116.0.1938.76 Safari/537.36"
66.249.79.64 - - [25/Nov/2024:06:37:17 -0700] "GET /bet/?aqnxyy/slot-gaming-company-in-noida.html HTTP/1.1" 200 94 "-" "Mozilla/5.0 (compatible; Googlebot/2.1; +http://www.google.com/bot.html)"
66.249.79.64 - - [25/Nov/2024:06:37:29 -0700] "GET /news/xffbxa/featured-football-bets-sky-bet.html HTTP/1.1" 200 94 "-" "Mozilla/5.0 (compatible; Googlebot/2.1; +http://www.google.com/bot.html)"
66.249.79.64 - - [25/Nov/2024:06:37:30 -0700] "GET /detail/seqayv/ HTTP/1.1" 200 94 "-" "Mozilla/5.0 (compatible; Googlebot/2.1; +http://www.google.com/bot.html)"
114.119.132.57 - - [25/Nov/2024:06:37:39 -0700] "GET /l144dv14915c/spyker/files/Secondary/files/Secondary/Intitial_pages_srsec_2019-20-min.pdf HTTP/1.1" 200 94 "https://baragura.akalacademy.ac.in/l144dv14915c/spyker/files/Secondary/Intitial_pages_sec_2019-20-min.pdf" "Mozilla/5.0 (Linux; Android 7.0;) AppleWebKit/537.36 (KHTML, like Gecko) Mobile Safari/537.36 (compatible; PetalBot;+https://webmaster.petalsearch.com/site/petalbot)"
66.249.79.64 - - [25/Nov/2024:06:37:54 -0700] "GET /bet/wmjntr/ashes-cricket-19-game.html HTTP/1.1" 200 94 "-" "Mozilla/5.0 (compatible; Googlebot/2.1; +http://www.google.com/bot.html)"
66.249.79.66 - - [25/Nov/2024:06:38:03 -0700] "GET /detail/?ntufuy/ HTTP/1.1" 200 94 "-" "Mozilla/5.0 (compatible; Googlebot/2.1; +http://www.google.com/bot.html)"
66.249.79.65 - - [25/Nov/2024:06:38:11 -0700] "GET /bet/?kowetj/ HTTP/1.1" 200 94 "-" "Mozilla/5.0 (compatible; Googlebot/2.1; +http://www.google.com/bot.html)"
66.249.79.65 - - [25/Nov/2024:06:38:12 -0700] "GET /bet/?bztwmu/zynga-poker-rules.html HTTP/1.1" 200 94 "-" "Mozilla/5.0 (compatible; Googlebot/2.1; +http://www.google.com/bot.html)"
114.119.157.112 - - [25/Nov/2024:06:38:19 -0700] "GET /l144dv14705a/spyker/files/Senior%20Secondary/files/Secondary/Intitial_pages_sec_2019-20-min.pdf HTTP/1.1" 200 94 "https://baragura.akalacademy.ac.in/l144dv14705a/spyker/files/Senior%20Secondary/Intitial_pages_srsec_2019-20%20%281%29-min.pdf" "Mozilla/5.0 (Linux; Android 7.0;) AppleWebKit/537.36 (KHTML, like Gecko) Mobile Safari/537.36 (compatible; PetalBot;+https://webmaster.petalsearch.com/site/petalbot)"
185.191.171.7 - - [25/Nov/2024:06:38:32 -0700] "GET /jp/auction/m25134852.shtm HTTP/1.1" 200 94 "-" "Mozilla/5.0 (compatible; SemrushBot/7~bl; +http://www.semrush.com/bot.html)"
66.249.79.64 - - [25/Nov/2024:06:38:36 -0700] "GET /bet/?eaiqlm/ HTTP/1.1" 200 94 "-" "Mozilla/5.0 (compatible; Googlebot/2.1; +http://www.google.com/bot.html)"
52.167.144.204 - - [25/Nov/2024:06:38:48 -0700] "GET /initiatives/asthma/files/IX-X/files/Secondary/14_Circular_2019ANX1-min.pdf HTTP/1.1" 200 94 "-" "Mozilla/5.0 AppleWebKit/537.36 (KHTML, like Gecko; compatible; bingbot/2.0; +http://www.bing.com/bingbot.htm) Chrome/116.0.1938.76 Safari/537.36"
52.167.144.204 - - [25/Nov/2024:06:38:48 -0700] "GET /%E6%9C%80%E5%BC%B7%E3%81%AE%E3%82%B3%E3%83%9F%E3%83%A5%E3%83%8B%E3%82%B1%E3%83%BC%E3%82%B7%E3%83%A7%E3%83%B3-%E3%83%84%E3%83%83%E3%82%B3%E3%83%9F%E8%A1%93-%E7%A5%A5%E4%BC%9D%E7%A4%BE%E6%96%B0%E6%9B%B8-%E6%9D%91%E7%80%AC-%E5%81%A5/dp/files/IX-X/about.php?jp/auction/o25181602.shtm HTTP/1.1" 200 94 "-" "Mozilla/5.0 AppleWebKit/537.36 (KHTML, like Gecko; compatible; bingbot/2.0; +http://www.bing.com/bingbot.htm) Chrome/116.0.1938.76 Safari/537.36"
66.249.79.64 - - [25/Nov/2024:06:38:57 -0700] "GET /detail/?kcczvw/ HTTP/1.1" 200 94 "-" "Mozilla/5.0 (compatible; Googlebot/2.1; +http://www.google.com/bot.html)"
114.119.132.57 - - [25/Nov/2024:06:38:59 -0700] "GET /index.php/v28717b_l87d/bddbabddb/files/Secondary/files/Secondary/files/Secondary/Intitial_pages_sec_2019-20-min.pdf HTTP/1.1" 200 94 "https://baragura.akalacademy.ac.in/index.php/v28717b_l87d/bddbabddb/files/Secondary/files/Secondary/Intitial_pages_srsec_2019-20-min.pdf" "Mozilla/5.0 (Linux; Android 7.0;) AppleWebKit/537.36 (KHTML, like Gecko) Mobile Safari/537.36 (compatible; PetalBot;+https://webmaster.petalsearch.com/site/petalbot)"
216.244.66.233 - - [25/Nov/2024:06:39:01 -0700] "GET /keyword/gallery.php HTTP/1.1" 200 94 "-" "Mozilla/5.0 (compatible; DotBot/1.2; +https://opensiteexplorer.org/dotbot; help@moz.com)"
213.180.203.149 - - [25/Nov/2024:06:39:02 -0700] "GET /robots.txt HTTP/1.1" 200 94 "-" "Mozilla/5.0 (compatible; YandexBot/3.0; +http://yandex.com/bots)"
213.180.203.198 - - [25/Nov/2024:06:39:04 -0700] "GET /htdocs/dominoqq/files/I-VIII/files/Secondary/Intitial_pages_sec_2019-20-min.pdf HTTP/1.1" 200 94 "-" "Mozilla/5.0 (compatible; YandexBot/3.0; +http://yandex.com/bots)"
52.167.144.159 - - [25/Nov/2024:06:39:06 -0700] "GET /product-category/pickup-%E0%B8%81%E0%B8%B5%E0%B8%95%E0%B8%B2%E0%B8%A3%E0%B9%8C%E0%B9%82%E0%B8%9B%E0%B8%A3%E0%B9%88%E0%B8%87/files/Secondary/Mathematics_Sec_2019-20-min.pdf HTTP/1.1" 200 94 "-" "Mozilla/5.0 AppleWebKit/537.36 (KHTML, like Gecko; compatible; bingbot/2.0; +http://www.bing.com/bingbot.htm) Chrome/116.0.1938.76 Safari/537.36"
52.167.144.159 - - [25/Nov/2024:06:39:07 -0700] "GET /school-introduction/%E4%BB%A4%E5%92%8C%EF%BC%93-%E5%B9%B4%E5%BA%A6-%E5%AD%A6%E6%A0%A1%E6%B3%95%E4%BA%BA-%E5%BB%B6%E5%B2%A1%E5%AD%A6%E5%9C%92-%E5%B0%9A%E5%AD%A6%E9%A4%A8%E4%B8%AD%E5%AD%A6%E6%A0%A1%E9%AB%98%E7%AD%89/files/Secondary/files/Senior%20Secondary/Eng.Core-min.pdf HTTP/1.1" 200 94 "-" "Mozilla/5.0 AppleWebKit/537.36 (KHTML, like Gecko; compatible; bingbot/2.0; +http://www.bing.com/bingbot.htm) Chrome/116.0.1938.76 Safari/537.36"
66.249.79.64 - - [25/Nov/2024:06:39:17 -0700] "GET /detail/?dipcjn/ HTTP/1.1" 200 94 "-" "Mozilla/5.0 (compatible; Googlebot/2.1; +http://www.google.com/bot.html)"
52.167.144.159 - - [25/Nov/2024:06:39:25 -0700] "GET /blog/competition/files/IX-X/files/Secondary/Mathematics_Sec_2019-20-min.pdf HTTP/1.1" 200 94 "-" "Mozilla/5.0 AppleWebKit/537.36 (KHTML, like Gecko; compatible; bingbot/2.0; +http://www.bing.com/bingbot.htm) Chrome/116.0.1938.76 Safari/537.36"
66.249.79.65 - - [25/Nov/2024:06:39:27 -0700] "GET /bet/?qldcsi/tipster-bundesliga.html HTTP/1.1" 200 94 "-" "Mozilla/5.0 (compatible; Googlebot/2.1; +http://www.google.com/bot.html)"
194.233.72.158 - - [25/Nov/2024:06:39:27 -0700] "GET /images/journey/santteja/wp-admin/noop.php HTTP/1.1" 200 94 "-" "Uptime-Kuma/1.23.3"
66.249.79.64 - - [25/Nov/2024:06:39:33 -0700] "GET /news/?hgpmwl/ HTTP/1.1" 200 94 "-" "Mozilla/5.0 (compatible; Googlebot/2.1; +http://www.google.com/bot.html)"
66.249.79.64 - - [25/Nov/2024:06:39:33 -0700] "GET /bet/eitzqq/windrawwin-soccer-prediction.html HTTP/1.1" 200 94 "-" "Mozilla/5.0 (compatible; Googlebot/2.1; +http://www.google.com/bot.html)"
114.119.147.32 - - [25/Nov/2024:06:39:40 -0700] "GET /index.php/v19240b_l88d/bcabcbcbb/files/Senior%20Secondary/files/Secondary/files/Senior%20Secondary/Intitial_pages_srsec_2019-20%20(1)-min.pdf HTTP/1.1" 200 94 "https://baragura.akalacademy.ac.in/index.php/v19240b_l88d/bcabcbcbb/files/Senior%20Secondary/files/Secondary/Intitial_pages_sec_2019-20-min.pdf" "Mozilla/5.0 (Linux; Android 7.0;) AppleWebKit/537.36 (KHTML, like Gecko) Mobile Safari/537.36 (compatible; PetalBot;+https://webmaster.petalsearch.com/site/petalbot)"
66.249.79.64 - - [25/Nov/2024:06:39:57 -0700] "GET /bet/fyuwck/fun-card-games-poker.html HTTP/1.1" 200 94 "-" "Mozilla/5.0 (compatible; Googlebot/2.1; +http://www.google.com/bot.html)"
66.249.79.66 - - [25/Nov/2024:06:40:04 -0700] "GET /detail/?lxgtqo/ HTTP/1.1" 200 94 "-" "Mozilla/5.0 (compatible; Googlebot/2.1; +http://www.google.com/bot.html)"
114.119.147.32 - - [25/Nov/2024:06:40:25 -0700] "GET /index.php/v18770c_l88d/ceabdaacf/files/Secondary/files/Senior%20Secondary/Intitial_pages_srsec_2019-20%20(1)-min.pdf HTTP/1.1" 200 94 "https://baragura.akalacademy.ac.in/index.php/v18770c_l88d/ceabdaacf/files/Secondary/Intitial_pages_srsec_2019-20-min.pdf" "Mozilla/5.0 (Linux; Android 7.0;) AppleWebKit/537.36 (KHTML, like Gecko) Mobile Safari/537.36 (compatible; PetalBot;+https://webmaster.petalsearch.com/site/petalbot)"
66.249.79.65 - - [25/Nov/2024:06:40:30 -0700] "GET /news/?zgxeik/burning-hot-6-reels.html HTTP/1.1" 200 94 "-" "Mozilla/5.0 (compatible; Googlebot/2.1; +http://www.google.com/bot.html)"
66.249.79.65 - - [25/Nov/2024:06:40:32 -0700] "GET /bet/?cbvlls/ HTTP/1.1" 200 94 "-" "Mozilla/5.0 (compatible; Googlebot/2.1; +http://www.google.com/bot.html)"
66.249.79.64 - - [25/Nov/2024:06:40:34 -0700] "GET /detail/?snjjge/aman-ali-khan.html HTTP/1.1" 200 94 "-" "Mozilla/5.0 (compatible; Googlebot/2.1; +http://www.google.com/bot.html)"
85.208.96.195 - - [25/Nov/2024:06:40:41 -0700] "GET /jp/auction/j2562887127.shtm HTTP/1.1" 200 94 "-" "Mozilla/5.0 (compatible; SemrushBot/7~bl; +http://www.semrush.com/bot.html)"
85.208.96.209 - - [25/Nov/2024:06:40:43 -0700] "GET /jp/auction/a2562746744.shtm HTTP/1.1" 200 94 "-" "Mozilla/5.0 (compatible; SemrushBot/7~bl; +http://www.semrush.com/bot.html)"
185.191.171.6 - - [25/Nov/2024:06:40:53 -0700] "GET /jp/auction/b251544259.shtm HTTP/1.1" 200 94 "-" "Mozilla/5.0 (compatible; SemrushBot/7~bl; +http://www.semrush.com/bot.html)"
114.119.136.146 - - [25/Nov/2024:06:40:59 -0700] "GET /index.php/l87dv28118d/839077/files/Secondary/files/Senior%20Secondary/files/Senior%20Secondary/Intitial_pages_srsec_2019-20%20(1)-min.pdf HTTP/1.1" 200 94 "https://baragura.akalacademy.ac.in/index.php/l87dv28118d/839077/files/Secondary/files/Senior%20Secondary/Intitial_pages_srsec_2019-20%20(1)-min.pdf" "Mozilla/5.0 (Linux; Android 7.0;) AppleWebKit/537.36 (KHTML, like Gecko) Mobile Safari/537.36 (compatible; PetalBot;+https://webmaster.petalsearch.com/site/petalbot)"
52.167.144.159 - - [25/Nov/2024:06:41:16 -0700] "GET /what-are-the-annual-holidays-that-should-be-checked-in-the-job-offer/files/Senior%20Secondary/files/Senior%20Secondary/History-min.pdf HTTP/1.1" 200 94 "-" "Mozilla/5.0 AppleWebKit/537.36 (KHTML, like Gecko; compatible; bingbot/2.0; +http://www.bing.com/bingbot.htm) Chrome/116.0.1938.76 Safari/537.36"
66.249.79.64 - - [25/Nov/2024:06:41:25 -0700] "GET /news/?iafcop/ HTTP/1.1" 200 94 "-" "Mozilla/5.0 (compatible; Googlebot/2.1; +http://www.google.com/bot.html)"
66.249.79.65 - - [25/Nov/2024:06:41:28 -0700] "GET /bet/?ucwknz/ HTTP/1.1" 200 94 "-" "Mozilla/5.0 (compatible; Googlebot/2.1; +http://www.google.com/bot.html)"
69.162.124.238 - - [25/Nov/2024:06:41:42 -0700] "HEAD /cbse-corner.php HTTP/1.1" 200 - "https://baragura.akalacademy.ac.in/cbse-corner.php" "Mozilla/5.0+(compatible; UptimeRobot/2.0; http://www.uptimerobot.com/)"
114.119.138.214 - - [25/Nov/2024:06:41:47 -0700] "GET /index.php/l87d_v31115e/011006/files/Senior%20Secondary/files/Secondary/Intitial_pages_srsec_2019-20-min.pdf HTTP/1.1" 200 94 "https://baragura.akalacademy.ac.in/index.php/l87d_v31115e/011006/files/Senior%20Secondary/Intitial_pages_srsec_2019-20%20%281%29-min.pdf" "Mozilla/5.0 (Linux; Android 7.0;) AppleWebKit/537.36 (KHTML, like Gecko) Mobile Safari/537.36 (compatible; PetalBot;+https://webmaster.petalsearch.com/site/petalbot)"
185.191.171.11 - - [25/Nov/2024:06:41:55 -0700] "GET /jp/auction/z251418859.shtm HTTP/1.1" 200 94 "-" "Mozilla/5.0 (compatible; SemrushBot/7~bl; +http://www.semrush.com/bot.html)"
66.249.79.66 - - [25/Nov/2024:06:42:05 -0700] "GET /bet/agbyec/chennai-super-kings-fans-whatsapp-group.html HTTP/1.1" 200 94 "-" "Mozilla/5.0 (compatible; Googlebot/2.1; +http://www.google.com/bot.html)"
66.249.79.64 - - [25/Nov/2024:06:42:12 -0700] "GET /news/?fwntty/mitchell-marsh-ipl.html HTTP/1.1" 200 94 "-" "Mozilla/5.0 (compatible; Googlebot/2.1; +http://www.google.com/bot.html)"
66.249.79.64 - - [25/Nov/2024:06:42:12 -0700] "GET /news/?fpdfhy/ HTTP/1.1" 200 94 "-" "Mozilla/5.0 (compatible; Googlebot/2.1; +http://www.google.com/bot.html)"
114.119.157.112 - - [25/Nov/2024:06:42:20 -0700] "GET /index.php/l87d_v27015d/274096/files/Secondary/files/Secondary/files/Secondary/Intitial_pages_srsec_2019-20-min.pdf HTTP/1.1" 200 94 "https://baragura.akalacademy.ac.in/index.php/l87d_v27015d/274096/files/Secondary/files/Secondary/Intitial_pages_sec_2019-20-min.pdf" "Mozilla/5.0 (Linux; Android 7.0;) AppleWebKit/537.36 (KHTML, like Gecko) Mobile Safari/537.36 (compatible; PetalBot;+https://webmaster.petalsearch.com/site/petalbot)"
66.249.79.64 - - [25/Nov/2024:06:42:29 -0700] "GET /bet/?nfgoem/ HTTP/1.1" 200 94 "-" "Mozilla/5.0 (compatible; Googlebot/2.1; +http://www.google.com/bot.html)"
85.208.96.206 - - [25/Nov/2024:06:42:38 -0700] "GET /jp/auction/e251653774.shtm HTTP/1.1" 200 94 "-" "Mozilla/5.0 (compatible; SemrushBot/7~bl; +http://www.semrush.com/bot.html)"
52.167.144.159 - - [25/Nov/2024:06:42:47 -0700] "GET /add-the-eucalyn-keyboard-layout/files/Secondary/result.php HTTP/1.1" 200 94 "-" "Mozilla/5.0 AppleWebKit/537.36 (KHTML, like Gecko; compatible; bingbot/2.0; +http://www.bing.com/bingbot.htm) Chrome/116.0.1938.76 Safari/537.36"
52.167.144.159 - - [25/Nov/2024:06:42:48 -0700] "GET /catalogue/category/zhi-ren-nong-zuo-v/zhu-ti-xi-lie/files/Senior%20Secondary/files/Secondary/402-INFO_TECH_X-min.pdf HTTP/1.1" 200 94 "-" "Mozilla/5.0 AppleWebKit/537.36 (KHTML, like Gecko; compatible; bingbot/2.0; +http://www.bing.com/bingbot.htm) Chrome/116.0.1938.76 Safari/537.36"
52.167.144.166 - - [25/Nov/2024:06:42:54 -0700] "GET /schoollife/club/files/Secondary/files/I-VIII/S.St%20(III%20to%20VIII)-min.pdf HTTP/1.1" 200 94 "-" "Mozilla/5.0 AppleWebKit/537.36 (KHTML, like Gecko; compatible; bingbot/2.0; +http://www.bing.com/bingbot.htm) Chrome/116.0.1938.76 Safari/537.36"
66.249.79.64 - - [25/Nov/2024:06:42:56 -0700] "GET /news/?sixhhn/manish-pandey-ipl-website.html HTTP/1.1" 200 94 "-" "Mozilla/5.0 (compatible; Googlebot/2.1; +http://www.google.com/bot.html)"
114.119.155.118 - - [25/Nov/2024:06:43:00 -0700] "GET /index.php/l111dv34370b/370269/files/Secondary/files/Senior%20Secondary/Intitial_pages_srsec_2019-20%20(1)-min.pdf HTTP/1.1" 200 94 "https://baragura.akalacademy.ac.in/index.php/l111dv34370b/370269/files/Secondary/Intitial_pages_sec_2019-20-min.pdf" "Mozilla/5.0 (Linux; Android 7.0;) AppleWebKit/537.36 (KHTML, like Gecko) Mobile Safari/537.36 (compatible; PetalBot;+https://webmaster.petalsearch.com/site/petalbot)"
52.167.144.149 - - [25/Nov/2024:06:43:08 -0700] "GET /pages/rural-japan-wild-animal/files/Secondary/files/Senior%20Secondary/PhysicalEducation-min.pdf HTTP/1.1" 200 94 "-" "Mozilla/5.0 AppleWebKit/537.36 (KHTML, like Gecko; compatible; bingbot/2.0; +http://www.bing.com/bingbot.htm) Chrome/116.0.1938.76 Safari/537.36"
52.167.144.149 - - [25/Nov/2024:06:43:08 -0700] "GET /%E3%83%86%E3%82%AD%E3%82%B9%E3%83%88-%E3%83%88%E3%83%A9%E3%83%B3%E3%82%B9%E3%83%91%E3%83%BC%E3%82%BD%E3%83%8A%E3%83%AB%E5%BF%83%E7%90%86%E5%AD%A6%E3%83%BB%E7%B2%BE%E7%A5%9E%E5%8C%BB%E5%AD%A6-%E3%82%B8%E3%83%A7%E3%83%B3%E3%83%BBr-%E3%83%90%E3%83%86%E3%82%A3%E3%82%B9%E3%82%BF/dp/4535561451/theschool.php?rss.xml HTTP/1.1" 200 94 "-" "Mozilla/5.0 AppleWebKit/537.36 (KHTML, like Gecko; compatible; bingbot/2.0; +http://www.bing.com/bingbot.htm) Chrome/116.0.1938.76 Safari/537.36"
185.191.171.19 - - [25/Nov/2024:06:43:09 -0700] "GET /jp/auction/n252820053.shtm HTTP/1.1" 200 94 "-" "Mozilla/5.0 (compatible; SemrushBot/7~bl; +http://www.semrush.com/bot.html)"
85.208.96.208 - - [25/Nov/2024:06:43:16 -0700] "GET /jp/auction/w252839094.shtm HTTP/1.1" 200 94 "-" "Mozilla/5.0 (compatible; SemrushBot/7~bl; +http://www.semrush.com/bot.html)"
52.167.144.166 - - [25/Nov/2024:06:43:24 -0700] "GET /dietas/dieta-para-el-hipotiroidismo/files/I-VIII/about.php HTTP/1.1" 200 94 "-" "Mozilla/5.0 AppleWebKit/537.36 (KHTML, like Gecko; compatible; bingbot/2.0; +http://www.bing.com/bingbot.htm) Chrome/116.0.1938.76 Safari/537.36"
52.167.144.166 - - [25/Nov/2024:06:43:24 -0700] "GET /arcserve-udp/available/8.0/jpn/bookshelf_files/html/solg/files/I-VIII/about.php HTTP/1.1" 200 94 "-" "Mozilla/5.0 AppleWebKit/537.36 (KHTML, like Gecko; compatible; bingbot/2.0; +http://www.bing.com/bingbot.htm) Chrome/116.0.1938.76 Safari/537.36"
66.249.79.64 - - [25/Nov/2024:06:43:35 -0700] "GET /news/?ywpjlw/rummy-adda52-apk.html HTTP/1.1" 200 94 "-" "Mozilla/5.0 (compatible; Googlebot/2.1; +http://www.google.com/bot.html)"
114.119.138.214 - - [25/Nov/2024:06:43:40 -0700] "GET /index.php/fyoncopin8syl0hc/files/Senior%20Secondary/files/Secondary/Intitial_pages_srsec_2019-20-min.pdf HTTP/1.1" 200 94 "https://baragura.akalacademy.ac.in/index.php/fyoncopin8syl0hc/files/Senior%20Secondary/Intitial_pages_srsec_2019-20%20(1)-min.pdf" "Mozilla/5.0 (Linux; Android 7.0;) AppleWebKit/537.36 (KHTML, like Gecko) Mobile Safari/537.36 (compatible; PetalBot;+https://webmaster.petalsearch.com/site/petalbot)"
52.167.144.149 - - [25/Nov/2024:06:43:48 -0700] "GET /%E3%80%90%E3%83%9D%E3%82%B1%E3%83%A2%E3%83%B3go%E3%80%91%E3%83%9D%E3%82%B1%E3%83%A2%E3%83%B3%E5%9B%B3%E9%91%91%E4%B8%80%E8%A6%A7%E7%AC%AC%E4%B8%80%E4%B8%96%E4%BB%A3/files/Secondary/files/IX-X/addmission.php HTTP/1.1" 200 94 "-" "Mozilla/5.0 AppleWebKit/537.36 (KHTML, like Gecko; compatible; bingbot/2.0; +http://www.bing.com/bingbot.htm) Chrome/116.0.1938.76 Safari/537.36"
66.249.79.64 - - [25/Nov/2024:06:43:49 -0700] "GET /news/?fqlhvj/a2z-rummy-Medium.html HTTP/1.1" 200 94 "-" "Mozilla/5.0 (compatible; Googlebot/2.1; +http://www.google.com/bot.html)"
66.249.79.64 - - [25/Nov/2024:06:43:54 -0700] "GET /detail/fnneyt/match-date-mumbai-indians.html HTTP/1.1" 200 94 "-" "Mozilla/5.0 (compatible; Googlebot/2.1; +http://www.google.com/bot.html)"
85.208.96.203 - - [25/Nov/2024:06:44:10 -0700] "GET /jp/auction/e2541863918.shtm HTTP/1.1" 200 94 "-" "Mozilla/5.0 (compatible; SemrushBot/7~bl; +http://www.semrush.com/bot.html)"
66.249.79.65 - - [25/Nov/2024:06:44:11 -0700] "GET /detail/?nlmgen/big-bash-cricket-teams-and-players.html HTTP/1.1" 200 94 "-" "Mozilla/5.0 (compatible; Googlebot/2.1; +http://www.google.com/bot.html)"
66.249.79.64 - - [25/Nov/2024:06:44:16 -0700] "GET /bet/?rxoaoi/ HTTP/1.1" 200 94 "-" "Mozilla/5.0 (compatible; Googlebot/2.1; +http://www.google.com/bot.html)"
114.119.139.78 - - [25/Nov/2024:06:44:20 -0700] "GET /index.php/fyakitoris5mxn2hc/files/Secondary/files/Senior%20Secondary/Intitial_pages_srsec_2019-20%20(1)-min.pdf HTTP/1.1" 200 94 "https://baragura.akalacademy.ac.in/index.php/fyakitoris5mxn2hc/files/Secondary/Intitial_pages_srsec_2019-20-min.pdf" "Mozilla/5.0 (Linux; Android 7.0;) AppleWebKit/537.36 (KHTML, like Gecko) Mobile Safari/537.36 (compatible; PetalBot;+https://webmaster.petalsearch.com/site/petalbot)"
66.249.79.64 - - [25/Nov/2024:06:44:21 -0700] "GET /bet/zydkrt/3-x-fifa-world-cup-winner.html HTTP/1.1" 200 94 "-" "Mozilla/5.0 (compatible; Googlebot/2.1; +http://www.google.com/bot.html)"
66.249.79.64 - - [25/Nov/2024:06:44:23 -0700] "GET /news/?wsyfpg/india-t20-group.html HTTP/1.1" 200 94 "-" "Mozilla/5.0 (compatible; Googlebot/2.1; +http://www.google.com/bot.html)"
85.208.96.199 - - [25/Nov/2024:06:44:29 -0700] "GET /jp/auction/y252888652.shtm HTTP/1.1" 200 94 "-" "Mozilla/5.0 (compatible; SemrushBot/7~bl; +http://www.semrush.com/bot.html)"
185.191.171.3 - - [25/Nov/2024:06:44:35 -0700] "GET /jp/auction/f2562888709.shtm HTTP/1.1" 200 94 "-" "Mozilla/5.0 (compatible; SemrushBot/7~bl; +http://www.semrush.com/bot.html)"
52.167.144.149 - - [25/Nov/2024:06:44:39 -0700] "GET /2019/03/31/%E3%81%82%E3%81%AA%E3%81%9F%E3%81%AF%E3%81%A9%E3%81%A3%E3%81%A1%E6%B4%BE%EF%BC%9F%E3%81%8F%E3%82%89%E5%AF%BF%E5%8F%B8%E3%81%A8%E3%82%B9%E3%82%B7%E3%83%AD%E3%83%BC%E3%82%92%E6%AF%94%E8%BC%83%E3%81%97/images/files/cbse-corner.php HTTP/1.1" 200 94 "-" "Mozilla/5.0 AppleWebKit/537.36 (KHTML, like Gecko; compatible; bingbot/2.0; +http://www.bing.com/bingbot.htm) Chrome/116.0.1938.76 Safari/537.36"
185.191.171.13 - - [25/Nov/2024:06:44:46 -0700] "GET /jp/auction/x251262025.shtm HTTP/1.1" 200 94 "-" "Mozilla/5.0 (compatible; SemrushBot/7~bl; +http://www.semrush.com/bot.html)"
114.119.165.226 - - [25/Nov/2024:06:44:59 -0700] "GET /index.php/fweism1adw4hc/files/Secondary/files/Secondary/files/Senior%20Secondary/Intitial_pages_srsec_2019-20%20(1)-min.pdf HTTP/1.1" 200 94 "https://baragura.akalacademy.ac.in/index.php/fweism1adw4hc/files/Secondary/files/Secondary/Intitial_pages_sec_2019-20-min.pdf" "Mozilla/5.0 (Linux; Android 7.0;) AppleWebKit/537.36 (KHTML, like Gecko) Mobile Safari/537.36 (compatible; PetalBot;+https://webmaster.petalsearch.com/site/petalbot)"
66.249.79.64 - - [25/Nov/2024:06:45:00 -0700] "GET /detail/rwcrdx/block-puzzle-game-block-puzzle-game.html HTTP/1.1" 200 94 "-" "Mozilla/5.0 (compatible; Googlebot/2.1; +http://www.google.com/bot.html)"
66.249.79.64 - - [25/Nov/2024:06:45:02 -0700] "GET /bet/?zttrcq/ HTTP/1.1" 200 94 "-" "Mozilla/5.0 (compatible; Googlebot/2.1; +http://www.google.com/bot.html)"
66.249.79.64 - - [25/Nov/2024:06:45:05 -0700] "GET /news/lnqrzs/mgm-casino-online-login.html HTTP/1.1" 200 94 "-" "Mozilla/5.0 (compatible; Googlebot/2.1; +http://www.google.com/bot.html)"
66.249.79.64 - - [25/Nov/2024:06:45:18 -0700] "GET /bet/?azvnhl/live-in-game-betting-strategy.html HTTP/1.1" 200 94 "-" "Mozilla/5.0 (compatible; Googlebot/2.1; +http://www.google.com/bot.html)"
85.208.96.208 - - [25/Nov/2024:06:45:33 -0700] "GET /jp/auction/w251421430.shtm HTTP/1.1" 200 94 "-" "Mozilla/5.0 (compatible; SemrushBot/7~bl; +http://www.semrush.com/bot.html)"
