66.249.68.68 - - [25/Nov/2024:07:58:14 -0700] "GET /news/?duwong/ HTTP/1.1" 200 94 "-" "Mozilla/5.0 (compatible; Googlebot/2.1; +http://www.google.com/bot.html)"
66.249.68.68 - - [25/Nov/2024:07:58:16 -0700] "GET /news/?ytqfkw/iceland-national-cricket-team-players.html HTTP/1.1" 200 94 "-" "Mozilla/5.0 (compatible; Googlebot/2.1; +http://www.google.com/bot.html)"
66.249.68.68 - - [25/Nov/2024:07:58:34 -0700] "GET /detail/zycrfe/ HTTP/1.1" 200 94 "-" "Mozilla/5.0 (compatible; Googlebot/2.1; +http://www.google.com/bot.html)"
66.249.68.68 - - [25/Nov/2024:07:58:47 -0700] "GET /bet/?skivoa/ HTTP/1.1" 200 94 "-" "Mozilla/5.0 (compatible; Googlebot/2.1; +http://www.google.com/bot.html)"
66.249.68.68 - - [25/Nov/2024:07:58:49 -0700] "GET /bet/?bmrvwq/infinity-war-with-indian-cricket-team.html HTTP/1.1" 200 94 "-" "Mozilla/5.0 (compatible; Googlebot/2.1; +http://www.google.com/bot.html)"
66.249.68.70 - - [25/Nov/2024:07:59:15 -0700] "GET /news/?fjqsuu/ HTTP/1.1" 200 94 "-" "Mozilla/5.0 (compatible; Googlebot/2.1; +http://www.google.com/bot.html)"
66.249.68.69 - - [25/Nov/2024:07:59:36 -0700] "GET /bet/?hspxqk/oanda-trading.html HTTP/1.1" 200 94 "-" "Mozilla/5.0 (compatible; Googlebot/2.1; +http://www.google.com/bot.html)"
66.249.68.68 - - [25/Nov/2024:07:59:44 -0700] "GET /news/?dptgjs/ HTTP/1.1" 200 94 "-" "Mozilla/5.0 (compatible; Googlebot/2.1; +http://www.google.com/bot.html)"
66.249.68.68 - - [25/Nov/2024:08:00:09 -0700] "GET /news/?tndoit/ HTTP/1.1" 200 94 "-" "Mozilla/5.0 (compatible; Googlebot/2.1; +http://www.google.com/bot.html)"
66.249.68.68 - - [25/Nov/2024:08:00:10 -0700] "GET /bet/?ucyqnk/free-online-games-games-com.html HTTP/1.1" 200 94 "-" "Mozilla/5.0 (compatible; Googlebot/2.1; +http://www.google.com/bot.html)"
66.249.68.68 - - [25/Nov/2024:08:00:43 -0700] "GET /bet/?vyzuol/ HTTP/1.1" 200 94 "-" "Mozilla/5.0 (compatible; Googlebot/2.1; +http://www.google.com/bot.html)"
66.249.68.68 - - [25/Nov/2024:08:00:55 -0700] "GET /detail/?iardii/roulette-sequence-strategy.html HTTP/1.1" 200 94 "-" "Mozilla/5.0 (compatible; Googlebot/2.1; +http://www.google.com/bot.html)"
66.249.68.69 - - [25/Nov/2024:08:01:01 -0700] "GET /detail/?zzkudc/ HTTP/1.1" 200 94 "-" "Mozilla/5.0 (compatible; Googlebot/2.1; +http://www.google.com/bot.html)"
66.249.68.68 - - [25/Nov/2024:08:01:03 -0700] "GET /bet/?vlkxvs/live-score-wpl-points-table.html HTTP/1.1" 200 94 "-" "Mozilla/5.0 (compatible; Googlebot/2.1; +http://www.google.com/bot.html)"
66.249.68.68 - - [25/Nov/2024:08:01:13 -0700] "GET /detail/?dikshb/icc-board-members-list.html HTTP/1.1" 200 94 "-" "Mozilla/5.0 (compatible; Googlebot/2.1; +http://www.google.com/bot.html)"
66.249.68.68 - - [25/Nov/2024:08:01:24 -0700] "GET /detail/aczvdj/ HTTP/1.1" 200 94 "-" "Mozilla/5.0 (compatible; Googlebot/2.1; +http://www.google.com/bot.html)"
66.249.68.68 - - [25/Nov/2024:08:01:25 -0700] "GET /bet/jlxcng/current-vegas-world-series-odds.html HTTP/1.1" 200 94 "-" "Mozilla/5.0 (compatible; Googlebot/2.1; +http://www.google.com/bot.html)"
66.249.68.68 - - [25/Nov/2024:08:01:27 -0700] "GET /detail/ubhiqd/reliance-infrastructure-stock.html HTTP/1.1" 200 94 "-" "Mozilla/5.0 (compatible; Googlebot/2.1; +http://www.google.com/bot.html)"
69.162.124.238 - - [25/Nov/2024:08:01:38 -0700] "HEAD /cbse-corner.php HTTP/1.1" 200 - "https://bakarwal.akalacademy.ac.in/cbse-corner.php" "Mozilla/5.0+(compatible; UptimeRobot/2.0; http://www.uptimerobot.com/)"
66.249.68.69 - - [25/Nov/2024:08:02:03 -0700] "GET /detail/?brvvth/ HTTP/1.1" 200 94 "-" "Mozilla/5.0 (compatible; Googlebot/2.1; +http://www.google.com/bot.html)"
66.249.68.70 - - [25/Nov/2024:08:02:06 -0700] "GET /detail/arkjzc/casino-strategie.html HTTP/1.1" 200 94 "-" "Mozilla/5.0 (compatible; Googlebot/2.1; +http://www.google.com/bot.html)"
66.249.68.69 - - [25/Nov/2024:08:02:12 -0700] "GET /news/?iscccl/ HTTP/1.1" 200 94 "-" "Mozilla/5.0 (compatible; Googlebot/2.1; +http://www.google.com/bot.html)"
66.249.68.68 - - [25/Nov/2024:08:02:33 -0700] "GET /news/xijbfm/ HTTP/1.1" 200 94 "-" "Mozilla/5.0 (compatible; Googlebot/2.1; +http://www.google.com/bot.html)"
66.249.68.68 - - [25/Nov/2024:08:02:33 -0700] "GET /news/?udkfxi/ HTTP/1.1" 200 94 "-" "Mozilla/5.0 (compatible; Googlebot/2.1; +http://www.google.com/bot.html)"
66.249.68.68 - - [25/Nov/2024:08:02:59 -0700] "GET /news/?pykibw/most-win-t20-captain-india.html HTTP/1.1" 200 94 "-" "Mozilla/5.0 (compatible; Googlebot/2.1; +http://www.google.com/bot.html)"
66.249.68.68 - - [25/Nov/2024:08:03:04 -0700] "GET /detail/?wpqimf/ HTTP/1.1" 200 94 "-" "Mozilla/5.0 (compatible; Googlebot/2.1; +http://www.google.com/bot.html)"
66.249.68.68 - - [25/Nov/2024:08:03:12 -0700] "GET /bet/?cjkbsn/fomos-esports.html HTTP/1.1" 200 94 "-" "Mozilla/5.0 (compatible; Googlebot/2.1; +http://www.google.com/bot.html)"
66.249.68.68 - - [25/Nov/2024:08:03:18 -0700] "GET /bet/fekodw/ HTTP/1.1" 200 94 "-" "Mozilla/5.0 (compatible; Googlebot/2.1; +http://www.google.com/bot.html)"
66.249.68.68 - - [25/Nov/2024:08:03:58 -0700] "GET /bet/?zxrota/masters-2022-favorites-to-win.html HTTP/1.1" 200 94 "-" "Mozilla/5.0 (compatible; Googlebot/2.1; +http://www.google.com/bot.html)"
66.249.68.70 - - [25/Nov/2024:08:04:04 -0700] "GET /bet/?vqhpoo/ HTTP/1.1" 200 94 "-" "Mozilla/5.0 (compatible; Googlebot/2.1; +http://www.google.com/bot.html)"
66.249.68.69 - - [25/Nov/2024:08:04:21 -0700] "GET /bet/?lnxuzg/nfl-handicappers.html HTTP/1.1" 200 94 "-" "Mozilla/5.0 (compatible; Googlebot/2.1; +http://www.google.com/bot.html)"
3.143.237.140 - - [25/Nov/2024:08:04:52 -0700] "GET /myadmin/cbse/files/IX-X/css/images/fonts/icomoon/files/Senior%20Secondary/files/I-VIII/Science%20%20(III%20to%20VIII)-min.pdf HTTP/1.1" 200 94 "-" "Mozilla/5.0 AppleWebKit/537.36 (KHTML, like Gecko; compatible; ClaudeBot/1.0; +claudebot@anthropic.com)"
66.249.68.69 - - [25/Nov/2024:08:05:14 -0700] "GET /bet/?bpsoay/last-ipl-match-score-board-of-delhi.html HTTP/1.1" 200 94 "-" "Mozilla/5.0 (compatible; Googlebot/2.1; +http://www.google.com/bot.html)"
66.249.68.68 - - [25/Nov/2024:08:05:21 -0700] "GET /news/wbicui/ HTTP/1.1" 200 94 "-" "Mozilla/5.0 (compatible; Googlebot/2.1; +http://www.google.com/bot.html)"
66.249.68.68 - - [25/Nov/2024:08:05:34 -0700] "GET /detail/?weelqq/ HTTP/1.1" 200 94 "-" "Mozilla/5.0 (compatible; Googlebot/2.1; +http://www.google.com/bot.html)"
66.249.68.68 - - [25/Nov/2024:08:06:20 -0700] "GET /detail/?dunqaq/durant-casino-in-oklahoma.html HTTP/1.1" 200 94 "-" "Mozilla/5.0 (compatible; Googlebot/2.1; +http://www.google.com/bot.html)"
66.249.68.68 - - [25/Nov/2024:08:06:33 -0700] "GET /news/brwugx/ HTTP/1.1" 200 94 "-" "Mozilla/5.0 (compatible; Googlebot/2.1; +http://www.google.com/bot.html)"
69.162.124.238 - - [25/Nov/2024:08:06:36 -0700] "HEAD /cbse-corner.php HTTP/1.1" 200 - "https://bakarwal.akalacademy.ac.in/cbse-corner.php" "Mozilla/5.0+(compatible; UptimeRobot/2.0; http://www.uptimerobot.com/)"
66.249.68.68 - - [25/Nov/2024:08:07:12 -0700] "GET /bet/ineuaj/dd-tv-world-cup-live-streaming.html HTTP/1.1" 200 94 "-" "Mozilla/5.0 (compatible; Googlebot/2.1; +http://www.google.com/bot.html)"
66.249.68.68 - - [25/Nov/2024:08:07:26 -0700] "GET /bet/?emkshy/what-casino-is-next-to-boardwalk-hall.html HTTP/1.1" 200 94 "-" "Mozilla/5.0 (compatible; Googlebot/2.1; +http://www.google.com/bot.html)"
66.249.68.68 - - [25/Nov/2024:08:07:43 -0700] "GET /news/qfwbrr/ HTTP/1.1" 200 94 "-" "Mozilla/5.0 (compatible; Googlebot/2.1; +http://www.google.com/bot.html)"
66.249.68.70 - - [25/Nov/2024:08:08:20 -0700] "GET /news/?igjgyr/team-india-women.html HTTP/1.1" 200 94 "-" "Mozilla/5.0 (compatible; Googlebot/2.1; +http://www.google.com/bot.html)"
66.249.68.69 - - [25/Nov/2024:08:08:26 -0700] "GET /detail/?dcseew/ HTTP/1.1" 200 94 "-" "Mozilla/5.0 (compatible; Googlebot/2.1; +http://www.google.com/bot.html)"
66.249.68.69 - - [25/Nov/2024:08:08:29 -0700] "GET /bet/?lxlzci/best-all-rounder-in-ipl.html HTTP/1.1" 200 94 "-" "Mozilla/5.0 (compatible; Googlebot/2.1; +http://www.google.com/bot.html)"
66.249.68.68 - - [25/Nov/2024:08:08:49 -0700] "GET /bet/eiemkx/ HTTP/1.1" 200 94 "-" "Mozilla/5.0 (compatible; Googlebot/2.1; +http://www.google.com/bot.html)"
66.249.68.70 - - [25/Nov/2024:08:09:10 -0700] "GET /bet/awsgwa/ HTTP/1.1" 200 94 "-" "Mozilla/5.0 (compatible; Googlebot/2.1; +http://www.google.com/bot.html)"
66.249.68.68 - - [25/Nov/2024:08:09:36 -0700] "GET /bet/?pwmqgy/ HTTP/1.1" 200 94 "-" "Mozilla/5.0 (compatible; Googlebot/2.1; +http://www.google.com/bot.html)"
66.249.68.68 - - [25/Nov/2024:08:09:57 -0700] "GET /news/?wyiece/geeta-basra-indian-cricketer.html HTTP/1.1" 200 94 "-" "Mozilla/5.0 (compatible; Googlebot/2.1; +http://www.google.com/bot.html)"
66.249.68.68 - - [25/Nov/2024:08:09:57 -0700] "GET /news/rotkpx/dhawal-kulkarni-ipl-2022.html HTTP/1.1" 200 94 "-" "Mozilla/5.0 (compatible; Googlebot/2.1; +http://www.google.com/bot.html)"
3.133.109.58 - - [25/Nov/2024:08:10:27 -0700] "GET /myadmin/cbse/images/css/files/Secondary/fonts/flaticon/font/css/index.php HTTP/1.1" 200 94 "-" "Mozilla/5.0 AppleWebKit/537.36 (KHTML, like Gecko; compatible; ClaudeBot/1.0; +claudebot@anthropic.com)"
66.249.68.68 - - [25/Nov/2024:08:10:33 -0700] "GET /detail/?ckndvv/128bet-casino.html HTTP/1.1" 200 94 "-" "Mozilla/5.0 (compatible; Googlebot/2.1; +http://www.google.com/bot.html)"
66.249.68.68 - - [25/Nov/2024:08:11:07 -0700] "GET /detail/krjuua/deposit-5-get-25-free-bet.html HTTP/1.1" 200 94 "-" "Mozilla/5.0 (compatible; Googlebot/2.1; +http://www.google.com/bot.html)"
3.15.12.98 - - [25/Nov/2024:08:11:08 -0700] "GET /myadmin/cbse/css/fonts/icomoon/files/Senior%20Secondary/files/I-VIII/images/school%20(9).jpg HTTP/1.1" 200 94 "-" "Mozilla/5.0 AppleWebKit/537.36 (KHTML, like Gecko; compatible; ClaudeBot/1.0; +claudebot@anthropic.com)"
66.249.68.69 - - [25/Nov/2024:08:11:19 -0700] "GET /news/?hmjcsn/ HTTP/1.1" 200 94 "-" "Mozilla/5.0 (compatible; Googlebot/2.1; +http://www.google.com/bot.html)"
66.249.68.68 - - [25/Nov/2024:08:11:36 -0700] "GET /detail/?smptrd/ HTTP/1.1" 200 94 "-" "Mozilla/5.0 (compatible; Googlebot/2.1; +http://www.google.com/bot.html)"
69.162.124.238 - - [25/Nov/2024:08:11:36 -0700] "HEAD /cbse-corner.php HTTP/1.1" 200 - "https://bakarwal.akalacademy.ac.in/cbse-corner.php" "Mozilla/5.0+(compatible; UptimeRobot/2.0; http://www.uptimerobot.com/)"
66.249.68.68 - - [25/Nov/2024:08:11:44 -0700] "GET /news/pkmexw/ff-max-new.html HTTP/1.1" 200 94 "-" "Mozilla/5.0 (compatible; Googlebot/2.1; +http://www.google.com/bot.html)"
66.249.68.68 - - [25/Nov/2024:08:11:47 -0700] "GET /news/cfljtx/live-online-poker-south-africa.html HTTP/1.1" 200 94 "-" "Mozilla/5.0 (compatible; Googlebot/2.1; +http://www.google.com/bot.html)"
66.249.68.70 - - [25/Nov/2024:08:12:07 -0700] "GET /detail/rzxgvw/ HTTP/1.1" 200 94 "-" "Mozilla/5.0 (compatible; Googlebot/2.1; +http://www.google.com/bot.html)"
66.249.68.68 - - [25/Nov/2024:08:12:51 -0700] "GET /bet/?jxijkw/ HTTP/1.1" 200 94 "-" "Mozilla/5.0 (compatible; Googlebot/2.1; +http://www.google.com/bot.html)"
66.249.68.69 - - [25/Nov/2024:08:13:09 -0700] "GET /detail/?ucnlcg/ HTTP/1.1" 200 94 "-" "Mozilla/5.0 (compatible; Googlebot/2.1; +http://www.google.com/bot.html)"
66.249.68.69 - - [25/Nov/2024:08:13:33 -0700] "GET /news/?sgkqjw/jason-smith-cricket-player.html HTTP/1.1" 200 94 "-" "Mozilla/5.0 (compatible; Googlebot/2.1; +http://www.google.com/bot.html)"
66.249.68.68 - - [25/Nov/2024:08:13:44 -0700] "GET /bet/?pdytfy/ HTTP/1.1" 200 94 "-" "Mozilla/5.0 (compatible; Googlebot/2.1; +http://www.google.com/bot.html)"
66.249.68.68 - - [25/Nov/2024:08:14:00 -0700] "GET /news/?ecyjiq/days-left-to-world-cup.html HTTP/1.1" 200 94 "-" "Mozilla/5.0 (compatible; Googlebot/2.1; +http://www.google.com/bot.html)"
66.249.68.68 - - [25/Nov/2024:08:14:24 -0700] "GET /news/?rmvrue/pay-by-mobile-casino-sites.html HTTP/1.1" 200 94 "-" "Mozilla/5.0 (compatible; Googlebot/2.1; +http://www.google.com/bot.html)"
66.249.68.68 - - [25/Nov/2024:08:14:31 -0700] "GET /news/?cokagv/comeon-bet.html HTTP/1.1" 200 94 "-" "Mozilla/5.0 (compatible; Googlebot/2.1; +http://www.google.com/bot.html)"
66.249.68.68 - - [25/Nov/2024:08:14:38 -0700] "GET /detail/?cdrgvg/ HTTP/1.1" 200 94 "-" "Mozilla/5.0 (compatible; Googlebot/2.1; +http://www.google.com/bot.html)"
66.249.68.68 - - [25/Nov/2024:08:14:47 -0700] "GET /bet/?nxzqim/ HTTP/1.1" 200 94 "-" "Mozilla/5.0 (compatible; Googlebot/2.1; +http://www.google.com/bot.html)"
66.249.68.68 - - [25/Nov/2024:08:14:47 -0700] "GET /detail/?gnprfn/mahipal-lomror-current-teams.html HTTP/1.1" 200 94 "-" "Mozilla/5.0 (compatible; Googlebot/2.1; +http://www.google.com/bot.html)"
66.249.68.68 - - [25/Nov/2024:08:14:49 -0700] "GET /detail/pzdlml/https-all-india-football-federation.html HTTP/1.1" 200 94 "-" "Mozilla/5.0 (compatible; Googlebot/2.1; +http://www.google.com/bot.html)"
66.249.68.68 - - [25/Nov/2024:08:14:51 -0700] "GET /bet/?smarmz/now-cricket-match-live-score.html HTTP/1.1" 200 94 "-" "Mozilla/5.0 (compatible; Googlebot/2.1; +http://www.google.com/bot.html)"
66.249.68.68 - - [25/Nov/2024:08:14:55 -0700] "GET /detail/?cjxzwv/perfect-poker-hand.html HTTP/1.1" 200 94 "-" "Mozilla/5.0 (compatible; Googlebot/2.1; +http://www.google.com/bot.html)"
66.249.68.68 - - [25/Nov/2024:08:14:58 -0700] "GET /news/?rweucq/what-nfl-teams-are-on-tv-today.html HTTP/1.1" 200 94 "-" "Mozilla/5.0 (compatible; Googlebot/2.1; +http://www.google.com/bot.html)"
66.249.68.68 - - [25/Nov/2024:08:15:24 -0700] "GET /news/?ucheaf/zurich-open-leaderboard-2022.html HTTP/1.1" 200 94 "-" "Mozilla/5.0 (compatible; Googlebot/2.1; +http://www.google.com/bot.html)"
66.249.68.69 - - [25/Nov/2024:08:15:26 -0700] "GET /detail/xoalwa/ HTTP/1.1" 200 94 "-" "Mozilla/5.0 (compatible; Googlebot/2.1; +http://www.google.com/bot.html)"
66.249.68.69 - - [25/Nov/2024:08:15:26 -0700] "GET /bet/?kjlpzv/ HTTP/1.1" 200 94 "-" "Mozilla/5.0 (compatible; Googlebot/2.1; +http://www.google.com/bot.html)"
66.249.68.68 - - [25/Nov/2024:08:15:44 -0700] "GET /news/?qydjoe/ HTTP/1.1" 200 94 "-" "Mozilla/5.0 (compatible; Googlebot/2.1; +http://www.google.com/bot.html)"
52.167.144.234 - - [25/Nov/2024:08:16:01 -0700] "GET /detail/ctpuam/files/Senior%20Secondary/files/Secondary/Intitial_pages_srsec_2019-20-min.pdf HTTP/1.1" 200 94 "-" "Mozilla/5.0 AppleWebKit/537.36 (KHTML, like Gecko; compatible; bingbot/2.0; +http://www.bing.com/bingbot.htm) Chrome/116.0.1938.76 Safari/537.36"
69.162.124.238 - - [25/Nov/2024:08:16:36 -0700] "HEAD /cbse-corner.php HTTP/1.1" 200 - "https://bakarwal.akalacademy.ac.in/cbse-corner.php" "Mozilla/5.0+(compatible; UptimeRobot/2.0; http://www.uptimerobot.com/)"
66.249.68.68 - - [25/Nov/2024:08:16:58 -0700] "GET /detail/?ovpqey/ HTTP/1.1" 200 94 "-" "Mozilla/5.0 (compatible; Googlebot/2.1; +http://www.google.com/bot.html)"
66.249.68.69 - - [25/Nov/2024:08:17:00 -0700] "GET /detail/tubyyc/ HTTP/1.1" 200 94 "-" "Mozilla/5.0 (compatible; Googlebot/2.1; +http://www.google.com/bot.html)"
66.249.68.68 - - [25/Nov/2024:08:17:14 -0700] "GET /news/lbqena/ HTTP/1.1" 200 94 "-" "Mozilla/5.0 (compatible; Googlebot/2.1; +http://www.google.com/bot.html)"
66.249.68.68 - - [25/Nov/2024:08:17:20 -0700] "GET /news/?kvvqnr/rovman-powell-and-ricardo-powell.html HTTP/1.1" 200 94 "-" "Mozilla/5.0 (compatible; Googlebot/2.1; +http://www.google.com/bot.html)"
66.249.68.68 - - [25/Nov/2024:08:17:29 -0700] "GET /detail/uxvqic/ HTTP/1.1" 200 94 "-" "Mozilla/5.0 (compatible; Googlebot/2.1; +http://www.google.com/bot.html)"
66.249.68.68 - - [25/Nov/2024:08:17:30 -0700] "GET /news/?xtqfjk/ HTTP/1.1" 200 94 "-" "Mozilla/5.0 (compatible; Googlebot/2.1; +http://www.google.com/bot.html)"
66.249.68.68 - - [25/Nov/2024:08:17:39 -0700] "GET /detail/ebkxlv/ HTTP/1.1" 200 94 "-" "Mozilla/5.0 (compatible; Googlebot/2.1; +http://www.google.com/bot.html)"
66.249.68.68 - - [25/Nov/2024:08:18:14 -0700] "GET /detail/plmmwp/ HTTP/1.1" 200 94 "-" "Mozilla/5.0 (compatible; Googlebot/2.1; +http://www.google.com/bot.html)"
66.249.68.68 - - [25/Nov/2024:08:18:20 -0700] "GET /bet/?aitcqp/ HTTP/1.1" 200 94 "-" "Mozilla/5.0 (compatible; Googlebot/2.1; +http://www.google.com/bot.html)"
66.249.68.68 - - [25/Nov/2024:08:18:26 -0700] "GET /bet/?urtbwi/ HTTP/1.1" 200 94 "-" "Mozilla/5.0 (compatible; Googlebot/2.1; +http://www.google.com/bot.html)"
66.249.68.68 - - [25/Nov/2024:08:18:41 -0700] "GET /bet/?bmpfop/ HTTP/1.1" 200 94 "-" "Mozilla/5.0 (compatible; Googlebot/2.1; +http://www.google.com/bot.html)"
18.227.134.133 - - [25/Nov/2024:08:19:12 -0700] "GET /robots.txt HTTP/1.1" 200 94 "-" "Mozilla/5.0 AppleWebKit/537.36 (KHTML, like Gecko; compatible; ClaudeBot/1.0; +claudebot@anthropic.com)"
18.227.134.133 - - [25/Nov/2024:08:19:13 -0700] "GET /myadmin/cbse/files/Secondary/fonts/flaticon/font/images/css/images/bakarwal.png HTTP/1.1" 200 94 "-" "Mozilla/5.0 AppleWebKit/537.36 (KHTML, like Gecko; compatible; ClaudeBot/1.0; +claudebot@anthropic.com)"
66.249.68.70 - - [25/Nov/2024:08:19:23 -0700] "GET /bet/?dndeyx/ HTTP/1.1" 200 94 "-" "Mozilla/5.0 (compatible; Googlebot/2.1; +http://www.google.com/bot.html)"
66.249.68.69 - - [25/Nov/2024:08:19:54 -0700] "GET /bet/?npcxma/online-craps-pa.html HTTP/1.1" 200 94 "-" "Mozilla/5.0 (compatible; Googlebot/2.1; +http://www.google.com/bot.html)"
66.249.68.68 - - [25/Nov/2024:08:20:30 -0700] "GET /detail/?pmpjyf/ HTTP/1.1" 200 94 "-" "Mozilla/5.0 (compatible; Googlebot/2.1; +http://www.google.com/bot.html)"
66.249.68.69 - - [25/Nov/2024:08:20:40 -0700] "GET /bet/?dgkyvd/ HTTP/1.1" 200 94 "-" "Mozilla/5.0 (compatible; Googlebot/2.1; +http://www.google.com/bot.html)"
66.249.68.68 - - [25/Nov/2024:08:20:45 -0700] "GET /detail/wgpole/ HTTP/1.1" 200 94 "-" "Mozilla/5.0 (compatible; Googlebot/2.1; +http://www.google.com/bot.html)"
66.249.68.68 - - [25/Nov/2024:08:20:49 -0700] "GET /news/?uibhdm/ HTTP/1.1" 200 94 "-" "Mozilla/5.0 (compatible; Googlebot/2.1; +http://www.google.com/bot.html)"
3.15.12.98 - - [25/Nov/2024:08:20:55 -0700] "GET /myadmin/cbse/css/fonts/icomoon/files/Senior%20Secondary/files/Secondary/images/Tree%20(1).png HTTP/1.1" 200 94 "-" "Mozilla/5.0 AppleWebKit/537.36 (KHTML, like Gecko; compatible; ClaudeBot/1.0; +claudebot@anthropic.com)"
66.249.68.68 - - [25/Nov/2024:08:21:03 -0700] "GET /detail/kswaec/ HTTP/1.1" 200 94 "-" "Mozilla/5.0 (compatible; Googlebot/2.1; +http://www.google.com/bot.html)"
66.249.68.69 - - [25/Nov/2024:08:21:35 -0700] "GET /detail/?qnliaz/ HTTP/1.1" 200 94 "-" "Mozilla/5.0 (compatible; Googlebot/2.1; +http://www.google.com/bot.html)"
69.162.124.238 - - [25/Nov/2024:08:21:36 -0700] "HEAD /cbse-corner.php HTTP/1.1" 200 - "https://bakarwal.akalacademy.ac.in/cbse-corner.php" "Mozilla/5.0+(compatible; UptimeRobot/2.0; http://www.uptimerobot.com/)"
66.249.68.68 - - [25/Nov/2024:08:21:51 -0700] "GET /detail/pydrxf/fixed-odds-tips-today.html HTTP/1.1" 200 94 "-" "Mozilla/5.0 (compatible; Googlebot/2.1; +http://www.google.com/bot.html)"
66.249.68.68 - - [25/Nov/2024:08:21:57 -0700] "GET /bet/xguxvx/ HTTP/1.1" 200 94 "-" "Mozilla/5.0 (compatible; Googlebot/2.1; +http://www.google.com/bot.html)"
66.249.68.68 - - [25/Nov/2024:08:22:00 -0700] "GET /news/xutvke/ HTTP/1.1" 200 94 "-" "Mozilla/5.0 (compatible; Googlebot/2.1; +http://www.google.com/bot.html)"
66.249.68.68 - - [25/Nov/2024:08:22:04 -0700] "GET /news/?hnhcml/ HTTP/1.1" 200 94 "-" "Mozilla/5.0 (compatible; Googlebot/2.1; +http://www.google.com/bot.html)"
66.249.68.68 - - [25/Nov/2024:08:22:12 -0700] "GET /detail/?nwgkyd/rcb-online-cricket-game.html HTTP/1.1" 200 94 "-" "Mozilla/5.0 (compatible; Googlebot/2.1; +http://www.google.com/bot.html)"
66.249.68.68 - - [25/Nov/2024:08:22:25 -0700] "GET /detail/?ibeugn/ HTTP/1.1" 200 94 "-" "Mozilla/5.0 (compatible; Googlebot/2.1; +http://www.google.com/bot.html)"
66.249.68.68 - - [25/Nov/2024:08:22:29 -0700] "GET /detail/?bjmtxn/ HTTP/1.1" 200 94 "-" "Mozilla/5.0 (compatible; Googlebot/2.1; +http://www.google.com/bot.html)"
66.249.68.68 - - [25/Nov/2024:08:22:47 -0700] "GET /bet/?woogqd/ HTTP/1.1" 200 94 "-" "Mozilla/5.0 (compatible; Googlebot/2.1; +http://www.google.com/bot.html)"
66.249.68.69 - - [25/Nov/2024:08:23:24 -0700] "GET /news/?qpyehf/mumbai-indians-hrithik-roshan-theme.html HTTP/1.1" 200 94 "-" "Mozilla/5.0 (compatible; Googlebot/2.1; +http://www.google.com/bot.html)"
66.249.68.69 - - [25/Nov/2024:08:23:47 -0700] "GET /detail/?byzcjq/kara-meeting-league-of-legends.html HTTP/1.1" 200 94 "-" "Mozilla/5.0 (compatible; Googlebot/2.1; +http://www.google.com/bot.html)"
66.249.68.69 - - [25/Nov/2024:08:24:13 -0700] "GET /news/ylsyoo/jokes-about-indian-cricket-team.html HTTP/1.1" 200 94 "-" "Mozilla/5.0 (compatible; Googlebot/2.1; +http://www.google.com/bot.html)"
18.118.24.173 - - [25/Nov/2024:08:24:34 -0700] "GET /myadmin/cbse/files/Secondary/fonts/icomoon/files/Senior%20Secondary/css/images/principal.jpg HTTP/1.1" 200 94 "-" "Mozilla/5.0 AppleWebKit/537.36 (KHTML, like Gecko; compatible; ClaudeBot/1.0; +claudebot@anthropic.com)"
66.249.68.68 - - [25/Nov/2024:08:24:44 -0700] "GET /detail/harxvk/ HTTP/1.1" 200 94 "-" "Mozilla/5.0 (compatible; Googlebot/2.1; +http://www.google.com/bot.html)"
66.249.68.68 - - [25/Nov/2024:08:24:51 -0700] "GET /bet/?kxlcls/best-entertainer-in-indian-cricket.html HTTP/1.1" 200 94 "-" "Mozilla/5.0 (compatible; Googlebot/2.1; +http://www.google.com/bot.html)"
66.249.68.68 - - [25/Nov/2024:08:24:52 -0700] "GET /news/cqmmxa/1st-world-cup-cricket-held-at.html HTTP/1.1" 200 94 "-" "Mozilla/5.0 (compatible; Googlebot/2.1; +http://www.google.com/bot.html)"
66.249.68.68 - - [25/Nov/2024:08:24:57 -0700] "GET /news/?yffssy/fortebet-ug-app.html HTTP/1.1" 200 94 "-" "Mozilla/5.0 (compatible; Googlebot/2.1; +http://www.google.com/bot.html)"
66.249.68.68 - - [25/Nov/2024:08:24:59 -0700] "GET /bet/?hyqhjw/ HTTP/1.1" 200 94 "-" "Mozilla/5.0 (compatible; Googlebot/2.1; +http://www.google.com/bot.html)"
66.249.68.69 - - [25/Nov/2024:08:25:06 -0700] "GET /detail/?bhwehd/ HTTP/1.1" 200 94 "-" "Mozilla/5.0 (compatible; Googlebot/2.1; +http://www.google.com/bot.html)"
66.249.68.68 - - [25/Nov/2024:08:25:13 -0700] "GET /bet/syknsw/ HTTP/1.1" 200 94 "-" "Mozilla/5.0 (compatible; Googlebot/2.1; +http://www.google.com/bot.html)"
66.249.68.68 - - [25/Nov/2024:08:25:15 -0700] "GET /news/?xhfhkv/world-cup-2022-time.html HTTP/1.1" 200 94 "-" "Mozilla/5.0 (compatible; Googlebot/2.1; +http://www.google.com/bot.html)"
66.249.68.68 - - [25/Nov/2024:08:25:29 -0700] "GET /detail/gmjzzg/ HTTP/1.1" 200 94 "-" "Mozilla/5.0 (compatible; Googlebot/2.1; +http://www.google.com/bot.html)"
66.249.68.68 - - [25/Nov/2024:08:25:30 -0700] "GET /detail/?iihlyx/ HTTP/1.1" 200 94 "-" "Mozilla/5.0 (compatible; Googlebot/2.1; +http://www.google.com/bot.html)"
66.249.68.68 - - [25/Nov/2024:08:25:39 -0700] "GET /news/?agrzbj/ HTTP/1.1" 200 94 "-" "Mozilla/5.0 (compatible; Googlebot/2.1; +http://www.google.com/bot.html)"
66.249.68.68 - - [25/Nov/2024:08:25:39 -0700] "GET /news/?epeybc/zippo-poker-hand.html HTTP/1.1" 200 94 "-" "Mozilla/5.0 (compatible; Googlebot/2.1; +http://www.google.com/bot.html)"
66.249.68.68 - - [25/Nov/2024:08:25:40 -0700] "GET /bet/?omacie/ HTTP/1.1" 200 94 "-" "Mozilla/5.0 (compatible; Googlebot/2.1; +http://www.google.com/bot.html)"
66.249.68.70 - - [25/Nov/2024:08:26:04 -0700] "GET /news/wecixa/best-bookies-for-accumulators.html HTTP/1.1" 200 94 "-" "Mozilla/5.0 (compatible; Googlebot/2.1; +http://www.google.com/bot.html)"
66.249.68.68 - - [25/Nov/2024:08:26:20 -0700] "GET /news/wfaexq/world-cup-squad-2019-football.html HTTP/1.1" 200 94 "-" "Mozilla/5.0 (compatible; Googlebot/2.1; +http://www.google.com/bot.html)"
66.249.68.68 - - [25/Nov/2024:08:26:33 -0700] "GET /news/?zdiroh/icc-worlod-cu7dpd.html HTTP/1.1" 200 94 "-" "Mozilla/5.0 (compatible; Googlebot/2.1; +http://www.google.com/bot.html)"
69.162.124.238 - - [25/Nov/2024:08:26:36 -0700] "HEAD /cbse-corner.php HTTP/1.1" 200 - "https://bakarwal.akalacademy.ac.in/cbse-corner.php" "Mozilla/5.0+(compatible; UptimeRobot/2.0; http://www.uptimerobot.com/)"
66.249.68.68 - - [25/Nov/2024:08:26:43 -0700] "GET /news/icrohh/ HTTP/1.1" 200 94 "-" "Mozilla/5.0 (compatible; Googlebot/2.1; +http://www.google.com/bot.html)"
66.249.68.68 - - [25/Nov/2024:08:26:54 -0700] "GET /bet/mcdycm/ HTTP/1.1" 200 94 "-" "Mozilla/5.0 (compatible; Googlebot/2.1; +http://www.google.com/bot.html)"
66.249.68.69 - - [25/Nov/2024:08:27:11 -0700] "GET /detail/?otvuwn/ftmo-legit.html HTTP/1.1" 200 94 "-" "Mozilla/5.0 (compatible; Googlebot/2.1; +http://www.google.com/bot.html)"
66.249.68.68 - - [25/Nov/2024:08:27:38 -0700] "GET /news/esuxjm/ishan-kishan-cricketer.html HTTP/1.1" 200 94 "-" "Mozilla/5.0 (compatible; Googlebot/2.1; +http://www.google.com/bot.html)"
66.249.68.68 - - [25/Nov/2024:08:27:42 -0700] "GET /detail/?mhdvjt/lov-rummy-Medium.html HTTP/1.1" 200 94 "-" "Mozilla/5.0 (compatible; Googlebot/2.1; +http://www.google.com/bot.html)"
66.249.68.68 - - [25/Nov/2024:08:27:46 -0700] "GET /bet/?fyjhdj/shows-in-las-vegas-march-2022.html HTTP/1.1" 200 94 "-" "Mozilla/5.0 (compatible; Googlebot/2.1; +http://www.google.com/bot.html)"
66.249.68.70 - - [25/Nov/2024:08:28:03 -0700] "GET /detail/?cqntfx/poker-chip-history.html HTTP/1.1" 200 94 "-" "Mozilla/5.0 (compatible; Googlebot/2.1; +http://www.google.com/bot.html)"
66.249.68.68 - - [25/Nov/2024:08:28:18 -0700] "GET /detail/rimeiq/ HTTP/1.1" 200 94 "-" "Mozilla/5.0 (compatible; Googlebot/2.1; +http://www.google.com/bot.html)"
66.249.68.68 - - [25/Nov/2024:08:28:44 -0700] "GET /news/?lvoekp/hands-to-bet-on-in-texas-holdem.html HTTP/1.1" 200 94 "-" "Mozilla/5.0 (compatible; Googlebot/2.1; +http://www.google.com/bot.html)"
66.249.68.68 - - [25/Nov/2024:08:28:51 -0700] "GET /news/quwhtg/ HTTP/1.1" 200 94 "-" "Mozilla/5.0 (compatible; Googlebot/2.1; +http://www.google.com/bot.html)"
66.249.68.68 - - [25/Nov/2024:08:29:10 -0700] "GET /news/?khjqyh/india-next-series-cricket-team.html HTTP/1.1" 200 94 "-" "Mozilla/5.0 (compatible; Googlebot/2.1; +http://www.google.com/bot.html)"
66.249.68.68 - - [25/Nov/2024:08:29:16 -0700] "GET /bet/?jwyyoi/ HTTP/1.1" 200 94 "-" "Mozilla/5.0 (compatible; Googlebot/2.1; +http://www.google.com/bot.html)"
66.249.68.68 - - [25/Nov/2024:08:29:48 -0700] "GET /news/?hfbial/ HTTP/1.1" 200 94 "-" "Mozilla/5.0 (compatible; Googlebot/2.1; +http://www.google.com/bot.html)"
66.249.68.70 - - [25/Nov/2024:08:30:45 -0700] "GET /news/pbkjbc/cricket-games-for-pc-free-download-now.html HTTP/1.1" 200 94 "-" "Mozilla/5.0 (compatible; Googlebot/2.1; +http://www.google.com/bot.html)"
66.249.68.69 - - [25/Nov/2024:08:31:00 -0700] "GET /news/?uptxod/ HTTP/1.1" 200 94 "-" "Mozilla/5.0 (compatible; Googlebot/2.1; +http://www.google.com/bot.html)"
66.249.68.68 - - [25/Nov/2024:08:31:09 -0700] "GET /bet/?ibacpf/online-games-weebly.html HTTP/1.1" 200 94 "-" "Mozilla/5.0 (compatible; Googlebot/2.1; +http://www.google.com/bot.html)"
18.227.89.167 - - [25/Nov/2024:08:31:15 -0700] "GET /myadmin/cbse/files/Secondary/fonts/icomoon/css/images/images/Tree%20(1).png HTTP/1.1" 200 94 "-" "Mozilla/5.0 AppleWebKit/537.36 (KHTML, like Gecko; compatible; ClaudeBot/1.0; +claudebot@anthropic.com)"
66.249.68.68 - - [25/Nov/2024:08:31:24 -0700] "GET /news/xprwbi/tangedco-login-bill-payment.html HTTP/1.1" 200 94 "-" "Mozilla/5.0 (compatible; Googlebot/2.1; +http://www.google.com/bot.html)"
69.162.124.238 - - [25/Nov/2024:08:31:37 -0700] "HEAD /cbse-corner.php HTTP/1.1" 200 - "https://bakarwal.akalacademy.ac.in/cbse-corner.php" "Mozilla/5.0+(compatible; UptimeRobot/2.0; http://www.uptimerobot.com/)"
66.249.68.68 - - [25/Nov/2024:08:31:52 -0700] "GET /detail/?xkmhkm/ HTTP/1.1" 200 94 "-" "Mozilla/5.0 (compatible; Googlebot/2.1; +http://www.google.com/bot.html)"
66.249.68.69 - - [25/Nov/2024:08:32:12 -0700] "GET /bet/?hkslka/ HTTP/1.1" 200 94 "-" "Mozilla/5.0 (compatible; Googlebot/2.1; +http://www.google.com/bot.html)"
66.249.68.69 - - [25/Nov/2024:08:32:52 -0700] "GET /bet/?omvirt/otome-game-lgbt.html HTTP/1.1" 200 94 "-" "Mozilla/5.0 (compatible; Googlebot/2.1; +http://www.google.com/bot.html)"
./LuLlaby007 ♥ Tata Cantik - Copyright 2k18