66.249.79.66 - - [25/Nov/2024:07:55:49 -0700] "GET /detail/?nkjkoz/pkl-stats-all-time.html HTTP/1.1" 200 94 "-" "Mozilla/5.0 (compatible; Googlebot/2.1; +http://www.google.com/bot.html)"
66.249.79.66 - - [25/Nov/2024:07:55:55 -0700] "GET /detail/?jhtahw/today-ipl-squad-prediction.html HTTP/1.1" 200 94 "-" "Mozilla/5.0 (compatible; Googlebot/2.1; +http://www.google.com/bot.html)"
66.249.79.66 - - [25/Nov/2024:07:55:59 -0700] "GET /bet/?ofcbza/ipl-dublin.html HTTP/1.1" 200 94 "-" "Mozilla/5.0 (compatible; Googlebot/2.1; +http://www.google.com/bot.html)"
66.249.79.66 - - [25/Nov/2024:07:56:20 -0700] "GET /bet/?yzlssd/come-one-casino.html HTTP/1.1" 200 94 "-" "Mozilla/5.0 (compatible; Googlebot/2.1; +http://www.google.com/bot.html)"
66.249.79.66 - - [25/Nov/2024:07:56:54 -0700] "GET /news/?salurq/ HTTP/1.1" 200 94 "-" "Mozilla/5.0 (compatible; Googlebot/2.1; +http://www.google.com/bot.html)"
66.249.79.66 - - [25/Nov/2024:07:57:18 -0700] "GET /bet/apskre/ HTTP/1.1" 200 94 "-" "Mozilla/5.0 (compatible; Googlebot/2.1; +http://www.google.com/bot.html)"
66.249.79.66 - - [25/Nov/2024:07:57:39 -0700] "GET /detail/?rvooul/why-jos-buttler-is-not-playing-ipl.html HTTP/1.1" 200 94 "-" "Mozilla/5.0 (compatible; Googlebot/2.1; +http://www.google.com/bot.html)"
66.249.79.67 - - [25/Nov/2024:07:57:43 -0700] "GET /news/?ppjysd/leading-wicket-taker-in-t20-matches.html HTTP/1.1" 200 94 "-" "Mozilla/5.0 (compatible; Googlebot/2.1; +http://www.google.com/bot.html)"
66.249.79.66 - - [25/Nov/2024:07:57:44 -0700] "GET /news/bflwtt/playojo-doubleball-roulette.html HTTP/1.1" 200 94 "-" "Mozilla/5.0 (compatible; Googlebot/2.1; +http://www.google.com/bot.html)"
66.249.79.66 - - [25/Nov/2024:07:57:53 -0700] "GET /news/?cbtipy/ HTTP/1.1" 200 94 "-" "Mozilla/5.0 (compatible; Googlebot/2.1; +http://www.google.com/bot.html)"
66.249.79.67 - - [25/Nov/2024:07:58:02 -0700] "GET /news/akbtkw/davis-cup-india-team-2017.html HTTP/1.1" 200 94 "-" "Mozilla/5.0 (compatible; Googlebot/2.1; +http://www.google.com/bot.html)"
66.249.79.67 - - [25/Nov/2024:07:58:05 -0700] "GET /bet/hdxlvn/ HTTP/1.1" 200 94 "-" "Mozilla/5.0 (compatible; Googlebot/2.1; +http://www.google.com/bot.html)"
66.249.79.66 - - [25/Nov/2024:07:58:06 -0700] "GET /news/?linrip/ HTTP/1.1" 200 94 "-" "Mozilla/5.0 (compatible; Googlebot/2.1; +http://www.google.com/bot.html)"
66.249.79.66 - - [25/Nov/2024:07:58:15 -0700] "GET /detail/?hbhvba/ HTTP/1.1" 200 94 "-" "Mozilla/5.0 (compatible; Googlebot/2.1; +http://www.google.com/bot.html)"
66.249.79.66 - - [25/Nov/2024:07:58:28 -0700] "GET /detail/rvalwk/capital-first-job-in-delhi.html HTTP/1.1" 200 94 "-" "Mozilla/5.0 (compatible; Googlebot/2.1; +http://www.google.com/bot.html)"
66.249.79.66 - - [25/Nov/2024:07:58:29 -0700] "GET /detail/nymeeu/ HTTP/1.1" 200 94 "-" "Mozilla/5.0 (compatible; Googlebot/2.1; +http://www.google.com/bot.html)"
66.249.79.66 - - [25/Nov/2024:07:58:38 -0700] "GET /bet/?ckgpcr/ HTTP/1.1" 200 94 "-" "Mozilla/5.0 (compatible; Googlebot/2.1; +http://www.google.com/bot.html)"
66.249.79.67 - - [25/Nov/2024:07:59:06 -0700] "GET /bet/?hkukvh/ HTTP/1.1" 200 94 "-" "Mozilla/5.0 (compatible; Googlebot/2.1; +http://www.google.com/bot.html)"
66.249.79.67 - - [25/Nov/2024:07:59:21 -0700] "GET /detail/?mwvzwk/ HTTP/1.1" 200 94 "-" "Mozilla/5.0 (compatible; Googlebot/2.1; +http://www.google.com/bot.html)"
66.249.79.66 - - [25/Nov/2024:07:59:28 -0700] "GET /bet/?iknkar/ HTTP/1.1" 200 94 "-" "Mozilla/5.0 (compatible; Googlebot/2.1; +http://www.google.com/bot.html)"
66.249.79.66 - - [25/Nov/2024:07:59:29 -0700] "GET /bet/?pcxzzo/atn-live-streaming-world-cup.html HTTP/1.1" 200 94 "-" "Mozilla/5.0 (compatible; Googlebot/2.1; +http://www.google.com/bot.html)"
69.162.124.238 - - [25/Nov/2024:07:59:31 -0700] "HEAD /cbse-corner.php HTTP/1.1" 200 - "https://ajitsarratia.akalacademy.ac.in/cbse-corner.php" "Mozilla/5.0+(compatible; UptimeRobot/2.0; http://www.uptimerobot.com/)"
66.249.79.66 - - [25/Nov/2024:07:59:39 -0700] "GET /detail/nhqnnl/online-flash-strategy-games.html HTTP/1.1" 200 94 "-" "Mozilla/5.0 (compatible; Googlebot/2.1; +http://www.google.com/bot.html)"
66.249.79.66 - - [25/Nov/2024:07:59:55 -0700] "GET /bet/?sxxsuw/sportnation-bet-sports.html HTTP/1.1" 200 94 "-" "Mozilla/5.0 (compatible; Googlebot/2.1; +http://www.google.com/bot.html)"
66.249.79.68 - - [25/Nov/2024:08:00:05 -0700] "GET /bet/?plqouu/ HTTP/1.1" 200 94 "-" "Mozilla/5.0 (compatible; Googlebot/2.1; +http://www.google.com/bot.html)"
66.249.79.68 - - [25/Nov/2024:08:00:06 -0700] "GET /bet/?admuxc/king-xi-punjab-player-list-today.html HTTP/1.1" 200 94 "-" "Mozilla/5.0 (compatible; Googlebot/2.1; +http://www.google.com/bot.html)"
66.249.79.66 - - [25/Nov/2024:08:00:16 -0700] "GET /bet/?rvazfv/online-casino-echtgeld-ohne-einzahlung.html HTTP/1.1" 200 94 "-" "Mozilla/5.0 (compatible; Googlebot/2.1; +http://www.google.com/bot.html)"
66.249.79.66 - - [25/Nov/2024:08:00:17 -0700] "GET /news/?eeawsz/rcbplayers-2022.html HTTP/1.1" 200 94 "-" "Mozilla/5.0 (compatible; Googlebot/2.1; +http://www.google.com/bot.html)"
66.249.79.66 - - [25/Nov/2024:08:00:35 -0700] "GET /bet/bnlrhj/ HTTP/1.1" 200 94 "-" "Mozilla/5.0 (compatible; Googlebot/2.1; +http://www.google.com/bot.html)"
37.111.237.247 - - [25/Nov/2024:08:00:39 -0700] "GET / HTTP/1.1" 200 94 "-" "Mozilla/5.0 (Linux; Android 10; K) AppleWebKit/537.36 (KHTML, like Gecko) Chrome/130.0.6723.108 Mobile Safari/537.36"
37.111.237.247 - - [25/Nov/2024:08:00:41 -0700] "GET /favicon.ico HTTP/1.1" 200 2622 "https://ajitsarratia.akalacademy.ac.in/" "Mozilla/5.0 (Linux; Android 10; K) AppleWebKit/537.36 (KHTML, like Gecko) Chrome/130.0.6723.108 Mobile Safari/537.36"
66.249.79.66 - - [25/Nov/2024:08:00:42 -0700] "GET /news/ledrsc/ HTTP/1.1" 200 94 "-" "Mozilla/5.0 (compatible; Googlebot/2.1; +http://www.google.com/bot.html)"
66.249.79.66 - - [25/Nov/2024:08:00:44 -0700] "GET /bet/?eydzbl/roulette-begriffe.html HTTP/1.1" 200 94 "-" "Mozilla/5.0 (compatible; Googlebot/2.1; +http://www.google.com/bot.html)"
66.249.79.66 - - [25/Nov/2024:08:00:57 -0700] "GET /news/?jaqkxf/casino-split.html HTTP/1.1" 200 94 "-" "Mozilla/5.0 (compatible; Googlebot/2.1; +http://www.google.com/bot.html)"
66.249.79.66 - - [25/Nov/2024:08:01:01 -0700] "GET /news/?tnnkgb/ HTTP/1.1" 200 94 "-" "Mozilla/5.0 (compatible; Googlebot/2.1; +http://www.google.com/bot.html)"
66.249.79.66 - - [25/Nov/2024:08:01:09 -0700] "GET /detail/yixdhu/about-indian-cricket-team-captain.html HTTP/1.1" 200 94 "-" "Mozilla/5.0 (compatible; Googlebot/2.1; +http://www.google.com/bot.html)"
66.249.79.66 - - [25/Nov/2024:08:01:18 -0700] "GET /detail/xidhtc/ HTTP/1.1" 200 94 "-" "Mozilla/5.0 (compatible; Googlebot/2.1; +http://www.google.com/bot.html)"
66.249.79.66 - - [25/Nov/2024:08:01:30 -0700] "GET /bet/?deehbt/zona-champions-serie-a.html HTTP/1.1" 200 94 "-" "Mozilla/5.0 (compatible; Googlebot/2.1; +http://www.google.com/bot.html)"
66.249.79.67 - - [25/Nov/2024:08:02:07 -0700] "GET /news/?csgmuy/cricinfo-live-score-ipl-2022.html HTTP/1.1" 200 94 "-" "Mozilla/5.0 (compatible; Googlebot/2.1; +http://www.google.com/bot.html)"
66.249.79.67 - - [25/Nov/2024:08:02:10 -0700] "GET /news/iefthn/ipl-2017-rcb-squad.html HTTP/1.1" 200 94 "-" "Mozilla/5.0 (compatible; Googlebot/2.1; +http://www.google.com/bot.html)"
66.249.79.67 - - [25/Nov/2024:08:02:17 -0700] "GET /news/?ubblxh/ HTTP/1.1" 200 94 "-" "Mozilla/5.0 (compatible; Googlebot/2.1; +http://www.google.com/bot.html)"
66.249.79.66 - - [25/Nov/2024:08:02:26 -0700] "GET /news/?qgpghr/indian-cricket-womens-team-captain.html HTTP/1.1" 200 94 "-" "Mozilla/5.0 (compatible; Googlebot/2.1; +http://www.google.com/bot.html)"
66.249.79.66 - - [25/Nov/2024:08:02:29 -0700] "GET /news/?zhyhrg/1xbt-app-download-Medium.html HTTP/1.1" 200 94 "-" "Mozilla/5.0 (compatible; Googlebot/2.1; +http://www.google.com/bot.html)"
66.249.79.66 - - [25/Nov/2024:08:02:42 -0700] "GET /detail/?lvestz/ HTTP/1.1" 200 94 "-" "Mozilla/5.0 (compatible; Googlebot/2.1; +http://www.google.com/bot.html)"
66.249.79.66 - - [25/Nov/2024:08:03:49 -0700] "GET /detail/?zkkcvo/bcg-poker-cards-High.html HTTP/1.1" 200 94 "-" "Mozilla/5.0 (compatible; Googlebot/2.1; +http://www.google.com/bot.html)"
216.244.66.233 - - [25/Nov/2024:08:03:54 -0700] "GET /myadmin/gallery/files/Senior%20Secondary/Accountancy-min.pdf HTTP/1.1" 200 94 "-" "Mozilla/5.0 (compatible; DotBot/1.2; +https://opensiteexplorer.org/dotbot; help@moz.com)"
66.249.79.67 - - [25/Nov/2024:08:04:01 -0700] "GET /bet/?jfocmk/zynga-poker-zynga-poker.html HTTP/1.1" 200 94 "-" "Mozilla/5.0 (compatible; Googlebot/2.1; +http://www.google.com/bot.html)"
66.249.79.66 - - [25/Nov/2024:08:04:02 -0700] "GET /detail/?ohhaqo/slendrina-the-forest-game-online.html HTTP/1.1" 200 94 "-" "Mozilla/5.0 (compatible; Googlebot/2.1; +http://www.google.com/bot.html)"
66.249.79.66 - - [25/Nov/2024:08:04:05 -0700] "GET /detail/?bebyfx/ HTTP/1.1" 200 94 "-" "Mozilla/5.0 (compatible; Googlebot/2.1; +http://www.google.com/bot.html)"
66.249.79.66 - - [25/Nov/2024:08:04:05 -0700] "GET /bet/?fkcltb/gameloft-cricket-games-dedomil-net.html HTTP/1.1" 200 94 "-" "Mozilla/5.0 (compatible; Googlebot/2.1; +http://www.google.com/bot.html)"
66.249.79.66 - - [25/Nov/2024:08:04:08 -0700] "GET /bet/?qsvdip/ HTTP/1.1" 200 94 "-" "Mozilla/5.0 (compatible; Googlebot/2.1; +http://www.google.com/bot.html)"
66.249.79.66 - - [25/Nov/2024:08:04:18 -0700] "GET /bet/iukcfb/ HTTP/1.1" 200 94 "-" "Mozilla/5.0 (compatible; Googlebot/2.1; +http://www.google.com/bot.html)"
66.249.79.66 - - [25/Nov/2024:08:04:30 -0700] "GET /news/wnjmoo/ HTTP/1.1" 200 94 "-" "Mozilla/5.0 (compatible; Googlebot/2.1; +http://www.google.com/bot.html)"
69.162.124.238 - - [25/Nov/2024:08:04:31 -0700] "HEAD /cbse-corner.php HTTP/1.1" 200 - "https://ajitsarratia.akalacademy.ac.in/cbse-corner.php" "Mozilla/5.0+(compatible; UptimeRobot/2.0; http://www.uptimerobot.com/)"
66.249.79.66 - - [25/Nov/2024:08:04:33 -0700] "GET /detail/?dkfyhv/top-5-real-money-poker-sites.html HTTP/1.1" 200 94 "-" "Mozilla/5.0 (compatible; Googlebot/2.1; +http://www.google.com/bot.html)"
66.249.79.68 - - [25/Nov/2024:08:05:10 -0700] "GET /news/?xgabmx/memory-card-game-for-3-year-old.html HTTP/1.1" 200 94 "-" "Mozilla/5.0 (compatible; Googlebot/2.1; +http://www.google.com/bot.html)"
66.249.79.67 - - [25/Nov/2024:08:05:16 -0700] "GET /detail/?xdafmz/ HTTP/1.1" 200 94 "-" "Mozilla/5.0 (compatible; Googlebot/2.1; +http://www.google.com/bot.html)"
66.249.79.67 - - [25/Nov/2024:08:05:19 -0700] "GET /news/cocijh/executive-courses-near-me.html HTTP/1.1" 200 94 "-" "Mozilla/5.0 (compatible; Googlebot/2.1; +http://www.google.com/bot.html)"
66.249.79.66 - - [25/Nov/2024:08:05:19 -0700] "GET /news/zxuxux/ HTTP/1.1" 200 94 "-" "Mozilla/5.0 (compatible; Googlebot/2.1; +http://www.google.com/bot.html)"
66.249.79.66 - - [25/Nov/2024:08:05:20 -0700] "GET /detail/?ohigcc/ HTTP/1.1" 200 94 "-" "Mozilla/5.0 (compatible; Googlebot/2.1; +http://www.google.com/bot.html)"
66.249.79.66 - - [25/Nov/2024:08:05:28 -0700] "GET /detail/?nvqdbf/ HTTP/1.1" 200 94 "-" "Mozilla/5.0 (compatible; Googlebot/2.1; +http://www.google.com/bot.html)"
66.249.79.66 - - [25/Nov/2024:08:05:57 -0700] "GET /news/?htmfhk/betmgm-masters-odds.html HTTP/1.1" 200 94 "-" "Mozilla/5.0 (compatible; Googlebot/2.1; +http://www.google.com/bot.html)"
66.249.79.66 - - [25/Nov/2024:08:05:57 -0700] "GET /news/?yvoqyz/best-props-for-tnf.html HTTP/1.1" 200 94 "-" "Mozilla/5.0 (compatible; Googlebot/2.1; +http://www.google.com/bot.html)"
66.249.79.66 - - [25/Nov/2024:08:05:58 -0700] "GET /news/?rypwes/ HTTP/1.1" 200 94 "-" "Mozilla/5.0 (compatible; Googlebot/2.1; +http://www.google.com/bot.html)"
66.249.79.68 - - [25/Nov/2024:08:06:24 -0700] "GET /detail/?bqmnef/mit-blackjack-team-mr-m.html HTTP/1.1" 200 94 "-" "Mozilla/5.0 (compatible; Googlebot/2.1; +http://www.google.com/bot.html)"
66.249.79.67 - - [25/Nov/2024:08:06:39 -0700] "GET /bet/?rzdfad/who-won-today-ipl-t20-match.html HTTP/1.1" 200 94 "-" "Mozilla/5.0 (compatible; Googlebot/2.1; +http://www.google.com/bot.html)"
66.249.79.66 - - [25/Nov/2024:08:06:41 -0700] "GET /detail/ouswvm/vivo-pro-kabaddi-2019-delhi-matches.html HTTP/1.1" 200 94 "-" "Mozilla/5.0 (compatible; Googlebot/2.1; +http://www.google.com/bot.html)"
66.249.79.66 - - [25/Nov/2024:08:06:53 -0700] "GET /news/hrjwuc/ HTTP/1.1" 200 94 "-" "Mozilla/5.0 (compatible; Googlebot/2.1; +http://www.google.com/bot.html)"
66.249.79.66 - - [25/Nov/2024:08:06:53 -0700] "GET /detail/etikkr/ HTTP/1.1" 200 94 "-" "Mozilla/5.0 (compatible; Googlebot/2.1; +http://www.google.com/bot.html)"
66.249.79.68 - - [25/Nov/2024:08:07:07 -0700] "GET /bet/?nihazl/online-cricket-betting-id-in-india.html HTTP/1.1" 200 94 "-" "Mozilla/5.0 (compatible; Googlebot/2.1; +http://www.google.com/bot.html)"
66.249.79.67 - - [25/Nov/2024:08:07:09 -0700] "GET /detail/pudzjj/ HTTP/1.1" 200 94 "-" "Mozilla/5.0 (compatible; Googlebot/2.1; +http://www.google.com/bot.html)"
66.249.79.67 - - [25/Nov/2024:08:07:13 -0700] "GET /detail/wqjwep/ HTTP/1.1" 200 94 "-" "Mozilla/5.0 (compatible; Googlebot/2.1; +http://www.google.com/bot.html)"
66.249.79.66 - - [25/Nov/2024:08:07:15 -0700] "GET /bet/?lyjfzj/upland-property-game.html HTTP/1.1" 200 94 "-" "Mozilla/5.0 (compatible; Googlebot/2.1; +http://www.google.com/bot.html)"
66.249.79.66 - - [25/Nov/2024:08:07:21 -0700] "GET /bet/?mtvihg/ HTTP/1.1" 200 94 "-" "Mozilla/5.0 (compatible; Googlebot/2.1; +http://www.google.com/bot.html)"
66.249.79.66 - - [25/Nov/2024:08:07:44 -0700] "GET /news/?kjsfdc/navdeep-saini-biography.html HTTP/1.1" 200 94 "-" "Mozilla/5.0 (compatible; Googlebot/2.1; +http://www.google.com/bot.html)"
66.249.79.66 - - [25/Nov/2024:08:07:53 -0700] "GET /detail/?lvkrho/eye-operation-games-online.html HTTP/1.1" 200 94 "-" "Mozilla/5.0 (compatible; Googlebot/2.1; +http://www.google.com/bot.html)"
66.249.79.67 - - [25/Nov/2024:08:08:19 -0700] "GET /bet/?ndvaov/ HTTP/1.1" 200 94 "-" "Mozilla/5.0 (compatible; Googlebot/2.1; +http://www.google.com/bot.html)"
66.249.79.67 - - [25/Nov/2024:08:08:21 -0700] "GET /news/?wkwzkw/ HTTP/1.1" 200 94 "-" "Mozilla/5.0 (compatible; Googlebot/2.1; +http://www.google.com/bot.html)"
66.249.79.67 - - [25/Nov/2024:08:08:26 -0700] "GET /news/?qsdvmi/asia-cup-ka-live-score.html HTTP/1.1" 200 94 "-" "Mozilla/5.0 (compatible; Googlebot/2.1; +http://www.google.com/bot.html)"
66.249.79.66 - - [25/Nov/2024:08:08:33 -0700] "GET /news/?kmodpq/ HTTP/1.1" 200 94 "-" "Mozilla/5.0 (compatible; Googlebot/2.1; +http://www.google.com/bot.html)"
66.249.79.66 - - [25/Nov/2024:08:08:41 -0700] "GET /detail/waewty/how-to-bet-moneyline-in-football.html HTTP/1.1" 200 94 "-" "Mozilla/5.0 (compatible; Googlebot/2.1; +http://www.google.com/bot.html)"
66.249.79.66 - - [25/Nov/2024:08:08:42 -0700] "GET /bet/?rpxfpu/ HTTP/1.1" 200 94 "-" "Mozilla/5.0 (compatible; Googlebot/2.1; +http://www.google.com/bot.html)"
66.249.79.66 - - [25/Nov/2024:08:08:54 -0700] "GET /detail/?urwmxm/cricket-win-money-app.html HTTP/1.1" 200 94 "-" "Mozilla/5.0 (compatible; Googlebot/2.1; +http://www.google.com/bot.html)"
66.249.79.67 - - [25/Nov/2024:08:09:17 -0700] "GET /detail/wjohvr/youngest-player-in-ipl-2021.html HTTP/1.1" 200 94 "-" "Mozilla/5.0 (compatible; Googlebot/2.1; +http://www.google.com/bot.html)"
66.249.79.67 - - [25/Nov/2024:08:09:18 -0700] "GET /bet/?zmrzfk/icc-world-women-world-cup-qualifier.html HTTP/1.1" 200 94 "-" "Mozilla/5.0 (compatible; Googlebot/2.1; +http://www.google.com/bot.html)"
66.249.79.66 - - [25/Nov/2024:08:09:21 -0700] "GET /detail/?zgufwd/ HTTP/1.1" 200 94 "-" "Mozilla/5.0 (compatible; Googlebot/2.1; +http://www.google.com/bot.html)"
66.249.79.67 - - [25/Nov/2024:08:09:27 -0700] "GET /bet/pxaoft/ HTTP/1.1" 200 94 "-" "Mozilla/5.0 (compatible; Googlebot/2.1; +http://www.google.com/bot.html)"
69.162.124.238 - - [25/Nov/2024:08:09:31 -0700] "HEAD /cbse-corner.php HTTP/1.1" 200 - "https://ajitsarratia.akalacademy.ac.in/cbse-corner.php" "Mozilla/5.0+(compatible; UptimeRobot/2.0; http://www.uptimerobot.com/)"
66.249.79.66 - - [25/Nov/2024:08:09:45 -0700] "GET /detail/xzfhlq/ HTTP/1.1" 200 94 "-" "Mozilla/5.0 (compatible; Googlebot/2.1; +http://www.google.com/bot.html)"
66.249.79.66 - - [25/Nov/2024:08:09:50 -0700] "GET /detail/?qqtlip/icc-results-today.html HTTP/1.1" 200 94 "-" "Mozilla/5.0 (compatible; Googlebot/2.1; +http://www.google.com/bot.html)"
66.249.79.66 - - [25/Nov/2024:08:10:00 -0700] "GET /bet/?tfztpy/final-fantasy-trading-card-game-digital.html HTTP/1.1" 200 94 "-" "Mozilla/5.0 (compatible; Googlebot/2.1; +http://www.google.com/bot.html)"
66.249.79.66 - - [25/Nov/2024:08:10:29 -0700] "GET /news/?bprwaz/ HTTP/1.1" 200 94 "-" "Mozilla/5.0 (compatible; Googlebot/2.1; +http://www.google.com/bot.html)"
66.249.79.66 - - [25/Nov/2024:08:10:41 -0700] "GET /news/wvlsgf/solary-esport.html HTTP/1.1" 200 94 "-" "Mozilla/5.0 (compatible; Googlebot/2.1; +http://www.google.com/bot.html)"
66.249.79.66 - - [25/Nov/2024:08:10:42 -0700] "GET /news/?lzxjcz/ HTTP/1.1" 200 94 "-" "Mozilla/5.0 (compatible; Googlebot/2.1; +http://www.google.com/bot.html)"
66.249.79.66 - - [25/Nov/2024:08:10:52 -0700] "GET /bet/?nstkre/free-pacman.html HTTP/1.1" 200 94 "-" "Mozilla/5.0 (compatible; Googlebot/2.1; +http://www.google.com/bot.html)"
66.249.79.68 - - [25/Nov/2024:08:11:24 -0700] "GET /detail/?uccguo/cricket-score-5odi.html HTTP/1.1" 200 94 "-" "Mozilla/5.0 (compatible; Googlebot/2.1; +http://www.google.com/bot.html)"
66.249.79.66 - - [25/Nov/2024:08:11:49 -0700] "GET /bet/?xxcdxv/ HTTP/1.1" 200 94 "-" "Mozilla/5.0 (compatible; Googlebot/2.1; +http://www.google.com/bot.html)"
66.249.79.67 - - [25/Nov/2024:08:12:03 -0700] "GET /news/?szedwz/zimbabwe-last-t20-match-scorecard.html HTTP/1.1" 200 94 "-" "Mozilla/5.0 (compatible; Googlebot/2.1; +http://www.google.com/bot.html)"
66.249.79.67 - - [25/Nov/2024:08:12:17 -0700] "GET /bet/?hsujxb/what-channel-are-the-playoff-games.html HTTP/1.1" 200 94 "-" "Mozilla/5.0 (compatible; Googlebot/2.1; +http://www.google.com/bot.html)"
66.249.79.66 - - [25/Nov/2024:08:12:22 -0700] "GET /bet/?zxamdo/ HTTP/1.1" 200 94 "-" "Mozilla/5.0 (compatible; Googlebot/2.1; +http://www.google.com/bot.html)"
66.249.79.66 - - [25/Nov/2024:08:12:43 -0700] "GET /news/rudfuz/team-india-in-odi-2019.html HTTP/1.1" 200 94 "-" "Mozilla/5.0 (compatible; Googlebot/2.1; +http://www.google.com/bot.html)"
66.249.79.66 - - [25/Nov/2024:08:12:44 -0700] "GET /detail/?lbckol/icc-cricket-club-indore.html HTTP/1.1" 200 94 "-" "Mozilla/5.0 (compatible; Googlebot/2.1; +http://www.google.com/bot.html)"
66.249.79.66 - - [25/Nov/2024:08:12:45 -0700] "GET /news/?inuvja/free-spins-daily-casino.html HTTP/1.1" 200 94 "-" "Mozilla/5.0 (compatible; Googlebot/2.1; +http://www.google.com/bot.html)"
66.249.79.66 - - [25/Nov/2024:08:12:59 -0700] "GET /news/?vvtudo/live1-score-ipl.html HTTP/1.1" 200 94 "-" "Mozilla/5.0 (compatible; Googlebot/2.1; +http://www.google.com/bot.html)"
66.249.79.67 - - [25/Nov/2024:08:13:22 -0700] "GET /news/?qvlwrt/ HTTP/1.1" 200 94 "-" "Mozilla/5.0 (compatible; Googlebot/2.1; +http://www.google.com/bot.html)"
66.249.79.67 - - [25/Nov/2024:08:13:26 -0700] "GET /bet/nvrccs/ HTTP/1.1" 200 94 "-" "Mozilla/5.0 (compatible; Googlebot/2.1; +http://www.google.com/bot.html)"
66.249.79.66 - - [25/Nov/2024:08:13:38 -0700] "GET /news/lcziij/oldest-active-cricket-player-playing.html HTTP/1.1" 200 94 "-" "Mozilla/5.0 (compatible; Googlebot/2.1; +http://www.google.com/bot.html)"
66.249.79.66 - - [25/Nov/2024:08:13:46 -0700] "GET /news/elahez/no-deposit-real-money-casino-codes.html HTTP/1.1" 200 94 "-" "Mozilla/5.0 (compatible; Googlebot/2.1; +http://www.google.com/bot.html)"
66.249.79.66 - - [25/Nov/2024:08:13:47 -0700] "GET /detail/wqafgj/ HTTP/1.1" 200 94 "-" "Mozilla/5.0 (compatible; Googlebot/2.1; +http://www.google.com/bot.html)"
66.249.79.66 - - [25/Nov/2024:08:13:55 -0700] "GET /bet/?junaub/ HTTP/1.1" 200 94 "-" "Mozilla/5.0 (compatible; Googlebot/2.1; +http://www.google.com/bot.html)"
66.249.79.66 - - [25/Nov/2024:08:14:01 -0700] "GET /bet/?xmlzzu/the-adventures-of-tintin-game-download.html HTTP/1.1" 200 94 "-" "Mozilla/5.0 (compatible; Googlebot/2.1; +http://www.google.com/bot.html)"
66.249.79.67 - - [25/Nov/2024:08:14:04 -0700] "GET /bet/?kgygpe/ HTTP/1.1" 200 94 "-" "Mozilla/5.0 (compatible; Googlebot/2.1; +http://www.google.com/bot.html)"
66.249.79.66 - - [25/Nov/2024:08:14:07 -0700] "GET /bet/kxpmsr/ HTTP/1.1" 200 94 "-" "Mozilla/5.0 (compatible; Googlebot/2.1; +http://www.google.com/bot.html)"
66.249.79.66 - - [25/Nov/2024:08:14:12 -0700] "GET /news/?grszku/poker-stars-cash-game.html HTTP/1.1" 200 94 "-" "Mozilla/5.0 (compatible; Googlebot/2.1; +http://www.google.com/bot.html)"
66.249.79.66 - - [25/Nov/2024:08:14:25 -0700] "GET /news/oaqodj/ HTTP/1.1" 200 94 "-" "Mozilla/5.0 (compatible; Googlebot/2.1; +http://www.google.com/bot.html)"
69.162.124.238 - - [25/Nov/2024:08:14:31 -0700] "HEAD /cbse-corner.php HTTP/1.1" 200 - "https://ajitsarratia.akalacademy.ac.in/cbse-corner.php" "Mozilla/5.0+(compatible; UptimeRobot/2.0; http://www.uptimerobot.com/)"
66.249.79.66 - - [25/Nov/2024:08:14:41 -0700] "GET /news/?bnrvsl/ HTTP/1.1" 200 94 "-" "Mozilla/5.0 (compatible; Googlebot/2.1; +http://www.google.com/bot.html)"
66.249.79.68 - - [25/Nov/2024:08:15:09 -0700] "GET /news/ingszz/ HTTP/1.1" 200 94 "-" "Mozilla/5.0 (compatible; Googlebot/2.1; +http://www.google.com/bot.html)"
66.249.79.67 - - [25/Nov/2024:08:15:18 -0700] "GET /bet/wqwuqm/genuine-real-money-earning-app.html HTTP/1.1" 200 94 "-" "Mozilla/5.0 (compatible; Googlebot/2.1; +http://www.google.com/bot.html)"
66.249.79.67 - - [25/Nov/2024:08:15:21 -0700] "GET /news/?jwqwzl/womens-ipl-telecast-in-tv.html HTTP/1.1" 200 94 "-" "Mozilla/5.0 (compatible; Googlebot/2.1; +http://www.google.com/bot.html)"
66.249.79.66 - - [25/Nov/2024:08:15:26 -0700] "GET /bet/gvjlrw/ecopayz-cricket-betting-sites-india.html HTTP/1.1" 200 94 "-" "Mozilla/5.0 (compatible; Googlebot/2.1; +http://www.google.com/bot.html)"
66.249.79.66 - - [25/Nov/2024:08:15:55 -0700] "GET /detail/hkrhib/t20-cricket-fever-3d-game-download.html HTTP/1.1" 200 94 "-" "Mozilla/5.0 (compatible; Googlebot/2.1; +http://www.google.com/bot.html)"
66.249.79.66 - - [25/Nov/2024:08:16:03 -0700] "GET /detail/?mdttww/ HTTP/1.1" 200 94 "-" "Mozilla/5.0 (compatible; Googlebot/2.1; +http://www.google.com/bot.html)"
66.249.79.66 - - [25/Nov/2024:08:16:11 -0700] "GET /detail/?qfzjhy/ HTTP/1.1" 200 94 "-" "Mozilla/5.0 (compatible; Googlebot/2.1; +http://www.google.com/bot.html)"
66.249.79.66 - - [25/Nov/2024:08:16:28 -0700] "GET /detail/lsuovc/ HTTP/1.1" 200 94 "-" "Mozilla/5.0 (compatible; Googlebot/2.1; +http://www.google.com/bot.html)"
66.249.79.66 - - [25/Nov/2024:08:16:40 -0700] "GET /bet/swsoxf/pak-vs-bangladesh-2nd-t20-scorecard.html HTTP/1.1" 200 94 "-" "Mozilla/5.0 (compatible; Googlebot/2.1; +http://www.google.com/bot.html)"
66.249.79.66 - - [25/Nov/2024:08:16:41 -0700] "GET /detail/?zbolkt/ HTTP/1.1" 200 94 "-" "Mozilla/5.0 (compatible; Googlebot/2.1; +http://www.google.com/bot.html)"
66.249.79.66 - - [25/Nov/2024:08:17:06 -0700] "GET /bet/?dirypv/cricket-players-from-maharashtra.html HTTP/1.1" 200 94 "-" "Mozilla/5.0 (compatible; Googlebot/2.1; +http://www.google.com/bot.html)"
66.249.79.67 - - [25/Nov/2024:08:17:28 -0700] "GET /news/?tdzbtl/poker-hand-win-probability.html HTTP/1.1" 200 94 "-" "Mozilla/5.0 (compatible; Googlebot/2.1; +http://www.google.com/bot.html)"
66.249.79.66 - - [25/Nov/2024:08:17:38 -0700] "GET /detail/szjdvm/ HTTP/1.1" 200 94 "-" "Mozilla/5.0 (compatible; Googlebot/2.1; +http://www.google.com/bot.html)"
66.249.79.67 - - [25/Nov/2024:08:18:03 -0700] "GET /detail/qjslyu/altamount-capital-delhi.html HTTP/1.1" 200 94 "-" "Mozilla/5.0 (compatible; Googlebot/2.1; +http://www.google.com/bot.html)"
66.249.79.66 - - [25/Nov/2024:08:18:06 -0700] "GET /bet/gbozdt/ HTTP/1.1" 200 94 "-" "Mozilla/5.0 (compatible; Googlebot/2.1; +http://www.google.com/bot.html)"
66.249.79.67 - - [25/Nov/2024:08:18:09 -0700] "GET /bet/?wuyvqt/copy-betting.html HTTP/1.1" 200 94 "-" "Mozilla/5.0 (compatible; Googlebot/2.1; +http://www.google.com/bot.html)"
66.249.79.66 - - [25/Nov/2024:08:18:16 -0700] "GET /news/?ifvcpf/score-of-ipl-berween-kkr-and-punjab.html HTTP/1.1" 200 94 "-" "Mozilla/5.0 (compatible; Googlebot/2.1; +http://www.google.com/bot.html)"
66.249.79.66 - - [25/Nov/2024:08:18:31 -0700] "GET /news/?uztifc/ HTTP/1.1" 200 94 "-" "Mozilla/5.0 (compatible; Googlebot/2.1; +http://www.google.com/bot.html)"
66.249.79.66 - - [25/Nov/2024:08:18:35 -0700] "GET /news/?zyyjbh/hoyle-rummy-rules.html HTTP/1.1" 200 94 "-" "Mozilla/5.0 (compatible; Googlebot/2.1; +http://www.google.com/bot.html)"
66.249.79.66 - - [25/Nov/2024:08:18:36 -0700] "GET /detail/kvxmeb/marcus-rashford-fifa-23.html HTTP/1.1" 200 94 "-" "Mozilla/5.0 (compatible; Googlebot/2.1; +http://www.google.com/bot.html)"
66.249.79.67 - - [25/Nov/2024:08:19:02 -0700] "GET /detail/?gqekyk/world-competition-competition-icc.html HTTP/1.1" 200 94 "-" "Mozilla/5.0 (compatible; Googlebot/2.1; +http://www.google.com/bot.html)"
66.249.79.67 - - [25/Nov/2024:08:19:03 -0700] "GET /bet/?qjxtli/ HTTP/1.1" 200 94 "-" "Mozilla/5.0 (compatible; Googlebot/2.1; +http://www.google.com/bot.html)"
66.249.79.67 - - [25/Nov/2024:08:19:24 -0700] "GET /detail/?heaytg/ HTTP/1.1" 200 94 "-" "Mozilla/5.0 (compatible; Googlebot/2.1; +http://www.google.com/bot.html)"
69.162.124.238 - - [25/Nov/2024:08:19:31 -0700] "HEAD /cbse-corner.php HTTP/1.1" 200 - "https://ajitsarratia.akalacademy.ac.in/cbse-corner.php" "Mozilla/5.0+(compatible; UptimeRobot/2.0; http://www.uptimerobot.com/)"
66.249.79.66 - - [25/Nov/2024:08:19:58 -0700] "GET /news/?uecdoa/ HTTP/1.1" 200 94 "-" "Mozilla/5.0 (compatible; Googlebot/2.1; +http://www.google.com/bot.html)"
66.249.79.66 - - [25/Nov/2024:08:20:10 -0700] "GET /detail/dwqhql/ HTTP/1.1" 200 94 "-" "Mozilla/5.0 (compatible; Googlebot/2.1; +http://www.google.com/bot.html)"
66.249.79.67 - - [25/Nov/2024:08:20:31 -0700] "GET /bet/?lycvdb/marble-card-game.html HTTP/1.1" 200 94 "-" "Mozilla/5.0 (compatible; Googlebot/2.1; +http://www.google.com/bot.html)"
66.249.79.66 - - [25/Nov/2024:08:20:50 -0700] "GET /bet/?wtwncy/ HTTP/1.1" 200 94 "-" "Mozilla/5.0 (compatible; Googlebot/2.1; +http://www.google.com/bot.html)"
66.249.79.66 - - [25/Nov/2024:08:21:09 -0700] "GET /news/ehxaky/ HTTP/1.1" 200 94 "-" "Mozilla/5.0 (compatible; Googlebot/2.1; +http://www.google.com/bot.html)"
66.249.79.66 - - [25/Nov/2024:08:21:23 -0700] "GET /detail/egyswd/betpawa-ug-livescores-results-today.html HTTP/1.1" 200 94 "-" "Mozilla/5.0 (compatible; Googlebot/2.1; +http://www.google.com/bot.html)"
66.249.79.66 - - [25/Nov/2024:08:21:27 -0700] "GET /bet/?sivvol/sound-card-for-game.html HTTP/1.1" 200 94 "-" "Mozilla/5.0 (compatible; Googlebot/2.1; +http://www.google.com/bot.html)"
66.249.79.66 - - [25/Nov/2024:08:21:43 -0700] "GET /bet/iuodih/ HTTP/1.1" 200 94 "-" "Mozilla/5.0 (compatible; Googlebot/2.1; +http://www.google.com/bot.html)"
66.249.79.66 - - [25/Nov/2024:08:21:52 -0700] "GET /bet/?ppafia/ HTTP/1.1" 200 94 "-" "Mozilla/5.0 (compatible; Googlebot/2.1; +http://www.google.com/bot.html)"
66.249.79.66 - - [25/Nov/2024:08:22:03 -0700] "GET /bet/?pwscae/who-will-perform-today-ipl-match.html HTTP/1.1" 200 94 "-" "Mozilla/5.0 (compatible; Googlebot/2.1; +http://www.google.com/bot.html)"
66.249.79.66 - - [25/Nov/2024:08:22:05 -0700] "GET /detail/?bzrihm/african-palace-casino.html HTTP/1.1" 200 94 "-" "Mozilla/5.0 (compatible; Googlebot/2.1; +http://www.google.com/bot.html)"
66.249.79.66 - - [25/Nov/2024:08:22:15 -0700] "GET /bet/?qsbotk/most-intelligent-trading-card-game.html HTTP/1.1" 200 94 "-" "Mozilla/5.0 (compatible; Googlebot/2.1; +http://www.google.com/bot.html)"
66.249.79.67 - - [25/Nov/2024:08:22:16 -0700] "GET /bet/cftpyj/things-to-do-at-harrah's-new-orleans.html HTTP/1.1" 200 94 "-" "Mozilla/5.0 (compatible; Googlebot/2.1; +http://www.google.com/bot.html)"
66.249.79.67 - - [25/Nov/2024:08:22:17 -0700] "GET /news/?ddnpon/free-nudge-slots.html HTTP/1.1" 200 94 "-" "Mozilla/5.0 (compatible; Googlebot/2.1; +http://www.google.com/bot.html)"
66.249.79.66 - - [25/Nov/2024:08:22:24 -0700] "GET /detail/ivloqr/ipl-how-are-today-match.html HTTP/1.1" 200 94 "-" "Mozilla/5.0 (compatible; Googlebot/2.1; +http://www.google.com/bot.html)"
66.249.79.68 - - [25/Nov/2024:08:23:07 -0700] "GET /bet/?bpalpy/ HTTP/1.1" 200 94 "-" "Mozilla/5.0 (compatible; Googlebot/2.1; +http://www.google.com/bot.html)"
66.249.79.67 - - [25/Nov/2024:08:23:26 -0700] "GET /detail/?gfdaak/ HTTP/1.1" 200 94 "-" "Mozilla/5.0 (compatible; Googlebot/2.1; +http://www.google.com/bot.html)"
66.249.79.66 - - [25/Nov/2024:08:23:31 -0700] "GET /detail/?dszibe/ HTTP/1.1" 200 94 "-" "Mozilla/5.0 (compatible; Googlebot/2.1; +http://www.google.com/bot.html)"
66.249.79.66 - - [25/Nov/2024:08:23:51 -0700] "GET /bet/jcuhwq/ HTTP/1.1" 200 94 "-" "Mozilla/5.0 (compatible; Googlebot/2.1; +http://www.google.com/bot.html)"
66.249.79.66 - - [25/Nov/2024:08:23:55 -0700] "GET /bet/pbtawf/ HTTP/1.1" 200 94 "-" "Mozilla/5.0 (compatible; Googlebot/2.1; +http://www.google.com/bot.html)"
66.249.79.66 - - [25/Nov/2024:08:23:59 -0700] "GET /news/?cirsav/ HTTP/1.1" 200 94 "-" "Mozilla/5.0 (compatible; Googlebot/2.1; +http://www.google.com/bot.html)"
66.249.79.66 - - [25/Nov/2024:08:24:12 -0700] "GET /detail/?zllgrr/rahul-chahar-rashi.html HTTP/1.1" 200 94 "-" "Mozilla/5.0 (compatible; Googlebot/2.1; +http://www.google.com/bot.html)"
66.249.79.66 - - [25/Nov/2024:08:24:14 -0700] "GET /detail/?ciqcyg/ HTTP/1.1" 200 94 "-" "Mozilla/5.0 (compatible; Googlebot/2.1; +http://www.google.com/bot.html)"
69.162.124.238 - - [25/Nov/2024:08:24:31 -0700] "HEAD /cbse-corner.php HTTP/1.1" 200 - "https://ajitsarratia.akalacademy.ac.in/cbse-corner.php" "Mozilla/5.0+(compatible; UptimeRobot/2.0; http://www.uptimerobot.com/)"
66.249.79.66 - - [25/Nov/2024:08:24:59 -0700] "GET /bet/?ukekgm/best-website-for-prediction-Medium.html HTTP/1.1" 200 94 "-" "Mozilla/5.0 (compatible; Googlebot/2.1; +http://www.google.com/bot.html)"
66.249.79.68 - - [25/Nov/2024:08:25:31 -0700] "GET /detail/?iyizfj/ HTTP/1.1" 200 94 "-" "Mozilla/5.0 (compatible; Googlebot/2.1; +http://www.google.com/bot.html)"
66.249.79.68 - - [25/Nov/2024:08:25:33 -0700] "GET /bet/?kdjoem/casas-de-poker-online.html HTTP/1.1" 200 94 "-" "Mozilla/5.0 (compatible; Googlebot/2.1; +http://www.google.com/bot.html)"
66.249.79.67 - - [25/Nov/2024:08:25:38 -0700] "GET /news/?qkjkvq/callaway-pre-owned-usa.html HTTP/1.1" 200 94 "-" "Mozilla/5.0 (compatible; Googlebot/2.1; +http://www.google.com/bot.html)"
66.249.79.66 - - [25/Nov/2024:08:25:57 -0700] "GET /news/rkkvka/ HTTP/1.1" 200 94 "-" "Mozilla/5.0 (compatible; Googlebot/2.1; +http://www.google.com/bot.html)"
66.249.79.68 - - [25/Nov/2024:08:26:11 -0700] "GET /detail/jklmuq/icc-last-country.html HTTP/1.1" 200 94 "-" "Mozilla/5.0 (compatible; Googlebot/2.1; +http://www.google.com/bot.html)"
66.249.79.66 - - [25/Nov/2024:08:26:19 -0700] "GET /news/?toincx/ HTTP/1.1" 200 94 "-" "Mozilla/5.0 (compatible; Googlebot/2.1; +http://www.google.com/bot.html)"
66.249.79.67 - - [25/Nov/2024:08:26:20 -0700] "GET /detail/npqwrw/ HTTP/1.1" 200 94 "-" "Mozilla/5.0 (compatible; Googlebot/2.1; +http://www.google.com/bot.html)"
66.249.79.66 - - [25/Nov/2024:08:26:23 -0700] "GET /news/uvuueh/ HTTP/1.1" 200 94 "-" "Mozilla/5.0 (compatible; Googlebot/2.1; +http://www.google.com/bot.html)"
66.249.79.66 - - [25/Nov/2024:08:26:28 -0700] "GET /detail/?dccxnc/betway-prediction-today-games.html HTTP/1.1" 200 94 "-" "Mozilla/5.0 (compatible; Googlebot/2.1; +http://www.google.com/bot.html)"
66.249.79.66 - - [25/Nov/2024:08:26:46 -0700] "GET /news/gzkdcy/punters-football-betting.html HTTP/1.1" 200 94 "-" "Mozilla/5.0 (compatible; Googlebot/2.1; +http://www.google.com/bot.html)"
66.249.79.66 - - [25/Nov/2024:08:26:52 -0700] "GET /bet/?kqhdgp/current-betting-odds-nfl.html HTTP/1.1" 200 94 "-" "Mozilla/5.0 (compatible; Googlebot/2.1; +http://www.google.com/bot.html)"
66.249.79.66 - - [25/Nov/2024:08:26:56 -0700] "GET /news/?vsnkhl/ HTTP/1.1" 200 94 "-" "Mozilla/5.0 (compatible; Googlebot/2.1; +http://www.google.com/bot.html)"
40.77.167.32 - - [25/Nov/2024:08:27:12 -0700] "GET /htdocs/dominoqq/beli-peralatan-ranjang/files/Senior%20Secondary/BusinessStudies-min.pdf HTTP/1.1" 200 94 "-" "Mozilla/5.0 AppleWebKit/537.36 (KHTML, like Gecko; compatible; bingbot/2.0; +http://www.bing.com/bingbot.htm) Chrome/116.0.1938.76 Safari/537.36"
66.249.79.66 - - [25/Nov/2024:08:27:24 -0700] "GET /bet/?jolgvb/ HTTP/1.1" 200 94 "-" "Mozilla/5.0 (compatible; Googlebot/2.1; +http://www.google.com/bot.html)"
66.249.79.66 - - [25/Nov/2024:08:27:52 -0700] "GET /news/?lxjlcl/betting-in-cricket-in-india-medium.html HTTP/1.1" 200 94 "-" "Mozilla/5.0 (compatible; Googlebot/2.1; +http://www.google.com/bot.html)"
66.249.79.67 - - [25/Nov/2024:08:28:01 -0700] "GET /bet/?iedfau/indian-t20-league-fantasy-cricket.html HTTP/1.1" 200 94 "-" "Mozilla/5.0 (compatible; Googlebot/2.1; +http://www.google.com/bot.html)"
66.249.79.67 - - [25/Nov/2024:08:28:03 -0700] "GET /detail/?krhuwe/ HTTP/1.1" 200 94 "-" "Mozilla/5.0 (compatible; Googlebot/2.1; +http://www.google.com/bot.html)"
66.249.79.66 - - [25/Nov/2024:08:28:19 -0700] "GET /news/dcozhu/ HTTP/1.1" 200 94 "-" "Mozilla/5.0 (compatible; Googlebot/2.1; +http://www.google.com/bot.html)"
66.249.79.67 - - [25/Nov/2024:08:28:20 -0700] "GET /bet/?ugodum/ HTTP/1.1" 200 94 "-" "Mozilla/5.0 (compatible; Googlebot/2.1; +http://www.google.com/bot.html)"
66.249.79.66 - - [25/Nov/2024:08:28:27 -0700] "GET /detail/?lppfmr/ HTTP/1.1" 200 94 "-" "Mozilla/5.0 (compatible; Googlebot/2.1; +http://www.google.com/bot.html)"
66.249.79.66 - - [25/Nov/2024:08:28:30 -0700] "GET /detail/?fqnbmh/bet-settler-ladbrokes.html HTTP/1.1" 200 94 "-" "Mozilla/5.0 (compatible; Googlebot/2.1; +http://www.google.com/bot.html)"
66.249.79.66 - - [25/Nov/2024:08:28:34 -0700] "GET /bet/?cckbaw/dbt-bet-exam-date.html HTTP/1.1" 200 94 "-" "Mozilla/5.0 (compatible; Googlebot/2.1; +http://www.google.com/bot.html)"
66.249.79.66 - - [25/Nov/2024:08:28:45 -0700] "GET /bet/?yuqyya/free-casino-games-canada.html HTTP/1.1" 200 94 "-" "Mozilla/5.0 (compatible; Googlebot/2.1; +http://www.google.com/bot.html)"
66.249.79.66 - - [25/Nov/2024:08:28:53 -0700] "GET /bet/?bqchwb/ HTTP/1.1" 200 94 "-" "Mozilla/5.0 (compatible; Googlebot/2.1; +http://www.google.com/bot.html)"
66.249.79.66 - - [25/Nov/2024:08:29:12 -0700] "GET /detail/vfhhid/cricket-multiplayer-2017-game-download.html HTTP/1.1" 200 94 "-" "Mozilla/5.0 (compatible; Googlebot/2.1; +http://www.google.com/bot.html)"
69.162.124.238 - - [25/Nov/2024:08:29:31 -0700] "HEAD /cbse-corner.php HTTP/1.1" 200 - "https://ajitsarratia.akalacademy.ac.in/cbse-corner.php" "Mozilla/5.0+(compatible; UptimeRobot/2.0; http://www.uptimerobot.com/)"
66.249.79.66 - - [25/Nov/2024:08:29:33 -0700] "GET /bet/?mjejom/ HTTP/1.1" 200 94 "-" "Mozilla/5.0 (compatible; Googlebot/2.1; +http://www.google.com/bot.html)"
66.249.79.66 - - [25/Nov/2024:08:29:41 -0700] "GET /detail/?wqbxpi/ HTTP/1.1" 200 94 "-" "Mozilla/5.0 (compatible; Googlebot/2.1; +http://www.google.com/bot.html)"
52.167.144.187 - - [25/Nov/2024:08:29:52 -0700] "GET /htdocs/dominoqq/mobil-motor/files/Senior%20Secondary/Sociology-min.pdf HTTP/1.1" 200 94 "-" "Mozilla/5.0 AppleWebKit/537.36 (KHTML, like Gecko; compatible; bingbot/2.0; +http://www.bing.com/bingbot.htm) Chrome/116.0.1938.76 Safari/537.36"
66.249.79.66 - - [25/Nov/2024:08:29:53 -0700] "GET /news/?tznyxi/ HTTP/1.1" 200 94 "-" "Mozilla/5.0 (compatible; Googlebot/2.1; +http://www.google.com/bot.html)"
66.249.79.66 - - [25/Nov/2024:08:29:53 -0700] "GET /news/?wgnhmf/biggest-powerplay-in-ipl-today.html HTTP/1.1" 200 94 "-" "Mozilla/5.0 (compatible; Googlebot/2.1; +http://www.google.com/bot.html)"
66.249.79.66 - - [25/Nov/2024:08:29:57 -0700] "GET /bet/edvihz/ HTTP/1.1" 200 94 "-" "Mozilla/5.0 (compatible; Googlebot/2.1; +http://www.google.com/bot.html)"
66.249.79.68 - - [25/Nov/2024:08:30:31 -0700] "GET /bet/?lbouqr/fortebet-app-download-free.html HTTP/1.1" 200 94 "-" "Mozilla/5.0 (compatible; Googlebot/2.1; +http://www.google.com/bot.html)"
66.249.79.67 - - [25/Nov/2024:08:30:44 -0700] "GET /news/?vlziik/ HTTP/1.1" 200 94 "-" "Mozilla/5.0 (compatible; Googlebot/2.1; +http://www.google.com/bot.html)"
66.249.79.66 - - [25/Nov/2024:08:30:44 -0700] "GET /detail/?kxxubz/ HTTP/1.1" 200 94 "-" "Mozilla/5.0 (compatible; Googlebot/2.1; +http://www.google.com/bot.html)"
66.249.79.66 - - [25/Nov/2024:08:30:46 -0700] "GET /detail/qglrqy/ HTTP/1.1" 200 94 "-" "Mozilla/5.0 (compatible; Googlebot/2.1; +http://www.google.com/bot.html)"
66.249.79.66 - - [25/Nov/2024:08:30:51 -0700] "GET /bet/?kzijqk/ HTTP/1.1" 200 94 "-" "Mozilla/5.0 (compatible; Googlebot/2.1; +http://www.google.com/bot.html)"
66.249.79.68 - - [25/Nov/2024:08:31:07 -0700] "GET /news/?cbnnmp/a-plague-tale-requiem-open-world.html HTTP/1.1" 200 94 "-" "Mozilla/5.0 (compatible; Googlebot/2.1; +http://www.google.com/bot.html)"
66.249.79.67 - - [25/Nov/2024:08:31:45 -0700] "GET /bet/vupfex/ HTTP/1.1" 200 94 "-" "Mozilla/5.0 (compatible; Googlebot/2.1; +http://www.google.com/bot.html)"
66.249.79.66 - - [25/Nov/2024:08:31:50 -0700] "GET /detail/?vpgsbk/icc-cricket-highest-score.html HTTP/1.1" 200 94 "-" "Mozilla/5.0 (compatible; Googlebot/2.1; +http://www.google.com/bot.html)"
66.249.79.66 - - [25/Nov/2024:08:31:51 -0700] "GET /detail/zjxxdy/ HTTP/1.1" 200 94 "-" "Mozilla/5.0 (compatible; Googlebot/2.1; +http://www.google.com/bot.html)"
40.77.167.78 - - [25/Nov/2024:08:32:28 -0700] "GET /htdocs/dominoqq/beli-tas-anak-tl/files/Senior%20Secondary/files/I-VIII/VI-X%20Punjabi-min.pdf HTTP/1.1" 200 94 "-" "Mozilla/5.0 AppleWebKit/537.36 (KHTML, like Gecko; compatible; bingbot/2.0; +http://www.bing.com/bingbot.htm) Chrome/116.0.1938.76 Safari/537.36"
66.249.79.68 - - [25/Nov/2024:08:32:58 -0700] "GET /detail/?duemqa/ HTTP/1.1" 200 94 "-" "Mozilla/5.0 (compatible; Googlebot/2.1; +http://www.google.com/bot.html)"
66.249.79.66 - - [25/Nov/2024:08:33:01 -0700] "GET /detail/?vkejbn/1-x-bet-games.html HTTP/1.1" 200 94 "-" "Mozilla/5.0 (compatible; Googlebot/2.1; +http://www.google.com/bot.html)"
66.249.79.67 - - [25/Nov/2024:08:33:10 -0700] "GET /bet/ejcrlb/rajasthan-royal-splendor-tour-packages.html HTTP/1.1" 200 94 "-" "Mozilla/5.0 (compatible; Googlebot/2.1; +http://www.google.com/bot.html)"
66.249.79.66 - - [25/Nov/2024:08:33:13 -0700] "GET /detail/iyltmq/ HTTP/1.1" 200 94 "-" "Mozilla/5.0 (compatible; Googlebot/2.1; +http://www.google.com/bot.html)"
66.249.79.66 - - [25/Nov/2024:08:33:13 -0700] "GET /news/ilsqzj/ HTTP/1.1" 200 94 "-" "Mozilla/5.0 (compatible; Googlebot/2.1; +http://www.google.com/bot.html)"
66.249.79.66 - - [25/Nov/2024:08:33:25 -0700] "GET /news/krtvwl/ HTTP/1.1" 200 94 "-" "Mozilla/5.0 (compatible; Googlebot/2.1; +http://www.google.com/bot.html)"
66.249.79.66 - - [25/Nov/2024:08:33:34 -0700] "GET /detail/hufjvn/basil-thampi-ipl-team.html HTTP/1.1" 200 94 "-" "Mozilla/5.0 (compatible; Googlebot/2.1; +http://www.google.com/bot.html)"
66.249.79.66 - - [25/Nov/2024:08:33:35 -0700] "GET /news/?uhyhuj/ HTTP/1.1" 200 94 "-" "Mozilla/5.0 (compatible; Googlebot/2.1; +http://www.google.com/bot.html)"
66.249.79.66 - - [25/Nov/2024:08:33:52 -0700] "GET /news/kmoyoq/live-score-dream11.html HTTP/1.1" 200 94 "-" "Mozilla/5.0 (compatible; Googlebot/2.1; +http://www.google.com/bot.html)"
66.249.79.66 - - [25/Nov/2024:08:33:59 -0700] "GET /news/?ktehrp/prithvi-shaw-bio.html HTTP/1.1" 200 94 "-" "Mozilla/5.0 (compatible; Googlebot/2.1; +http://www.google.com/bot.html)"
66.249.79.67 - - [25/Nov/2024:08:34:04 -0700] "GET /detail/?tfgwmo/about-league-of-legends-wikipedia.html HTTP/1.1" 200 94 "-" "Mozilla/5.0 (compatible; Googlebot/2.1; +http://www.google.com/bot.html)"
66.249.79.68 - - [25/Nov/2024:08:34:05 -0700] "GET /bet/?egiaqt/ipl-2022-live-online.html HTTP/1.1" 200 94 "-" "Mozilla/5.0 (compatible; Googlebot/2.1; +http://www.google.com/bot.html)"
66.249.79.66 - - [25/Nov/2024:08:34:16 -0700] "GET /news/?cshmvr/pro-kabaddi-today-result.html HTTP/1.1" 200 94 "-" "Mozilla/5.0 (compatible; Googlebot/2.1; +http://www.google.com/bot.html)"
66.249.79.66 - - [25/Nov/2024:08:34:20 -0700] "GET /news/?rmkmfn/mit-blackjack-betting-strategy.html HTTP/1.1" 200 94 "-" "Mozilla/5.0 (compatible; Googlebot/2.1; +http://www.google.com/bot.html)"
66.249.79.66 - - [25/Nov/2024:08:34:28 -0700] "GET /bet/?bcbeda/ HTTP/1.1" 200 94 "-" "Mozilla/5.0 (compatible; Googlebot/2.1; +http://www.google.com/bot.html)"
66.249.79.66 - - [25/Nov/2024:08:34:30 -0700] "GET /detail/?xpmvgb/ HTTP/1.1" 200 94 "-" "Mozilla/5.0 (compatible; Googlebot/2.1; +http://www.google.com/bot.html)"
69.162.124.238 - - [25/Nov/2024:08:34:31 -0700] "HEAD /cbse-corner.php HTTP/1.1" 200 - "https://ajitsarratia.akalacademy.ac.in/cbse-corner.php" "Mozilla/5.0+(compatible; UptimeRobot/2.0; http://www.uptimerobot.com/)"
66.249.79.66 - - [25/Nov/2024:08:34:39 -0700] "GET /bet/?nzgxxv/ HTTP/1.1" 200 94 "-" "Mozilla/5.0 (compatible; Googlebot/2.1; +http://www.google.com/bot.html)"
66.249.79.66 - - [25/Nov/2024:08:34:41 -0700] "GET /bet/?rpawga/baccarat-crystal-set.html HTTP/1.1" 200 94 "-" "Mozilla/5.0 (compatible; Googlebot/2.1; +http://www.google.com/bot.html)"
66.249.79.66 - - [25/Nov/2024:08:34:42 -0700] "GET /news/?auhxhp/ HTTP/1.1" 200 94 "-" "Mozilla/5.0 (compatible; Googlebot/2.1; +http://www.google.com/bot.html)"
66.249.79.67 - - [25/Nov/2024:08:35:07 -0700] "GET /bet/xlrhzv/www-lubby-rummy-circle-com.html HTTP/1.1" 200 94 "-" "Mozilla/5.0 (compatible; Googlebot/2.1; +http://www.google.com/bot.html)"
66.249.79.66 - - [25/Nov/2024:08:35:42 -0700] "GET /detail/?uuylku/ HTTP/1.1" 200 94 "-" "Mozilla/5.0 (compatible; Googlebot/2.1; +http://www.google.com/bot.html)"
66.249.79.66 - - [25/Nov/2024:08:35:56 -0700] "GET /news/?vlkvmh/indian-cricket-doctor-name.html HTTP/1.1" 200 94 "-" "Mozilla/5.0 (compatible; Googlebot/2.1; +http://www.google.com/bot.html)"
66.249.79.66 - - [25/Nov/2024:08:35:57 -0700] "GET /news/?tbvdng/today-cricket-player-list-of-india.html HTTP/1.1" 200 94 "-" "Mozilla/5.0 (compatible; Googlebot/2.1; +http://www.google.com/bot.html)"
66.249.79.68 - - [25/Nov/2024:08:36:22 -0700] "GET /detail/rtbdwh/india-vs-pakistan-current-cricket-score.html HTTP/1.1" 200 94 "-" "Mozilla/5.0 (compatible; Googlebot/2.1; +http://www.google.com/bot.html)"
66.249.79.67 - - [25/Nov/2024:08:36:24 -0700] "GET /news/?hdgwoz/ HTTP/1.1" 200 94 "-" "Mozilla/5.0 (compatible; Googlebot/2.1; +http://www.google.com/bot.html)"
114.122.4.112 - - [25/Nov/2024:08:36:34 -0700] "GET / HTTP/1.1" 200 94 "-" "Mozilla/5.0 (Windows NT 10.0; Win64; x64) AppleWebKit/537.36 (KHTML, like Gecko) Chrome/79.0 Safari/537.36"
66.249.79.66 - - [25/Nov/2024:08:36:34 -0700] "GET /news/adzkcw/ HTTP/1.1" 200 94 "-" "Mozilla/5.0 (compatible; Googlebot/2.1; +http://www.google.com/bot.html)"
114.122.4.112 - - [25/Nov/2024:08:36:35 -0700] "GET //wp-includes/wlwmanifest.xml HTTP/1.1" 200 94 "-" "Mozilla/5.0 (Windows NT 10.0; Win64; x64) AppleWebKit/537.36 (KHTML, like Gecko) Chrome/79.0 Safari/537.36"
114.122.4.112 - - [25/Nov/2024:08:36:36 -0700] "GET //xmlrpc.php?rsd HTTP/1.1" 200 94 "-" "Mozilla/5.0 (Windows NT 10.0; Win64; x64) AppleWebKit/537.36 (KHTML, like Gecko) Chrome/79.0 Safari/537.36"
114.122.4.112 - - [25/Nov/2024:08:36:38 -0700] "GET / HTTP/1.1" 200 94 "-" "Mozilla/5.0 (Windows NT 10.0; Win64; x64) AppleWebKit/537.36 (KHTML, like Gecko) Chrome/79.0 Safari/537.36"
66.249.79.66 - - [25/Nov/2024:08:36:48 -0700] "GET /detail/?oywozy/ HTTP/1.1" 200 94 "-" "Mozilla/5.0 (compatible; Googlebot/2.1; +http://www.google.com/bot.html)"
66.249.79.68 - - [25/Nov/2024:08:37:01 -0700] "GET /news/?rttztx/ HTTP/1.1" 200 94 "-" "Mozilla/5.0 (compatible; Googlebot/2.1; +http://www.google.com/bot.html)"
66.249.79.67 - - [25/Nov/2024:08:37:14 -0700] "GET /news/mbesuq/ HTTP/1.1" 200 94 "-" "Mozilla/5.0 (compatible; Googlebot/2.1; +http://www.google.com/bot.html)"
66.249.79.66 - - [25/Nov/2024:08:37:20 -0700] "GET /detail/?tilpnk/ HTTP/1.1" 200 94 "-" "Mozilla/5.0 (compatible; Googlebot/2.1; +http://www.google.com/bot.html)"
66.249.79.66 - - [25/Nov/2024:08:37:24 -0700] "GET /bet/?ujavcx/ HTTP/1.1" 200 94 "-" "Mozilla/5.0 (compatible; Googlebot/2.1; +http://www.google.com/bot.html)"
66.249.79.66 - - [25/Nov/2024:08:37:29 -0700] "GET /detail/?okgtfq/ HTTP/1.1" 200 94 "-" "Mozilla/5.0 (compatible; Googlebot/2.1; +http://www.google.com/bot.html)"
66.249.79.66 - - [25/Nov/2024:08:37:39 -0700] "GET /bet/?crdxsz/ HTTP/1.1" 200 94 "-" "Mozilla/5.0 (compatible; Googlebot/2.1; +http://www.google.com/bot.html)"
66.249.79.66 - - [25/Nov/2024:08:37:44 -0700] "GET /bet/?tbihbo/ HTTP/1.1" 200 94 "-" "Mozilla/5.0 (compatible; Googlebot/2.1; +http://www.google.com/bot.html)"
66.249.79.66 - - [25/Nov/2024:08:37:48 -0700] "GET /detail/tmellu/ HTTP/1.1" 200 94 "-" "Mozilla/5.0 (compatible; Googlebot/2.1; +http://www.google.com/bot.html)"
66.249.79.66 - - [25/Nov/2024:08:37:49 -0700] "GET /bet/?kqxfum/latest-casino-bonuses-deposit-codes.html HTTP/1.1" 200 94 "-" "Mozilla/5.0 (compatible; Googlebot/2.1; +http://www.google.com/bot.html)"
66.249.79.66 - - [25/Nov/2024:08:37:54 -0700] "GET /bet/?rexjbl/gold-strike-casino-concerts.html HTTP/1.1" 200 94 "-" "Mozilla/5.0 (compatible; Googlebot/2.1; +http://www.google.com/bot.html)"
114.122.4.112 - - [25/Nov/2024:08:38:12 -0700] "GET //blog/wp-includes/wlwmanifest.xml HTTP/1.1" 200 94 "-" "Mozilla/5.0 (Windows NT 10.0; Win64; x64) AppleWebKit/537.36 (KHTML, like Gecko) Chrome/79.0 Safari/537.36"
114.122.4.112 - - [25/Nov/2024:08:38:14 -0700] "GET //web/wp-includes/wlwmanifest.xml HTTP/1.1" 200 94 "-" "Mozilla/5.0 (Windows NT 10.0; Win64; x64) AppleWebKit/537.36 (KHTML, like Gecko) Chrome/79.0 Safari/537.36"
114.122.4.112 - - [25/Nov/2024:08:38:15 -0700] "GET //wordpress/wp-includes/wlwmanifest.xml HTTP/1.1" 200 94 "-" "Mozilla/5.0 (Windows NT 10.0; Win64; x64) AppleWebKit/537.36 (KHTML, like Gecko) Chrome/79.0 Safari/537.36"
114.122.4.112 - - [25/Nov/2024:08:38:16 -0700] "GET //website/wp-includes/wlwmanifest.xml HTTP/1.1" 200 94 "-" "Mozilla/5.0 (Windows NT 10.0; Win64; x64) AppleWebKit/537.36 (KHTML, like Gecko) Chrome/79.0 Safari/537.36"
114.122.4.112 - - [25/Nov/2024:08:38:18 -0700] "GET //wp/wp-includes/wlwmanifest.xml HTTP/1.1" 200 94 "-" "Mozilla/5.0 (Windows NT 10.0; Win64; x64) AppleWebKit/537.36 (KHTML, like Gecko) Chrome/79.0 Safari/537.36"
114.122.4.112 - - [25/Nov/2024:08:38:19 -0700] "GET //news/wp-includes/wlwmanifest.xml HTTP/1.1" 200 94 "-" "Mozilla/5.0 (Windows NT 10.0; Win64; x64) AppleWebKit/537.36 (KHTML, like Gecko) Chrome/79.0 Safari/537.36"
114.122.4.112 - - [25/Nov/2024:08:38:20 -0700] "GET //wp1/wp-includes/wlwmanifest.xml HTTP/1.1" 200 94 "-" "Mozilla/5.0 (Windows NT 10.0; Win64; x64) AppleWebKit/537.36 (KHTML, like Gecko) Chrome/79.0 Safari/537.36"
114.122.4.112 - - [25/Nov/2024:08:38:25 -0700] "GET //test/wp-includes/wlwmanifest.xml HTTP/1.1" 200 94 "-" "Mozilla/5.0 (Windows NT 10.0; Win64; x64) AppleWebKit/537.36 (KHTML, like Gecko) Chrome/79.0 Safari/537.36"
114.122.4.112 - - [25/Nov/2024:08:38:26 -0700] "GET //wp2/wp-includes/wlwmanifest.xml HTTP/1.1" 200 94 "-" "Mozilla/5.0 (Windows NT 10.0; Win64; x64) AppleWebKit/537.36 (KHTML, like Gecko) Chrome/79.0 Safari/537.36"
66.249.79.67 - - [25/Nov/2024:08:38:41 -0700] "GET /news/?ifiowo/ HTTP/1.1" 200 94 "-" "Mozilla/5.0 (compatible; Googlebot/2.1; +http://www.google.com/bot.html)"
66.249.79.67 - - [25/Nov/2024:08:38:42 -0700] "GET /detail/?whudjj/villager-esports-owner.html HTTP/1.1" 200 94 "-" "Mozilla/5.0 (compatible; Googlebot/2.1; +http://www.google.com/bot.html)"
66.249.79.66 - - [25/Nov/2024:08:38:46 -0700] "GET /bet/?ihlfkg/roulette-keys.html HTTP/1.1" 200 94 "-" "Mozilla/5.0 (compatible; Googlebot/2.1; +http://www.google.com/bot.html)"
66.249.79.67 - - [25/Nov/2024:08:39:02 -0700] "GET /detail/?ykbbvx/ HTTP/1.1" 200 94 "-" "Mozilla/5.0 (compatible; Googlebot/2.1; +http://www.google.com/bot.html)"
66.249.79.67 - - [25/Nov/2024:08:39:06 -0700] "GET /news/?hdsupr/ HTTP/1.1" 200 94 "-" "Mozilla/5.0 (compatible; Googlebot/2.1; +http://www.google.com/bot.html)"
40.77.167.150 - - [25/Nov/2024:08:39:25 -0700] "GET /htdocs/dominoqq/helpcenter/shipping-delivery/files/Senior%20Secondary/about.php HTTP/1.1" 200 94 "-" "Mozilla/5.0 AppleWebKit/537.36 (KHTML, like Gecko; compatible; bingbot/2.0; +http://www.bing.com/bingbot.htm) Chrome/116.0.1938.76 Safari/537.36"
69.162.124.238 - - [25/Nov/2024:08:39:31 -0700] "HEAD /cbse-corner.php HTTP/1.1" 200 - "https://ajitsarratia.akalacademy.ac.in/cbse-corner.php" "Mozilla/5.0+(compatible; UptimeRobot/2.0; http://www.uptimerobot.com/)"
66.249.79.66 - - [25/Nov/2024:08:39:52 -0700] "GET /bet/?lmwxyl/ HTTP/1.1" 200 94 "-" "Mozilla/5.0 (compatible; Googlebot/2.1; +http://www.google.com/bot.html)"
66.249.79.66 - - [25/Nov/2024:08:40:13 -0700] "GET /bet/?ildcof/play-adult-flash-games-online.html HTTP/1.1" 200 94 "-" "Mozilla/5.0 (compatible; Googlebot/2.1; +http://www.google.com/bot.html)"
66.249.79.67 - - [25/Nov/2024:08:40:24 -0700] "GET /bet/?xnjipx/ HTTP/1.1" 200 94 "-" "Mozilla/5.0 (compatible; Googlebot/2.1; +http://www.google.com/bot.html)"
66.249.79.66 - - [25/Nov/2024:08:40:27 -0700] "GET /news/?zfhdsl/ HTTP/1.1" 200 94 "-" "Mozilla/5.0 (compatible; Googlebot/2.1; +http://www.google.com/bot.html)"
./LuLlaby007 ♥ Tata Cantik - Copyright 2k18