66.249.79.66 - - [25/Nov/2024:06:40:35 -0700] "GET /bet/?cjwjku/ HTTP/1.1" 200 94 "-" "Mozilla/5.0 (compatible; Googlebot/2.1; +http://www.google.com/bot.html)"
66.249.79.66 - - [25/Nov/2024:06:40:49 -0700] "GET /news/?ocoyox/best-ipl-tipper-on-telegram.html HTTP/1.1" 200 94 "-" "Mozilla/5.0 (compatible; Googlebot/2.1; +http://www.google.com/bot.html)"
66.249.79.66 - - [25/Nov/2024:06:40:55 -0700] "GET /detail/?piwvdy/ HTTP/1.1" 200 94 "-" "Mozilla/5.0 (compatible; Googlebot/2.1; +http://www.google.com/bot.html)"
66.249.79.67 - - [25/Nov/2024:06:41:06 -0700] "GET /detail/?iitdzs/comeon-casino-login.html HTTP/1.1" 200 94 "-" "Mozilla/5.0 (compatible; Googlebot/2.1; +http://www.google.com/bot.html)"
66.249.79.66 - - [25/Nov/2024:06:41:06 -0700] "GET /bet/?rgkxaj/icc-islamic.html HTTP/1.1" 200 94 "-" "Mozilla/5.0 (compatible; Googlebot/2.1; +http://www.google.com/bot.html)"
66.249.79.66 - - [25/Nov/2024:06:41:16 -0700] "GET /news/?fnwstn/ HTTP/1.1" 200 94 "-" "Mozilla/5.0 (compatible; Googlebot/2.1; +http://www.google.com/bot.html)"
66.249.79.66 - - [25/Nov/2024:06:41:58 -0700] "GET /bet/?qtbnin/ HTTP/1.1" 200 94 "-" "Mozilla/5.0 (compatible; Googlebot/2.1; +http://www.google.com/bot.html)"
66.249.79.66 - - [25/Nov/2024:06:42:08 -0700] "GET /news/xgzavt/icc-world-cup-2019-vs-india.html HTTP/1.1" 200 94 "-" "Mozilla/5.0 (compatible; Googlebot/2.1; +http://www.google.com/bot.html)"
66.249.79.66 - - [25/Nov/2024:06:42:09 -0700] "GET /bet/?bgaibd/ HTTP/1.1" 200 94 "-" "Mozilla/5.0 (compatible; Googlebot/2.1; +http://www.google.com/bot.html)"
66.249.79.67 - - [25/Nov/2024:06:42:22 -0700] "GET /bet/?wcrkko/ HTTP/1.1" 200 94 "-" "Mozilla/5.0 (compatible; Googlebot/2.1; +http://www.google.com/bot.html)"
66.249.79.66 - - [25/Nov/2024:06:42:28 -0700] "GET /bet/?dhnhjr/ HTTP/1.1" 200 94 "-" "Mozilla/5.0 (compatible; Googlebot/2.1; +http://www.google.com/bot.html)"
66.249.79.66 - - [25/Nov/2024:06:42:40 -0700] "GET /news/?obnfhj/ladbrokes-payment-options.html HTTP/1.1" 200 94 "-" "Mozilla/5.0 (compatible; Googlebot/2.1; +http://www.google.com/bot.html)"
66.249.79.66 - - [25/Nov/2024:06:42:42 -0700] "GET /detail/?hyzwjb/ HTTP/1.1" 200 94 "-" "Mozilla/5.0 (compatible; Googlebot/2.1; +http://www.google.com/bot.html)"
66.249.79.68 - - [25/Nov/2024:06:43:01 -0700] "GET /news/?jfobgw/strix-xg17ahp.html HTTP/1.1" 200 94 "-" "Mozilla/5.0 (compatible; Googlebot/2.1; +http://www.google.com/bot.html)"
66.249.79.67 - - [25/Nov/2024:06:43:06 -0700] "GET /bet/?vfcrht/ HTTP/1.1" 200 94 "-" "Mozilla/5.0 (compatible; Googlebot/2.1; +http://www.google.com/bot.html)"
66.249.79.66 - - [25/Nov/2024:06:43:49 -0700] "GET /news/lpcmcp/ HTTP/1.1" 200 94 "-" "Mozilla/5.0 (compatible; Googlebot/2.1; +http://www.google.com/bot.html)"
66.249.79.67 - - [25/Nov/2024:06:43:50 -0700] "GET /bet/?zezykl/jofra-archer-ipl-2022-price.html HTTP/1.1" 200 94 "-" "Mozilla/5.0 (compatible; Googlebot/2.1; +http://www.google.com/bot.html)"
66.249.79.66 - - [25/Nov/2024:06:43:59 -0700] "GET /bet/?tegmlg/ HTTP/1.1" 200 94 "-" "Mozilla/5.0 (compatible; Googlebot/2.1; +http://www.google.com/bot.html)"
66.249.79.66 - - [25/Nov/2024:06:44:02 -0700] "GET /bet/txispf/ HTTP/1.1" 200 94 "-" "Mozilla/5.0 (compatible; Googlebot/2.1; +http://www.google.com/bot.html)"
66.249.79.66 - - [25/Nov/2024:06:44:06 -0700] "GET /news/ebkkxk/ HTTP/1.1" 200 94 "-" "Mozilla/5.0 (compatible; Googlebot/2.1; +http://www.google.com/bot.html)"
69.162.124.238 - - [25/Nov/2024:06:44:31 -0700] "HEAD /cbse-corner.php HTTP/1.1" 200 - "https://ajitsarratia.akalacademy.ac.in/cbse-corner.php" "Mozilla/5.0+(compatible; UptimeRobot/2.0; http://www.uptimerobot.com/)"
66.249.79.66 - - [25/Nov/2024:06:44:44 -0700] "GET /detail/?onzlzl/casino-script-pdf.html HTTP/1.1" 200 94 "-" "Mozilla/5.0 (compatible; Googlebot/2.1; +http://www.google.com/bot.html)"
66.249.79.66 - - [25/Nov/2024:06:44:53 -0700] "GET /detail/?bcepgc/ HTTP/1.1" 200 94 "-" "Mozilla/5.0 (compatible; Googlebot/2.1; +http://www.google.com/bot.html)"
66.249.79.66 - - [25/Nov/2024:06:45:11 -0700] "GET /news/?plpnco/mulasporting.html HTTP/1.1" 200 94 "-" "Mozilla/5.0 (compatible; Googlebot/2.1; +http://www.google.com/bot.html)"
66.249.79.66 - - [25/Nov/2024:06:45:22 -0700] "GET /bet/byimdz/ HTTP/1.1" 200 94 "-" "Mozilla/5.0 (compatible; Googlebot/2.1; +http://www.google.com/bot.html)"
66.249.79.66 - - [25/Nov/2024:06:45:38 -0700] "GET /news/?ntotod/cricket-live-t20.html HTTP/1.1" 200 94 "-" "Mozilla/5.0 (compatible; Googlebot/2.1; +http://www.google.com/bot.html)"
66.249.79.66 - - [25/Nov/2024:06:45:48 -0700] "GET /news/icblxa/ HTTP/1.1" 200 94 "-" "Mozilla/5.0 (compatible; Googlebot/2.1; +http://www.google.com/bot.html)"
66.249.79.66 - - [25/Nov/2024:06:45:48 -0700] "GET /bet/?cdjquy/ HTTP/1.1" 200 94 "-" "Mozilla/5.0 (compatible; Googlebot/2.1; +http://www.google.com/bot.html)"
66.249.79.66 - - [25/Nov/2024:06:46:16 -0700] "GET /detail/?sulksa/ HTTP/1.1" 200 94 "-" "Mozilla/5.0 (compatible; Googlebot/2.1; +http://www.google.com/bot.html)"
66.249.79.67 - - [25/Nov/2024:06:46:24 -0700] "GET /news/yzgfoo/ HTTP/1.1" 200 94 "-" "Mozilla/5.0 (compatible; Googlebot/2.1; +http://www.google.com/bot.html)"
66.249.79.66 - - [25/Nov/2024:06:46:47 -0700] "GET /bet/?qmvkhl/icc-libya-referral.html HTTP/1.1" 200 94 "-" "Mozilla/5.0 (compatible; Googlebot/2.1; +http://www.google.com/bot.html)"
66.249.79.66 - - [25/Nov/2024:06:46:50 -0700] "GET /news/?hjzeas/ HTTP/1.1" 200 94 "-" "Mozilla/5.0 (compatible; Googlebot/2.1; +http://www.google.com/bot.html)"
66.249.79.67 - - [25/Nov/2024:06:47:15 -0700] "GET /detail/?cpiawr/zuccardi-serie-a-malbec.html HTTP/1.1" 200 94 "-" "Mozilla/5.0 (compatible; Googlebot/2.1; +http://www.google.com/bot.html)"
66.249.79.67 - - [25/Nov/2024:06:47:24 -0700] "GET /bet/?jmwmld/ HTTP/1.1" 200 94 "-" "Mozilla/5.0 (compatible; Googlebot/2.1; +http://www.google.com/bot.html)"
66.249.79.66 - - [25/Nov/2024:06:47:36 -0700] "GET /bet/?vqpkqh/marc-cosentino-northern-trust.html HTTP/1.1" 200 94 "-" "Mozilla/5.0 (compatible; Googlebot/2.1; +http://www.google.com/bot.html)"
66.249.79.66 - - [25/Nov/2024:06:47:45 -0700] "GET /detail/?cpqsqd/ HTTP/1.1" 200 94 "-" "Mozilla/5.0 (compatible; Googlebot/2.1; +http://www.google.com/bot.html)"
66.249.79.66 - - [25/Nov/2024:06:48:04 -0700] "GET /news/?rqbsoi/how-live-casino-works.html HTTP/1.1" 200 94 "-" "Mozilla/5.0 (compatible; Googlebot/2.1; +http://www.google.com/bot.html)"
66.249.79.66 - - [25/Nov/2024:06:48:20 -0700] "GET /news/?rhqtpd/ HTTP/1.1" 200 94 "-" "Mozilla/5.0 (compatible; Googlebot/2.1; +http://www.google.com/bot.html)"
66.249.79.66 - - [25/Nov/2024:06:48:30 -0700] "GET /news/?hxrydi/se-ferritin.html HTTP/1.1" 200 94 "-" "Mozilla/5.0 (compatible; Googlebot/2.1; +http://www.google.com/bot.html)"
66.249.79.66 - - [25/Nov/2024:06:48:35 -0700] "GET /detail/?abbnfi/barcelona-fixtures-icc.html HTTP/1.1" 200 94 "-" "Mozilla/5.0 (compatible; Googlebot/2.1; +http://www.google.com/bot.html)"
66.249.79.66 - - [25/Nov/2024:06:48:52 -0700] "GET /news/?hwfflj/continuation-bet.html HTTP/1.1" 200 94 "-" "Mozilla/5.0 (compatible; Googlebot/2.1; +http://www.google.com/bot.html)"
66.249.79.68 - - [25/Nov/2024:06:49:10 -0700] "GET /bet/?tzrkwx/royal-youth-league-of-legend.html HTTP/1.1" 200 94 "-" "Mozilla/5.0 (compatible; Googlebot/2.1; +http://www.google.com/bot.html)"
66.249.79.66 - - [25/Nov/2024:06:49:18 -0700] "GET /bet/?veozjm/ HTTP/1.1" 200 94 "-" "Mozilla/5.0 (compatible; Googlebot/2.1; +http://www.google.com/bot.html)"
69.162.124.238 - - [25/Nov/2024:06:49:31 -0700] "HEAD /cbse-corner.php HTTP/1.1" 200 - "https://ajitsarratia.akalacademy.ac.in/cbse-corner.php" "Mozilla/5.0+(compatible; UptimeRobot/2.0; http://www.uptimerobot.com/)"
66.249.79.66 - - [25/Nov/2024:06:49:35 -0700] "GET /news/ejayfh/ HTTP/1.1" 200 94 "-" "Mozilla/5.0 (compatible; Googlebot/2.1; +http://www.google.com/bot.html)"
66.249.79.66 - - [25/Nov/2024:06:49:38 -0700] "GET /news/?baapkv/other-games-with-uno-cards.html HTTP/1.1" 200 94 "-" "Mozilla/5.0 (compatible; Googlebot/2.1; +http://www.google.com/bot.html)"
66.249.79.66 - - [25/Nov/2024:06:49:57 -0700] "GET /bet/?isvhup/ufc-parlay-tonight.html HTTP/1.1" 200 94 "-" "Mozilla/5.0 (compatible; Googlebot/2.1; +http://www.google.com/bot.html)"
66.249.79.67 - - [25/Nov/2024:06:50:25 -0700] "GET /news/ilmzed/ HTTP/1.1" 200 94 "-" "Mozilla/5.0 (compatible; Googlebot/2.1; +http://www.google.com/bot.html)"
66.249.79.66 - - [25/Nov/2024:06:50:35 -0700] "GET /bet/rftsnp/ HTTP/1.1" 200 94 "-" "Mozilla/5.0 (compatible; Googlebot/2.1; +http://www.google.com/bot.html)"
173.239.254.35 - - [25/Nov/2024:06:50:35 -0700] "GET /about.php HTTP/1.1" 200 36145 "-" "Mozilla/5.0 (Windows NT 10.0; Win64; x64) AppleWebKit/537.36 (KHTML, like Gecko) Chrome/100.0.4896.75 Safari/537.36"
66.249.79.66 - - [25/Nov/2024:06:50:35 -0700] "GET /news/?czwhkn/ HTTP/1.1" 200 94 "-" "Mozilla/5.0 (compatible; Googlebot/2.1; +http://www.google.com/bot.html)"
66.249.79.67 - - [25/Nov/2024:06:50:37 -0700] "GET /bet/?svpuwt/mybettips.html HTTP/1.1" 200 94 "-" "Mozilla/5.0 (compatible; Googlebot/2.1; +http://www.google.com/bot.html)"
173.239.254.15 - - [25/Nov/2024:06:50:42 -0700] "GET /about.php HTTP/1.1" 200 36145 "-" "Mozilla/5.0 (Windows NT 10.0; Win64; x64) AppleWebKit/537.36 (KHTML, like Gecko) Chrome/100.0.4896.75 Safari/537.36"
66.249.79.66 - - [25/Nov/2024:06:50:47 -0700] "GET /news/?rjdbkl/ HTTP/1.1" 200 94 "-" "Mozilla/5.0 (compatible; Googlebot/2.1; +http://www.google.com/bot.html)"
193.19.109.95 - - [25/Nov/2024:06:51:13 -0700] "GET /fonts/icomoon/style.css HTTP/1.1" 200 79820 "https://ajitsarratia.akalacademy.ac.in/about.php" "Mozilla/5.0 (Windows NT 10.0; Win64; x64) AppleWebKit/537.36 (KHTML, like Gecko) Chrome/100.0.4896.75 Safari/537.36"
173.239.254.25 - - [25/Nov/2024:06:51:13 -0700] "GET /css/bootstrap.min.css HTTP/1.1" 200 160341 "https://ajitsarratia.akalacademy.ac.in/about.php" "Mozilla/5.0 (Windows NT 10.0; Win64; x64) AppleWebKit/537.36 (KHTML, like Gecko) Chrome/100.0.4896.75 Safari/537.36"
66.249.79.67 - - [25/Nov/2024:06:51:19 -0700] "GET /bet/?tpukiv/antique-baccarat-crystal-vases.html HTTP/1.1" 200 94 "-" "Mozilla/5.0 (compatible; Googlebot/2.1; +http://www.google.com/bot.html)"
193.19.109.102 - - [25/Nov/2024:06:51:22 -0700] "GET /css/jquery-ui.css HTTP/1.1" 200 21738 "https://ajitsarratia.akalacademy.ac.in/about.php" "Mozilla/5.0 (Windows NT 10.0; Win64; x64) AppleWebKit/537.36 (KHTML, like Gecko) Chrome/100.0.4896.75 Safari/537.36"
66.249.79.67 - - [25/Nov/2024:06:51:36 -0700] "GET /news/?evuolg/foot-locker-esports-sponsorships.html HTTP/1.1" 200 94 "-" "Mozilla/5.0 (compatible; Googlebot/2.1; +http://www.google.com/bot.html)"
66.249.79.66 - - [25/Nov/2024:06:51:40 -0700] "GET /news/?samezc/ HTTP/1.1" 200 94 "-" "Mozilla/5.0 (compatible; Googlebot/2.1; +http://www.google.com/bot.html)"
66.249.79.66 - - [25/Nov/2024:06:51:44 -0700] "GET /about.php HTTP/1.1" 200 36145 "-" "Mozilla/5.0 (Linux; Android 6.0.1; Nexus 5X Build/MMB29P) AppleWebKit/537.36 (KHTML, like Gecko) Chrome/131.0.6778.69 Mobile Safari/537.36 (compatible; Googlebot/2.1; +http://www.google.com/bot.html)"
66.249.79.66 - - [25/Nov/2024:06:51:47 -0700] "GET /css/jquery-ui.css HTTP/1.1" 200 21738 "https://ajitsarratia.akalacademy.ac.in/about.php" "Mozilla/5.0 (Linux; Android 6.0.1; Nexus 5X Build/MMB29P) AppleWebKit/537.36 (KHTML, like Gecko) Chrome/131.0.6778.69 Mobile Safari/537.36 (compatible; Googlebot/2.1; +http://www.google.com/bot.html)"
66.249.79.66 - - [25/Nov/2024:06:51:48 -0700] "GET /css/bootstrap.min.css HTTP/1.1" 200 160341 "https://ajitsarratia.akalacademy.ac.in/about.php" "Mozilla/5.0 (Linux; Android 6.0.1; Nexus 5X Build/MMB29P) AppleWebKit/537.36 (KHTML, like Gecko) Chrome/131.0.6778.69 Mobile Safari/537.36 (compatible; Googlebot/2.1; +http://www.google.com/bot.html)"
173.239.254.22 - - [25/Nov/2024:06:51:48 -0700] "GET /css/owl.carousel.min.css HTTP/1.1" 200 2936 "https://ajitsarratia.akalacademy.ac.in/about.php" "Mozilla/5.0 (Windows NT 10.0; Win64; x64) AppleWebKit/537.36 (KHTML, like Gecko) Chrome/100.0.4896.75 Safari/537.36"
66.249.79.66 - - [25/Nov/2024:06:51:55 -0700] "GET /news/?srrbdg/valentina-shevchenko-odds.html HTTP/1.1" 200 94 "-" "Mozilla/5.0 (compatible; Googlebot/2.1; +http://www.google.com/bot.html)"
66.249.79.66 - - [25/Nov/2024:06:51:55 -0700] "GET /detail/?xpxwdm/ HTTP/1.1" 200 94 "-" "Mozilla/5.0 (compatible; Googlebot/2.1; +http://www.google.com/bot.html)"
173.239.254.19 - - [25/Nov/2024:06:52:00 -0700] "GET /css/owl.theme.default.min.css HTTP/1.1" 200 965 "https://ajitsarratia.akalacademy.ac.in/about.php" "Mozilla/5.0 (Windows NT 10.0; Win64; x64) AppleWebKit/537.36 (KHTML, like Gecko) Chrome/100.0.4896.75 Safari/537.36"
173.239.254.19 - - [25/Nov/2024:06:52:00 -0700] "GET /css/jquery.fancybox.min.css HTTP/1.1" 200 12795 "https://ajitsarratia.akalacademy.ac.in/about.php" "Mozilla/5.0 (Windows NT 10.0; Win64; x64) AppleWebKit/537.36 (KHTML, like Gecko) Chrome/100.0.4896.75 Safari/537.36"
66.249.79.66 - - [25/Nov/2024:06:52:02 -0700] "GET /bet/gvqkfk/ HTTP/1.1" 200 94 "-" "Mozilla/5.0 (compatible; Googlebot/2.1; +http://www.google.com/bot.html)"
66.249.79.66 - - [25/Nov/2024:06:52:09 -0700] "GET /bet/?bwriwr/ HTTP/1.1" 200 94 "-" "Mozilla/5.0 (compatible; Googlebot/2.1; +http://www.google.com/bot.html)"
66.249.79.66 - - [25/Nov/2024:06:52:28 -0700] "GET /news/?voxrju/ HTTP/1.1" 200 94 "-" "Mozilla/5.0 (compatible; Googlebot/2.1; +http://www.google.com/bot.html)"
173.239.254.23 - - [25/Nov/2024:06:52:38 -0700] "GET /fonts/flaticon/font/flaticon.css HTTP/1.1" 200 1535 "https://ajitsarratia.akalacademy.ac.in/about.php" "Mozilla/5.0 (Windows NT 10.0; Win64; x64) AppleWebKit/537.36 (KHTML, like Gecko) Chrome/100.0.4896.75 Safari/537.36"
173.239.254.11 - - [25/Nov/2024:06:52:38 -0700] "GET /css/bootstrap-datepicker.css HTTP/1.1" 200 17144 "https://ajitsarratia.akalacademy.ac.in/about.php" "Mozilla/5.0 (Windows NT 10.0; Win64; x64) AppleWebKit/537.36 (KHTML, like Gecko) Chrome/100.0.4896.75 Safari/537.36"
66.249.79.66 - - [25/Nov/2024:06:52:38 -0700] "GET /news/?znwihx/ HTTP/1.1" 200 94 "-" "Mozilla/5.0 (compatible; Googlebot/2.1; +http://www.google.com/bot.html)"
66.249.79.66 - - [25/Nov/2024:06:52:46 -0700] "GET /bet/?fobojp/ HTTP/1.1" 200 94 "-" "Mozilla/5.0 (compatible; Googlebot/2.1; +http://www.google.com/bot.html)"
173.239.254.6 - - [25/Nov/2024:06:52:49 -0700] "GET /css/aos.css HTTP/1.1" 200 25983 "https://ajitsarratia.akalacademy.ac.in/about.php" "Mozilla/5.0 (Windows NT 10.0; Win64; x64) AppleWebKit/537.36 (KHTML, like Gecko) Chrome/100.0.4896.75 Safari/537.36"
173.239.254.36 - - [25/Nov/2024:06:52:49 -0700] "GET /css/jquery.mb.YTPlayer.min.css HTTP/1.1" 200 9177 "https://ajitsarratia.akalacademy.ac.in/about.php" "Mozilla/5.0 (Windows NT 10.0; Win64; x64) AppleWebKit/537.36 (KHTML, like Gecko) Chrome/100.0.4896.75 Safari/537.36"
173.239.254.6 - - [25/Nov/2024:06:52:50 -0700] "GET /css/style.css HTTP/1.1" 200 41631 "https://ajitsarratia.akalacademy.ac.in/about.php" "Mozilla/5.0 (Windows NT 10.0; Win64; x64) AppleWebKit/537.36 (KHTML, like Gecko) Chrome/100.0.4896.75 Safari/537.36"
173.239.254.39 - - [25/Nov/2024:06:53:04 -0700] "GET /images/ajitsar.png HTTP/1.1" 200 9226 "https://ajitsarratia.akalacademy.ac.in/about.php" "Mozilla/5.0 (Windows NT 10.0; Win64; x64) AppleWebKit/537.36 (KHTML, like Gecko) Chrome/100.0.4896.75 Safari/537.36"
173.239.254.24 - - [25/Nov/2024:06:53:04 -0700] "GET /images/journey/j0.jpg HTTP/1.1" 200 174463 "https://ajitsarratia.akalacademy.ac.in/about.php" "Mozilla/5.0 (Windows NT 10.0; Win64; x64) AppleWebKit/537.36 (KHTML, like Gecko) Chrome/100.0.4896.75 Safari/537.36"
66.249.79.68 - - [25/Nov/2024:06:53:09 -0700] "GET /news/ismoql/ HTTP/1.1" 200 94 "-" "Mozilla/5.0 (compatible; Googlebot/2.1; +http://www.google.com/bot.html)"
66.249.79.68 - - [25/Nov/2024:06:53:12 -0700] "GET /robots.txt HTTP/1.1" 200 94 "-" "Mozilla/5.0 (compatible; Googlebot/2.1; +http://www.google.com/bot.html)"
66.249.79.67 - - [25/Nov/2024:06:53:13 -0700] "GET /news/fktbpa/ HTTP/1.1" 200 94 "-" "Mozilla/5.0 (compatible; Googlebot/2.1; +http://www.google.com/bot.html)"
173.239.254.39 - - [25/Nov/2024:06:53:15 -0700] "GET /images/journey/j1.jpg HTTP/1.1" 200 79302 "https://ajitsarratia.akalacademy.ac.in/about.php" "Mozilla/5.0 (Windows NT 10.0; Win64; x64) AppleWebKit/537.36 (KHTML, like Gecko) Chrome/100.0.4896.75 Safari/537.36"
193.19.109.94 - - [25/Nov/2024:06:53:15 -0700] "GET /images/journey/j2.jpg HTTP/1.1" 200 83847 "https://ajitsarratia.akalacademy.ac.in/about.php" "Mozilla/5.0 (Windows NT 10.0; Win64; x64) AppleWebKit/537.36 (KHTML, like Gecko) Chrome/100.0.4896.75 Safari/537.36"
66.249.79.67 - - [25/Nov/2024:06:53:22 -0700] "GET /bet/hzooxs/online-cricket-streaming-ipl-sites.html HTTP/1.1" 200 94 "-" "Mozilla/5.0 (compatible; Googlebot/2.1; +http://www.google.com/bot.html)"
66.249.79.67 - - [25/Nov/2024:06:53:25 -0700] "GET /news/?ohhgry/asian-bookie-live-score-soccer.html HTTP/1.1" 200 94 "-" "Mozilla/5.0 (compatible; Googlebot/2.1; +http://www.google.com/bot.html)"
173.239.254.30 - - [25/Nov/2024:06:53:27 -0700] "GET /js/jquery-3.3.1.min.js HTTP/1.1" 200 86926 "https://ajitsarratia.akalacademy.ac.in/about.php" "Mozilla/5.0 (Windows NT 10.0; Win64; x64) AppleWebKit/537.36 (KHTML, like Gecko) Chrome/100.0.4896.75 Safari/537.36"
66.249.79.66 - - [25/Nov/2024:06:53:34 -0700] "GET /news/?hvitrn/ HTTP/1.1" 200 94 "-" "Mozilla/5.0 (compatible; Googlebot/2.1; +http://www.google.com/bot.html)"
173.239.254.36 - - [25/Nov/2024:06:53:40 -0700] "GET /images/journey/j3.jpg HTTP/1.1" 200 70893 "https://ajitsarratia.akalacademy.ac.in/about.php" "Mozilla/5.0 (Windows NT 10.0; Win64; x64) AppleWebKit/537.36 (KHTML, like Gecko) Chrome/100.0.4896.75 Safari/537.36"
193.19.109.103 - - [25/Nov/2024:06:53:46 -0700] "GET /js/jquery-migrate-3.0.1.min.js HTTP/1.1" 200 11421 "https://ajitsarratia.akalacademy.ac.in/about.php" "Mozilla/5.0 (Windows NT 10.0; Win64; x64) AppleWebKit/537.36 (KHTML, like Gecko) Chrome/100.0.4896.75 Safari/537.36"
66.249.79.66 - - [25/Nov/2024:06:53:48 -0700] "GET /bet/cxmwhw/top-melbourne-casino.html HTTP/1.1" 200 94 "-" "Mozilla/5.0 (compatible; Googlebot/2.1; +http://www.google.com/bot.html)"
66.249.79.66 - - [25/Nov/2024:06:53:52 -0700] "GET /bet/akfxxj/ HTTP/1.1" 200 94 "-" "Mozilla/5.0 (compatible; Googlebot/2.1; +http://www.google.com/bot.html)"
173.239.254.19 - - [25/Nov/2024:06:53:53 -0700] "GET /js/jquery-ui.js HTTP/1.1" 200 45799 "https://ajitsarratia.akalacademy.ac.in/about.php" "Mozilla/5.0 (Windows NT 10.0; Win64; x64) AppleWebKit/537.36 (KHTML, like Gecko) Chrome/100.0.4896.75 Safari/537.36"
66.249.79.66 - - [25/Nov/2024:06:54:01 -0700] "GET /detail/?knhutt/ipl-2day-match-score.html HTTP/1.1" 200 94 "-" "Mozilla/5.0 (compatible; Googlebot/2.1; +http://www.google.com/bot.html)"
173.239.254.31 - - [25/Nov/2024:06:54:04 -0700] "GET /js/popper.min.js HTTP/1.1" 200 20336 "https://ajitsarratia.akalacademy.ac.in/about.php" "Mozilla/5.0 (Windows NT 10.0; Win64; x64) AppleWebKit/537.36 (KHTML, like Gecko) Chrome/100.0.4896.75 Safari/537.36"
66.249.79.67 - - [25/Nov/2024:06:54:11 -0700] "GET /detail/pgxiuu/ HTTP/1.1" 200 94 "-" "Mozilla/5.0 (compatible; Googlebot/2.1; +http://www.google.com/bot.html)"
173.239.254.8 - - [25/Nov/2024:06:54:16 -0700] "GET /js/bootstrap.min.js HTTP/1.1" 200 51039 "https://ajitsarratia.akalacademy.ac.in/about.php" "Mozilla/5.0 (Windows NT 10.0; Win64; x64) AppleWebKit/537.36 (KHTML, like Gecko) Chrome/100.0.4896.75 Safari/537.36"
66.249.79.66 - - [25/Nov/2024:06:54:17 -0700] "GET /news/?czgsog/ HTTP/1.1" 200 94 "-" "Mozilla/5.0 (compatible; Googlebot/2.1; +http://www.google.com/bot.html)"
66.249.79.66 - - [25/Nov/2024:06:54:17 -0700] "GET /robots.txt HTTP/1.1" 200 94 "-" "Mozilla/5.0 (compatible; Googlebot/2.1; +http://www.google.com/bot.html)"
173.239.254.10 - - [25/Nov/2024:06:54:23 -0700] "GET /js/owl.carousel.min.js HTTP/1.1" 200 42766 "https://ajitsarratia.akalacademy.ac.in/about.php" "Mozilla/5.0 (Windows NT 10.0; Win64; x64) AppleWebKit/537.36 (KHTML, like Gecko) Chrome/100.0.4896.75 Safari/537.36"
66.249.79.66 - - [25/Nov/2024:06:54:30 -0700] "GET /news/?gmaqrz/india-t20-squad-for-sri-lanka-2023.html HTTP/1.1" 200 94 "-" "Mozilla/5.0 (compatible; Googlebot/2.1; +http://www.google.com/bot.html)"
69.162.124.238 - - [25/Nov/2024:06:54:31 -0700] "HEAD /cbse-corner.php HTTP/1.1" 200 - "https://ajitsarratia.akalacademy.ac.in/cbse-corner.php" "Mozilla/5.0+(compatible; UptimeRobot/2.0; http://www.uptimerobot.com/)"
193.19.109.101 - - [25/Nov/2024:06:54:33 -0700] "GET /js/jquery.stellar.min.js HTTP/1.1" 200 12597 "https://ajitsarratia.akalacademy.ac.in/about.php" "Mozilla/5.0 (Windows NT 10.0; Win64; x64) AppleWebKit/537.36 (KHTML, like Gecko) Chrome/100.0.4896.75 Safari/537.36"
66.249.79.66 - - [25/Nov/2024:06:54:35 -0700] "GET /detail/?ofjpvz/ HTTP/1.1" 200 94 "-" "Mozilla/5.0 (compatible; Googlebot/2.1; +http://www.google.com/bot.html)"
173.239.254.22 - - [25/Nov/2024:06:54:42 -0700] "GET /js/jquery.countdown.min.js HTTP/1.1" 200 5339 "https://ajitsarratia.akalacademy.ac.in/about.php" "Mozilla/5.0 (Windows NT 10.0; Win64; x64) AppleWebKit/537.36 (KHTML, like Gecko) Chrome/100.0.4896.75 Safari/537.36"
173.239.254.27 - - [25/Nov/2024:06:54:50 -0700] "GET /js/bootstrap-datepicker.min.js HTTP/1.1" 200 34172 "https://ajitsarratia.akalacademy.ac.in/about.php" "Mozilla/5.0 (Windows NT 10.0; Win64; x64) AppleWebKit/537.36 (KHTML, like Gecko) Chrome/100.0.4896.75 Safari/537.36"
66.249.79.66 - - [25/Nov/2024:06:54:56 -0700] "GET /news/?yghysw/best-nhl-props-for-today.html HTTP/1.1" 200 94 "-" "Mozilla/5.0 (compatible; Googlebot/2.1; +http://www.google.com/bot.html)"
66.249.79.66 - - [25/Nov/2024:06:54:57 -0700] "GET /detail/?umcnei/railways-of-the-world-card-game.html HTTP/1.1" 200 94 "-" "Mozilla/5.0 (compatible; Googlebot/2.1; +http://www.google.com/bot.html)"
66.249.79.67 - - [25/Nov/2024:06:55:03 -0700] "GET /detail/?mjdeyd/ HTTP/1.1" 200 94 "-" "Mozilla/5.0 (compatible; Googlebot/2.1; +http://www.google.com/bot.html)"
66.249.79.66 - - [25/Nov/2024:06:55:05 -0700] "GET /bet/ypqluk/ HTTP/1.1" 200 94 "-" "Mozilla/5.0 (compatible; Googlebot/2.1; +http://www.google.com/bot.html)"
66.249.79.66 - - [25/Nov/2024:06:55:11 -0700] "GET /detail/bwfksg/ HTTP/1.1" 200 94 "-" "Mozilla/5.0 (compatible; Googlebot/2.1; +http://www.google.com/bot.html)"
66.249.79.66 - - [25/Nov/2024:06:55:12 -0700] "GET /detail/?mfrbfz/zynga-poker-guide.html HTTP/1.1" 200 94 "-" "Mozilla/5.0 (compatible; Googlebot/2.1; +http://www.google.com/bot.html)"
66.249.79.67 - - [25/Nov/2024:06:55:15 -0700] "GET /detail/onkwpe/ HTTP/1.1" 200 94 "-" "Mozilla/5.0 (compatible; Googlebot/2.1; +http://www.google.com/bot.html)"
173.239.254.40 - - [25/Nov/2024:06:55:17 -0700] "GET /fonts/icomoon/fonts/icomoon.ttf?10si43 HTTP/1.1" 200 307168 "https://ajitsarratia.akalacademy.ac.in/fonts/icomoon/style.css" "Mozilla/5.0 (Windows NT 10.0; Win64; x64) AppleWebKit/537.36 (KHTML, like Gecko) Chrome/100.0.4896.75 Safari/537.36"
193.19.109.94 - - [25/Nov/2024:06:55:28 -0700] "GET /js/aos.js HTTP/1.1" 200 14244 "https://ajitsarratia.akalacademy.ac.in/about.php" "Mozilla/5.0 (Windows NT 10.0; Win64; x64) AppleWebKit/537.36 (KHTML, like Gecko) Chrome/100.0.4896.75 Safari/537.36"
173.239.254.36 - - [25/Nov/2024:06:55:28 -0700] "GET /js/jquery.fancybox.min.js HTTP/1.1" 200 68196 "https://ajitsarratia.akalacademy.ac.in/about.php" "Mozilla/5.0 (Windows NT 10.0; Win64; x64) AppleWebKit/537.36 (KHTML, like Gecko) Chrome/100.0.4896.75 Safari/537.36"
66.249.79.66 - - [25/Nov/2024:06:55:43 -0700] "GET /robots.txt HTTP/1.1" 200 94 "-" "Mozilla/5.0 (compatible; Googlebot/2.1; +http://www.google.com/bot.html)"
66.249.79.66 - - [25/Nov/2024:06:55:43 -0700] "GET /news/?fjvcwa/ HTTP/1.1" 200 94 "-" "Mozilla/5.0 (compatible; Googlebot/2.1; +http://www.google.com/bot.html)"
66.249.79.66 - - [25/Nov/2024:06:55:44 -0700] "GET /bet/?ekjgbp/10-cric-live-casino.html HTTP/1.1" 200 94 "-" "Mozilla/5.0 (compatible; Googlebot/2.1; +http://www.google.com/bot.html)"
66.249.79.66 - - [25/Nov/2024:06:55:46 -0700] "GET /news/?dkierp/ness-wadia-ipl.html HTTP/1.1" 200 94 "-" "Mozilla/5.0 (compatible; Googlebot/2.1; +http://www.google.com/bot.html)"
193.19.109.99 - - [25/Nov/2024:06:55:47 -0700] "GET /js/jquery.sticky.js HTTP/1.1" 200 10084 "https://ajitsarratia.akalacademy.ac.in/about.php" "Mozilla/5.0 (Windows NT 10.0; Win64; x64) AppleWebKit/537.36 (KHTML, like Gecko) Chrome/100.0.4896.75 Safari/537.36"
173.239.254.34 - - [25/Nov/2024:06:55:58 -0700] "GET /js/jquery.mb.YTPlayer.min.js HTTP/1.1" 200 62550 "https://ajitsarratia.akalacademy.ac.in/about.php" "Mozilla/5.0 (Windows NT 10.0; Win64; x64) AppleWebKit/537.36 (KHTML, like Gecko) Chrome/100.0.4896.75 Safari/537.36"
66.249.79.66 - - [25/Nov/2024:06:56:01 -0700] "GET /detail/?wtyftd/nature-isle-t10-live-score.html HTTP/1.1" 200 94 "-" "Mozilla/5.0 (compatible; Googlebot/2.1; +http://www.google.com/bot.html)"
66.249.79.67 - - [25/Nov/2024:06:56:07 -0700] "GET /bet/?opcnad/ipl-final-match-which-team.html HTTP/1.1" 200 94 "-" "Mozilla/5.0 (compatible; Googlebot/2.1; +http://www.google.com/bot.html)"
173.239.254.17 - - [25/Nov/2024:06:56:14 -0700] "GET /js/main.js HTTP/1.1" 200 7589 "https://ajitsarratia.akalacademy.ac.in/about.php" "Mozilla/5.0 (Windows NT 10.0; Win64; x64) AppleWebKit/537.36 (KHTML, like Gecko) Chrome/100.0.4896.75 Safari/537.36"
173.239.254.17 - - [25/Nov/2024:06:56:14 -0700] "GET /images/journey/j5.jpg HTTP/1.1" 200 78360 "https://ajitsarratia.akalacademy.ac.in/about.php" "Mozilla/5.0 (Windows NT 10.0; Win64; x64) AppleWebKit/537.36 (KHTML, like Gecko) Chrome/100.0.4896.75 Safari/537.36"
193.19.109.101 - - [25/Nov/2024:06:56:15 -0700] "GET /images/journey/j7.jpg HTTP/1.1" 200 96837 "https://ajitsarratia.akalacademy.ac.in/about.php" "Mozilla/5.0 (Windows NT 10.0; Win64; x64) AppleWebKit/537.36 (KHTML, like Gecko) Chrome/100.0.4896.75 Safari/537.36"
66.249.79.66 - - [25/Nov/2024:06:56:17 -0700] "GET /detail/?ifrpes/ HTTP/1.1" 200 94 "-" "Mozilla/5.0 (compatible; Googlebot/2.1; +http://www.google.com/bot.html)"
173.239.254.14 - - [25/Nov/2024:06:56:28 -0700] "GET /images/journey/j8.jpg HTTP/1.1" 200 92069 "https://ajitsarratia.akalacademy.ac.in/about.php" "Mozilla/5.0 (Windows NT 10.0; Win64; x64) AppleWebKit/537.36 (KHTML, like Gecko) Chrome/100.0.4896.75 Safari/537.36"
66.249.79.66 - - [25/Nov/2024:06:56:44 -0700] "GET /robots.txt HTTP/1.1" 200 94 "-" "Mozilla/5.0 (compatible; Googlebot/2.1; +http://www.google.com/bot.html)"
66.249.79.66 - - [25/Nov/2024:06:56:44 -0700] "GET /detail/oehanq/www-royal188bet.html HTTP/1.1" 200 94 "-" "Mozilla/5.0 (compatible; Googlebot/2.1; +http://www.google.com/bot.html)"
66.249.79.66 - - [25/Nov/2024:06:56:50 -0700] "GET /bet/?fmqbrb/cari-cuan-slot.html HTTP/1.1" 200 94 "-" "Mozilla/5.0 (compatible; Googlebot/2.1; +http://www.google.com/bot.html)"
66.249.79.66 - - [25/Nov/2024:06:56:51 -0700] "GET /bet/novgpq/ HTTP/1.1" 200 94 "-" "Mozilla/5.0 (compatible; Googlebot/2.1; +http://www.google.com/bot.html)"
66.249.79.66 - - [25/Nov/2024:06:56:59 -0700] "GET /bet/iaglkw/ HTTP/1.1" 200 94 "-" "Mozilla/5.0 (compatible; Googlebot/2.1; +http://www.google.com/bot.html)"
66.249.79.66 - - [25/Nov/2024:06:57:05 -0700] "GET /news/?izmvyz/ HTTP/1.1" 200 94 "-" "Mozilla/5.0 (compatible; Googlebot/2.1; +http://www.google.com/bot.html)"
66.249.79.67 - - [25/Nov/2024:06:57:07 -0700] "GET /detail/?tvgquh/ HTTP/1.1" 200 94 "-" "Mozilla/5.0 (compatible; Googlebot/2.1; +http://www.google.com/bot.html)"
193.19.109.103 - - [25/Nov/2024:06:57:13 -0700] "GET /images/journey/j9.jpg HTTP/1.1" 200 99632 "https://ajitsarratia.akalacademy.ac.in/about.php" "Mozilla/5.0 (Windows NT 10.0; Win64; x64) AppleWebKit/537.36 (KHTML, like Gecko) Chrome/100.0.4896.75 Safari/537.36"
193.37.33.226 - - [25/Nov/2024:06:57:13 -0700] "GET /images/journey/j10.jpg HTTP/1.1" 200 70292 "https://ajitsarratia.akalacademy.ac.in/about.php" "Mozilla/5.0 (Windows NT 10.0; Win64; x64) AppleWebKit/537.36 (KHTML, like Gecko) Chrome/100.0.4896.75 Safari/537.36"
66.249.79.67 - - [25/Nov/2024:06:57:19 -0700] "GET /detail/ndvplh/ HTTP/1.1" 200 94 "-" "Mozilla/5.0 (compatible; Googlebot/2.1; +http://www.google.com/bot.html)"
66.249.79.67 - - [25/Nov/2024:06:57:21 -0700] "GET /bet/?eypxwy/ioc-esports.html HTTP/1.1" 200 94 "-" "Mozilla/5.0 (compatible; Googlebot/2.1; +http://www.google.com/bot.html)"
173.239.254.27 - - [25/Nov/2024:06:57:26 -0700] "GET /images/journey/j13.jpg HTTP/1.1" 200 93044 "https://ajitsarratia.akalacademy.ac.in/about.php" "Mozilla/5.0 (Windows NT 10.0; Win64; x64) AppleWebKit/537.36 (KHTML, like Gecko) Chrome/100.0.4896.75 Safari/537.36"
40.77.167.4 - - [25/Nov/2024:06:57:29 -0700] "GET /htdocs/dominoqq/files/IX-X/files/I-VIII/cbse-corner.php HTTP/1.1" 200 94 "-" "Mozilla/5.0 AppleWebKit/537.36 (KHTML, like Gecko; compatible; bingbot/2.0; +http://www.bing.com/bingbot.htm) Chrome/116.0.1938.76 Safari/537.36"
173.239.254.40 - - [25/Nov/2024:06:57:38 -0700] "GET /about.php HTTP/1.1" 200 36145 "-" "Mozilla/5.0 (Windows NT 10.0; Win64; x64) AppleWebKit/537.36 (KHTML, like Gecko) Chrome/100.0.4896.75 Safari/537.36"
66.249.79.66 - - [25/Nov/2024:06:57:39 -0700] "GET /news/?wtnodp/review-on-rummy-circle.html HTTP/1.1" 200 94 "-" "Mozilla/5.0 (compatible; Googlebot/2.1; +http://www.google.com/bot.html)"
173.239.254.6 - - [25/Nov/2024:06:57:41 -0700] "GET /images/journey/j14.jpg HTTP/1.1" 200 112865 "https://ajitsarratia.akalacademy.ac.in/about.php" "Mozilla/5.0 (Windows NT 10.0; Win64; x64) AppleWebKit/537.36 (KHTML, like Gecko) Chrome/100.0.4896.75 Safari/537.36"
173.239.254.16 - - [25/Nov/2024:06:57:41 -0700] "GET /images/journey/j15.jpg HTTP/1.1" 200 114400 "https://ajitsarratia.akalacademy.ac.in/about.php" "Mozilla/5.0 (Windows NT 10.0; Win64; x64) AppleWebKit/537.36 (KHTML, like Gecko) Chrome/100.0.4896.75 Safari/537.36"
173.239.254.34 - - [25/Nov/2024:06:57:45 -0700] "GET /about.php HTTP/1.1" 200 36145 "-" "Mozilla/5.0 (Windows NT 10.0; Win64; x64) AppleWebKit/537.36 (KHTML, like Gecko) Chrome/100.0.4896.75 Safari/537.36"
173.239.254.20 - - [25/Nov/2024:06:58:05 -0700] "GET /images/journey/j16.jpg HTTP/1.1" 200 91672 "https://ajitsarratia.akalacademy.ac.in/about.php" "Mozilla/5.0 (Windows NT 10.0; Win64; x64) AppleWebKit/537.36 (KHTML, like Gecko) Chrome/100.0.4896.75 Safari/537.36"
193.19.109.100 - - [25/Nov/2024:06:58:05 -0700] "GET /images/journey/j18.jpg HTTP/1.1" 200 94269 "https://ajitsarratia.akalacademy.ac.in/about.php" "Mozilla/5.0 (Windows NT 10.0; Win64; x64) AppleWebKit/537.36 (KHTML, like Gecko) Chrome/100.0.4896.75 Safari/537.36"
173.239.254.20 - - [25/Nov/2024:06:58:05 -0700] "GET /images/journey/j17.jpg HTTP/1.1" 200 124431 "https://ajitsarratia.akalacademy.ac.in/about.php" "Mozilla/5.0 (Windows NT 10.0; Win64; x64) AppleWebKit/537.36 (KHTML, like Gecko) Chrome/100.0.4896.75 Safari/537.36"
193.19.109.98 - - [25/Nov/2024:06:58:09 -0700] "GET /css/bootstrap-datepicker.css HTTP/1.1" 200 17144 "https://ajitsarratia.akalacademy.ac.in/about.php" "Mozilla/5.0 (Windows NT 10.0; Win64; x64) AppleWebKit/537.36 (KHTML, like Gecko) Chrome/100.0.4896.75 Safari/537.36"
173.239.254.15 - - [25/Nov/2024:06:58:09 -0700] "GET /css/owl.theme.default.min.css HTTP/1.1" 200 965 "https://ajitsarratia.akalacademy.ac.in/about.php" "Mozilla/5.0 (Windows NT 10.0; Win64; x64) AppleWebKit/537.36 (KHTML, like Gecko) Chrome/100.0.4896.75 Safari/537.36"
66.249.79.66 - - [25/Nov/2024:06:58:09 -0700] "GET /news/pbbebx/new-world-cup.html HTTP/1.1" 200 94 "-" "Mozilla/5.0 (compatible; Googlebot/2.1; +http://www.google.com/bot.html)"
66.249.79.68 - - [25/Nov/2024:06:58:09 -0700] "GET /robots.txt HTTP/1.1" 200 94 "-" "Mozilla/5.0 (compatible; Googlebot/2.1; +http://www.google.com/bot.html)"
193.19.109.93 - - [25/Nov/2024:06:58:12 -0700] "GET /css/aos.css HTTP/1.1" 200 25983 "https://ajitsarratia.akalacademy.ac.in/about.php" "Mozilla/5.0 (Windows NT 10.0; Win64; x64) AppleWebKit/537.36 (KHTML, like Gecko) Chrome/100.0.4896.75 Safari/537.36"
173.239.254.31 - - [25/Nov/2024:06:58:12 -0700] "GET /fonts/flaticon/font/flaticon.css HTTP/1.1" 200 1535 "https://ajitsarratia.akalacademy.ac.in/about.php" "Mozilla/5.0 (Windows NT 10.0; Win64; x64) AppleWebKit/537.36 (KHTML, like Gecko) Chrome/100.0.4896.75 Safari/537.36"
173.239.254.23 - - [25/Nov/2024:06:58:12 -0700] "GET /css/style.css HTTP/1.1" 200 41631 "https://ajitsarratia.akalacademy.ac.in/about.php" "Mozilla/5.0 (Windows NT 10.0; Win64; x64) AppleWebKit/537.36 (KHTML, like Gecko) Chrome/100.0.4896.75 Safari/537.36"
173.239.254.15 - - [25/Nov/2024:06:58:12 -0700] "GET /fonts/icomoon/style.css HTTP/1.1" 200 79820 "https://ajitsarratia.akalacademy.ac.in/about.php" "Mozilla/5.0 (Windows NT 10.0; Win64; x64) AppleWebKit/537.36 (KHTML, like Gecko) Chrome/100.0.4896.75 Safari/537.36"
173.239.254.13 - - [25/Nov/2024:06:58:12 -0700] "GET /css/jquery.mb.YTPlayer.min.css HTTP/1.1" 200 9177 "https://ajitsarratia.akalacademy.ac.in/about.php" "Mozilla/5.0 (Windows NT 10.0; Win64; x64) AppleWebKit/537.36 (KHTML, like Gecko) Chrome/100.0.4896.75 Safari/537.36"
193.19.109.98 - - [25/Nov/2024:06:58:12 -0700] "GET /css/bootstrap.min.css HTTP/1.1" 200 160341 "https://ajitsarratia.akalacademy.ac.in/about.php" "Mozilla/5.0 (Windows NT 10.0; Win64; x64) AppleWebKit/537.36 (KHTML, like Gecko) Chrome/100.0.4896.75 Safari/537.36"
66.249.79.66 - - [25/Nov/2024:06:58:18 -0700] "GET /bet/?wztuca/asia-cup-dambull.html HTTP/1.1" 200 94 "-" "Mozilla/5.0 (compatible; Googlebot/2.1; +http://www.google.com/bot.html)"
66.249.79.66 - - [25/Nov/2024:06:58:19 -0700] "GET /news/?pxbxur/10-casinos-en-ligne.html HTTP/1.1" 200 94 "-" "Mozilla/5.0 (compatible; Googlebot/2.1; +http://www.google.com/bot.html)"
193.37.33.225 - - [25/Nov/2024:06:58:26 -0700] "GET /css/jquery-ui.css HTTP/1.1" 200 21738 "https://ajitsarratia.akalacademy.ac.in/about.php" "Mozilla/5.0 (Windows NT 10.0; Win64; x64) AppleWebKit/537.36 (KHTML, like Gecko) Chrome/100.0.4896.75 Safari/537.36"
173.239.254.33 - - [25/Nov/2024:06:58:31 -0700] "GET /css/owl.carousel.min.css HTTP/1.1" 200 2936 "https://ajitsarratia.akalacademy.ac.in/about.php" "Mozilla/5.0 (Windows NT 10.0; Win64; x64) AppleWebKit/537.36 (KHTML, like Gecko) Chrome/100.0.4896.75 Safari/537.36"
173.239.254.25 - - [25/Nov/2024:06:58:31 -0700] "GET /about.php HTTP/1.1" 200 36145 "-" "Mozilla/5.0 (Windows NT 10.0; Win64; x64) AppleWebKit/537.36 (KHTML, like Gecko) Chrome/100.0.4896.75 Safari/537.36"
193.19.109.91 - - [25/Nov/2024:06:58:31 -0700] "GET /css/jquery.fancybox.min.css HTTP/1.1" 200 12795 "https://ajitsarratia.akalacademy.ac.in/about.php" "Mozilla/5.0 (Windows NT 10.0; Win64; x64) AppleWebKit/537.36 (KHTML, like Gecko) Chrome/100.0.4896.75 Safari/537.36"
173.239.254.33 - - [25/Nov/2024:06:58:31 -0700] "GET /images/journey/j0.jpg HTTP/1.1" 200 174463 "https://ajitsarratia.akalacademy.ac.in/about.php" "Mozilla/5.0 (Windows NT 10.0; Win64; x64) AppleWebKit/537.36 (KHTML, like Gecko) Chrome/100.0.4896.75 Safari/537.36"
173.239.254.40 - - [25/Nov/2024:06:58:32 -0700] "GET /images/ajitsar.png HTTP/1.1" 200 9226 "https://ajitsarratia.akalacademy.ac.in/about.php" "Mozilla/5.0 (Windows NT 10.0; Win64; x64) AppleWebKit/537.36 (KHTML, like Gecko) Chrome/100.0.4896.75 Safari/537.36"
173.239.254.35 - - [25/Nov/2024:06:58:41 -0700] "GET /images/journey/santattar-425x500.jpg HTTP/1.1" 200 34401 "https://ajitsarratia.akalacademy.ac.in/about.php" "Mozilla/5.0 (Windows NT 10.0; Win64; x64) AppleWebKit/537.36 (KHTML, like Gecko) Chrome/100.0.4896.75 Safari/537.36"
173.239.254.35 - - [25/Nov/2024:06:58:46 -0700] "GET /images/journey/santteja-425x500.jpg HTTP/1.1" 200 32473 "https://ajitsarratia.akalacademy.ac.in/about.php" "Mozilla/5.0 (Windows NT 10.0; Win64; x64) AppleWebKit/537.36 (KHTML, like Gecko) Chrome/100.0.4896.75 Safari/537.36"
173.239.254.19 - - [25/Nov/2024:06:58:48 -0700] "GET /css/owl.carousel.min.css HTTP/1.1" 200 2936 "https://ajitsarratia.akalacademy.ac.in/about.php" "Mozilla/5.0 (Windows NT 10.0; Win64; x64) AppleWebKit/537.36 (KHTML, like Gecko) Chrome/100.0.4896.75 Safari/537.36"
173.239.254.28 - - [25/Nov/2024:06:58:48 -0700] "GET /css/jquery.fancybox.min.css HTTP/1.1" 200 12795 "https://ajitsarratia.akalacademy.ac.in/about.php" "Mozilla/5.0 (Windows NT 10.0; Win64; x64) AppleWebKit/537.36 (KHTML, like Gecko) Chrome/100.0.4896.75 Safari/537.36"
193.19.109.94 - - [25/Nov/2024:06:58:48 -0700] "GET /css/jquery-ui.css HTTP/1.1" 200 21738 "https://ajitsarratia.akalacademy.ac.in/about.php" "Mozilla/5.0 (Windows NT 10.0; Win64; x64) AppleWebKit/537.36 (KHTML, like Gecko) Chrome/100.0.4896.75 Safari/537.36"
193.19.109.98 - - [25/Nov/2024:06:58:48 -0700] "GET /fonts/icomoon/style.css HTTP/1.1" 200 79820 "https://ajitsarratia.akalacademy.ac.in/about.php" "Mozilla/5.0 (Windows NT 10.0; Win64; x64) AppleWebKit/537.36 (KHTML, like Gecko) Chrome/100.0.4896.75 Safari/537.36"
173.239.254.6 - - [25/Nov/2024:06:58:48 -0700] "GET /css/bootstrap.min.css HTTP/1.1" 200 160341 "https://ajitsarratia.akalacademy.ac.in/about.php" "Mozilla/5.0 (Windows NT 10.0; Win64; x64) AppleWebKit/537.36 (KHTML, like Gecko) Chrome/100.0.4896.75 Safari/537.36"
40.77.167.4 - - [25/Nov/2024:06:58:50 -0700] "GET /htdocs/dominoqq/helpcenter/orders-payment/files/I-VIII/files/Senior%20Secondary/Eng.Core-min.pdf HTTP/1.1" 200 94 "-" "Mozilla/5.0 AppleWebKit/537.36 (KHTML, like Gecko; compatible; bingbot/2.0; +http://www.bing.com/bingbot.htm) Chrome/116.0.1938.76 Safari/537.36"
193.37.33.225 - - [25/Nov/2024:06:58:52 -0700] "GET /images/journey/valley-full.jpg HTTP/1.1" 200 123291 "https://ajitsarratia.akalacademy.ac.in/about.php" "Mozilla/5.0 (Windows NT 10.0; Win64; x64) AppleWebKit/537.36 (KHTML, like Gecko) Chrome/100.0.4896.75 Safari/537.36"
173.239.254.23 - - [25/Nov/2024:06:58:55 -0700] "GET /images/students.jpg HTTP/1.1" 200 29012 "https://ajitsarratia.akalacademy.ac.in/about.php" "Mozilla/5.0 (Windows NT 10.0; Win64; x64) AppleWebKit/537.36 (KHTML, like Gecko) Chrome/100.0.4896.75 Safari/537.36"
66.249.79.66 - - [25/Nov/2024:06:58:57 -0700] "GET /news/?crqkpa/cricket-world-cup-review.html HTTP/1.1" 200 94 "-" "Mozilla/5.0 (compatible; Googlebot/2.1; +http://www.google.com/bot.html)"
173.239.254.16 - - [25/Nov/2024:06:58:58 -0700] "GET /css/owl.theme.default.min.css HTTP/1.1" 200 965 "https://ajitsarratia.akalacademy.ac.in/about.php" "Mozilla/5.0 (Windows NT 10.0; Win64; x64) AppleWebKit/537.36 (KHTML, like Gecko) Chrome/100.0.4896.75 Safari/537.36"
173.239.254.11 - - [25/Nov/2024:06:59:01 -0700] "GET /images/new-1.jpg HTTP/1.1" 200 92687 "https://ajitsarratia.akalacademy.ac.in/about.php" "Mozilla/5.0 (Windows NT 10.0; Win64; x64) AppleWebKit/537.36 (KHTML, like Gecko) Chrome/100.0.4896.75 Safari/537.36"
66.249.79.68 - - [25/Nov/2024:06:59:08 -0700] "GET /detail/?zavbpv/ HTTP/1.1" 200 94 "-" "Mozilla/5.0 (compatible; Googlebot/2.1; +http://www.google.com/bot.html)"
173.239.254.22 - - [25/Nov/2024:06:59:09 -0700] "GET /images/relief.jpg HTTP/1.1" 200 48768 "https://ajitsarratia.akalacademy.ac.in/about.php" "Mozilla/5.0 (Windows NT 10.0; Win64; x64) AppleWebKit/537.36 (KHTML, like Gecko) Chrome/100.0.4896.75 Safari/537.36"
173.239.254.10 - - [25/Nov/2024:06:59:09 -0700] "GET /images/women.jpg HTTP/1.1" 200 78354 "https://ajitsarratia.akalacademy.ac.in/about.php" "Mozilla/5.0 (Windows NT 10.0; Win64; x64) AppleWebKit/537.36 (KHTML, like Gecko) Chrome/100.0.4896.75 Safari/537.36"
66.249.79.68 - - [25/Nov/2024:06:59:10 -0700] "GET /robots.txt HTTP/1.1" 200 94 "-" "Mozilla/5.0 (compatible; Googlebot/2.1; +http://www.google.com/bot.html)"
66.249.79.66 - - [25/Nov/2024:06:59:10 -0700] "GET /news/?pjzcha/morgon-world-cup-final.html HTTP/1.1" 200 94 "-" "Mozilla/5.0 (compatible; Googlebot/2.1; +http://www.google.com/bot.html)"
66.249.79.66 - - [25/Nov/2024:06:59:11 -0700] "GET /detail/?aooxvp/znipe-league-of-legends.html HTTP/1.1" 200 94 "-" "Mozilla/5.0 (compatible; Googlebot/2.1; +http://www.google.com/bot.html)"
66.249.79.67 - - [25/Nov/2024:06:59:24 -0700] "GET /bet/?bxwiaa/posto-marquinhos.html HTTP/1.1" 200 94 "-" "Mozilla/5.0 (compatible; Googlebot/2.1; +http://www.google.com/bot.html)"
66.249.79.66 - - [25/Nov/2024:06:59:24 -0700] "GET /detail/?sfltfx/star-casino-membership.html HTTP/1.1" 200 94 "-" "Mozilla/5.0 (compatible; Googlebot/2.1; +http://www.google.com/bot.html)"
66.249.79.66 - - [25/Nov/2024:06:59:26 -0700] "GET /bet/ewifkm/special-guest-in-pro-kabaddi-today.html HTTP/1.1" 200 94 "-" "Mozilla/5.0 (compatible; Googlebot/2.1; +http://www.google.com/bot.html)"
69.162.124.238 - - [25/Nov/2024:06:59:31 -0700] "HEAD /cbse-corner.php HTTP/1.1" 200 - "https://ajitsarratia.akalacademy.ac.in/cbse-corner.php" "Mozilla/5.0+(compatible; UptimeRobot/2.0; http://www.uptimerobot.com/)"
173.239.254.21 - - [25/Nov/2024:06:59:33 -0700] "GET /images/App-Baner.png HTTP/1.1" 200 28012 "https://ajitsarratia.akalacademy.ac.in/about.php" "Mozilla/5.0 (Windows NT 10.0; Win64; x64) AppleWebKit/537.36 (KHTML, like Gecko) Chrome/100.0.4896.75 Safari/537.36"
66.249.79.66 - - [25/Nov/2024:06:59:38 -0700] "GET /bet/?wvhciu/ HTTP/1.1" 200 94 "-" "Mozilla/5.0 (compatible; Googlebot/2.1; +http://www.google.com/bot.html)"
66.249.79.67 - - [25/Nov/2024:07:00:02 -0700] "GET /news/?kkmcuq/ HTTP/1.1" 200 94 "-" "Mozilla/5.0 (compatible; Googlebot/2.1; +http://www.google.com/bot.html)"
66.249.79.66 - - [25/Nov/2024:07:00:11 -0700] "GET /robots.txt HTTP/1.1" 200 94 "-" "Mozilla/5.0 (compatible; Googlebot/2.1; +http://www.google.com/bot.html)"
66.249.79.67 - - [25/Nov/2024:07:00:11 -0700] "GET /news/ijyqjs/ HTTP/1.1" 200 94 "-" "Mozilla/5.0 (compatible; Googlebot/2.1; +http://www.google.com/bot.html)"
173.239.254.39 - - [25/Nov/2024:07:00:14 -0700] "GET /favicon.ico HTTP/1.1" 200 2622 "https://ajitsarratia.akalacademy.ac.in/about.php" "Mozilla/5.0 (Windows NT 10.0; Win64; x64) AppleWebKit/537.36 (KHTML, like Gecko) Chrome/100.0.4896.75 Safari/537.36"
66.249.79.66 - - [25/Nov/2024:07:00:16 -0700] "GET /news/?mkhihg/ HTTP/1.1" 200 94 "-" "Mozilla/5.0 (compatible; Googlebot/2.1; +http://www.google.com/bot.html)"
66.249.79.66 - - [25/Nov/2024:07:00:22 -0700] "GET /news/?knidkv/ HTTP/1.1" 200 94 "-" "Mozilla/5.0 (compatible; Googlebot/2.1; +http://www.google.com/bot.html)"
66.249.79.66 - - [25/Nov/2024:07:00:31 -0700] "GET /news/?ztzbii/ HTTP/1.1" 200 94 "-" "Mozilla/5.0 (compatible; Googlebot/2.1; +http://www.google.com/bot.html)"
66.249.79.66 - - [25/Nov/2024:07:00:33 -0700] "GET /detail/?yzehyv/tripathi-cricket-player.html HTTP/1.1" 200 94 "-" "Mozilla/5.0 (compatible; Googlebot/2.1; +http://www.google.com/bot.html)"
66.249.79.66 - - [25/Nov/2024:07:00:39 -0700] "GET /detail/?mowtgb/ HTTP/1.1" 200 94 "-" "Mozilla/5.0 (compatible; Googlebot/2.1; +http://www.google.com/bot.html)"
66.249.79.68 - - [25/Nov/2024:07:01:04 -0700] "GET /news/?nswrmm/sports-betting-wordpress-plugin.html HTTP/1.1" 200 94 "-" "Mozilla/5.0 (compatible; Googlebot/2.1; +http://www.google.com/bot.html)"
66.249.79.66 - - [25/Nov/2024:07:01:08 -0700] "GET /bet/yjtklg/ HTTP/1.1" 200 94 "-" "Mozilla/5.0 (compatible; Googlebot/2.1; +http://www.google.com/bot.html)"
66.249.79.66 - - [25/Nov/2024:07:01:12 -0700] "GET /robots.txt HTTP/1.1" 200 94 "-" "Mozilla/5.0 (compatible; Googlebot/2.1; +http://www.google.com/bot.html)"
66.249.79.67 - - [25/Nov/2024:07:01:12 -0700] "GET /detail/vpahzm/legit-online-casinos.html HTTP/1.1" 200 94 "-" "Mozilla/5.0 (compatible; Googlebot/2.1; +http://www.google.com/bot.html)"
66.249.79.66 - - [25/Nov/2024:07:01:22 -0700] "GET /detail/dtruau/ HTTP/1.1" 200 94 "-" "Mozilla/5.0 (compatible; Googlebot/2.1; +http://www.google.com/bot.html)"
66.249.79.66 - - [25/Nov/2024:07:01:48 -0700] "GET /detail/phtxbx/t20-match-today-score-board.html HTTP/1.1" 200 94 "-" "Mozilla/5.0 (compatible; Googlebot/2.1; +http://www.google.com/bot.html)"
66.249.79.66 - - [25/Nov/2024:07:01:59 -0700] "GET /news/?vakrjb/ HTTP/1.1" 200 94 "-" "Mozilla/5.0 (compatible; Googlebot/2.1; +http://www.google.com/bot.html)"
66.249.79.66 - - [25/Nov/2024:07:02:01 -0700] "GET /bet/ervqno/ HTTP/1.1" 200 94 "-" "Mozilla/5.0 (compatible; Googlebot/2.1; +http://www.google.com/bot.html)"
66.249.79.66 - - [25/Nov/2024:07:02:01 -0700] "GET /detail/?mzktru/ HTTP/1.1" 200 94 "-" "Mozilla/5.0 (compatible; Googlebot/2.1; +http://www.google.com/bot.html)"
66.249.79.66 - - [25/Nov/2024:07:02:10 -0700] "GET /detail/?jldjsd/ HTTP/1.1" 200 94 "-" "Mozilla/5.0 (compatible; Googlebot/2.1; +http://www.google.com/bot.html)"
66.249.79.66 - - [25/Nov/2024:07:02:11 -0700] "GET /detail/lqexak/ HTTP/1.1" 200 94 "-" "Mozilla/5.0 (compatible; Googlebot/2.1; +http://www.google.com/bot.html)"
66.249.79.66 - - [25/Nov/2024:07:02:14 -0700] "GET /robots.txt HTTP/1.1" 200 94 "-" "Mozilla/5.0 (compatible; Googlebot/2.1; +http://www.google.com/bot.html)"
66.249.79.66 - - [25/Nov/2024:07:02:15 -0700] "GET /detail/?cfafrb/casino-prostitutes-atlantic-city.html HTTP/1.1" 200 94 "-" "Mozilla/5.0 (compatible; Googlebot/2.1; +http://www.google.com/bot.html)"
66.249.79.66 - - [25/Nov/2024:07:02:25 -0700] "GET /bet/tqgpeh/casino-20-free-spins.html HTTP/1.1" 200 94 "-" "Mozilla/5.0 (compatible; Googlebot/2.1; +http://www.google.com/bot.html)"
66.249.79.66 - - [25/Nov/2024:07:02:27 -0700] "GET /bet/?rzoqcx/ HTTP/1.1" 200 94 "-" "Mozilla/5.0 (compatible; Googlebot/2.1; +http://www.google.com/bot.html)"
66.249.79.66 - - [25/Nov/2024:07:02:29 -0700] "GET /news/mzinqr/blind-cricket-world-cup-2018-held-in.html HTTP/1.1" 200 94 "-" "Mozilla/5.0 (compatible; Googlebot/2.1; +http://www.google.com/bot.html)"
66.249.79.66 - - [25/Nov/2024:07:02:51 -0700] "GET /bet/?vmfmyv/ HTTP/1.1" 200 94 "-" "Mozilla/5.0 (compatible; Googlebot/2.1; +http://www.google.com/bot.html)"
66.249.79.66 - - [25/Nov/2024:07:02:58 -0700] "GET /detail/epqfxx/ HTTP/1.1" 200 94 "-" "Mozilla/5.0 (compatible; Googlebot/2.1; +http://www.google.com/bot.html)"
66.249.79.66 - - [25/Nov/2024:07:03:41 -0700] "GET /robots.txt HTTP/1.1" 200 94 "-" "Mozilla/5.0 (compatible; Googlebot/2.1; +http://www.google.com/bot.html)"
66.249.79.66 - - [25/Nov/2024:07:03:41 -0700] "GET /detail/?euintn/rummy-4u-apk.html HTTP/1.1" 200 94 "-" "Mozilla/5.0 (compatible; Googlebot/2.1; +http://www.google.com/bot.html)"
69.162.124.238 - - [25/Nov/2024:07:04:31 -0700] "HEAD /cbse-corner.php HTTP/1.1" 200 - "https://ajitsarratia.akalacademy.ac.in/cbse-corner.php" "Mozilla/5.0+(compatible; UptimeRobot/2.0; http://www.uptimerobot.com/)"
216.244.66.233 - - [25/Nov/2024:07:04:32 -0700] "GET /robots.txt HTTP/1.1" 200 94 "-" "Mozilla/5.0 (compatible; DotBot/1.2; +https://opensiteexplorer.org/dotbot; help@moz.com)"
66.249.79.67 - - [25/Nov/2024:07:05:01 -0700] "GET /news/?isycnt/ HTTP/1.1" 200 94 "-" "Mozilla/5.0 (compatible; Googlebot/2.1; +http://www.google.com/bot.html)"
66.249.79.67 - - [25/Nov/2024:07:05:01 -0700] "GET /robots.txt HTTP/1.1" 200 94 "-" "Mozilla/5.0 (compatible; Googlebot/2.1; +http://www.google.com/bot.html)"
66.249.79.66 - - [25/Nov/2024:07:05:07 -0700] "GET /news/?ipcftu/ HTTP/1.1" 200 94 "-" "Mozilla/5.0 (compatible; Googlebot/2.1; +http://www.google.com/bot.html)"
66.249.79.67 - - [25/Nov/2024:07:05:07 -0700] "GET /bet/?votaeg/bats-schedule-rr-today-ipl.html HTTP/1.1" 200 94 "-" "Mozilla/5.0 (compatible; Googlebot/2.1; +http://www.google.com/bot.html)"
66.249.79.66 - - [25/Nov/2024:07:05:17 -0700] "GET /detail/?ducyvh/ HTTP/1.1" 200 94 "-" "Mozilla/5.0 (compatible; Googlebot/2.1; +http://www.google.com/bot.html)"
66.249.79.66 - - [25/Nov/2024:07:05:27 -0700] "GET /news/?rltwrw/how-to-bet-on-games.html HTTP/1.1" 200 94 "-" "Mozilla/5.0 (compatible; Googlebot/2.1; +http://www.google.com/bot.html)"
66.249.79.66 - - [25/Nov/2024:07:05:27 -0700] "GET /news/?ifqgvs/ HTTP/1.1" 200 94 "-" "Mozilla/5.0 (compatible; Googlebot/2.1; +http://www.google.com/bot.html)"
66.249.79.66 - - [25/Nov/2024:07:05:28 -0700] "GET /bet/?nvpffr/santa-ana-star-casino-reopening.html HTTP/1.1" 200 94 "-" "Mozilla/5.0 (compatible; Googlebot/2.1; +http://www.google.com/bot.html)"
66.249.79.66 - - [25/Nov/2024:07:05:36 -0700] "GET /news/?kzihzk/ HTTP/1.1" 200 94 "-" "Mozilla/5.0 (compatible; Googlebot/2.1; +http://www.google.com/bot.html)"
66.249.79.66 - - [25/Nov/2024:07:05:43 -0700] "GET /news/?rkbgnq/england-v-nz-scorecard.html HTTP/1.1" 200 94 "-" "Mozilla/5.0 (compatible; Googlebot/2.1; +http://www.google.com/bot.html)"
66.249.79.66 - - [25/Nov/2024:07:05:44 -0700] "GET /news/?tazotj/ HTTP/1.1" 200 94 "-" "Mozilla/5.0 (compatible; Googlebot/2.1; +http://www.google.com/bot.html)"
66.249.79.66 - - [25/Nov/2024:07:05:46 -0700] "GET /bet/?ghtcwo/ HTTP/1.1" 200 94 "-" "Mozilla/5.0 (compatible; Googlebot/2.1; +http://www.google.com/bot.html)"
66.249.79.66 - - [25/Nov/2024:07:05:51 -0700] "GET /detail/sxrlqj/ HTTP/1.1" 200 94 "-" "Mozilla/5.0 (compatible; Googlebot/2.1; +http://www.google.com/bot.html)"
66.249.79.66 - - [25/Nov/2024:07:06:46 -0700] "GET /detail/uobfdi/ HTTP/1.1" 200 94 "-" "Mozilla/5.0 (compatible; Googlebot/2.1; +http://www.google.com/bot.html)"
66.249.79.66 - - [25/Nov/2024:07:06:54 -0700] "GET /detail/jjxspb/india-and-new-zealand-t20-match-2020.html HTTP/1.1" 200 94 "-" "Mozilla/5.0 (compatible; Googlebot/2.1; +http://www.google.com/bot.html)"
66.249.79.67 - - [25/Nov/2024:07:07:03 -0700] "GET /bet/qhcwjq/4.5-point-spread.html HTTP/1.1" 200 94 "-" "Mozilla/5.0 (compatible; Googlebot/2.1; +http://www.google.com/bot.html)"
66.249.79.68 - - [25/Nov/2024:07:07:05 -0700] "GET /detail/?guiplq/icc-tablet-after-orange.html HTTP/1.1" 200 94 "-" "Mozilla/5.0 (compatible; Googlebot/2.1; +http://www.google.com/bot.html)"
66.249.79.66 - - [25/Nov/2024:07:07:42 -0700] "GET /bet/?wykkoo/all-bets-on-sports.html HTTP/1.1" 200 94 "-" "Mozilla/5.0 (compatible; Googlebot/2.1; +http://www.google.com/bot.html)"
66.249.79.68 - - [25/Nov/2024:07:08:10 -0700] "GET /news/ybsttj/ HTTP/1.1" 200 94 "-" "Mozilla/5.0 (compatible; Googlebot/2.1; +http://www.google.com/bot.html)"
66.249.79.66 - - [25/Nov/2024:07:08:15 -0700] "GET /bet/?tivyps/ HTTP/1.1" 200 94 "-" "Mozilla/5.0 (compatible; Googlebot/2.1; +http://www.google.com/bot.html)"
